01-21 20:43:46.524   708 18776 V C2UnisocVp8Dec: VSP_bind_cb, phyAddr: 0x203a0000, pOutBlockInfo: 0xf27d1e60, pBufCtrl: 0xf27ccf10; iRefCount=0
01-21 20:43:46.524   708 18776 V C2UnisocVp8Dec: VSP_unbind_cb, phyAddr: 0x205e0000, pOutBlockInfo: 0xf27cebf0, pBufCtrl: 0xf27cf580; iRefCount=1
01-21 20:43:46.524   708 18776 I C2UnisocVp8Dec: process, decRet: 0, 3ms, dec_out.frameEffective: 1, has_pic: 1, picId: 47, consume byte: 223
01-21 20:43:46.524   708 18776 I C2UnisocVp8Dec: drainOneOutputBuffer, pBufCtrl: 0xf27ccf10, pBufCtrl->phyAddr: 0x203a0000, frameIndex: 47
01-21 20:43:46.525   708 18776 V SimpleUnisocC2Component: processed frame #47
01-21 20:43:46.525   708 18776 V SimpleUnisocC2Component: returning this work, frameIndex: 47
01-21 20:43:46.525   708 18777 D C2UnisocVideoDecoderComponent: fetch one queue free block:0xf27cd960,iRefCount:0
01-21 20:43:46.525   708 18777 I C2UnisocVp8Dec: resetOutBlock, fd: 29, iova: 0x205e0000, mDecoderSwFlag: 0
01-21 20:43:46.525 18303 18762 I mali_gralloc: register: id=0x2c100001c80, importpid=708
01-21 20:43:46.525 18303 18762 I mali_gralloc: unregister: id=0x2c100001c80, base=0x0, importpid=18303
01-21 20:43:46.554   708 18776 V SimpleUnisocC2Component: start processing frame #48
01-21 20:43:46.554   708 18776 I VSP     : VP8DecSetCurRecPic,104,picid 48,header 0xf27cd960
01-21 20:43:46.554   708 18776 I C2UnisocVp8Dec: setDecodeArgs, pBufCtrl: 0xf27cf430, pBufCtrl->phyAddr: 0x20520000, frameIndex: 48, timeStamp: 27812001000, inSize: 222, inOffset: 0
01-21 20:43:46.554   708 18777 V C2UnisocVp8Dec: fetchGraphicBlock, stride: 960, sliceHeight: 544, mDecoderSwFlag: 0
01-21 20:43:46.558   708 18776 V C2UnisocVp8Dec: VSP_bind_cb, phyAddr: 0x20520000, pOutBlockInfo: 0xf27cd960, pBufCtrl: 0xf27cf430; iRefCount=0
01-21 20:43:46.558   708 18776 V C2UnisocVp8Dec: VSP_unbind_cb, phyAddr: 0x203a0000, pOutBlockInfo: 0xf27d1e60, pBufCtrl: 0xf27ccf10; iRefCount=1
01-21 20:43:46.558   708 18776 I C2UnisocVp8Dec: process, decRet: 0, 3ms, dec_out.frameEffective: 1, has_pic: 1, picId: 48, consume byte: 222
01-21 20:43:46.558   708 18776 I C2UnisocVp8Dec: drainOneOutputBuffer, pBufCtrl: 0xf27cf430, pBufCtrl->phyAddr: 0x20520000, frameIndex: 48
01-21 20:43:46.558   708 18777 D C2UnisocVideoDecoderComponent: fetch one queue free block:0xf27c6790,iRefCount:0
01-21 20:43:46.558   708 18776 V SimpleUnisocC2Component: processed frame #48
01-21 20:43:46.558   708 18777 I C2UnisocVp8Dec: resetOutBlock, fd: 45, iova: 0x203a0000, mDecoderSwFlag: 0
01-21 20:43:46.558   708 18776 V SimpleUnisocC2Component: returning this work, frameIndex: 48
01-21 20:43:46.559 18303 18762 I mali_gralloc: register: id=0x2c100001c7f, importpid=708
01-21 20:43:46.559 18303 18762 I mali_gralloc: unregister: id=0x2c100001c7f, base=0x0, importpid=18303
01-21 20:43:46.565   698  6594 I audio_hw_primary: app type:0x   5, is_voip:0, device:2, pcm:-176945824, usecase:0x   2
01-21 20:43:46.588   708 18776 V SimpleUnisocC2Component: start processing frame #49
01-21 20:43:46.588   708 18776 I VSP     : VP8DecSetCurRecPic,104,picid 49,header 0xf27c6790
01-21 20:43:46.589   708 18776 I C2UnisocVp8Dec: setDecodeArgs, pBufCtrl: 0xf27d0780, pBufCtrl->phyAddr: 0x205e0000, frameIndex: 49, timeStamp: 27812036000, inSize: 9073, inOffset: 0
01-21 20:43:46.589   708 18777 V C2UnisocVp8Dec: fetchGraphicBlock, stride: 960, sliceHeight: 544, mDecoderSwFlag: 0
01-21 20:43:46.592   708 18776 V C2UnisocVp8Dec: VSP_bind_cb, phyAddr: 0x205e0000, pOutBlockInfo: 0xf27c6790, pBufCtrl: 0xf27d0780; iRefCount=0
01-21 20:43:46.593   708 18776 V C2UnisocVp8Dec: VSP_unbind_cb, phyAddr: 0x20520000, pOutBlockInfo: 0xf27cd960, pBufCtrl: 0xf27cf430; iRefCount=1
01-21 20:43:46.593   708 18776 I C2UnisocVp8Dec: process, decRet: 0, 4ms, dec_out.frameEffective: 1, has_pic: 1, picId: 49, consume byte: 9073
01-21 20:43:46.593   708 18776 I C2UnisocVp8Dec: drainOneOutputBuffer, pBufCtrl: 0xf27d0780, pBufCtrl->phyAddr: 0x205e0000, frameIndex: 49
01-21 20:43:46.593   708 18776 V SimpleUnisocC2Component: processed frame #49
01-21 20:43:46.593   708 18776 V SimpleUnisocC2Component: returning this work, frameIndex: 49
01-21 20:43:46.593   708 18777 D C2UnisocVideoDecoderComponent: fetch one queue free block:0xf27cebf0,iRefCount:0
01-21 20:43:46.594 18303 18762 I mali_gralloc: register: id=0x2c100001c7d, importpid=708
01-21 20:43:46.594 18303 18762 I mali_gralloc: unregister: id=0x2c100001c7d, base=0x0, importpid=18303
01-21 20:43:46.608   698  6594 I audio_hw_primary: app type:0x   5, is_voip:0, device:2, pcm:-176945824, usecase:0x   2
01-21 20:43:46.623   708 18776 V SimpleUnisocC2Component: start processing frame #50
01-21 20:43:46.623   708 18776 I VSP     : VP8DecSetCurRecPic,104,picid 50,header 0xf27cebf0
01-21 20:43:46.623   708 18776 I C2UnisocVp8Dec: setDecodeArgs, pBufCtrl: 0xf27cf580, pBufCtrl->phyAddr: 0x203a0000, frameIndex: 50, timeStamp: 27812070000, inSize: 1102, inOffset: 0
01-21 20:43:46.623   708 18777 V C2UnisocVp8Dec: fetchGraphicBlock, stride: 960, sliceHeight: 544, mDecoderSwFlag: 0
01-21 20:43:46.624   708 18777 I C2UnisocVp8Dec: resetOutBlock, fd: 26, iova: 0x20520000, mDecoderSwFlag: 0
01-21 20:43:46.626   708 18776 V C2UnisocVp8Dec: VSP_bind_cb, phyAddr: 0x203a0000, pOutBlockInfo: 0xf27cebf0, pBufCtrl: 0xf27cf580; iRefCount=0
01-21 20:43:46.627   708 18776 V C2UnisocVp8Dec: VSP_unbind_cb, phyAddr: 0x205e0000, pOutBlockInfo: 0xf27c6790, pBufCtrl: 0xf27d0780; iRefCount=1
01-21 20:43:46.627   708 18776 I C2UnisocVp8Dec: process, decRet: 0, 3ms, dec_out.frameEffective: 1, has_pic: 1, picId: 50, consume byte: 1102
01-21 20:43:46.627   708 18776 I C2UnisocVp8Dec: drainOneOutputBuffer, pBufCtrl: 0xf27cf580, pBufCtrl->phyAddr: 0x203a0000, frameIndex: 50
01-21 20:43:46.627   708 18776 V SimpleUnisocC2Component: processed frame #50
01-21 20:43:46.627   708 18776 V SimpleUnisocC2Component: returning this work, frameIndex: 50
01-21 20:43:46.627   708 18777 I C2UnisocVp8Dec: resetOutBlock, fd: 27, iova: 0x205e0000, mDecoderSwFlag: 0
01-21 20:43:46.628   708 18777 D C2UnisocVideoDecoderComponent: fetch one queue free block:0xf27d1e60,iRefCount:0
01-21 20:43:46.628 18303 18762 I mali_gralloc: register: id=0x2c100001c80, importpid=708
01-21 20:43:46.628 18303 18762 I mali_gralloc: unregister: id=0x2c100001c80, base=0x0, importpid=18303
01-21 20:43:46.652   698  6594 I audio_hw_primary: app type:0x   5, is_voip:0, device:2, pcm:-176945824, usecase:0x   2
01-21 20:43:46.657   708 18776 V SimpleUnisocC2Component: start processing frame #51
01-21 20:43:46.657   708 18776 I VSP     : VP8DecSetCurRecPic,104,picid 51,header 0xf27d1e60
01-21 20:43:46.657   708 18776 I C2UnisocVp8Dec: setDecodeArgs, pBufCtrl: 0xf27ccf10, pBufCtrl->phyAddr: 0x20520000, frameIndex: 51, timeStamp: 27812103000, inSize: 229, inOffset: 0
01-21 20:43:46.657   708 18777 V C2UnisocVp8Dec: fetchGraphicBlock, stride: 960, sliceHeight: 544, mDecoderSwFlag: 0
01-21 20:43:46.660   708 18776 V C2UnisocVp8Dec: VSP_bind_cb, phyAddr: 0x20520000, pOutBlockInfo: 0xf27d1e60, pBufCtrl: 0xf27ccf10; iRefCount=0
01-21 20:43:46.660   708 18776 V C2UnisocVp8Dec: VSP_unbind_cb, phyAddr: 0x203a0000, pOutBlockInfo: 0xf27cebf0, pBufCtrl: 0xf27cf580; iRefCount=1
01-21 20:43:46.660   708 18776 I C2UnisocVp8Dec: process, decRet: 0, 3ms, dec_out.frameEffective: 1, has_pic: 1, picId: 51, consume byte: 229
01-21 20:43:46.660   708 18776 I C2UnisocVp8Dec: drainOneOutputBuffer, pBufCtrl: 0xf27ccf10, pBufCtrl->phyAddr: 0x20520000, frameIndex: 51
01-21 20:43:46.660   708 18777 D C2UnisocVideoDecoderComponent: fetch one queue free block:0xf27cd960,iRefCount:0
01-21 20:43:46.660   708 18776 V SimpleUnisocC2Component: processed frame #51
01-21 20:43:46.660   708 18776 V SimpleUnisocC2Component: returning this work, frameIndex: 51
01-21 20:43:46.661   708 18777 I C2UnisocVp8Dec: resetOutBlock, fd: 29, iova: 0x203a0000, mDecoderSwFlag: 0
01-21 20:43:46.662 18303 18762 I mali_gralloc: register: id=0x2c100001c7f, importpid=708
01-21 20:43:46.662 18303 18762 I mali_gralloc: unregister: id=0x2c100001c7f, base=0x0, importpid=18303
01-21 20:43:46.689   708 18776 V SimpleUnisocC2Component: start processing frame #52
01-21 20:43:46.689   708 18776 I VSP     : VP8DecSetCurRecPic,104,picid 52,header 0xf27cd960
01-21 20:43:46.689   708 18776 I C2UnisocVp8Dec: setDecodeArgs, pBufCtrl: 0xf27cf430, pBufCtrl->phyAddr: 0x205e0000, frameIndex: 52, timeStamp: 27812137000, inSize: 247, inOffset: 0
01-21 20:43:46.689   708 18777 V C2UnisocVp8Dec: fetchGraphicBlock, stride: 960, sliceHeight: 544, mDecoderSwFlag: 0
01-21 20:43:46.692   708 18776 V C2UnisocVp8Dec: VSP_bind_cb, phyAddr: 0x205e0000, pOutBlockInfo: 0xf27cd960, pBufCtrl: 0xf27cf430; iRefCount=0
01-21 20:43:46.693   708 18776 V C2UnisocVp8Dec: VSP_unbind_cb, phyAddr: 0x20520000, pOutBlockInfo: 0xf27d1e60, pBufCtrl: 0xf27ccf10; iRefCount=1
01-21 20:43:46.693   708 18776 I C2UnisocVp8Dec: process, decRet: 0, 3ms, dec_out.frameEffective: 1, has_pic: 1, picId: 52, consume byte: 247
01-21 20:43:46.693   708 18776 I C2UnisocVp8Dec: drainOneOutputBuffer, pBufCtrl: 0xf27cf430, pBufCtrl->phyAddr: 0x205e0000, frameIndex: 52
01-21 20:43:46.693   708 18777 D C2UnisocVideoDecoderComponent: fetch one queue free block:0xf27c6790,iRefCount:0
01-21 20:43:46.693   708 18776 V SimpleUnisocC2Component: processed frame #52
01-21 20:43:46.693   708 18777 I C2UnisocVp8Dec: resetOutBlock, fd: 45, iova: 0x20520000, mDecoderSwFlag: 0
01-21 20:43:46.693   708 18776 V SimpleUnisocC2Component: returning this work, frameIndex: 52
01-21 20:43:46.694 18303 18762 I mali_gralloc: register: id=0x2c100001c7d, importpid=708
01-21 20:43:46.694 18303 18762 I mali_gralloc: unregister: id=0x2c100001c7d, base=0x0, importpid=18303
01-21 20:43:46.696   698  6594 I audio_hw_primary: app type:0x   5, is_voip:0, device:2, pcm:-176945824, usecase:0x   2
01-21 20:43:46.719   698  6594 I audio_hw_primary: app type:0x   5, is_voip:0, device:2, pcm:-176945824, usecase:0x   2
01-21 20:43:46.722   708 18776 V SimpleUnisocC2Component: start processing frame #53
01-21 20:43:46.722   708 18776 I VSP     : VP8DecSetCurRecPic,104,picid 53,header 0xf27c6790
01-21 20:43:46.722   708 18776 I C2UnisocVp8Dec: setDecodeArgs, pBufCtrl: 0xf27d0780, pBufCtrl->phyAddr: 0x203a0000, frameIndex: 53, timeStamp: 27812170000, inSize: 244, inOffset: 0
01-21 20:43:46.722   708 18777 V C2UnisocVp8Dec: fetchGraphicBlock, stride: 960, sliceHeight: 544, mDecoderSwFlag: 0
01-21 20:43:46.725   708 18776 V C2UnisocVp8Dec: VSP_bind_cb, phyAddr: 0x203a0000, pOutBlockInfo: 0xf27c6790, pBufCtrl: 0xf27d0780; iRefCount=0
01-21 20:43:46.725   708 18776 V C2UnisocVp8Dec: VSP_unbind_cb, phyAddr: 0x205e0000, pOutBlockInfo: 0xf27cd960, pBufCtrl: 0xf27cf430; iRefCount=1
01-21 20:43:46.725   708 18776 I C2UnisocVp8Dec: process, decRet: 0, 3ms, dec_out.frameEffective: 1, has_pic: 1, picId: 53, consume byte: 244
01-21 20:43:46.725   708 18776 I C2UnisocVp8Dec: drainOneOutputBuffer, pBufCtrl: 0xf27d0780, pBufCtrl->phyAddr: 0x203a0000, frameIndex: 53
01-21 20:43:46.726   708 18776 V SimpleUnisocC2Component: processed frame #53
01-21 20:43:46.726   708 18776 V SimpleUnisocC2Component: returning this work, frameIndex: 53
01-21 20:43:46.726   708 18777 D C2UnisocVideoDecoderComponent: fetch one queue free block:0xf27cebf0,iRefCount:0
01-21 20:43:46.726 18303 18762 I mali_gralloc: register: id=0x2c100001c80, importpid=708
01-21 20:43:46.727 18303 18762 I mali_gralloc: unregister: id=0x2c100001c80, base=0x0, importpid=18303
01-21 20:43:46.757   708 18776 V SimpleUnisocC2Component: start processing frame #54
01-21 20:43:46.758   708 18776 I VSP     : VP8DecSetCurRecPic,104,picid 54,header 0xf27cebf0
01-21 20:43:46.758   708 18776 I C2UnisocVp8Dec: setDecodeArgs, pBufCtrl: 0xf27cf580, pBufCtrl->phyAddr: 0x20520000, frameIndex: 54, timeStamp: 27812205000, inSize: 248, inOffset: 0
01-21 20:43:46.758   708 18777 V C2UnisocVp8Dec: fetchGraphicBlock, stride: 960, sliceHeight: 544, mDecoderSwFlag: 0
01-21 20:43:46.758   708 18777 I C2UnisocVp8Dec: resetOutBlock, fd: 26, iova: 0x205e0000, mDecoderSwFlag: 0
01-21 20:43:46.761   708 18776 V C2UnisocVp8Dec: VSP_bind_cb, phyAddr: 0x20520000, pOutBlockInfo: 0xf27cebf0, pBufCtrl: 0xf27cf580; iRefCount=0
01-21 20:43:46.761   708 18776 V C2UnisocVp8Dec: VSP_unbind_cb, phyAddr: 0x203a0000, pOutBlockInfo: 0xf27c6790, pBufCtrl: 0xf27d0780; iRefCount=1
01-21 20:43:46.761   708 18776 I C2UnisocVp8Dec: process, decRet: 0, 3ms, dec_out.frameEffective: 1, has_pic: 1, picId: 54, consume byte: 248
01-21 20:43:46.761   708 18776 I C2UnisocVp8Dec: drainOneOutputBuffer, pBufCtrl: 0xf27cf580, pBufCtrl->phyAddr: 0x20520000, frameIndex: 54
01-21 20:43:46.761   708 18776 V SimpleUnisocC2Component: processed frame #54
01-21 20:43:46.761   708 18776 V SimpleUnisocC2Component: returning this work, frameIndex: 54
01-21 20:43:46.762   708 18777 I C2UnisocVp8Dec: resetOutBlock, fd: 27, iova: 0x203a0000, mDecoderSwFlag: 0
01-21 20:43:46.762   708 18777 D C2UnisocVideoDecoderComponent: fetch one queue free block:0xf27d1e60,iRefCount:0
01-21 20:43:46.762 18303 18762 I mali_gralloc: register: id=0x2c100001c7f, importpid=708
01-21 20:43:46.762 18303 18762 I mali_gralloc: unregister: id=0x2c100001c7f, base=0x0, importpid=18303
01-21 20:43:46.763   698  6594 I audio_hw_primary: app type:0x   5, is_voip:0, device:2, pcm:-176945824, usecase:0x   2
01-21 20:43:46.793   708 18776 V SimpleUnisocC2Component: start processing frame #55
01-21 20:43:46.794   708 18776 I VSP     : VP8DecSetCurRecPic,104,picid 55,header 0xf27d1e60
01-21 20:43:46.794   708 18776 I C2UnisocVp8Dec: setDecodeArgs, pBufCtrl: 0xf27ccf10, pBufCtrl->phyAddr: 0x203a0000, frameIndex: 55, timeStamp: 27812240000, inSize: 6685, inOffset: 0
01-21 20:43:46.794   708 18777 V C2UnisocVp8Dec: fetchGraphicBlock, stride: 960, sliceHeight: 544, mDecoderSwFlag: 0
01-21 20:43:46.797   708 18776 V C2UnisocVp8Dec: VSP_bind_cb, phyAddr: 0x203a0000, pOutBlockInfo: 0xf27d1e60, pBufCtrl: 0xf27ccf10; iRefCount=0
01-21 20:43:46.797   708 18776 V C2UnisocVp8Dec: VSP_unbind_cb, phyAddr: 0x20520000, pOutBlockInfo: 0xf27cebf0, pBufCtrl: 0xf27cf580; iRefCount=1
01-21 20:43:46.798   708 18776 I C2UnisocVp8Dec: process, decRet: 0, 3ms, dec_out.frameEffective: 1, has_pic: 1, picId: 55, consume byte: 6685
01-21 20:43:46.798   708 18776 I C2UnisocVp8Dec: drainOneOutputBuffer, pBufCtrl: 0xf27ccf10, pBufCtrl->phyAddr: 0x203a0000, frameIndex: 55
01-21 20:43:46.798   708 18777 D C2UnisocVideoDecoderComponent: fetch one queue free block:0xf27cd960,iRefCount:0
01-21 20:43:46.798   708 18776 V SimpleUnisocC2Component: processed frame #55
01-21 20:43:46.798   708 18777 I C2UnisocVp8Dec: resetOutBlock, fd: 29, iova: 0x20520000, mDecoderSwFlag: 0
01-21 20:43:46.798   708 18776 V SimpleUnisocC2Component: returning this work, frameIndex: 55
01-21 20:43:46.799 18303 18762 I mali_gralloc: register: id=0x2c100001c7d, importpid=708
01-21 20:43:46.800 18303 18762 I mali_gralloc: unregister: id=0x2c100001c7d, base=0x0, importpid=18303
01-21 20:43:46.805   698  6594 I audio_hw_primary: app type:0x   5, is_voip:0, device:2, pcm:-176945824, usecase:0x   2
01-21 20:43:46.826   708 18776 V SimpleUnisocC2Component: start processing frame #56
01-21 20:43:46.827   708 18776 I VSP     : VP8DecSetCurRecPic,104,picid 56,header 0xf27cd960
01-21 20:43:46.827   708 18776 I C2UnisocVp8Dec: setDecodeArgs, pBufCtrl: 0xf27cf430, pBufCtrl->phyAddr: 0x205e0000, frameIndex: 56, timeStamp: 27812274000, inSize: 1055, inOffset: 0
01-21 20:43:46.827   708 18777 V C2UnisocVp8Dec: fetchGraphicBlock, stride: 960, sliceHeight: 544, mDecoderSwFlag: 0
01-21 20:43:46.830   708 18776 V C2UnisocVp8Dec: VSP_bind_cb, phyAddr: 0x205e0000, pOutBlockInfo: 0xf27cd960, pBufCtrl: 0xf27cf430; iRefCount=0
01-21 20:43:46.830   708 18776 V C2UnisocVp8Dec: VSP_unbind_cb, phyAddr: 0x203a0000, pOutBlockInfo: 0xf27d1e60, pBufCtrl: 0xf27ccf10; iRefCount=1
01-21 20:43:46.830   708 18776 I C2UnisocVp8Dec: process, decRet: 0, 3ms, dec_out.frameEffective: 1, has_pic: 1, picId: 56, consume byte: 1055
01-21 20:43:46.830   708 18776 I C2UnisocVp8Dec: drainOneOutputBuffer, pBufCtrl: 0xf27cf430, pBufCtrl->phyAddr: 0x205e0000, frameIndex: 56
01-21 20:43:46.831   708 18776 V SimpleUnisocC2Component: processed frame #56
01-21 20:43:46.831   708 18776 V SimpleUnisocC2Component: returning this work, frameIndex: 56
01-21 20:43:46.831   708 18777 D C2UnisocVideoDecoderComponent: fetch one queue free block:0xf27c6790,iRefCount:0
01-21 20:43:46.831   708 18777 I C2UnisocVp8Dec: resetOutBlock, fd: 45, iova: 0x203a0000, mDecoderSwFlag: 0
01-21 20:43:46.832 18303 18762 I mali_gralloc: register: id=0x2c100001c80, importpid=708
01-21 20:43:46.832 18303 18762 I mali_gralloc: unregister: id=0x2c100001c80, base=0x0, importpid=18303
01-21 20:43:46.849   698  6594 I audio_hw_primary: app type:0x   5, is_voip:0, device:2, pcm:-176945824, usecase:0x   2
01-21 20:43:46.860   708 18776 V SimpleUnisocC2Component: start processing frame #57
01-21 20:43:46.860   708 18776 I VSP     : VP8DecSetCurRecPic,104,picid 57,header 0xf27c6790
01-21 20:43:46.860   708 18776 I C2UnisocVp8Dec: setDecodeArgs, pBufCtrl: 0xf27d0780, pBufCtrl->phyAddr: 0x20520000, frameIndex: 57, timeStamp: 27812308000, inSize: 257, inOffset: 0
01-21 20:43:46.860   708 18777 V C2UnisocVp8Dec: fetchGraphicBlock, stride: 960, sliceHeight: 544, mDecoderSwFlag: 0
01-21 20:43:46.863   708 18776 V C2UnisocVp8Dec: VSP_bind_cb, phyAddr: 0x20520000, pOutBlockInfo: 0xf27c6790, pBufCtrl: 0xf27d0780; iRefCount=0
01-21 20:43:46.864   708 18776 V C2UnisocVp8Dec: VSP_unbind_cb, phyAddr: 0x205e0000, pOutBlockInfo: 0xf27cd960, pBufCtrl: 0xf27cf430; iRefCount=1
01-21 20:43:46.864   708 18776 I C2UnisocVp8Dec: process, decRet: 0, 3ms, dec_out.frameEffective: 1, has_pic: 1, picId: 57, consume byte: 257
01-21 20:43:46.864   708 18776 I C2UnisocVp8Dec: drainOneOutputBuffer, pBufCtrl: 0xf27d0780, pBufCtrl->phyAddr: 0x20520000, frameIndex: 57
01-21 20:43:46.864   708 18777 D C2UnisocVideoDecoderComponent: fetch one queue free block:0xf27cebf0,iRefCount:0
01-21 20:43:46.864   708 18776 V SimpleUnisocC2Component: processed frame #57
01-21 20:43:46.864   708 18776 V SimpleUnisocC2Component: returning this work, frameIndex: 57
01-21 20:43:46.865 18303 18762 I mali_gralloc: register: id=0x2c100001c7f, importpid=708
01-21 20:43:46.865 18303 18762 I mali_gralloc: unregister: id=0x2c100001c7f, base=0x0, importpid=18303
01-21 20:43:46.892   698  6594 I audio_hw_primary: app type:0x   5, is_voip:0, device:2, pcm:-176945824, usecase:0x   2
01-21 20:43:46.897   708 18776 V SimpleUnisocC2Component: start processing frame #58
01-21 20:43:46.898   708 18776 I VSP     : VP8DecSetCurRecPic,104,picid 58,header 0xf27cebf0
01-21 20:43:46.898   708 18776 I C2UnisocVp8Dec: setDecodeArgs, pBufCtrl: 0xf27cf580, pBufCtrl->phyAddr: 0x203a0000, frameIndex: 58, timeStamp: 27812344000, inSize: 243, inOffset: 0
01-21 20:43:46.898   708 18777 V C2UnisocVp8Dec: fetchGraphicBlock, stride: 960, sliceHeight: 544, mDecoderSwFlag: 0
01-21 20:43:46.898   708 18777 I C2UnisocVp8Dec: resetOutBlock, fd: 26, iova: 0x205e0000, mDecoderSwFlag: 0
01-21 20:43:46.901   708 18776 V C2UnisocVp8Dec: VSP_bind_cb, phyAddr: 0x203a0000, pOutBlockInfo: 0xf27cebf0, pBufCtrl: 0xf27cf580; iRefCount=0
01-21 20:43:46.901   708 18776 V C2UnisocVp8Dec: VSP_unbind_cb, phyAddr: 0x20520000, pOutBlockInfo: 0xf27c6790, pBufCtrl: 0xf27d0780; iRefCount=1
01-21 20:43:46.901   708 18776 I C2UnisocVp8Dec: process, decRet: 0, 3ms, dec_out.frameEffective: 1, has_pic: 1, picId: 58, consume byte: 243
01-21 20:43:46.901   708 18776 I C2UnisocVp8Dec: drainOneOutputBuffer, pBufCtrl: 0xf27cf580, pBufCtrl->phyAddr: 0x203a0000, frameIndex: 58
01-21 20:43:46.901   708 18776 V SimpleUnisocC2Component: processed frame #58
01-21 20:43:46.901   708 18776 V SimpleUnisocC2Component: returning this work, frameIndex: 58
01-21 20:43:46.901   708 18777 I C2UnisocVp8Dec: resetOutBlock, fd: 27, iova: 0x20520000, mDecoderSwFlag: 0
01-21 20:43:46.902   708 18777 D C2UnisocVideoDecoderComponent: fetch one queue free block:0xf27d1e60,iRefCount:0
01-21 20:43:46.903 18303 18762 I mali_gralloc: register: id=0x2c100001c7d, importpid=708
01-21 20:43:46.903 18303 18762 I mali_gralloc: unregister: id=0x2c100001c7d, base=0x0, importpid=18303
01-21 20:43:46.917   698  6594 I audio_hw_primary: app type:0x   5, is_voip:0, device:2, pcm:-176945824, usecase:0x   2
01-21 20:43:46.928   708 18776 V SimpleUnisocC2Component: start processing frame #59
01-21 20:43:46.928   708 18776 I VSP     : VP8DecSetCurRecPic,104,picid 59,header 0xf27d1e60
01-21 20:43:46.928   708 18776 I C2UnisocVp8Dec: setDecodeArgs, pBufCtrl: 0xf27ccf10, pBufCtrl->phyAddr: 0x20520000, frameIndex: 59, timeStamp: 27812377000, inSize: 243, inOffset: 0
01-21 20:43:46.929   708 18777 V C2UnisocVp8Dec: fetchGraphicBlock, stride: 960, sliceHeight: 544, mDecoderSwFlag: 0
01-21 20:43:46.932   708 18776 V C2UnisocVp8Dec: VSP_bind_cb, phyAddr: 0x20520000, pOutBlockInfo: 0xf27d1e60, pBufCtrl: 0xf27ccf10; iRefCount=0
01-21 20:43:46.932   708 18776 V C2UnisocVp8Dec: VSP_unbind_cb, phyAddr: 0x203a0000, pOutBlockInfo: 0xf27cebf0, pBufCtrl: 0xf27cf580; iRefCount=1
01-21 20:43:46.932   708 18776 I C2UnisocVp8Dec: process, decRet: 0, 3ms, dec_out.frameEffective: 1, has_pic: 1, picId: 59, consume byte: 243
01-21 20:43:46.932   708 18776 I C2UnisocVp8Dec: drainOneOutputBuffer, pBufCtrl: 0xf27ccf10, pBufCtrl->phyAddr: 0x20520000, frameIndex: 59
01-21 20:43:46.932   708 18777 D C2UnisocVideoDecoderComponent: fetch one queue free block:0xf27cd960,iRefCount:0
01-21 20:43:46.932   708 18776 V SimpleUnisocC2Component: processed frame #59
01-21 20:43:46.932   708 18777 I C2UnisocVp8Dec: resetOutBlock, fd: 29, iova: 0x203a0000, mDecoderSwFlag: 0
01-21 20:43:46.932   708 18776 V SimpleUnisocC2Component: returning this work, frameIndex: 59
01-21 20:43:46.933 18303 18762 I mali_gralloc: register: id=0x2c100001c80, importpid=708
01-21 20:43:46.933 18303 18762 I mali_gralloc: unregister: id=0x2c100001c80, base=0x0, importpid=18303
01-21 20:43:46.961   698  6594 I audio_hw_primary: app type:0x   5, is_voip:0, device:2, pcm:-176945824, usecase:0x   2
01-21 20:43:46.961   708 18776 V SimpleUnisocC2Component: start processing frame #60
01-21 20:43:46.962   708 18777 V C2UnisocVp8Dec: fetchGraphicBlock, stride: 960, sliceHeight: 544, mDecoderSwFlag: 0
01-21 20:43:46.962   708 18776 I VSP     : VP8DecSetCurRecPic,104,picid 60,header 0xf27cd960
01-21 20:43:46.962   708 18776 I C2UnisocVp8Dec: setDecodeArgs, pBufCtrl: 0xf27cf430, pBufCtrl->phyAddr: 0x205e0000, frameIndex: 60, timeStamp: 27812411000, inSize: 250, inOffset: 0
01-21 20:43:46.965   708 18776 V C2UnisocVp8Dec: VSP_bind_cb, phyAddr: 0x205e0000, pOutBlockInfo: 0xf27cd960, pBufCtrl: 0xf27cf430; iRefCount=0
01-21 20:43:46.965   708 18776 V C2UnisocVp8Dec: VSP_unbind_cb, phyAddr: 0x20520000, pOutBlockInfo: 0xf27d1e60, pBufCtrl: 0xf27ccf10; iRefCount=1
01-21 20:43:46.965   708 18776 I C2UnisocVp8Dec: process, decRet: 0, 3ms, dec_out.frameEffective: 1, has_pic: 1, picId: 60, consume byte: 250
01-21 20:43:46.965   708 18776 I C2UnisocVp8Dec: drainOneOutputBuffer, pBufCtrl: 0xf27cf430, pBufCtrl->phyAddr: 0x205e0000, frameIndex: 60
01-21 20:43:46.965   708 18777 D C2UnisocVideoDecoderComponent: fetch one queue free block:0xf27c6790,iRefCount:0
01-21 20:43:46.965   708 18777 I C2UnisocVp8Dec: resetOutBlock, fd: 45, iova: 0x20520000, mDecoderSwFlag: 0
01-21 20:43:46.965   708 18776 V SimpleUnisocC2Component: processed frame #60
01-21 20:43:46.965   708 18776 V SimpleUnisocC2Component: returning this work, frameIndex: 60
01-21 20:43:46.966 18303 18762 I mali_gralloc: register: id=0x2c100001c7f, importpid=708
01-21 20:43:46.966 18303 18762 I mali_gralloc: unregister: id=0x2c100001c7f, base=0x0, importpid=18303
01-21 20:43:46.995   708 18776 V SimpleUnisocC2Component: start processing frame #61
01-21 20:43:46.995   708 18776 I VSP     : VP8DecSetCurRecPic,104,picid 61,header 0xf27c6790
01-21 20:43:46.995   708 18776 I C2UnisocVp8Dec: setDecodeArgs, pBufCtrl: 0xf27d0780, pBufCtrl->phyAddr: 0x203a0000, frameIndex: 61, timeStamp: 27812445000, inSize: 240, inOffset: 0
01-21 20:43:46.995   708 18777 V C2UnisocVp8Dec: fetchGraphicBlock, stride: 960, sliceHeight: 544, mDecoderSwFlag: 0
01-21 20:43:46.998   708 18776 V C2UnisocVp8Dec: VSP_bind_cb, phyAddr: 0x203a0000, pOutBlockInfo: 0xf27c6790, pBufCtrl: 0xf27d0780; iRefCount=0
01-21 20:43:46.998   708 18776 V C2UnisocVp8Dec: VSP_unbind_cb, phyAddr: 0x205e0000, pOutBlockInfo: 0xf27cd960, pBufCtrl: 0xf27cf430; iRefCount=1
01-21 20:43:46.998   708 18776 I C2UnisocVp8Dec: process, decRet: 0, 3ms, dec_out.frameEffective: 1, has_pic: 1, picId: 61, consume byte: 240
01-21 20:43:46.998   708 18776 I C2UnisocVp8Dec: drainOneOutputBuffer, pBufCtrl: 0xf27d0780, pBufCtrl->phyAddr: 0x203a0000, frameIndex: 61
01-21 20:43:46.998   708 18777 D C2UnisocVideoDecoderComponent: fetch one queue free block:0xf27cebf0,iRefCount:0
01-21 20:43:46.998   708 18776 V SimpleUnisocC2Component: processed frame #61
01-21 20:43:46.999   708 18776 V SimpleUnisocC2Component: returning this work, frameIndex: 61
01-21 20:43:46.999 18303 18762 I mali_gralloc: register: id=0x2c100001c7d, importpid=708
01-21 20:43:47.000 18303 18762 I mali_gralloc: unregister: id=0x2c100001c7d, base=0x0, importpid=18303
01-21 20:43:47.005   698  6594 I audio_hw_primary: app type:0x   5, is_voip:0, device:2, pcm:-176945824, usecase:0x   2
01-21 20:43:47.032   708 18776 V SimpleUnisocC2Component: start processing frame #62
01-21 20:43:47.032   708 18776 I VSP     : VP8DecSetCurRecPic,104,picid 62,header 0xf27cebf0
01-21 20:43:47.032   708 18777 V C2UnisocVp8Dec: fetchGraphicBlock, stride: 960, sliceHeight: 544, mDecoderSwFlag: 0
01-21 20:43:47.032   708 18776 I C2UnisocVp8Dec: setDecodeArgs, pBufCtrl: 0xf27cf580, pBufCtrl->phyAddr: 0x20520000, frameIndex: 62, timeStamp: 27812480000, inSize: 243, inOffset: 0
01-21 20:43:47.033   708 18777 I C2UnisocVp8Dec: resetOutBlock, fd: 26, iova: 0x205e0000, mDecoderSwFlag: 0
01-21 20:43:47.035   708 18776 V C2UnisocVp8Dec: VSP_bind_cb, phyAddr: 0x20520000, pOutBlockInfo: 0xf27cebf0, pBufCtrl: 0xf27cf580; iRefCount=0
01-21 20:43:47.035   708 18776 V C2UnisocVp8Dec: VSP_unbind_cb, phyAddr: 0x203a0000, pOutBlockInfo: 0xf27c6790, pBufCtrl: 0xf27d0780; iRefCount=1
01-21 20:43:47.035   708 18776 I C2UnisocVp8Dec: process, decRet: 0, 3ms, dec_out.frameEffective: 1, has_pic: 1, picId: 62, consume byte: 243
01-21 20:43:47.036   708 18777 I C2UnisocVp8Dec: resetOutBlock, fd: 27, iova: 0x203a0000, mDecoderSwFlag: 0
01-21 20:43:47.036   708 18776 I C2UnisocVp8Dec: drainOneOutputBuffer, pBufCtrl: 0xf27cf580, pBufCtrl->phyAddr: 0x20520000, frameIndex: 62
01-21 20:43:47.036   708 18776 V SimpleUnisocC2Component: processed frame #62
01-21 20:43:47.036   708 18776 V SimpleUnisocC2Component: returning this work, frameIndex: 62
01-21 20:43:47.036   708 18777 D C2UnisocVideoDecoderComponent: fetch one queue free block:0xf27d1e60,iRefCount:0
01-21 20:43:47.037 18303 18762 I mali_gralloc: register: id=0x2c100001c80, importpid=708
01-21 20:43:47.037 18303 18762 I mali_gralloc: unregister: id=0x2c100001c80, base=0x0, importpid=18303
01-21 20:43:47.048   698  6594 I audio_hw_primary: app type:0x   5, is_voip:0, device:2, pcm:-176945824, usecase:0x   2
01-21 20:43:47.064   708 18776 V SimpleUnisocC2Component: start processing frame #63
01-21 20:43:47.064   708 18776 I VSP     : VP8DecSetCurRecPic,104,picid 63,header 0xf27d1e60
01-21 20:43:47.064   708 18777 V C2UnisocVp8Dec: fetchGraphicBlock, stride: 960, sliceHeight: 544, mDecoderSwFlag: 0
01-21 20:43:47.064   708 18776 I C2UnisocVp8Dec: setDecodeArgs, pBufCtrl: 0xf27ccf10, pBufCtrl->phyAddr: 0x203a0000, frameIndex: 63, timeStamp: 27812513000, inSize: 242, inOffset: 0
01-21 20:43:47.067   708 18776 V C2UnisocVp8Dec: VSP_bind_cb, phyAddr: 0x203a0000, pOutBlockInfo: 0xf27d1e60, pBufCtrl: 0xf27ccf10; iRefCount=0
01-21 20:43:47.067   708 18776 V C2UnisocVp8Dec: VSP_unbind_cb, phyAddr: 0x20520000, pOutBlockInfo: 0xf27cebf0, pBufCtrl: 0xf27cf580; iRefCount=1
01-21 20:43:47.068   708 18776 I C2UnisocVp8Dec: process, decRet: 0, 3ms, dec_out.frameEffective: 1, has_pic: 1, picId: 63, consume byte: 242
01-21 20:43:47.068   708 18776 I C2UnisocVp8Dec: drainOneOutputBuffer, pBufCtrl: 0xf27ccf10, pBufCtrl->phyAddr: 0x203a0000, frameIndex: 63
01-21 20:43:47.068   708 18777 D C2UnisocVideoDecoderComponent: fetch one queue free block:0xf27cd960,iRefCount:0
01-21 20:43:47.068   708 18777 I C2UnisocVp8Dec: resetOutBlock, fd: 29, iova: 0x20520000, mDecoderSwFlag: 0
01-21 20:43:47.068   708 18776 V SimpleUnisocC2Component: processed frame #63
01-21 20:43:47.068   708 18776 V SimpleUnisocC2Component: returning this work, frameIndex: 63
01-21 20:43:47.069 18303 18762 I mali_gralloc: register: id=0x2c100001c7f, importpid=708
01-21 20:43:47.069 18303 18762 I mali_gralloc: unregister: id=0x2c100001c7f, base=0x0, importpid=18303
01-21 20:43:47.092   698  6594 I audio_hw_primary: app type:0x   5, is_voip:0, device:2, pcm:-176945824, usecase:0x   2
01-21 20:43:47.098   708 18776 V SimpleUnisocC2Component: start processing frame #64
01-21 20:43:47.098   708 18776 I VSP     : VP8DecSetCurRecPic,104,picid 64,header 0xf27cd960
01-21 20:43:47.098   708 18776 I C2UnisocVp8Dec: setDecodeArgs, pBufCtrl: 0xf27cf430, pBufCtrl->phyAddr: 0x205e0000, frameIndex: 64, timeStamp: 27812547000, inSize: 6173, inOffset: 0
01-21 20:43:47.098   708 18777 V C2UnisocVp8Dec: fetchGraphicBlock, stride: 960, sliceHeight: 544, mDecoderSwFlag: 0
01-21 20:43:47.102   708 18776 V C2UnisocVp8Dec: VSP_bind_cb, phyAddr: 0x205e0000, pOutBlockInfo: 0xf27cd960, pBufCtrl: 0xf27cf430; iRefCount=0
01-21 20:43:47.102   708 18776 V C2UnisocVp8Dec: VSP_unbind_cb, phyAddr: 0x203a0000, pOutBlockInfo: 0xf27d1e60, pBufCtrl: 0xf27ccf10; iRefCount=1
01-21 20:43:47.102   708 18776 I C2UnisocVp8Dec: process, decRet: 0, 3ms, dec_out.frameEffective: 1, has_pic: 1, picId: 64, consume byte: 6173
01-21 20:43:47.102   708 18776 I C2UnisocVp8Dec: drainOneOutputBuffer, pBufCtrl: 0xf27cf430, pBufCtrl->phyAddr: 0x205e0000, frameIndex: 64
01-21 20:43:47.102   708 18777 D C2UnisocVideoDecoderComponent: fetch one queue free block:0xf27c6790,iRefCount:0
01-21 20:43:47.102   708 18776 V SimpleUnisocC2Component: processed frame #64
01-21 20:43:47.102   708 18777 I C2UnisocVp8Dec: resetOutBlock, fd: 45, iova: 0x203a0000, mDecoderSwFlag: 0
01-21 20:43:47.102   708 18776 V SimpleUnisocC2Component: returning this work, frameIndex: 64
01-21 20:43:47.104 18303 18762 I mali_gralloc: register: id=0x2c100001c7d, importpid=708
01-21 20:43:47.105 18303 18762 I mali_gralloc: unregister: id=0x2c100001c7d, base=0x0, importpid=18303
01-21 20:43:47.132   708 18776 V SimpleUnisocC2Component: start processing frame #65
01-21 20:43:47.132   708 18776 I VSP     : VP8DecSetCurRecPic,104,picid 65,header 0xf27c6790
01-21 20:43:47.132   708 18776 I C2UnisocVp8Dec: setDecodeArgs, pBufCtrl: 0xf27d0780, pBufCtrl->phyAddr: 0x20520000, frameIndex: 65, timeStamp: 27812580000, inSize: 506, inOffset: 0
01-21 20:43:47.133   708 18777 V C2UnisocVp8Dec: fetchGraphicBlock, stride: 960, sliceHeight: 544, mDecoderSwFlag: 0
01-21 20:43:47.135   698  6594 I audio_hw_primary: app type:0x   5, is_voip:0, device:2, pcm:-176945824, usecase:0x   2
01-21 20:43:47.136   708 18776 V C2UnisocVp8Dec: VSP_bind_cb, phyAddr: 0x20520000, pOutBlockInfo: 0xf27c6790, pBufCtrl: 0xf27d0780; iRefCount=0
01-21 20:43:47.136   708 18776 V C2UnisocVp8Dec: VSP_unbind_cb, phyAddr: 0x205e0000, pOutBlockInfo: 0xf27cd960, pBufCtrl: 0xf27cf430; iRefCount=1
01-21 20:43:47.136   708 18776 I C2UnisocVp8Dec: process, decRet: 0, 3ms, dec_out.frameEffective: 1, has_pic: 1, picId: 65, consume byte: 506
01-21 20:43:47.136   708 18776 I C2UnisocVp8Dec: drainOneOutputBuffer, pBufCtrl: 0xf27d0780, pBufCtrl->phyAddr: 0x20520000, frameIndex: 65
01-21 20:43:47.136   708 18777 D C2UnisocVideoDecoderComponent: fetch one queue free block:0xf27cebf0,iRefCount:0
01-21 20:43:47.136   708 18776 V SimpleUnisocC2Component: processed frame #65
01-21 20:43:47.136   708 18776 V SimpleUnisocC2Component: returning this work, frameIndex: 65
01-21 20:43:47.137 18303 18762 I mali_gralloc: register: id=0x2c100001c80, importpid=708
01-21 20:43:47.137 18303 18762 I mali_gralloc: unregister: id=0x2c100001c80, base=0x0, importpid=18303
01-21 20:43:47.146 18780 18780 D ip_monitor-915: 192.168.1.1 dev wlan0 lladdr f4:e8:4f:c4:30:1c STALE
01-21 20:43:47.159   698  6594 I audio_hw_primary: app type:0x   5, is_voip:0, device:2, pcm:-176945824, usecase:0x   2
01-21 20:43:47.166   708 18776 V SimpleUnisocC2Component: start processing frame #66
01-21 20:43:47.166   708 18776 I VSP     : VP8DecSetCurRecPic,104,picid 66,header 0xf27cebf0
01-21 20:43:47.166   708 18776 I C2UnisocVp8Dec: setDecodeArgs, pBufCtrl: 0xf27cf580, pBufCtrl->phyAddr: 0x203a0000, frameIndex: 66, timeStamp: 27812614000, inSize: 200, inOffset: 0
01-21 20:43:47.166   708 18777 V C2UnisocVp8Dec: fetchGraphicBlock, stride: 960, sliceHeight: 544, mDecoderSwFlag: 0
01-21 20:43:47.167   708 18777 I C2UnisocVp8Dec: resetOutBlock, fd: 26, iova: 0x205e0000, mDecoderSwFlag: 0
01-21 20:43:47.169   708 18776 V C2UnisocVp8Dec: VSP_bind_cb, phyAddr: 0x203a0000, pOutBlockInfo: 0xf27cebf0, pBufCtrl: 0xf27cf580; iRefCount=0
01-21 20:43:47.169   708 18776 V C2UnisocVp8Dec: VSP_unbind_cb, phyAddr: 0x20520000, pOutBlockInfo: 0xf27c6790, pBufCtrl: 0xf27d0780; iRefCount=1
01-21 20:43:47.169   708 18776 I C2UnisocVp8Dec: process, decRet: 0, 3ms, dec_out.frameEffective: 1, has_pic: 1, picId: 66, consume byte: 200
01-21 20:43:47.169   708 18776 I C2UnisocVp8Dec: drainOneOutputBuffer, pBufCtrl: 0xf27cf580, pBufCtrl->phyAddr: 0x203a0000, frameIndex: 66
01-21 20:43:47.170   708 18777 I C2UnisocVp8Dec: resetOutBlock, fd: 27, iova: 0x20520000, mDecoderSwFlag: 0
01-21 20:43:47.170   708 18776 V SimpleUnisocC2Component: processed frame #66
01-21 20:43:47.170   708 18776 V SimpleUnisocC2Component: returning this work, frameIndex: 66
01-21 20:43:47.170   708 18777 D C2UnisocVideoDecoderComponent: fetch one queue free block:0xf27d1e60,iRefCount:0
01-21 20:43:47.170 18303 18762 I mali_gralloc: register: id=0x2c100001c7f, importpid=708
01-21 20:43:47.170 18303 18762 I mali_gralloc: unregister: id=0x2c100001c7f, base=0x0, importpid=18303
01-21 20:43:47.199   708 18776 V SimpleUnisocC2Component: start processing frame #67
01-21 20:43:47.199   708 18776 I VSP     : VP8DecSetCurRecPic,104,picid 67,header 0xf27d1e60
01-21 20:43:47.199   708 18777 V C2UnisocVp8Dec: fetchGraphicBlock, stride: 960, sliceHeight: 544, mDecoderSwFlag: 0
01-21 20:43:47.199   708 18776 I C2UnisocVp8Dec: setDecodeArgs, pBufCtrl: 0xf27ccf10, pBufCtrl->phyAddr: 0x20520000, frameIndex: 67, timeStamp: 27812647000, inSize: 185, inOffset: 0
01-21 20:43:47.202   708 18776 V C2UnisocVp8Dec: VSP_bind_cb, phyAddr: 0x20520000, pOutBlockInfo: 0xf27d1e60, pBufCtrl: 0xf27ccf10; iRefCount=0
01-21 20:43:47.202   708 18776 V C2UnisocVp8Dec: VSP_unbind_cb, phyAddr: 0x203a0000, pOutBlockInfo: 0xf27cebf0, pBufCtrl: 0xf27cf580; iRefCount=1
01-21 20:43:47.202   708 18776 I C2UnisocVp8Dec: process, decRet: 0, 3ms, dec_out.frameEffective: 1, has_pic: 1, picId: 67, consume byte: 185
01-21 20:43:47.202   708 18776 I C2UnisocVp8Dec: drainOneOutputBuffer, pBufCtrl: 0xf27ccf10, pBufCtrl->phyAddr: 0x20520000, frameIndex: 67
01-21 20:43:47.202   708 18777 D C2UnisocVideoDecoderComponent: fetch one queue free block:0xf27cd960,iRefCount:0
01-21 20:43:47.202   708 18776 V SimpleUnisocC2Component: processed frame #67
01-21 20:43:47.202   708 18777 I C2UnisocVp8Dec: resetOutBlock, fd: 29, iova: 0x203a0000, mDecoderSwFlag: 0
01-21 20:43:47.202   708 18776 V SimpleUnisocC2Component: returning this work, frameIndex: 67
01-21 20:43:47.202   698  6594 I audio_hw_primary: app type:0x   5, is_voip:0, device:2, pcm:-176945824, usecase:0x   2
01-21 20:43:47.203 18303 18762 I mali_gralloc: register: id=0x2c100001c7d, importpid=708
01-21 20:43:47.203 18303 18762 I mali_gralloc: unregister: id=0x2c100001c7d, base=0x0, importpid=18303
01-21 20:43:47.233   708 18776 V SimpleUnisocC2Component: start processing frame #68
01-21 20:43:47.233   708 18776 I VSP     : VP8DecSetCurRecPic,104,picid 68,header 0xf27cd960
01-21 20:43:47.233   708 18776 I C2UnisocVp8Dec: setDecodeArgs, pBufCtrl: 0xf27cf430, pBufCtrl->phyAddr: 0x205e0000, frameIndex: 68, timeStamp: 27812681000, inSize: 179, inOffset: 0
01-21 20:43:47.233   708 18777 V C2UnisocVp8Dec: fetchGraphicBlock, stride: 960, sliceHeight: 544, mDecoderSwFlag: 0
01-21 20:43:47.236   708 18776 V C2UnisocVp8Dec: VSP_bind_cb, phyAddr: 0x205e0000, pOutBlockInfo: 0xf27cd960, pBufCtrl: 0xf27cf430; iRefCount=0
01-21 20:43:47.237   708 18776 V C2UnisocVp8Dec: VSP_unbind_cb, phyAddr: 0x20520000, pOutBlockInfo: 0xf27d1e60, pBufCtrl: 0xf27ccf10; iRefCount=1
01-21 20:43:47.237   708 18776 I C2UnisocVp8Dec: process, decRet: 0, 3ms, dec_out.frameEffective: 1, has_pic: 1, picId: 68, consume byte: 179
01-21 20:43:47.237   708 18776 I C2UnisocVp8Dec: drainOneOutputBuffer, pBufCtrl: 0xf27cf430, pBufCtrl->phyAddr: 0x205e0000, frameIndex: 68
01-21 20:43:47.237   708 18776 V SimpleUnisocC2Component: processed frame #68
01-21 20:43:47.237   708 18776 V SimpleUnisocC2Component: returning this work, frameIndex: 68
01-21 20:43:47.237   708 18777 D C2UnisocVideoDecoderComponent: fetch one queue free block:0xf27c6790,iRefCount:0
01-21 20:43:47.237   708 18777 I C2UnisocVp8Dec: resetOutBlock, fd: 45, iova: 0x20520000, mDecoderSwFlag: 0
01-21 20:43:47.238 18303 18762 I mali_gralloc: register: id=0x2c100001c80, importpid=708
01-21 20:43:47.238 18303 18762 I mali_gralloc: unregister: id=0x2c100001c80, base=0x0, importpid=18303
01-21 20:43:47.245   698  6594 I audio_hw_primary: app type:0x   5, is_voip:0, device:2, pcm:-176945824, usecase:0x   2
01-21 20:43:47.266   708 18776 V SimpleUnisocC2Component: start processing frame #69
01-21 20:43:47.266   708 18776 I VSP     : VP8DecSetCurRecPic,104,picid 69,header 0xf27c6790
01-21 20:43:47.266   708 18776 I C2UnisocVp8Dec: setDecodeArgs, pBufCtrl: 0xf27d0780, pBufCtrl->phyAddr: 0x203a0000, frameIndex: 69, timeStamp: 27812714000, inSize: 6541, inOffset: 0
01-21 20:43:47.267   708 18777 V C2UnisocVp8Dec: fetchGraphicBlock, stride: 960, sliceHeight: 544, mDecoderSwFlag: 0
01-21 20:43:47.270   708 18776 V C2UnisocVp8Dec: VSP_bind_cb, phyAddr: 0x203a0000, pOutBlockInfo: 0xf27c6790, pBufCtrl: 0xf27d0780; iRefCount=0
01-21 20:43:47.270   708 18776 V C2UnisocVp8Dec: VSP_unbind_cb, phyAddr: 0x205e0000, pOutBlockInfo: 0xf27cd960, pBufCtrl: 0xf27cf430; iRefCount=1
01-21 20:43:47.270   708 18776 I C2UnisocVp8Dec: process, decRet: 0, 3ms, dec_out.frameEffective: 1, has_pic: 1, picId: 69, consume byte: 6541
01-21 20:43:47.271   708 18776 I C2UnisocVp8Dec: drainOneOutputBuffer, pBufCtrl: 0xf27d0780, pBufCtrl->phyAddr: 0x203a0000, frameIndex: 69
01-21 20:43:47.271   708 18777 D C2UnisocVideoDecoderComponent: fetch one queue free block:0xf27cebf0,iRefCount:0
01-21 20:43:47.271   708 18776 V SimpleUnisocC2Component: processed frame #69
01-21 20:43:47.271   708 18776 V SimpleUnisocC2Component: returning this work, frameIndex: 69
01-21 20:43:47.272 18303 18762 I mali_gralloc: register: id=0x2c100001c7f, importpid=708
01-21 20:43:47.272 18303 18762 I mali_gralloc: unregister: id=0x2c100001c7f, base=0x0, importpid=18303
01-21 20:43:47.288   698  6594 I audio_hw_primary: app type:0x   5, is_voip:0, device:2, pcm:-176945824, usecase:0x   2
01-21 20:43:47.299   708 18776 V SimpleUnisocC2Component: start processing frame #70
01-21 20:43:47.300   708 18776 I VSP     : VP8DecSetCurRecPic,104,picid 70,header 0xf27cebf0
01-21 20:43:47.300   708 18776 I C2UnisocVp8Dec: setDecodeArgs, pBufCtrl: 0xf27cf580, pBufCtrl->phyAddr: 0x20520000, frameIndex: 70, timeStamp: 27812748000, inSize: 1217, inOffset: 0
01-21 20:43:47.300   708 18777 V C2UnisocVp8Dec: fetchGraphicBlock, stride: 960, sliceHeight: 544, mDecoderSwFlag: 0
01-21 20:43:47.301   708 18777 I C2UnisocVp8Dec: resetOutBlock, fd: 26, iova: 0x205e0000, mDecoderSwFlag: 0
01-21 20:43:47.303   708 18776 V C2UnisocVp8Dec: VSP_bind_cb, phyAddr: 0x20520000, pOutBlockInfo: 0xf27cebf0, pBufCtrl: 0xf27cf580; iRefCount=0
01-21 20:43:47.303   708 18776 V C2UnisocVp8Dec: VSP_unbind_cb, phyAddr: 0x203a0000, pOutBlockInfo: 0xf27c6790, pBufCtrl: 0xf27d0780; iRefCount=1
01-21 20:43:47.304   708 18776 I C2UnisocVp8Dec: process, decRet: 0, 3ms, dec_out.frameEffective: 1, has_pic: 1, picId: 70, consume byte: 1217
01-21 20:43:47.304   708 18776 I C2UnisocVp8Dec: drainOneOutputBuffer, pBufCtrl: 0xf27cf580, pBufCtrl->phyAddr: 0x20520000, frameIndex: 70
01-21 20:43:47.304   708 18776 V SimpleUnisocC2Component: processed frame #70
01-21 20:43:47.304   708 18776 V SimpleUnisocC2Component: returning this work, frameIndex: 70
01-21 20:43:47.304   708 18777 I C2UnisocVp8Dec: resetOutBlock, fd: 27, iova: 0x203a0000, mDecoderSwFlag: 0
01-21 20:43:47.304   708 18777 D C2UnisocVideoDecoderComponent: fetch one queue free block:0xf27d1e60,iRefCount:0
01-21 20:43:47.305 18303 18762 I mali_gralloc: register: id=0x2c100001c7d, importpid=708
01-21 20:43:47.305 18303 18762 I mali_gralloc: unregister: id=0x2c100001c7d, base=0x0, importpid=18303
01-21 20:43:47.332   698  6594 I audio_hw_primary: app type:0x   5, is_voip:0, device:2, pcm:-176945824, usecase:0x   2
01-21 20:43:47.334   708 18776 V SimpleUnisocC2Component: start processing frame #71
01-21 20:43:47.334   708 18776 I VSP     : VP8DecSetCurRecPic,104,picid 71,header 0xf27d1e60
01-21 20:43:47.334   708 18777 V C2UnisocVp8Dec: fetchGraphicBlock, stride: 960, sliceHeight: 544, mDecoderSwFlag: 0
01-21 20:43:47.334   708 18776 I C2UnisocVp8Dec: setDecodeArgs, pBufCtrl: 0xf27ccf10, pBufCtrl->phyAddr: 0x203a0000, frameIndex: 71, timeStamp: 27812782000, inSize: 237, inOffset: 0
01-21 20:43:47.337   708 18776 V C2UnisocVp8Dec: VSP_bind_cb, phyAddr: 0x203a0000, pOutBlockInfo: 0xf27d1e60, pBufCtrl: 0xf27ccf10; iRefCount=0
01-21 20:43:47.337   708 18776 V C2UnisocVp8Dec: VSP_unbind_cb, phyAddr: 0x20520000, pOutBlockInfo: 0xf27cebf0, pBufCtrl: 0xf27cf580; iRefCount=1
01-21 20:43:47.337   708 18776 I C2UnisocVp8Dec: process, decRet: 0, 3ms, dec_out.frameEffective: 1, has_pic: 1, picId: 71, consume byte: 237
01-21 20:43:47.337   708 18776 I C2UnisocVp8Dec: drainOneOutputBuffer, pBufCtrl: 0xf27ccf10, pBufCtrl->phyAddr: 0x203a0000, frameIndex: 71
01-21 20:43:47.337   708 18777 D C2UnisocVideoDecoderComponent: fetch one queue free block:0xf27cd960,iRefCount:0
01-21 20:43:47.337   708 18777 I C2UnisocVp8Dec: resetOutBlock, fd: 29, iova: 0x20520000, mDecoderSwFlag: 0
01-21 20:43:47.337   708 18776 V SimpleUnisocC2Component: processed frame #71
01-21 20:43:47.337   708 18776 V SimpleUnisocC2Component: returning this work, frameIndex: 71
01-21 20:43:47.338 18303 18762 I mali_gralloc: register: id=0x2c100001c80, importpid=708
01-21 20:43:47.338 18303 18762 I mali_gralloc: unregister: id=0x2c100001c80, base=0x0, importpid=18303
01-21 20:43:47.367   708 18776 V SimpleUnisocC2Component: start processing frame #72
01-21 20:43:47.368   708 18776 I VSP     : VP8DecSetCurRecPic,104,picid 72,header 0xf27cd960
01-21 20:43:47.368   708 18777 V C2UnisocVp8Dec: fetchGraphicBlock, stride: 960, sliceHeight: 544, mDecoderSwFlag: 0
01-21 20:43:47.368   708 18776 I C2UnisocVp8Dec: setDecodeArgs, pBufCtrl: 0xf27cf430, pBufCtrl->phyAddr: 0x205e0000, frameIndex: 72, timeStamp: 27812816000, inSize: 225, inOffset: 0
01-21 20:43:47.371   708 18776 V C2UnisocVp8Dec: VSP_bind_cb, phyAddr: 0x205e0000, pOutBlockInfo: 0xf27cd960, pBufCtrl: 0xf27cf430; iRefCount=0
01-21 20:43:47.371   708 18776 V C2UnisocVp8Dec: VSP_unbind_cb, phyAddr: 0x203a0000, pOutBlockInfo: 0xf27d1e60, pBufCtrl: 0xf27ccf10; iRefCount=1
01-21 20:43:47.371   708 18776 I C2UnisocVp8Dec: process, decRet: 0, 3ms, dec_out.frameEffective: 1, has_pic: 1, picId: 72, consume byte: 225
01-21 20:43:47.371   708 18776 I C2UnisocVp8Dec: drainOneOutputBuffer, pBufCtrl: 0xf27cf430, pBufCtrl->phyAddr: 0x205e0000, frameIndex: 72
01-21 20:43:47.371   708 18777 D C2UnisocVideoDecoderComponent: fetch one queue free block:0xf27c6790,iRefCount:0
01-21 20:43:47.371   708 18776 V SimpleUnisocC2Component: processed frame #72
01-21 20:43:47.371   708 18777 I C2UnisocVp8Dec: resetOutBlock, fd: 45, iova: 0x203a0000, mDecoderSwFlag: 0
01-21 20:43:47.371   708 18776 V SimpleUnisocC2Component: returning this work, frameIndex: 72
01-21 20:43:47.372 18303 18762 I mali_gralloc: register: id=0x2c100001c7f, importpid=708
01-21 20:43:47.372 18303 18762 I mali_gralloc: unregister: id=0x2c100001c7f, base=0x0, importpid=18303
01-21 20:43:47.375   698  6594 I audio_hw_primary: app type:0x   5, is_voip:0, device:2, pcm:-176945824, usecase:0x   2
01-21 20:43:47.398   698  6594 I audio_hw_primary: app type:0x   5, is_voip:0, device:2, pcm:-176945824, usecase:0x   2
01-21 20:43:47.402   708 18776 V SimpleUnisocC2Component: start processing frame #73
01-21 20:43:47.403   708 18776 I VSP     : VP8DecSetCurRecPic,104,picid 73,header 0xf27c6790
01-21 20:43:47.403   708 18776 I C2UnisocVp8Dec: setDecodeArgs, pBufCtrl: 0xf27d0780, pBufCtrl->phyAddr: 0x20520000, frameIndex: 73, timeStamp: 27812850000, inSize: 223, inOffset: 0
01-21 20:43:47.403   708 18777 V C2UnisocVp8Dec: fetchGraphicBlock, stride: 960, sliceHeight: 544, mDecoderSwFlag: 0
01-21 20:43:47.406   708 18776 V C2UnisocVp8Dec: VSP_bind_cb, phyAddr: 0x20520000, pOutBlockInfo: 0xf27c6790, pBufCtrl: 0xf27d0780; iRefCount=0
01-21 20:43:47.406   708 18776 V C2UnisocVp8Dec: VSP_unbind_cb, phyAddr: 0x205e0000, pOutBlockInfo: 0xf27cd960, pBufCtrl: 0xf27cf430; iRefCount=1
01-21 20:43:47.406   708 18776 I C2UnisocVp8Dec: process, decRet: 0, 3ms, dec_out.frameEffective: 1, has_pic: 1, picId: 73, consume byte: 223
01-21 20:43:47.406   708 18776 I C2UnisocVp8Dec: drainOneOutputBuffer, pBufCtrl: 0xf27d0780, pBufCtrl->phyAddr: 0x20520000, frameIndex: 73
01-21 20:43:47.406   708 18776 V SimpleUnisocC2Component: processed frame #73
01-21 20:43:47.406   708 18776 V SimpleUnisocC2Component: returning this work, frameIndex: 73
01-21 20:43:47.406   708 18777 D C2UnisocVideoDecoderComponent: fetch one queue free block:0xf27cebf0,iRefCount:0
01-21 20:43:47.407 18303 18762 I mali_gralloc: register: id=0x2c100001c7d, importpid=708
01-21 20:43:47.408 18303 18762 I mali_gralloc: unregister: id=0x2c100001c7d, base=0x0, importpid=18303
01-21 20:43:47.434   708 18776 V SimpleUnisocC2Component: start processing frame #74
01-21 20:43:47.435   708 18776 I VSP     : VP8DecSetCurRecPic,104,picid 74,header 0xf27cebf0
01-21 20:43:47.435   708 18776 I C2UnisocVp8Dec: setDecodeArgs, pBufCtrl: 0xf27cf580, pBufCtrl->phyAddr: 0x203a0000, frameIndex: 74, timeStamp: 27812883000, inSize: 223, inOffset: 0
01-21 20:43:47.435   708 18777 V C2UnisocVp8Dec: fetchGraphicBlock, stride: 960, sliceHeight: 544, mDecoderSwFlag: 0
01-21 20:43:47.436   708 18777 I C2UnisocVp8Dec: resetOutBlock, fd: 26, iova: 0x205e0000, mDecoderSwFlag: 0
01-21 20:43:47.438   708 18776 V C2UnisocVp8Dec: VSP_bind_cb, phyAddr: 0x203a0000, pOutBlockInfo: 0xf27cebf0, pBufCtrl: 0xf27cf580; iRefCount=0
01-21 20:43:47.438   708 18776 V C2UnisocVp8Dec: VSP_unbind_cb, phyAddr: 0x20520000, pOutBlockInfo: 0xf27c6790, pBufCtrl: 0xf27d0780; iRefCount=1
01-21 20:43:47.438   708 18776 I C2UnisocVp8Dec: process, decRet: 0, 3ms, dec_out.frameEffective: 1, has_pic: 1, picId: 74, consume byte: 223
01-21 20:43:47.438   708 18776 I C2UnisocVp8Dec: drainOneOutputBuffer, pBufCtrl: 0xf27cf580, pBufCtrl->phyAddr: 0x203a0000, frameIndex: 74
01-21 20:43:47.438   708 18776 V SimpleUnisocC2Component: processed frame #74
01-21 20:43:47.438   708 18776 V SimpleUnisocC2Component: returning this work, frameIndex: 74
01-21 20:43:47.439   708 18777 I C2UnisocVp8Dec: resetOutBlock, fd: 27, iova: 0x20520000, mDecoderSwFlag: 0
01-21 20:43:47.439   708 18777 D C2UnisocVideoDecoderComponent: fetch one queue free block:0xf27d1e60,iRefCount:0
01-21 20:43:47.439 18303 18762 I mali_gralloc: register: id=0x2c100001c80, importpid=708
01-21 20:43:47.440 18303 18762 I mali_gralloc: unregister: id=0x2c100001c80, base=0x0, importpid=18303
01-21 20:43:47.442   698  6594 I audio_hw_primary: app type:0x   5, is_voip:0, device:2, pcm:-176945824, usecase:0x   2
01-21 20:43:47.469   708 18776 V SimpleUnisocC2Component: start processing frame #75
01-21 20:43:47.469   708 18776 I VSP     : VP8DecSetCurRecPic,104,picid 75,header 0xf27d1e60
01-21 20:43:47.469   708 18776 I C2UnisocVp8Dec: setDecodeArgs, pBufCtrl: 0xf27ccf10, pBufCtrl->phyAddr: 0x20520000, frameIndex: 75, timeStamp: 27812917000, inSize: 220, inOffset: 0
01-21 20:43:47.470   708 18777 V C2UnisocVp8Dec: fetchGraphicBlock, stride: 960, sliceHeight: 544, mDecoderSwFlag: 0
01-21 20:43:47.473   708 18776 V C2UnisocVp8Dec: VSP_bind_cb, phyAddr: 0x20520000, pOutBlockInfo: 0xf27d1e60, pBufCtrl: 0xf27ccf10; iRefCount=0
01-21 20:43:47.473   708 18776 V C2UnisocVp8Dec: VSP_unbind_cb, phyAddr: 0x203a0000, pOutBlockInfo: 0xf27cebf0, pBufCtrl: 0xf27cf580; iRefCount=1
01-21 20:43:47.473   708 18776 I C2UnisocVp8Dec: process, decRet: 0, 3ms, dec_out.frameEffective: 1, has_pic: 1, picId: 75, consume byte: 220
01-21 20:43:47.473   708 18776 I C2UnisocVp8Dec: drainOneOutputBuffer, pBufCtrl: 0xf27ccf10, pBufCtrl->phyAddr: 0x20520000, frameIndex: 75
01-21 20:43:47.474   708 18777 D C2UnisocVideoDecoderComponent: fetch one queue free block:0xf27cd960,iRefCount:0
01-21 20:43:47.474   708 18777 I C2UnisocVp8Dec: resetOutBlock, fd: 29, iova: 0x203a0000, mDecoderSwFlag: 0
01-21 20:43:47.474   708 18776 V SimpleUnisocC2Component: processed frame #75
01-21 20:43:47.474   708 18776 V SimpleUnisocC2Component: returning this work, frameIndex: 75
01-21 20:43:47.475 18303 18762 I mali_gralloc: register: id=0x2c100001c7f, importpid=708
01-21 20:43:47.475 18303 18762 I mali_gralloc: unregister: id=0x2c100001c7f, base=0x0, importpid=18303
01-21 20:43:47.486   698  6594 I audio_hw_primary: app type:0x   5, is_voip:0, device:2, pcm:-176945824, usecase:0x   2
01-21 20:43:47.503   708 18776 V SimpleUnisocC2Component: start processing frame #76
