01-21 20:43:50.370   708 18776 I C2UnisocVp8Dec: process, decRet: 0, 3ms, dec_out.frameEffective: 1, has_pic: 1, picId: 160, consume byte: 254
01-21 20:43:50.371   708 18776 I C2UnisocVp8Dec: drainOneOutputBuffer, pBufCtrl: 0xf27cf580, pBufCtrl->phyAddr: 0x203a0000, frameIndex: 160
01-21 20:43:50.371   708 18776 V SimpleUnisocC2Component: processed frame #160
01-21 20:43:50.371   708 18776 V SimpleUnisocC2Component: returning this work, frameIndex: 160
01-21 20:43:50.371   708 18777 D C2UnisocVideoDecoderComponent: fetch one queue free block:0xf27d01b0,iRefCount:0
01-21 20:43:50.372 18303 18762 I mali_gralloc: register: id=0x2c100001c83, importpid=708
01-21 20:43:50.373 18303 18762 I mali_gralloc: unregister: id=0x2c100001c83, base=0x0, importpid=18303
01-21 20:43:50.400   708 18776 V SimpleUnisocC2Component: start processing frame #161
01-21 20:43:50.400   708 18776 I VSP     : VP8DecSetCurRecPic,104,picid 161,header 0xf27d01b0
01-21 20:43:50.400   708 18776 I C2UnisocVp8Dec: setDecodeArgs, pBufCtrl: 0xf27cd9f0, pBufCtrl->phyAddr: 0x20460000, frameIndex: 161, timeStamp: 27815833000, inSize: 224, inOffset: 0
01-21 20:43:50.400   708 18777 V C2UnisocVp8Dec: fetchGraphicBlock, stride: 960, sliceHeight: 544, mDecoderSwFlag: 0
01-21 20:43:50.401   708 18777 I C2UnisocVp8Dec: resetOutBlock, fd: 26, iova: 0x205e0000, mDecoderSwFlag: 0
01-21 20:43:50.403   708 18776 V C2UnisocVp8Dec: VSP_bind_cb, phyAddr: 0x20460000, pOutBlockInfo: 0xf27d01b0, pBufCtrl: 0xf27cd9f0; iRefCount=0
01-21 20:43:50.404   708 18776 I C2UnisocVp8Dec: process, decRet: 0, 3ms, dec_out.frameEffective: 1, has_pic: 1, picId: 161, consume byte: 224
01-21 20:43:50.404   708 18776 I C2UnisocVp8Dec: drainOneOutputBuffer, pBufCtrl: 0xf27cd9f0, pBufCtrl->phyAddr: 0x20460000, frameIndex: 161
01-21 20:43:50.404   708 18777 I C2UnisocVp8Dec: resetOutBlock, fd: 26, iova: 0x20520000, mDecoderSwFlag: 0
01-21 20:43:50.404   708 18776 V SimpleUnisocC2Component: processed frame #161
01-21 20:43:50.404   708 18776 V SimpleUnisocC2Component: returning this work, frameIndex: 161
01-21 20:43:50.404   708 18777 D C2UnisocVideoDecoderComponent: fetch one queue free block:0xf27d1e60,iRefCount:0
01-21 20:43:50.406 18303 18762 I mali_gralloc: register: id=0x2c100001c7d, importpid=708
01-21 20:43:50.406   698  6594 I audio_hw_primary: app type:0x   5, is_voip:0, device:2, pcm:-176945824, usecase:0x   2
01-21 20:43:50.406 18303 18762 I mali_gralloc: unregister: id=0x2c100001c7d, base=0x0, importpid=18303
01-21 20:43:50.433   708 18776 V SimpleUnisocC2Component: start processing frame #162
01-21 20:43:50.433   708 18776 I VSP     : VP8DecSetCurRecPic,104,picid 162,header 0xf27d1e60
01-21 20:43:50.433   708 18776 I C2UnisocVp8Dec: setDecodeArgs, pBufCtrl: 0xf27ccf10, pBufCtrl->phyAddr: 0x20520000, frameIndex: 162, timeStamp: 27815867000, inSize: 224, inOffset: 0
01-21 20:43:50.433   708 18777 V C2UnisocVp8Dec: fetchGraphicBlock, stride: 960, sliceHeight: 544, mDecoderSwFlag: 0
01-21 20:43:50.436   708 18776 V C2UnisocVp8Dec: VSP_bind_cb, phyAddr: 0x20520000, pOutBlockInfo: 0xf27d1e60, pBufCtrl: 0xf27ccf10; iRefCount=0
01-21 20:43:50.436   708 18776 V C2UnisocVp8Dec: VSP_unbind_cb, phyAddr: 0x20460000, pOutBlockInfo: 0xf27d01b0, pBufCtrl: 0xf27cd9f0; iRefCount=1
01-21 20:43:50.436   708 18776 I C2UnisocVp8Dec: process, decRet: 0, 3ms, dec_out.frameEffective: 1, has_pic: 1, picId: 162, consume byte: 224
01-21 20:43:50.436   708 18776 I C2UnisocVp8Dec: drainOneOutputBuffer, pBufCtrl: 0xf27ccf10, pBufCtrl->phyAddr: 0x20520000, frameIndex: 162
01-21 20:43:50.437   708 18777 D C2UnisocVideoDecoderComponent: fetch one queue free block:0xf27cd960,iRefCount:0
01-21 20:43:50.437   708 18776 V SimpleUnisocC2Component: processed frame #162
01-21 20:43:50.437   708 18776 V SimpleUnisocC2Component: returning this work, frameIndex: 162
01-21 20:43:50.437   708 18777 I C2UnisocVp8Dec: resetOutBlock, fd: 29, iova: 0x20460000, mDecoderSwFlag: 0
01-21 20:43:50.437 18303 18762 I mali_gralloc: register: id=0x2c100001c80, importpid=708
01-21 20:43:50.438 18303 18762 I mali_gralloc: unregister: id=0x2c100001c80, base=0x0, importpid=18303
01-21 20:43:50.449   698  6594 I audio_hw_primary: app type:0x   5, is_voip:0, device:2, pcm:-176945824, usecase:0x   2
01-21 20:43:50.467   708 18776 V SimpleUnisocC2Component: start processing frame #163
01-21 20:43:50.468   708 18776 I VSP     : VP8DecSetCurRecPic,104,picid 163,header 0xf27cd960
01-21 20:43:50.468   708 18776 I C2UnisocVp8Dec: setDecodeArgs, pBufCtrl: 0xf27cf430, pBufCtrl->phyAddr: 0x205e0000, frameIndex: 163, timeStamp: 27815901000, inSize: 223, inOffset: 0
01-21 20:43:50.468   708 18777 V C2UnisocVp8Dec: fetchGraphicBlock, stride: 960, sliceHeight: 544, mDecoderSwFlag: 0
01-21 20:43:50.471   708 18776 V C2UnisocVp8Dec: VSP_bind_cb, phyAddr: 0x205e0000, pOutBlockInfo: 0xf27cd960, pBufCtrl: 0xf27cf430; iRefCount=0
01-21 20:43:50.471   708 18776 V C2UnisocVp8Dec: VSP_unbind_cb, phyAddr: 0x20520000, pOutBlockInfo: 0xf27d1e60, pBufCtrl: 0xf27ccf10; iRefCount=1
01-21 20:43:50.471   708 18776 I C2UnisocVp8Dec: process, decRet: 0, 3ms, dec_out.frameEffective: 1, has_pic: 1, picId: 163, consume byte: 223
01-21 20:43:50.471   708 18776 I C2UnisocVp8Dec: drainOneOutputBuffer, pBufCtrl: 0xf27cf430, pBufCtrl->phyAddr: 0x205e0000, frameIndex: 163
01-21 20:43:50.472   708 18777 I C2UnisocVideoDecoderComponent: this buffer fd:28,block:0xf27cebf0,address:0x203a0000,iRefCount:1, is still in bind
01-21 20:43:50.472   708 18776 V SimpleUnisocC2Component: processed frame #163
01-21 20:43:50.472   708 18776 V SimpleUnisocC2Component: returning this work, frameIndex: 163
01-21 20:43:50.472   708 18777 I C2UnisocVp8Dec: resetOutBlock, fd: 29, iova: 0x203a0000, mDecoderSwFlag: 0
01-21 20:43:50.472   708 18777 V C2UnisocVp8Dec: fetchGraphicBlock, stride: 960, sliceHeight: 544, mDecoderSwFlag: 0
01-21 20:43:50.473   708 18777 D C2UnisocVideoDecoderComponent: fetch one queue free block:0xf27c6790,iRefCount:0
01-21 20:43:50.473   708 18777 I C2UnisocVp8Dec: resetOutBlock, fd: 43, iova: 0x20520000, mDecoderSwFlag: 0
01-21 20:43:50.474 18303 18762 I mali_gralloc: register: id=0x2c100001c7f, importpid=708
01-21 20:43:50.475 18303 18762 I mali_gralloc: unregister: id=0x2c100001c7f, base=0x0, importpid=18303
01-21 20:43:50.492   698  6594 I audio_hw_primary: app type:0x   5, is_voip:0, device:2, pcm:-176945824, usecase:0x   2
01-21 20:43:50.502   708 18776 V SimpleUnisocC2Component: start processing frame #164
01-21 20:43:50.503   708 18776 I VSP     : VP8DecSetCurRecPic,104,picid 164,header 0xf27c6790
01-21 20:43:50.503   708 18776 I C2UnisocVp8Dec: setDecodeArgs, pBufCtrl: 0xf27d0780, pBufCtrl->phyAddr: 0x20460000, frameIndex: 164, timeStamp: 27815935000, inSize: 223, inOffset: 0
01-21 20:43:50.503   708 18777 V C2UnisocVp8Dec: fetchGraphicBlock, stride: 960, sliceHeight: 544, mDecoderSwFlag: 0
01-21 20:43:50.506   708 18776 V C2UnisocVp8Dec: VSP_bind_cb, phyAddr: 0x20460000, pOutBlockInfo: 0xf27c6790, pBufCtrl: 0xf27d0780; iRefCount=0
01-21 20:43:50.506   708 18776 V C2UnisocVp8Dec: VSP_unbind_cb, phyAddr: 0x205e0000, pOutBlockInfo: 0xf27cd960, pBufCtrl: 0xf27cf430; iRefCount=1
01-21 20:43:50.506   708 18776 I C2UnisocVp8Dec: process, decRet: 0, 3ms, dec_out.frameEffective: 1, has_pic: 1, picId: 164, consume byte: 223
01-21 20:43:50.506   708 18776 I C2UnisocVp8Dec: drainOneOutputBuffer, pBufCtrl: 0xf27d0780, pBufCtrl->phyAddr: 0x20460000, frameIndex: 164
01-21 20:43:50.507   708 18776 V SimpleUnisocC2Component: processed frame #164
01-21 20:43:50.507   708 18776 V SimpleUnisocC2Component: returning this work, frameIndex: 164
01-21 20:43:50.507   708 18777 D C2UnisocVideoDecoderComponent: fetch one queue free block:0xf27d01b0,iRefCount:0
01-21 20:43:50.508 18303 18762 I mali_gralloc: register: id=0x2c100001c7d, importpid=708
01-21 20:43:50.508 18303 18762 I mali_gralloc: unregister: id=0x2c100001c7d, base=0x0, importpid=18303
01-21 20:43:50.535   698  6594 I audio_hw_primary: app type:0x   5, is_voip:0, device:2, pcm:-176945824, usecase:0x   2
01-21 20:43:50.538   708 18776 V SimpleUnisocC2Component: start processing frame #165
01-21 20:43:50.539   708 18776 I VSP     : VP8DecSetCurRecPic,104,picid 165,header 0xf27d01b0
01-21 20:43:50.539   708 18776 I C2UnisocVp8Dec: setDecodeArgs, pBufCtrl: 0xf27cd9f0, pBufCtrl->phyAddr: 0x20520000, frameIndex: 165, timeStamp: 27815969000, inSize: 223, inOffset: 0
01-21 20:43:50.539   708 18777 V C2UnisocVp8Dec: fetchGraphicBlock, stride: 960, sliceHeight: 544, mDecoderSwFlag: 0
01-21 20:43:50.539   708 18777 I C2UnisocVp8Dec: resetOutBlock, fd: 26, iova: 0x205e0000, mDecoderSwFlag: 0
01-21 20:43:50.542   708 18776 V C2UnisocVp8Dec: VSP_bind_cb, phyAddr: 0x20520000, pOutBlockInfo: 0xf27d01b0, pBufCtrl: 0xf27cd9f0; iRefCount=0
01-21 20:43:50.542   708 18776 V C2UnisocVp8Dec: VSP_unbind_cb, phyAddr: 0x20460000, pOutBlockInfo: 0xf27c6790, pBufCtrl: 0xf27d0780; iRefCount=1
01-21 20:43:50.542   708 18776 I C2UnisocVp8Dec: process, decRet: 0, 3ms, dec_out.frameEffective: 1, has_pic: 1, picId: 165, consume byte: 223
01-21 20:43:50.543   708 18776 I C2UnisocVp8Dec: drainOneOutputBuffer, pBufCtrl: 0xf27cd9f0, pBufCtrl->phyAddr: 0x20520000, frameIndex: 165
01-21 20:43:50.543   708 18776 V SimpleUnisocC2Component: processed frame #165
01-21 20:43:50.543   708 18776 V SimpleUnisocC2Component: returning this work, frameIndex: 165
01-21 20:43:50.543   708 18777 I C2UnisocVp8Dec: resetOutBlock, fd: 14, iova: 0x20460000, mDecoderSwFlag: 0
01-21 20:43:50.543   708 18777 D C2UnisocVideoDecoderComponent: fetch one queue free block:0xf27d1e60,iRefCount:0
01-21 20:43:50.544 18303 18762 I mali_gralloc: register: id=0x2c100001c80, importpid=708
01-21 20:43:50.544 18303 18762 I mali_gralloc: unregister: id=0x2c100001c80, base=0x0, importpid=18303
01-21 20:43:50.558   698  6594 I audio_hw_primary: app type:0x   5, is_voip:0, device:2, pcm:-176945824, usecase:0x   2
01-21 20:43:50.568   708 18776 V SimpleUnisocC2Component: start processing frame #166
01-21 20:43:50.569   708 18776 I VSP     : VP8DecSetCurRecPic,104,picid 166,header 0xf27d1e60
01-21 20:43:50.569   708 18776 I C2UnisocVp8Dec: setDecodeArgs, pBufCtrl: 0xf27ccf10, pBufCtrl->phyAddr: 0x20460000, frameIndex: 166, timeStamp: 27816002000, inSize: 221, inOffset: 0
01-21 20:43:50.569   708 18777 V C2UnisocVp8Dec: fetchGraphicBlock, stride: 960, sliceHeight: 544, mDecoderSwFlag: 0
01-21 20:43:50.572   708 18776 V C2UnisocVp8Dec: VSP_bind_cb, phyAddr: 0x20460000, pOutBlockInfo: 0xf27d1e60, pBufCtrl: 0xf27ccf10; iRefCount=0
01-21 20:43:50.572   708 18776 V C2UnisocVp8Dec: VSP_unbind_cb, phyAddr: 0x20520000, pOutBlockInfo: 0xf27d01b0, pBufCtrl: 0xf27cd9f0; iRefCount=1
01-21 20:43:50.572   708 18776 I C2UnisocVp8Dec: process, decRet: 0, 3ms, dec_out.frameEffective: 1, has_pic: 1, picId: 166, consume byte: 221
01-21 20:43:50.572   708 18776 I C2UnisocVp8Dec: drainOneOutputBuffer, pBufCtrl: 0xf27ccf10, pBufCtrl->phyAddr: 0x20460000, frameIndex: 166
01-21 20:43:50.573   708 18777 D C2UnisocVideoDecoderComponent: fetch one queue free block:0xf27cd960,iRefCount:0
01-21 20:43:50.573   708 18777 I C2UnisocVp8Dec: resetOutBlock, fd: 45, iova: 0x20520000, mDecoderSwFlag: 0
01-21 20:43:50.573   708 18776 V SimpleUnisocC2Component: processed frame #166
01-21 20:43:50.573   708 18776 V SimpleUnisocC2Component: returning this work, frameIndex: 166
01-21 20:43:50.574 18303 18762 I mali_gralloc: register: id=0x2c100001c7f, importpid=708
01-21 20:43:50.575 18303 18762 I mali_gralloc: unregister: id=0x2c100001c7f, base=0x0, importpid=18303
01-21 20:43:50.601   698  6594 I audio_hw_primary: app type:0x   5, is_voip:0, device:2, pcm:-176945824, usecase:0x   2
01-21 20:43:50.602   708 18776 V SimpleUnisocC2Component: start processing frame #167
01-21 20:43:50.602   708 18776 I VSP     : VP8DecSetCurRecPic,104,picid 167,header 0xf27cd960
01-21 20:43:50.602   708 18776 I C2UnisocVp8Dec: setDecodeArgs, pBufCtrl: 0xf27cf430, pBufCtrl->phyAddr: 0x205e0000, frameIndex: 167, timeStamp: 27816036000, inSize: 9065, inOffset: 0
01-21 20:43:50.602   708 18777 V C2UnisocVp8Dec: fetchGraphicBlock, stride: 960, sliceHeight: 544, mDecoderSwFlag: 0
01-21 20:43:50.606   708 18776 V C2UnisocVp8Dec: VSP_bind_cb, phyAddr: 0x205e0000, pOutBlockInfo: 0xf27cd960, pBufCtrl: 0xf27cf430; iRefCount=0
01-21 20:43:50.606   708 18776 V C2UnisocVp8Dec: VSP_unbind_cb, phyAddr: 0x20460000, pOutBlockInfo: 0xf27d1e60, pBufCtrl: 0xf27ccf10; iRefCount=1
01-21 20:43:50.606   708 18776 I C2UnisocVp8Dec: process, decRet: 0, 4ms, dec_out.frameEffective: 1, has_pic: 1, picId: 167, consume byte: 9065
01-21 20:43:50.606   708 18776 I C2UnisocVp8Dec: drainOneOutputBuffer, pBufCtrl: 0xf27cf430, pBufCtrl->phyAddr: 0x205e0000, frameIndex: 167
01-21 20:43:50.607   708 18776 V SimpleUnisocC2Component: processed frame #167
01-21 20:43:50.607   708 18776 V SimpleUnisocC2Component: returning this work, frameIndex: 167
01-21 20:43:50.607   708 18777 D C2UnisocVideoDecoderComponent: fetch one queue free block:0xf27c6790,iRefCount:0
01-21 20:43:50.607   708 18777 I C2UnisocVp8Dec: resetOutBlock, fd: 46, iova: 0x20460000, mDecoderSwFlag: 0
01-21 20:43:50.608 18303 18762 I mali_gralloc: register: id=0x2c100001c7d, importpid=708
01-21 20:43:50.608 18303 18762 I mali_gralloc: unregister: id=0x2c100001c7d, base=0x0, importpid=18303
01-21 20:43:50.638   708 18776 V SimpleUnisocC2Component: start processing frame #168
01-21 20:43:50.639   708 18776 I VSP     : VP8DecSetCurRecPic,104,picid 168,header 0xf27c6790
01-21 20:43:50.639   708 18776 I C2UnisocVp8Dec: setDecodeArgs, pBufCtrl: 0xf27d0780, pBufCtrl->phyAddr: 0x20520000, frameIndex: 168, timeStamp: 27816070000, inSize: 1092, inOffset: 0
01-21 20:43:50.639   708 18777 V C2UnisocVp8Dec: fetchGraphicBlock, stride: 960, sliceHeight: 544, mDecoderSwFlag: 0
01-21 20:43:50.642   708 18776 V C2UnisocVp8Dec: VSP_bind_cb, phyAddr: 0x20520000, pOutBlockInfo: 0xf27c6790, pBufCtrl: 0xf27d0780; iRefCount=0
01-21 20:43:50.642   708 18776 V C2UnisocVp8Dec: VSP_unbind_cb, phyAddr: 0x205e0000, pOutBlockInfo: 0xf27cd960, pBufCtrl: 0xf27cf430; iRefCount=1
01-21 20:43:50.642   708 18776 I C2UnisocVp8Dec: process, decRet: 0, 3ms, dec_out.frameEffective: 1, has_pic: 1, picId: 168, consume byte: 1092
01-21 20:43:50.642   708 18776 I C2UnisocVp8Dec: drainOneOutputBuffer, pBufCtrl: 0xf27d0780, pBufCtrl->phyAddr: 0x20520000, frameIndex: 168
01-21 20:43:50.642   708 18777 D C2UnisocVideoDecoderComponent: fetch one queue free block:0xf27d01b0,iRefCount:0
01-21 20:43:50.642   708 18776 V SimpleUnisocC2Component: processed frame #168
01-21 20:43:50.642   708 18776 V SimpleUnisocC2Component: returning this work, frameIndex: 168
01-21 20:43:50.644 18303 18762 I mali_gralloc: register: id=0x2c100001c80, importpid=708
01-21 20:43:50.644 18303 18762 I mali_gralloc: unregister: id=0x2c100001c80, base=0x0, importpid=18303
01-21 20:43:50.646   698  6594 I audio_hw_primary: app type:0x   5, is_voip:0, device:2, pcm:-176945824, usecase:0x   2
01-21 20:43:50.672   708 18776 V SimpleUnisocC2Component: start processing frame #169
01-21 20:43:50.672   708 18776 I VSP     : VP8DecSetCurRecPic,104,picid 169,header 0xf27d01b0
01-21 20:43:50.672   708 18776 I C2UnisocVp8Dec: setDecodeArgs, pBufCtrl: 0xf27cd9f0, pBufCtrl->phyAddr: 0x20460000, frameIndex: 169, timeStamp: 27816104000, inSize: 421, inOffset: 0
01-21 20:43:50.673   708 18777 V C2UnisocVp8Dec: fetchGraphicBlock, stride: 960, sliceHeight: 544, mDecoderSwFlag: 0
01-21 20:43:50.674   708 18777 I C2UnisocVp8Dec: resetOutBlock, fd: 26, iova: 0x205e0000, mDecoderSwFlag: 0
01-21 20:43:50.675   708 18776 V C2UnisocVp8Dec: VSP_bind_cb, phyAddr: 0x20460000, pOutBlockInfo: 0xf27d01b0, pBufCtrl: 0xf27cd9f0; iRefCount=0
01-21 20:43:50.675   708 18776 V C2UnisocVp8Dec: VSP_unbind_cb, phyAddr: 0x20520000, pOutBlockInfo: 0xf27c6790, pBufCtrl: 0xf27d0780; iRefCount=1
01-21 20:43:50.676   708 18776 I C2UnisocVp8Dec: process, decRet: 0, 3ms, dec_out.frameEffective: 1, has_pic: 1, picId: 169, consume byte: 421
01-21 20:43:50.676   708 18776 I C2UnisocVp8Dec: drainOneOutputBuffer, pBufCtrl: 0xf27cd9f0, pBufCtrl->phyAddr: 0x20460000, frameIndex: 169
01-21 20:43:50.676   708 18777 I C2UnisocVp8Dec: resetOutBlock, fd: 27, iova: 0x20520000, mDecoderSwFlag: 0
01-21 20:43:50.676   708 18776 V SimpleUnisocC2Component: processed frame #169
01-21 20:43:50.676   708 18776 V SimpleUnisocC2Component: returning this work, frameIndex: 169
01-21 20:43:50.676   708 18777 D C2UnisocVideoDecoderComponent: fetch one queue free block:0xf27d1e60,iRefCount:0
01-21 20:43:50.677 18303 18762 I mali_gralloc: register: id=0x2c100001c7f, importpid=708
01-21 20:43:50.677 18303 18762 I mali_gralloc: unregister: id=0x2c100001c7f, base=0x0, importpid=18303
01-21 20:43:50.690   698  6594 I audio_hw_primary: app type:0x   5, is_voip:0, device:2, pcm:-176945824, usecase:0x   2
01-21 20:43:50.707   708 18776 V SimpleUnisocC2Component: start processing frame #170
01-21 20:43:50.707   708 18776 I VSP     : VP8DecSetCurRecPic,104,picid 170,header 0xf27d1e60
01-21 20:43:50.707   708 18776 I C2UnisocVp8Dec: setDecodeArgs, pBufCtrl: 0xf27ccf10, pBufCtrl->phyAddr: 0x20520000, frameIndex: 170, timeStamp: 27816140000, inSize: 335, inOffset: 0
01-21 20:43:50.707   708 18777 V C2UnisocVp8Dec: fetchGraphicBlock, stride: 960, sliceHeight: 544, mDecoderSwFlag: 0
01-21 20:43:50.710   708 18776 V C2UnisocVp8Dec: VSP_bind_cb, phyAddr: 0x20520000, pOutBlockInfo: 0xf27d1e60, pBufCtrl: 0xf27ccf10; iRefCount=0
01-21 20:43:50.710   708 18776 V C2UnisocVp8Dec: VSP_unbind_cb, phyAddr: 0x20460000, pOutBlockInfo: 0xf27d01b0, pBufCtrl: 0xf27cd9f0; iRefCount=1
01-21 20:43:50.711   708 18776 I C2UnisocVp8Dec: process, decRet: 0, 3ms, dec_out.frameEffective: 1, has_pic: 1, picId: 170, consume byte: 335
01-21 20:43:50.711   708 18776 I C2UnisocVp8Dec: drainOneOutputBuffer, pBufCtrl: 0xf27ccf10, pBufCtrl->phyAddr: 0x20520000, frameIndex: 170
01-21 20:43:50.711   708 18777 D C2UnisocVideoDecoderComponent: fetch one queue free block:0xf27cd960,iRefCount:0
01-21 20:43:50.711   708 18776 V SimpleUnisocC2Component: processed frame #170
01-21 20:43:50.711   708 18777 I C2UnisocVp8Dec: resetOutBlock, fd: 43, iova: 0x20460000, mDecoderSwFlag: 0
01-21 20:43:50.711   708 18776 V SimpleUnisocC2Component: returning this work, frameIndex: 170
01-21 20:43:50.712 18303 18762 I mali_gralloc: register: id=0x2c100001c7d, importpid=708
01-21 20:43:50.712 18303 18762 I mali_gralloc: unregister: id=0x2c100001c7d, base=0x0, importpid=18303
01-21 20:43:50.734   698  6594 I audio_hw_primary: app type:0x   5, is_voip:0, device:2, pcm:-176945824, usecase:0x   2
01-21 20:43:50.744   708 18776 V SimpleUnisocC2Component: start processing frame #171
01-21 20:43:50.744   708 18776 I VSP     : VP8DecSetCurRecPic,104,picid 171,header 0xf27cd960
01-21 20:43:50.744   708 18776 I C2UnisocVp8Dec: setDecodeArgs, pBufCtrl: 0xf27cf430, pBufCtrl->phyAddr: 0x205e0000, frameIndex: 171, timeStamp: 27816175000, inSize: 201, inOffset: 0
01-21 20:43:50.744   708 18777 V C2UnisocVp8Dec: fetchGraphicBlock, stride: 960, sliceHeight: 544, mDecoderSwFlag: 0
01-21 20:43:50.748   708 18776 V C2UnisocVp8Dec: VSP_bind_cb, phyAddr: 0x205e0000, pOutBlockInfo: 0xf27cd960, pBufCtrl: 0xf27cf430; iRefCount=0
01-21 20:43:50.748   708 18776 V C2UnisocVp8Dec: VSP_unbind_cb, phyAddr: 0x20520000, pOutBlockInfo: 0xf27d1e60, pBufCtrl: 0xf27ccf10; iRefCount=1
01-21 20:43:50.748   708 18776 I C2UnisocVp8Dec: process, decRet: 0, 3ms, dec_out.frameEffective: 1, has_pic: 1, picId: 171, consume byte: 201
01-21 20:43:50.748   708 18776 I C2UnisocVp8Dec: drainOneOutputBuffer, pBufCtrl: 0xf27cf430, pBufCtrl->phyAddr: 0x205e0000, frameIndex: 171
01-21 20:43:50.748   708 18776 V SimpleUnisocC2Component: processed frame #171
01-21 20:43:50.748   708 18776 V SimpleUnisocC2Component: returning this work, frameIndex: 171
01-21 20:43:50.748   708 18777 D C2UnisocVideoDecoderComponent: fetch one queue free block:0xf27c6790,iRefCount:0
01-21 20:43:50.748   708 18777 I C2UnisocVp8Dec: resetOutBlock, fd: 46, iova: 0x20520000, mDecoderSwFlag: 0
01-21 20:43:50.749 18303 18762 I mali_gralloc: register: id=0x2c100001c80, importpid=708
01-21 20:43:50.749 18303 18762 I mali_gralloc: unregister: id=0x2c100001c80, base=0x0, importpid=18303
01-21 20:43:50.758   698  6594 I audio_hw_primary: app type:0x   5, is_voip:0, device:2, pcm:-176945824, usecase:0x   2
01-21 20:43:50.783   708 18776 V SimpleUnisocC2Component: start processing frame #172
01-21 20:43:50.783   708 18776 I VSP     : VP8DecSetCurRecPic,104,picid 172,header 0xf27c6790
01-21 20:43:50.783   708 18776 I C2UnisocVp8Dec: setDecodeArgs, pBufCtrl: 0xf27d0780, pBufCtrl->phyAddr: 0x20460000, frameIndex: 172, timeStamp: 27816215000, inSize: 6703, inOffset: 0
01-21 20:43:50.783   708 18777 V C2UnisocVp8Dec: fetchGraphicBlock, stride: 960, sliceHeight: 544, mDecoderSwFlag: 0
01-21 20:43:50.787   708 18776 V C2UnisocVp8Dec: VSP_bind_cb, phyAddr: 0x20460000, pOutBlockInfo: 0xf27c6790, pBufCtrl: 0xf27d0780; iRefCount=0
01-21 20:43:50.787   708 18776 V C2UnisocVp8Dec: VSP_unbind_cb, phyAddr: 0x205e0000, pOutBlockInfo: 0xf27cd960, pBufCtrl: 0xf27cf430; iRefCount=1
01-21 20:43:50.787   708 18776 I C2UnisocVp8Dec: process, decRet: 0, 3ms, dec_out.frameEffective: 1, has_pic: 1, picId: 172, consume byte: 6703
01-21 20:43:50.787   708 18776 I C2UnisocVp8Dec: drainOneOutputBuffer, pBufCtrl: 0xf27d0780, pBufCtrl->phyAddr: 0x20460000, frameIndex: 172
01-21 20:43:50.787   708 18776 V SimpleUnisocC2Component: processed frame #172
01-21 20:43:50.787   708 18776 V SimpleUnisocC2Component: returning this work, frameIndex: 172
01-21 20:43:50.787   708 18777 D C2UnisocVideoDecoderComponent: fetch one queue free block:0xf27d01b0,iRefCount:0
01-21 20:43:50.788 18303 18762 I mali_gralloc: register: id=0x2c100001c7f, importpid=708
01-21 20:43:50.788 18303 18762 I mali_gralloc: unregister: id=0x2c100001c7f, base=0x0, importpid=18303
01-21 20:43:50.801   698  6594 I audio_hw_primary: app type:0x   5, is_voip:0, device:2, pcm:-176945824, usecase:0x   2
01-21 20:43:50.844   698  6594 I audio_hw_primary: app type:0x   5, is_voip:0, device:2, pcm:-176945824, usecase:0x   2
01-21 20:43:50.850   708 18776 V SimpleUnisocC2Component: start processing frame #173
01-21 20:43:50.851   708 18776 I VSP     : VP8DecSetCurRecPic,104,picid 173,header 0xf27d01b0
01-21 20:43:50.851   708 18776 I C2UnisocVp8Dec: setDecodeArgs, pBufCtrl: 0xf27cd9f0, pBufCtrl->phyAddr: 0x20520000, frameIndex: 173, timeStamp: 27816282000, inSize: 943, inOffset: 0
01-21 20:43:50.851   708 18777 V C2UnisocVp8Dec: fetchGraphicBlock, stride: 960, sliceHeight: 544, mDecoderSwFlag: 0
01-21 20:43:50.851   708 18777 I C2UnisocVp8Dec: resetOutBlock, fd: 26, iova: 0x205e0000, mDecoderSwFlag: 0
01-21 20:43:50.854   708 18776 V C2UnisocVp8Dec: VSP_bind_cb, phyAddr: 0x20520000, pOutBlockInfo: 0xf27d01b0, pBufCtrl: 0xf27cd9f0; iRefCount=0
01-21 20:43:50.854   708 18776 V C2UnisocVp8Dec: VSP_unbind_cb, phyAddr: 0x20460000, pOutBlockInfo: 0xf27c6790, pBufCtrl: 0xf27d0780; iRefCount=1
01-21 20:43:50.854   708 18776 I C2UnisocVp8Dec: process, decRet: 0, 3ms, dec_out.frameEffective: 1, has_pic: 1, picId: 173, consume byte: 943
01-21 20:43:50.854   708 18776 I C2UnisocVp8Dec: drainOneOutputBuffer, pBufCtrl: 0xf27cd9f0, pBufCtrl->phyAddr: 0x20520000, frameIndex: 173
01-21 20:43:50.854   708 18777 I C2UnisocVp8Dec: resetOutBlock, fd: 27, iova: 0x20460000, mDecoderSwFlag: 0
01-21 20:43:50.854   708 18776 V SimpleUnisocC2Component: processed frame #173
01-21 20:43:50.854   708 18776 V SimpleUnisocC2Component: returning this work, frameIndex: 173
01-21 20:43:50.855   708 18777 D C2UnisocVideoDecoderComponent: fetch one queue free block:0xf27d1e60,iRefCount:0
01-21 20:43:50.856 18303 18762 I mali_gralloc: register: id=0x2c100001c7d, importpid=708
01-21 20:43:50.856 18303 18762 I mali_gralloc: unregister: id=0x2c100001c7d, base=0x0, importpid=18303
01-21 20:43:50.883   708 18776 V SimpleUnisocC2Component: start processing frame #174
01-21 20:43:50.883   708 18776 I VSP     : VP8DecSetCurRecPic,104,picid 174,header 0xf27d1e60
01-21 20:43:50.883   708 18776 I C2UnisocVp8Dec: setDecodeArgs, pBufCtrl: 0xf27ccf10, pBufCtrl->phyAddr: 0x20460000, frameIndex: 174, timeStamp: 27816315000, inSize: 235, inOffset: 0
01-21 20:43:50.883   708 18777 V C2UnisocVp8Dec: fetchGraphicBlock, stride: 960, sliceHeight: 544, mDecoderSwFlag: 0
01-21 20:43:50.886   708 18776 V C2UnisocVp8Dec: VSP_bind_cb, phyAddr: 0x20460000, pOutBlockInfo: 0xf27d1e60, pBufCtrl: 0xf27ccf10; iRefCount=0
01-21 20:43:50.886   708 18776 V C2UnisocVp8Dec: VSP_unbind_cb, phyAddr: 0x20520000, pOutBlockInfo: 0xf27d01b0, pBufCtrl: 0xf27cd9f0; iRefCount=1
01-21 20:43:50.886   708 18776 I C2UnisocVp8Dec: process, decRet: 0, 3ms, dec_out.frameEffective: 1, has_pic: 1, picId: 174, consume byte: 235
01-21 20:43:50.886   708 18776 I C2UnisocVp8Dec: drainOneOutputBuffer, pBufCtrl: 0xf27ccf10, pBufCtrl->phyAddr: 0x20460000, frameIndex: 174
01-21 20:43:50.887   708 18777 D C2UnisocVideoDecoderComponent: fetch one queue free block:0xf27cd960,iRefCount:0
01-21 20:43:50.887   708 18776 V SimpleUnisocC2Component: processed frame #174
01-21 20:43:50.887   708 18777 I C2UnisocVp8Dec: resetOutBlock, fd: 43, iova: 0x20520000, mDecoderSwFlag: 0
01-21 20:43:50.887   708 18776 V SimpleUnisocC2Component: returning this work, frameIndex: 174
01-21 20:43:50.888 18303 18762 I mali_gralloc: register: id=0x2c100001c80, importpid=708
01-21 20:43:50.888 18303 18762 I mali_gralloc: unregister: id=0x2c100001c80, base=0x0, importpid=18303
01-21 20:43:50.888   698  6594 I audio_hw_primary: app type:0x   5, is_voip:0, device:2, pcm:-176945824, usecase:0x   2
01-21 20:43:50.917   708 18776 V SimpleUnisocC2Component: start processing frame #175
01-21 20:43:50.917   708 18776 I VSP     : VP8DecSetCurRecPic,104,picid 175,header 0xf27cd960
01-21 20:43:50.917   708 18776 I C2UnisocVp8Dec: setDecodeArgs, pBufCtrl: 0xf27cf430, pBufCtrl->phyAddr: 0x205e0000, frameIndex: 175, timeStamp: 27816349000, inSize: 226, inOffset: 0
01-21 20:43:50.917   708 18777 V C2UnisocVp8Dec: fetchGraphicBlock, stride: 960, sliceHeight: 544, mDecoderSwFlag: 0
01-21 20:43:50.920   708 18776 V C2UnisocVp8Dec: VSP_bind_cb, phyAddr: 0x205e0000, pOutBlockInfo: 0xf27cd960, pBufCtrl: 0xf27cf430; iRefCount=0
01-21 20:43:50.920   708 18776 V C2UnisocVp8Dec: VSP_unbind_cb, phyAddr: 0x20460000, pOutBlockInfo: 0xf27d1e60, pBufCtrl: 0xf27ccf10; iRefCount=1
01-21 20:43:50.920   708 18776 I C2UnisocVp8Dec: process, decRet: 0, 3ms, dec_out.frameEffective: 1, has_pic: 1, picId: 175, consume byte: 226
01-21 20:43:50.920   708 18776 I C2UnisocVp8Dec: drainOneOutputBuffer, pBufCtrl: 0xf27cf430, pBufCtrl->phyAddr: 0x205e0000, frameIndex: 175
01-21 20:43:50.920   708 18776 V SimpleUnisocC2Component: processed frame #175
01-21 20:43:50.920   708 18776 V SimpleUnisocC2Component: returning this work, frameIndex: 175
01-21 20:43:50.921   708 18777 D C2UnisocVideoDecoderComponent: fetch one queue free block:0xf27c6790,iRefCount:0
01-21 20:43:50.921   708 18777 I C2UnisocVp8Dec: resetOutBlock, fd: 46, iova: 0x20460000, mDecoderSwFlag: 0
01-21 20:43:50.921 18303 18762 I mali_gralloc: register: id=0x2c100001c7f, importpid=708
01-21 20:43:50.922 18303 18762 I mali_gralloc: unregister: id=0x2c100001c7f, base=0x0, importpid=18303
01-21 20:43:50.931   698  6594 I audio_hw_primary: app type:0x   5, is_voip:0, device:2, pcm:-176945824, usecase:0x   2
01-21 20:43:50.950   708 18776 V SimpleUnisocC2Component: start processing frame #176
01-21 20:43:50.950   708 18776 I VSP     : VP8DecSetCurRecPic,104,picid 176,header 0xf27c6790
01-21 20:43:50.950   708 18776 I C2UnisocVp8Dec: setDecodeArgs, pBufCtrl: 0xf27d0780, pBufCtrl->phyAddr: 0x20520000, frameIndex: 176, timeStamp: 27816383000, inSize: 220, inOffset: 0
01-21 20:43:50.951   708 18777 V C2UnisocVp8Dec: fetchGraphicBlock, stride: 960, sliceHeight: 544, mDecoderSwFlag: 0
01-21 20:43:50.954   708 18776 V C2UnisocVp8Dec: VSP_bind_cb, phyAddr: 0x20520000, pOutBlockInfo: 0xf27c6790, pBufCtrl: 0xf27d0780; iRefCount=0
01-21 20:43:50.954   708 18776 V C2UnisocVp8Dec: VSP_unbind_cb, phyAddr: 0x205e0000, pOutBlockInfo: 0xf27cd960, pBufCtrl: 0xf27cf430; iRefCount=1
01-21 20:43:50.954   708 18776 I C2UnisocVp8Dec: process, decRet: 0, 3ms, dec_out.frameEffective: 1, has_pic: 1, picId: 176, consume byte: 220
01-21 20:43:50.954   708 18776 I C2UnisocVp8Dec: drainOneOutputBuffer, pBufCtrl: 0xf27d0780, pBufCtrl->phyAddr: 0x20520000, frameIndex: 176
01-21 20:43:50.954   708 18776 V SimpleUnisocC2Component: processed frame #176
01-21 20:43:50.954   708 18776 V SimpleUnisocC2Component: returning this work, frameIndex: 176
01-21 20:43:50.955   708 18777 D C2UnisocVideoDecoderComponent: fetch one queue free block:0xf27d01b0,iRefCount:0
01-21 20:43:50.955 18303 18762 I mali_gralloc: register: id=0x2c100001c7d, importpid=708
01-21 20:43:50.955 18303 18762 I mali_gralloc: unregister: id=0x2c100001c7d, base=0x0, importpid=18303
01-21 20:43:50.975   698  6594 I audio_hw_primary: app type:0x   5, is_voip:0, device:2, pcm:-176945824, usecase:0x   2
01-21 20:43:50.986   708 18776 V SimpleUnisocC2Component: start processing frame #177
01-21 20:43:50.986   708 18776 I VSP     : VP8DecSetCurRecPic,104,picid 177,header 0xf27d01b0
01-21 20:43:50.986   708 18776 I C2UnisocVp8Dec: setDecodeArgs, pBufCtrl: 0xf27cd9f0, pBufCtrl->phyAddr: 0x20460000, frameIndex: 177, timeStamp: 27816417000, inSize: 221, inOffset: 0
01-21 20:43:50.986   708 18777 V C2UnisocVp8Dec: fetchGraphicBlock, stride: 960, sliceHeight: 544, mDecoderSwFlag: 0
01-21 20:43:50.987   708 18777 I C2UnisocVp8Dec: resetOutBlock, fd: 26, iova: 0x205e0000, mDecoderSwFlag: 0
01-21 20:43:50.989   708 18776 V C2UnisocVp8Dec: VSP_bind_cb, phyAddr: 0x20460000, pOutBlockInfo: 0xf27d01b0, pBufCtrl: 0xf27cd9f0; iRefCount=0
01-21 20:43:50.989   708 18776 V C2UnisocVp8Dec: VSP_unbind_cb, phyAddr: 0x20520000, pOutBlockInfo: 0xf27c6790, pBufCtrl: 0xf27d0780; iRefCount=1
01-21 20:43:50.989   708 18776 I C2UnisocVp8Dec: process, decRet: 0, 3ms, dec_out.frameEffective: 1, has_pic: 1, picId: 177, consume byte: 221
01-21 20:43:50.989   708 18776 I C2UnisocVp8Dec: drainOneOutputBuffer, pBufCtrl: 0xf27cd9f0, pBufCtrl->phyAddr: 0x20460000, frameIndex: 177
01-21 20:43:50.990   708 18777 I C2UnisocVp8Dec: resetOutBlock, fd: 27, iova: 0x20520000, mDecoderSwFlag: 0
01-21 20:43:50.990   708 18776 V SimpleUnisocC2Component: processed frame #177
01-21 20:43:50.990   708 18776 V SimpleUnisocC2Component: returning this work, frameIndex: 177
01-21 20:43:50.990   708 18777 D C2UnisocVideoDecoderComponent: fetch one queue free block:0xf27d1e60,iRefCount:0
01-21 20:43:50.990 18303 18762 I mali_gralloc: register: id=0x2c100001c80, importpid=708
01-21 20:43:50.991 18303 18762 I mali_gralloc: unregister: id=0x2c100001c80, base=0x0, importpid=18303
01-21 20:43:50.999   698  6594 I audio_hw_primary: app type:0x   5, is_voip:0, device:2, pcm:-176945824, usecase:0x   2
01-21 20:43:51.000 18303 18761 D BufferPoolAccessor2.0: evictor expired: 1, evicted: 1
01-21 20:43:51.020   708 18776 V SimpleUnisocC2Component: start processing frame #178
01-21 20:43:51.020   708 18776 I VSP     : VP8DecSetCurRecPic,104,picid 178,header 0xf27d1e60
01-21 20:43:51.020   708 18776 I C2UnisocVp8Dec: setDecodeArgs, pBufCtrl: 0xf27ccf10, pBufCtrl->phyAddr: 0x20520000, frameIndex: 178, timeStamp: 27816451000, inSize: 216, inOffset: 0
01-21 20:43:51.020   708 18777 V C2UnisocVp8Dec: fetchGraphicBlock, stride: 960, sliceHeight: 544, mDecoderSwFlag: 0
01-21 20:43:51.024   708 18776 V C2UnisocVp8Dec: VSP_bind_cb, phyAddr: 0x20520000, pOutBlockInfo: 0xf27d1e60, pBufCtrl: 0xf27ccf10; iRefCount=0
01-21 20:43:51.024   708 18776 V C2UnisocVp8Dec: VSP_unbind_cb, phyAddr: 0x20460000, pOutBlockInfo: 0xf27d01b0, pBufCtrl: 0xf27cd9f0; iRefCount=1
01-21 20:43:51.024   708 18776 I C2UnisocVp8Dec: process, decRet: 0, 3ms, dec_out.frameEffective: 1, has_pic: 1, picId: 178, consume byte: 216
01-21 20:43:51.024   708 18776 I C2UnisocVp8Dec: drainOneOutputBuffer, pBufCtrl: 0xf27ccf10, pBufCtrl->phyAddr: 0x20520000, frameIndex: 178
01-21 20:43:51.024   708 18777 D C2UnisocVideoDecoderComponent: fetch one queue free block:0xf27cd960,iRefCount:0
01-21 20:43:51.024   708 18776 V SimpleUnisocC2Component: processed frame #178
01-21 20:43:51.024   708 18777 I C2UnisocVp8Dec: resetOutBlock, fd: 43, iova: 0x20460000, mDecoderSwFlag: 0
01-21 20:43:51.024   708 18776 V SimpleUnisocC2Component: returning this work, frameIndex: 178
01-21 20:43:51.026 18303 18762 I mali_gralloc: register: id=0x2c100001c7f, importpid=708
01-21 20:43:51.026 18303 18762 I mali_gralloc: unregister: id=0x2c100001c7f, base=0x0, importpid=18303
01-21 20:43:51.042   698  6594 I audio_hw_primary: app type:0x   5, is_voip:0, device:2, pcm:-176945824, usecase:0x   2
01-21 20:43:51.050   708 18776 V SimpleUnisocC2Component: start processing frame #179
01-21 20:43:51.050   708 18776 I VSP     : VP8DecSetCurRecPic,104,picid 179,header 0xf27cd960
01-21 20:43:51.051   708 18776 I C2UnisocVp8Dec: setDecodeArgs, pBufCtrl: 0xf27cf430, pBufCtrl->phyAddr: 0x205e0000, frameIndex: 179, timeStamp: 27816484000, inSize: 219, inOffset: 0
01-21 20:43:51.051   708 18777 V C2UnisocVp8Dec: fetchGraphicBlock, stride: 960, sliceHeight: 544, mDecoderSwFlag: 0
01-21 20:43:51.054   708 18776 V C2UnisocVp8Dec: VSP_bind_cb, phyAddr: 0x205e0000, pOutBlockInfo: 0xf27cd960, pBufCtrl: 0xf27cf430; iRefCount=0
01-21 20:43:51.054   708 18776 V C2UnisocVp8Dec: VSP_unbind_cb, phyAddr: 0x20520000, pOutBlockInfo: 0xf27d1e60, pBufCtrl: 0xf27ccf10; iRefCount=1
01-21 20:43:51.054   708 18776 I C2UnisocVp8Dec: process, decRet: 0, 3ms, dec_out.frameEffective: 1, has_pic: 1, picId: 179, consume byte: 219
01-21 20:43:51.054   708 18776 I C2UnisocVp8Dec: drainOneOutputBuffer, pBufCtrl: 0xf27cf430, pBufCtrl->phyAddr: 0x205e0000, frameIndex: 179
01-21 20:43:51.054   708 18776 V SimpleUnisocC2Component: processed frame #179
01-21 20:43:51.054   708 18776 V SimpleUnisocC2Component: returning this work, frameIndex: 179
01-21 20:43:51.055   708 18777 D C2UnisocVideoDecoderComponent: fetch one queue free block:0xf27c6790,iRefCount:0
01-21 20:43:51.055   708 18777 I C2UnisocVp8Dec: resetOutBlock, fd: 46, iova: 0x20520000, mDecoderSwFlag: 0
01-21 20:43:51.056 18303 18762 I mali_gralloc: register: id=0x2c100001c7d, importpid=708
01-21 20:43:51.057 18303 18762 I mali_gralloc: unregister: id=0x2c100001c7d, base=0x0, importpid=18303
01-21 20:43:51.085   708 18776 V SimpleUnisocC2Component: start processing frame #180
01-21 20:43:51.086   708 18776 I VSP     : VP8DecSetCurRecPic,104,picid 180,header 0xf27c6790
01-21 20:43:51.086   708 18776 I C2UnisocVp8Dec: setDecodeArgs, pBufCtrl: 0xf27d0780, pBufCtrl->phyAddr: 0x20460000, frameIndex: 180, timeStamp: 27816518000, inSize: 218, inOffset: 0
01-21 20:43:51.086   708 18777 V C2UnisocVp8Dec: fetchGraphicBlock, stride: 960, sliceHeight: 544, mDecoderSwFlag: 0
01-21 20:43:51.087   698  6594 I audio_hw_primary: app type:0x   5, is_voip:0, device:2, pcm:-176945824, usecase:0x   2
01-21 20:43:51.089   708 18776 V C2UnisocVp8Dec: VSP_bind_cb, phyAddr: 0x20460000, pOutBlockInfo: 0xf27c6790, pBufCtrl: 0xf27d0780; iRefCount=0
01-21 20:43:51.089   708 18776 V C2UnisocVp8Dec: VSP_unbind_cb, phyAddr: 0x205e0000, pOutBlockInfo: 0xf27cd960, pBufCtrl: 0xf27cf430; iRefCount=1
01-21 20:43:51.089   708 18776 I C2UnisocVp8Dec: process, decRet: 0, 3ms, dec_out.frameEffective: 1, has_pic: 1, picId: 180, consume byte: 218
01-21 20:43:51.089   708 18776 I C2UnisocVp8Dec: drainOneOutputBuffer, pBufCtrl: 0xf27d0780, pBufCtrl->phyAddr: 0x20460000, frameIndex: 180
01-21 20:43:51.089   708 18777 D C2UnisocVideoDecoderComponent: fetch one queue free block:0xf27d01b0,iRefCount:0
01-21 20:43:51.089   708 18776 V SimpleUnisocC2Component: processed frame #180
01-21 20:43:51.089   708 18776 V SimpleUnisocC2Component: returning this work, frameIndex: 180
01-21 20:43:51.090 18303 18762 I mali_gralloc: register: id=0x2c100001c80, importpid=708
01-21 20:43:51.090 18303 18762 I mali_gralloc: unregister: id=0x2c100001c80, base=0x0, importpid=18303
01-21 20:43:51.119   708 18776 V SimpleUnisocC2Component: start processing frame #181
01-21 20:43:51.119   708 18776 I VSP     : VP8DecSetCurRecPic,104,picid 181,header 0xf27d01b0
01-21 20:43:51.119   708 18776 I C2UnisocVp8Dec: setDecodeArgs, pBufCtrl: 0xf27cd9f0, pBufCtrl->phyAddr: 0x20520000, frameIndex: 181, timeStamp: 27816551000, inSize: 6241, inOffset: 0
01-21 20:43:51.120   708 18777 V C2UnisocVp8Dec: fetchGraphicBlock, stride: 960, sliceHeight: 544, mDecoderSwFlag: 0
01-21 20:43:51.120   708 18777 I C2UnisocVp8Dec: resetOutBlock, fd: 26, iova: 0x205e0000, mDecoderSwFlag: 0
01-21 20:43:51.123   708 18776 V C2UnisocVp8Dec: VSP_bind_cb, phyAddr: 0x20520000, pOutBlockInfo: 0xf27d01b0, pBufCtrl: 0xf27cd9f0; iRefCount=0
01-21 20:43:51.123   708 18776 V C2UnisocVp8Dec: VSP_unbind_cb, phyAddr: 0x20460000, pOutBlockInfo: 0xf27c6790, pBufCtrl: 0xf27d0780; iRefCount=1
01-21 20:43:51.123   708 18776 I C2UnisocVp8Dec: process, decRet: 0, 3ms, dec_out.frameEffective: 1, has_pic: 1, picId: 181, consume byte: 6241
01-21 20:43:51.123   708 18776 I C2UnisocVp8Dec: drainOneOutputBuffer, pBufCtrl: 0xf27cd9f0, pBufCtrl->phyAddr: 0x20520000, frameIndex: 181
01-21 20:43:51.123   708 18777 I C2UnisocVp8Dec: resetOutBlock, fd: 27, iova: 0x20460000, mDecoderSwFlag: 0
01-21 20:43:51.123   708 18776 V SimpleUnisocC2Component: processed frame #181
01-21 20:43:51.124   708 18776 V SimpleUnisocC2Component: returning this work, frameIndex: 181
01-21 20:43:51.124   708 18777 D C2UnisocVideoDecoderComponent: fetch one queue free block:0xf27d1e60,iRefCount:0
01-21 20:43:51.124 18303 18762 I mali_gralloc: register: id=0x2c100001c7f, importpid=708
01-21 20:43:51.125 18303 18762 I mali_gralloc: unregister: id=0x2c100001c7f, base=0x0, importpid=18303
01-21 20:43:51.131   698  6594 I audio_hw_primary: app type:0x   5, is_voip:0, device:2, pcm:-176945824, usecase:0x   2
01-21 20:43:51.152   708 18776 V SimpleUnisocC2Component: start processing frame #182
01-21 20:43:51.153   708 18776 I VSP     : VP8DecSetCurRecPic,104,picid 182,header 0xf27d1e60
01-21 20:43:51.153   708 18776 I C2UnisocVp8Dec: setDecodeArgs, pBufCtrl: 0xf27ccf10, pBufCtrl->phyAddr: 0x20460000, frameIndex: 182, timeStamp: 27816585000, inSize: 536, inOffset: 0
01-21 20:43:51.153   708 18777 V C2UnisocVp8Dec: fetchGraphicBlock, stride: 960, sliceHeight: 544, mDecoderSwFlag: 0
01-21 20:43:51.156   708 18776 V C2UnisocVp8Dec: VSP_bind_cb, phyAddr: 0x20460000, pOutBlockInfo: 0xf27d1e60, pBufCtrl: 0xf27ccf10; iRefCount=0
01-21 20:43:51.156   708 18776 V C2UnisocVp8Dec: VSP_unbind_cb, phyAddr: 0x20520000, pOutBlockInfo: 0xf27d01b0, pBufCtrl: 0xf27cd9f0; iRefCount=1
01-21 20:43:51.156   708 18776 I C2UnisocVp8Dec: process, decRet: 0, 3ms, dec_out.frameEffective: 1, has_pic: 1, picId: 182, consume byte: 536
01-21 20:43:51.156   708 18776 I C2UnisocVp8Dec: drainOneOutputBuffer, pBufCtrl: 0xf27ccf10, pBufCtrl->phyAddr: 0x20460000, frameIndex: 182
01-21 20:43:51.157   708 18776 V SimpleUnisocC2Component: processed frame #182
01-21 20:43:51.157   708 18776 V SimpleUnisocC2Component: returning this work, frameIndex: 182
01-21 20:43:51.157   708 18777 D C2UnisocVideoDecoderComponent: fetch one queue free block:0xf27cd960,iRefCount:0
01-21 20:43:51.157   708 18777 I C2UnisocVp8Dec: resetOutBlock, fd: 43, iova: 0x20520000, mDecoderSwFlag: 0
01-21 20:43:51.158 18303 18762 I mali_gralloc: register: id=0x2c100001c7d, importpid=708
01-21 20:43:51.158 18303 18762 I mali_gralloc: unregister: id=0x2c100001c7d, base=0x0, importpid=18303
01-21 20:43:51.174   698  6594 I audio_hw_primary: app type:0x   5, is_voip:0, device:2, pcm:-176945824, usecase:0x   2
01-21 20:43:51.187   708 18776 V SimpleUnisocC2Component: start processing frame #183
01-21 20:43:51.187   708 18776 I VSP     : VP8DecSetCurRecPic,104,picid 183,header 0xf27cd960
01-21 20:43:51.187   708 18776 I C2UnisocVp8Dec: setDecodeArgs, pBufCtrl: 0xf27cf430, pBufCtrl->phyAddr: 0x205e0000, frameIndex: 183, timeStamp: 27816620000, inSize: 209, inOffset: 0
01-21 20:43:51.187   708 18777 V C2UnisocVp8Dec: fetchGraphicBlock, stride: 960, sliceHeight: 544, mDecoderSwFlag: 0
01-21 20:43:51.191   708 18776 V C2UnisocVp8Dec: VSP_bind_cb, phyAddr: 0x205e0000, pOutBlockInfo: 0xf27cd960, pBufCtrl: 0xf27cf430; iRefCount=0
01-21 20:43:51.191   708 18776 V C2UnisocVp8Dec: VSP_unbind_cb, phyAddr: 0x20460000, pOutBlockInfo: 0xf27d1e60, pBufCtrl: 0xf27ccf10; iRefCount=1
01-21 20:43:51.191   708 18776 I C2UnisocVp8Dec: process, decRet: 0, 3ms, dec_out.frameEffective: 1, has_pic: 1, picId: 183, consume byte: 209
01-21 20:43:51.191   708 18776 I C2UnisocVp8Dec: drainOneOutputBuffer, pBufCtrl: 0xf27cf430, pBufCtrl->phyAddr: 0x205e0000, frameIndex: 183
01-21 20:43:51.191   708 18777 D C2UnisocVideoDecoderComponent: fetch one queue free block:0xf27c6790,iRefCount:0
01-21 20:43:51.191   708 18776 V SimpleUnisocC2Component: processed frame #183
01-21 20:43:51.191   708 18777 I C2UnisocVp8Dec: resetOutBlock, fd: 46, iova: 0x20460000, mDecoderSwFlag: 0
01-21 20:43:51.191   708 18776 V SimpleUnisocC2Component: returning this work, frameIndex: 183
01-21 20:43:51.193 18303 18762 I mali_gralloc: register: id=0x2c100001c80, importpid=708
01-21 20:43:51.194 18303 18762 I mali_gralloc: unregister: id=0x2c100001c80, base=0x0, importpid=18303
01-21 20:43:51.197   698  6594 I audio_hw_primary: app type:0x   5, is_voip:0, device:2, pcm:-176945824, usecase:0x   2
01-21 20:43:51.220   708 18776 V SimpleUnisocC2Component: start processing frame #184
01-21 20:43:51.220   708 18776 I VSP     : VP8DecSetCurRecPic,104,picid 184,header 0xf27c6790
01-21 20:43:51.220   708 18776 I C2UnisocVp8Dec: setDecodeArgs, pBufCtrl: 0xf27d0780, pBufCtrl->phyAddr: 0x20520000, frameIndex: 184, timeStamp: 27816653000, inSize: 199, inOffset: 0
01-21 20:43:51.220   708 18777 V C2UnisocVp8Dec: fetchGraphicBlock, stride: 960, sliceHeight: 544, mDecoderSwFlag: 0
01-21 20:43:51.223   708 18776 V C2UnisocVp8Dec: VSP_bind_cb, phyAddr: 0x20520000, pOutBlockInfo: 0xf27c6790, pBufCtrl: 0xf27d0780; iRefCount=0
01-21 20:43:51.224   708 18776 V C2UnisocVp8Dec: VSP_unbind_cb, phyAddr: 0x205e0000, pOutBlockInfo: 0xf27cd960, pBufCtrl: 0xf27cf430; iRefCount=1
01-21 20:43:51.224   708 18776 I C2UnisocVp8Dec: process, decRet: 0, 3ms, dec_out.frameEffective: 1, has_pic: 1, picId: 184, consume byte: 199
01-21 20:43:51.224   708 18776 I C2UnisocVp8Dec: drainOneOutputBuffer, pBufCtrl: 0xf27d0780, pBufCtrl->phyAddr: 0x20520000, frameIndex: 184
01-21 20:43:51.224   708 18776 V SimpleUnisocC2Component: processed frame #184
01-21 20:43:51.224   708 18776 V SimpleUnisocC2Component: returning this work, frameIndex: 184
01-21 20:43:51.224   708 18777 D C2UnisocVideoDecoderComponent: fetch one queue free block:0xf27d01b0,iRefCount:0
01-21 20:43:51.225 18303 18762 I mali_gralloc: register: id=0x2c100001c7f, importpid=708
01-21 20:43:51.225 18303 18762 I mali_gralloc: unregister: id=0x2c100001c7f, base=0x0, importpid=18303
01-21 20:43:51.240   698  6594 I audio_hw_primary: app type:0x   5, is_voip:0, device:2, pcm:-176945824, usecase:0x   2
01-21 20:43:51.254   708 18776 V SimpleUnisocC2Component: start processing frame #185
01-21 20:43:51.255   708 18776 I VSP     : VP8DecSetCurRecPic,104,picid 185,header 0xf27d01b0
01-21 20:43:51.255   708 18776 I C2UnisocVp8Dec: setDecodeArgs, pBufCtrl: 0xf27cd9f0, pBufCtrl->phyAddr: 0x20460000, frameIndex: 185, timeStamp: 27816687000, inSize: 194, inOffset: 0
01-21 20:43:51.255   708 18777 V C2UnisocVp8Dec: fetchGraphicBlock, stride: 960, sliceHeight: 544, mDecoderSwFlag: 0
01-21 20:43:51.256   708 18777 I C2UnisocVp8Dec: resetOutBlock, fd: 26, iova: 0x205e0000, mDecoderSwFlag: 0
01-21 20:43:51.258   708 18776 V C2UnisocVp8Dec: VSP_bind_cb, phyAddr: 0x20460000, pOutBlockInfo: 0xf27d01b0, pBufCtrl: 0xf27cd9f0; iRefCount=0
01-21 20:43:51.258   708 18776 V C2UnisocVp8Dec: VSP_unbind_cb, phyAddr: 0x20520000, pOutBlockInfo: 0xf27c6790, pBufCtrl: 0xf27d0780; iRefCount=1
01-21 20:43:51.258   708 18776 I C2UnisocVp8Dec: process, decRet: 0, 3ms, dec_out.frameEffective: 1, has_pic: 1, picId: 185, consume byte: 194
01-21 20:43:51.258   708 18776 I C2UnisocVp8Dec: drainOneOutputBuffer, pBufCtrl: 0xf27cd9f0, pBufCtrl->phyAddr: 0x20460000, frameIndex: 185
01-21 20:43:51.259   708 18777 I C2UnisocVp8Dec: resetOutBlock, fd: 27, iova: 0x20520000, mDecoderSwFlag: 0
01-21 20:43:51.259   708 18776 V SimpleUnisocC2Component: processed frame #185
01-21 20:43:51.259   708 18776 V SimpleUnisocC2Component: returning this work, frameIndex: 185
01-21 20:43:51.259   708 18777 D C2UnisocVideoDecoderComponent: fetch one queue free block:0xf27d1e60,iRefCount:0
01-21 20:43:51.260 18303 18762 I mali_gralloc: register: id=0x2c100001c7d, importpid=708
01-21 20:43:51.260 18303 18762 I mali_gralloc: unregister: id=0x2c100001c7d, base=0x0, importpid=18303
01-21 20:43:51.284   698  6594 I audio_hw_primary: app type:0x   5, is_voip:0, device:2, pcm:-176945824, usecase:0x   2
01-21 20:43:51.288   708 18776 V SimpleUnisocC2Component: start processing frame #186
01-21 20:43:51.288   708 18776 I VSP     : VP8DecSetCurRecPic,104,picid 186,header 0xf27d1e60
01-21 20:43:51.288   708 18776 I C2UnisocVp8Dec: setDecodeArgs, pBufCtrl: 0xf27ccf10, pBufCtrl->phyAddr: 0x20520000, frameIndex: 186, timeStamp: 27816720000, inSize: 6501, inOffset: 0
01-21 20:43:51.289   708 18777 V C2UnisocVp8Dec: fetchGraphicBlock, stride: 960, sliceHeight: 544, mDecoderSwFlag: 0
01-21 20:43:51.292   708 18776 V C2UnisocVp8Dec: VSP_bind_cb, phyAddr: 0x20520000, pOutBlockInfo: 0xf27d1e60, pBufCtrl: 0xf27ccf10; iRefCount=0
01-21 20:43:51.292   708 18776 V C2UnisocVp8Dec: VSP_unbind_cb, phyAddr: 0x20460000, pOutBlockInfo: 0xf27d01b0, pBufCtrl: 0xf27cd9f0; iRefCount=1
01-21 20:43:51.292   708 18776 I C2UnisocVp8Dec: process, decRet: 0, 3ms, dec_out.frameEffective: 1, has_pic: 1, picId: 186, consume byte: 6501
01-21 20:43:51.292   708 18776 I C2UnisocVp8Dec: drainOneOutputBuffer, pBufCtrl: 0xf27ccf10, pBufCtrl->phyAddr: 0x20520000, frameIndex: 186
01-21 20:43:51.292   708 18776 V SimpleUnisocC2Component: processed frame #186
01-21 20:43:51.293   708 18776 V SimpleUnisocC2Component: returning this work, frameIndex: 186
01-21 20:43:51.293   708 18777 D C2UnisocVideoDecoderComponent: fetch one queue free block:0xf27cd960,iRefCount:0
01-21 20:43:51.293   708 18777 I C2UnisocVp8Dec: resetOutBlock, fd: 43, iova: 0x20460000, mDecoderSwFlag: 0
01-21 20:43:51.294 18303 18762 I mali_gralloc: register: id=0x2c100001c80, importpid=708
01-21 20:43:51.295 18303 18762 I mali_gralloc: unregister: id=0x2c100001c80, base=0x0, importpid=18303
01-21 20:43:51.321   708 18776 V SimpleUnisocC2Component: start processing frame #187
01-21 20:43:51.321   708 18776 I VSP     : VP8DecSetCurRecPic,104,picid 187,header 0xf27cd960
01-21 20:43:51.321   708 18776 I C2UnisocVp8Dec: setDecodeArgs, pBufCtrl: 0xf27cf430, pBufCtrl->phyAddr: 0x205e0000, frameIndex: 187, timeStamp: 27816754000, inSize: 1157, inOffset: 0
01-21 20:43:51.321   708 18777 V C2UnisocVp8Dec: fetchGraphicBlock, stride: 960, sliceHeight: 544, mDecoderSwFlag: 0
01-21 20:43:51.324   708 18776 V C2UnisocVp8Dec: VSP_bind_cb, phyAddr: 0x205e0000, pOutBlockInfo: 0xf27cd960, pBufCtrl: 0xf27cf430; iRefCount=0
01-21 20:43:51.324   708 18776 V C2UnisocVp8Dec: VSP_unbind_cb, phyAddr: 0x20520000, pOutBlockInfo: 0xf27d1e60, pBufCtrl: 0xf27ccf10; iRefCount=1
01-21 20:43:51.325   708 18776 I C2UnisocVp8Dec: process, decRet: 0, 3ms, dec_out.frameEffective: 1, has_pic: 1, picId: 187, consume byte: 1157
01-21 20:43:51.325   708 18776 I C2UnisocVp8Dec: drainOneOutputBuffer, pBufCtrl: 0xf27cf430, pBufCtrl->phyAddr: 0x205e0000, frameIndex: 187
01-21 20:43:51.325   708 18776 V SimpleUnisocC2Component: processed frame #187
01-21 20:43:51.325   708 18776 V SimpleUnisocC2Component: returning this work, frameIndex: 187
01-21 20:43:51.325   708 18777 D C2UnisocVideoDecoderComponent: fetch one queue free block:0xf27c6790,iRefCount:0
01-21 20:43:51.325   708 18777 I C2UnisocVp8Dec: resetOutBlock, fd: 46, iova: 0x20520000, mDecoderSwFlag: 0
01-21 20:43:51.326 18303 18762 I mali_gralloc: register: id=0x2c100001c7f, importpid=708
01-21 20:43:51.327 18303 18762 I mali_gralloc: unregister: id=0x2c100001c7f, base=0x0, importpid=18303
01-21 20:43:51.327   698  6594 I audio_hw_primary: app type:0x   5, is_voip:0, device:2, pcm:-176945824, usecase:0x   2
01-21 20:43:51.355   708 18776 V SimpleUnisocC2Component: start processing frame #188
01-21 20:43:51.355   708 18776 I VSP     : VP8DecSetCurRecPic,104,picid 188,header 0xf27c6790
01-21 20:43:51.355   708 18776 I C2UnisocVp8Dec: setDecodeArgs, pBufCtrl: 0xf27d0780, pBufCtrl->phyAddr: 0x20460000, frameIndex: 188, timeStamp: 27816787000, inSize: 211, inOffset: 0
01-21 20:43:51.355   708 18777 V C2UnisocVp8Dec: fetchGraphicBlock, stride: 960, sliceHeight: 544, mDecoderSwFlag: 0
01-21 20:43:51.359   708 18776 V C2UnisocVp8Dec: VSP_bind_cb, phyAddr: 0x20460000, pOutBlockInfo: 0xf27c6790, pBufCtrl: 0xf27d0780; iRefCount=0
01-21 20:43:51.359   708 18776 V C2UnisocVp8Dec: VSP_unbind_cb, phyAddr: 0x205e0000, pOutBlockInfo: 0xf27cd960, pBufCtrl: 0xf27cf430; iRefCount=1
01-21 20:43:51.359   708 18776 I C2UnisocVp8Dec: process, decRet: 0, 3ms, dec_out.frameEffective: 1, has_pic: 1, picId: 188, consume byte: 211
01-21 20:43:51.359   708 18776 I C2UnisocVp8Dec: drainOneOutputBuffer, pBufCtrl: 0xf27d0780, pBufCtrl->phyAddr: 0x20460000, frameIndex: 188
01-21 20:43:51.359   708 18777 D C2UnisocVideoDecoderComponent: fetch one queue free block:0xf27d01b0,iRefCount:0
01-21 20:43:51.359   708 18776 V SimpleUnisocC2Component: processed frame #188
01-21 20:43:51.359   708 18776 V SimpleUnisocC2Component: returning this work, frameIndex: 188
01-21 20:43:51.360 18303 18762 I mali_gralloc: register: id=0x2c100001c7d, importpid=708
01-21 20:43:51.361 18303 18762 I mali_gralloc: unregister: id=0x2c100001c7d, base=0x0, importpid=18303
