01-21 20:43:37.320   708 18763 I C2UnisocVp8Dec: setDecodeArgs, pBufCtrl: 0xf27c95e0, pBufCtrl->phyAddr: 0x202ce000, frameIndex: 171, timeStamp: 27802869000, inSize: 188, inOffset: 0
01-21 20:43:37.320   708 18764 V C2UnisocVp8Dec: fetchGraphicBlock, stride: 640, sliceHeight: 368, mDecoderSwFlag: 0
01-21 20:43:37.321   708 18763 V C2UnisocVp8Dec: VSP_bind_cb, phyAddr: 0x202ce000, pOutBlockInfo: 0xf27d13e0, pBufCtrl: 0xf27c95e0; iRefCount=0
01-21 20:43:37.321   708 18763 V C2UnisocVp8Dec: VSP_unbind_cb, phyAddr: 0x20277000, pOutBlockInfo: 0xf27cea10, pBufCtrl: 0xf27ce410; iRefCount=1
01-21 20:43:37.321   708 18763 I C2UnisocVp8Dec: process, decRet: 0, 1ms, dec_out.frameEffective: 1, has_pic: 1, picId: 171, consume byte: 188
01-21 20:43:37.322   708 18763 I C2UnisocVp8Dec: drainOneOutputBuffer, pBufCtrl: 0xf27c95e0, pBufCtrl->phyAddr: 0x202ce000, frameIndex: 171
01-21 20:43:37.322   708 18763 V SimpleUnisocC2Component: processed frame #171
01-21 20:43:37.322   708 18763 V SimpleUnisocC2Component: returning this work, frameIndex: 171
01-21 20:43:37.322   708 18764 D C2UnisocVideoDecoderComponent: fetch one queue free block:0xf27cd570,iRefCount:0
01-21 20:43:37.322   708 18764 I C2UnisocVp8Dec: resetOutBlock, fd: 42, iova: 0x20277000, mDecoderSwFlag: 0
01-21 20:43:37.323 18303 18762 I mali_gralloc: register: id=0x2c100001c75, importpid=708
01-21 20:43:37.323 18303 18762 I mali_gralloc: unregister: id=0x2c100001c75, base=0x0, importpid=18303
01-21 20:43:37.335   698  6594 I audio_hw_primary: app type:0x   5, is_voip:0, device:2, pcm:-176945824, usecase:0x   2
01-21 20:43:37.351   708 18763 V SimpleUnisocC2Component: start processing frame #172
01-21 20:43:37.351   708 18763 I VSP     : VP8DecSetCurRecPic,104,picid 172,header 0xf27cd570
01-21 20:43:37.351   708 18763 I C2UnisocVp8Dec: setDecodeArgs, pBufCtrl: 0xf27d0ff0, pBufCtrl->phyAddr: 0x203d3000, frameIndex: 172, timeStamp: 27802903000, inSize: 198, inOffset: 0
01-21 20:43:37.352   708 18764 V C2UnisocVp8Dec: fetchGraphicBlock, stride: 640, sliceHeight: 368, mDecoderSwFlag: 0
01-21 20:43:37.353   708 18763 V C2UnisocVp8Dec: VSP_bind_cb, phyAddr: 0x203d3000, pOutBlockInfo: 0xf27cd570, pBufCtrl: 0xf27d0ff0; iRefCount=0
01-21 20:43:37.353   708 18763 V C2UnisocVp8Dec: VSP_unbind_cb, phyAddr: 0x202ce000, pOutBlockInfo: 0xf27d13e0, pBufCtrl: 0xf27c95e0; iRefCount=1
01-21 20:43:37.353   708 18763 I C2UnisocVp8Dec: process, decRet: 0, 1ms, dec_out.frameEffective: 1, has_pic: 1, picId: 172, consume byte: 198
01-21 20:43:37.353   708 18763 I C2UnisocVp8Dec: drainOneOutputBuffer, pBufCtrl: 0xf27d0ff0, pBufCtrl->phyAddr: 0x203d3000, frameIndex: 172
01-21 20:43:37.354   708 18763 V SimpleUnisocC2Component: processed frame #172
01-21 20:43:37.354   708 18763 V SimpleUnisocC2Component: returning this work, frameIndex: 172
01-21 20:43:37.354   708 18764 D C2UnisocVideoDecoderComponent: fetch one queue free block:0xf27ccb20,iRefCount:0
01-21 20:43:37.354   708 18764 I C2UnisocVp8Dec: resetOutBlock, fd: 43, iova: 0x202ce000, mDecoderSwFlag: 0
01-21 20:43:37.355 18303 18762 I mali_gralloc: register: id=0x2c100001c73, importpid=708
01-21 20:43:37.356 18303 18762 I mali_gralloc: unregister: id=0x2c100001c73, base=0x0, importpid=18303
01-21 20:43:37.359   698  6594 I audio_hw_primary: app type:0x   5, is_voip:0, device:2, pcm:-176945824, usecase:0x   2
01-21 20:43:37.385   708 18763 V SimpleUnisocC2Component: start processing frame #173
01-21 20:43:37.385   708 18763 I VSP     : VP8DecSetCurRecPic,104,picid 173,header 0xf27ccb20
01-21 20:43:37.385   708 18764 V C2UnisocVp8Dec: fetchGraphicBlock, stride: 640, sliceHeight: 368, mDecoderSwFlag: 0
01-21 20:43:37.385   708 18763 I C2UnisocVp8Dec: setDecodeArgs, pBufCtrl: 0xf27d1680, pBufCtrl->phyAddr: 0x20277000, frameIndex: 173, timeStamp: 27802937000, inSize: 185, inOffset: 0
01-21 20:43:37.387   708 18763 V C2UnisocVp8Dec: VSP_bind_cb, phyAddr: 0x20277000, pOutBlockInfo: 0xf27ccb20, pBufCtrl: 0xf27d1680; iRefCount=0
01-21 20:43:37.387   708 18763 V C2UnisocVp8Dec: VSP_unbind_cb, phyAddr: 0x203d3000, pOutBlockInfo: 0xf27cd570, pBufCtrl: 0xf27d0ff0; iRefCount=1
01-21 20:43:37.387   708 18763 I C2UnisocVp8Dec: process, decRet: 0, 1ms, dec_out.frameEffective: 1, has_pic: 1, picId: 173, consume byte: 185
01-21 20:43:37.387   708 18763 I C2UnisocVp8Dec: drainOneOutputBuffer, pBufCtrl: 0xf27d1680, pBufCtrl->phyAddr: 0x20277000, frameIndex: 173
01-21 20:43:37.387   708 18764 D C2UnisocVideoDecoderComponent: fetch one queue free block:0xf27cea10,iRefCount:0
01-21 20:43:37.387   708 18763 V SimpleUnisocC2Component: processed frame #173
01-21 20:43:37.387   708 18763 V SimpleUnisocC2Component: returning this work, frameIndex: 173
01-21 20:43:37.388 18303 18762 I mali_gralloc: register: id=0x2c100001c77, importpid=708
01-21 20:43:37.389 18303 18762 I mali_gralloc: unregister: id=0x2c100001c77, base=0x0, importpid=18303
01-21 20:43:37.402   698  6594 I audio_hw_primary: app type:0x   5, is_voip:0, device:2, pcm:-176945824, usecase:0x   2
01-21 20:43:37.419   708 18763 V SimpleUnisocC2Component: start processing frame #174
01-21 20:43:37.419   708 18763 I VSP     : VP8DecSetCurRecPic,104,picid 174,header 0xf27cea10
01-21 20:43:37.419   708 18763 I C2UnisocVp8Dec: setDecodeArgs, pBufCtrl: 0xf27ce410, pBufCtrl->phyAddr: 0x202ce000, frameIndex: 174, timeStamp: 27802970000, inSize: 181, inOffset: 0
01-21 20:43:37.419   708 18764 V C2UnisocVp8Dec: fetchGraphicBlock, stride: 640, sliceHeight: 368, mDecoderSwFlag: 0
01-21 20:43:37.420   708 18764 I C2UnisocVp8Dec: resetOutBlock, fd: 25, iova: 0x203d3000, mDecoderSwFlag: 0
01-21 20:43:37.421   708 18763 V C2UnisocVp8Dec: VSP_bind_cb, phyAddr: 0x202ce000, pOutBlockInfo: 0xf27cea10, pBufCtrl: 0xf27ce410; iRefCount=0
01-21 20:43:37.421   708 18763 V C2UnisocVp8Dec: VSP_unbind_cb, phyAddr: 0x20277000, pOutBlockInfo: 0xf27ccb20, pBufCtrl: 0xf27d1680; iRefCount=1
01-21 20:43:37.421   708 18763 I C2UnisocVp8Dec: process, decRet: 0, 1ms, dec_out.frameEffective: 1, has_pic: 1, picId: 174, consume byte: 181
01-21 20:43:37.421   708 18763 I C2UnisocVp8Dec: drainOneOutputBuffer, pBufCtrl: 0xf27ce410, pBufCtrl->phyAddr: 0x202ce000, frameIndex: 174
01-21 20:43:37.421   708 18763 V SimpleUnisocC2Component: processed frame #174
01-21 20:43:37.421   708 18763 V SimpleUnisocC2Component: returning this work, frameIndex: 174
01-21 20:43:37.421   708 18764 I C2UnisocVp8Dec: resetOutBlock, fd: 37, iova: 0x20277000, mDecoderSwFlag: 0
01-21 20:43:37.421   708 18764 D C2UnisocVideoDecoderComponent: fetch one queue free block:0xf27d13e0,iRefCount:0
01-21 20:43:37.422 18303 18762 I mali_gralloc: register: id=0x2c100001c75, importpid=708
01-21 20:43:37.422 18303 18762 I mali_gralloc: unregister: id=0x2c100001c75, base=0x0, importpid=18303
01-21 20:43:37.445   698  6594 I audio_hw_primary: app type:0x   5, is_voip:0, device:2, pcm:-176945824, usecase:0x   2
01-21 20:43:37.451   708 18763 V SimpleUnisocC2Component: start processing frame #175
01-21 20:43:37.451   708 18763 I VSP     : VP8DecSetCurRecPic,104,picid 175,header 0xf27d13e0
01-21 20:43:37.451   708 18763 I C2UnisocVp8Dec: setDecodeArgs, pBufCtrl: 0xf27c95e0, pBufCtrl->phyAddr: 0x20277000, frameIndex: 175, timeStamp: 27803004000, inSize: 183, inOffset: 0
01-21 20:43:37.451   708 18764 V C2UnisocVp8Dec: fetchGraphicBlock, stride: 640, sliceHeight: 368, mDecoderSwFlag: 0
01-21 20:43:37.453   708 18763 V C2UnisocVp8Dec: VSP_bind_cb, phyAddr: 0x20277000, pOutBlockInfo: 0xf27d13e0, pBufCtrl: 0xf27c95e0; iRefCount=0
01-21 20:43:37.453   708 18763 V C2UnisocVp8Dec: VSP_unbind_cb, phyAddr: 0x202ce000, pOutBlockInfo: 0xf27cea10, pBufCtrl: 0xf27ce410; iRefCount=1
01-21 20:43:37.453   708 18763 I C2UnisocVp8Dec: process, decRet: 0, 1ms, dec_out.frameEffective: 1, has_pic: 1, picId: 175, consume byte: 183
01-21 20:43:37.453   708 18763 I C2UnisocVp8Dec: drainOneOutputBuffer, pBufCtrl: 0xf27c95e0, pBufCtrl->phyAddr: 0x20277000, frameIndex: 175
01-21 20:43:37.453   708 18764 D C2UnisocVideoDecoderComponent: fetch one queue free block:0xf27cd570,iRefCount:0
01-21 20:43:37.453   708 18764 I C2UnisocVp8Dec: resetOutBlock, fd: 42, iova: 0x202ce000, mDecoderSwFlag: 0
01-21 20:43:37.453   708 18763 V SimpleUnisocC2Component: processed frame #175
01-21 20:43:37.453   708 18763 V SimpleUnisocC2Component: returning this work, frameIndex: 175
01-21 20:43:37.454 18303 18762 I mali_gralloc: register: id=0x2c100001c73, importpid=708
01-21 20:43:37.454 18303 18762 I mali_gralloc: unregister: id=0x2c100001c73, base=0x0, importpid=18303
01-21 20:43:37.486   708 18763 V SimpleUnisocC2Component: start processing frame #176
01-21 20:43:37.486   708 18763 I VSP     : VP8DecSetCurRecPic,104,picid 176,header 0xf27cd570
01-21 20:43:37.486   708 18763 I C2UnisocVp8Dec: setDecodeArgs, pBufCtrl: 0xf27d0ff0, pBufCtrl->phyAddr: 0x203d3000, frameIndex: 176, timeStamp: 27803038000, inSize: 6383, inOffset: 0
01-21 20:43:37.486   708 18764 V C2UnisocVp8Dec: fetchGraphicBlock, stride: 640, sliceHeight: 368, mDecoderSwFlag: 0
01-21 20:43:37.489   708 18763 V C2UnisocVp8Dec: VSP_bind_cb, phyAddr: 0x203d3000, pOutBlockInfo: 0xf27cd570, pBufCtrl: 0xf27d0ff0; iRefCount=0
01-21 20:43:37.489   708 18763 V C2UnisocVp8Dec: VSP_unbind_cb, phyAddr: 0x20277000, pOutBlockInfo: 0xf27d13e0, pBufCtrl: 0xf27c95e0; iRefCount=1
01-21 20:43:37.489   708 18763 I C2UnisocVp8Dec: process, decRet: 0, 2ms, dec_out.frameEffective: 1, has_pic: 1, picId: 176, consume byte: 6383
01-21 20:43:37.489   708 18763 I C2UnisocVp8Dec: drainOneOutputBuffer, pBufCtrl: 0xf27d0ff0, pBufCtrl->phyAddr: 0x203d3000, frameIndex: 176
01-21 20:43:37.489   708 18763 V SimpleUnisocC2Component: processed frame #176
01-21 20:43:37.489   708 18763 V SimpleUnisocC2Component: returning this work, frameIndex: 176
01-21 20:43:37.489   708 18764 D C2UnisocVideoDecoderComponent: fetch one queue free block:0xf27ccb20,iRefCount:0
01-21 20:43:37.489   708 18764 I C2UnisocVp8Dec: resetOutBlock, fd: 43, iova: 0x20277000, mDecoderSwFlag: 0
01-21 20:43:37.490   698  6594 I audio_hw_primary: app type:0x   5, is_voip:0, device:2, pcm:-176945824, usecase:0x   2
01-21 20:43:37.490 18303 18762 I mali_gralloc: register: id=0x2c100001c77, importpid=708
01-21 20:43:37.490 18303 18762 I mali_gralloc: unregister: id=0x2c100001c77, base=0x0, importpid=18303
01-21 20:43:37.521   708 18763 V SimpleUnisocC2Component: start processing frame #177
01-21 20:43:37.521   708 18763 I VSP     : VP8DecSetCurRecPic,104,picid 177,header 0xf27ccb20
01-21 20:43:37.521   708 18763 I C2UnisocVp8Dec: setDecodeArgs, pBufCtrl: 0xf27d1680, pBufCtrl->phyAddr: 0x202ce000, frameIndex: 177, timeStamp: 27803072000, inSize: 513, inOffset: 0
01-21 20:43:37.521   708 18764 V C2UnisocVp8Dec: fetchGraphicBlock, stride: 640, sliceHeight: 368, mDecoderSwFlag: 0
01-21 20:43:37.523   708 18763 V C2UnisocVp8Dec: VSP_bind_cb, phyAddr: 0x202ce000, pOutBlockInfo: 0xf27ccb20, pBufCtrl: 0xf27d1680; iRefCount=0
01-21 20:43:37.523   708 18763 V C2UnisocVp8Dec: VSP_unbind_cb, phyAddr: 0x203d3000, pOutBlockInfo: 0xf27cd570, pBufCtrl: 0xf27d0ff0; iRefCount=1
01-21 20:43:37.523   708 18763 I C2UnisocVp8Dec: process, decRet: 0, 1ms, dec_out.frameEffective: 1, has_pic: 1, picId: 177, consume byte: 513
01-21 20:43:37.523   708 18763 I C2UnisocVp8Dec: drainOneOutputBuffer, pBufCtrl: 0xf27d1680, pBufCtrl->phyAddr: 0x202ce000, frameIndex: 177
01-21 20:43:37.523   708 18764 D C2UnisocVideoDecoderComponent: fetch one queue free block:0xf27cea10,iRefCount:0
01-21 20:43:37.523   708 18763 V SimpleUnisocC2Component: processed frame #177
01-21 20:43:37.523   708 18763 V SimpleUnisocC2Component: returning this work, frameIndex: 177
01-21 20:43:37.524 18303 18762 I mali_gralloc: register: id=0x2c100001c75, importpid=708
01-21 20:43:37.525 18303 18762 I mali_gralloc: unregister: id=0x2c100001c75, base=0x0, importpid=18303
01-21 20:43:37.534   698  6594 I audio_hw_primary: app type:0x   5, is_voip:0, device:2, pcm:-176945824, usecase:0x   2
01-21 20:43:37.553   708 18763 V SimpleUnisocC2Component: start processing frame #178
01-21 20:43:37.553   708 18763 I VSP     : VP8DecSetCurRecPic,104,picid 178,header 0xf27cea10
01-21 20:43:37.553   708 18763 I C2UnisocVp8Dec: setDecodeArgs, pBufCtrl: 0xf27ce410, pBufCtrl->phyAddr: 0x20277000, frameIndex: 178, timeStamp: 27803106000, inSize: 186, inOffset: 0
01-21 20:43:37.553   708 18764 V C2UnisocVp8Dec: fetchGraphicBlock, stride: 640, sliceHeight: 368, mDecoderSwFlag: 0
01-21 20:43:37.554   708 18764 I C2UnisocVp8Dec: resetOutBlock, fd: 25, iova: 0x203d3000, mDecoderSwFlag: 0
01-21 20:43:37.555   708 18763 V C2UnisocVp8Dec: VSP_bind_cb, phyAddr: 0x20277000, pOutBlockInfo: 0xf27cea10, pBufCtrl: 0xf27ce410; iRefCount=0
01-21 20:43:37.555   708 18763 V C2UnisocVp8Dec: VSP_unbind_cb, phyAddr: 0x202ce000, pOutBlockInfo: 0xf27ccb20, pBufCtrl: 0xf27d1680; iRefCount=1
01-21 20:43:37.556   708 18763 I C2UnisocVp8Dec: process, decRet: 0, 2ms, dec_out.frameEffective: 1, has_pic: 1, picId: 178, consume byte: 186
01-21 20:43:37.556   708 18763 I C2UnisocVp8Dec: drainOneOutputBuffer, pBufCtrl: 0xf27ce410, pBufCtrl->phyAddr: 0x20277000, frameIndex: 178
01-21 20:43:37.556   708 18763 V SimpleUnisocC2Component: processed frame #178
01-21 20:43:37.556   708 18763 V SimpleUnisocC2Component: returning this work, frameIndex: 178
01-21 20:43:37.556   708 18764 I C2UnisocVp8Dec: resetOutBlock, fd: 37, iova: 0x202ce000, mDecoderSwFlag: 0
01-21 20:43:37.556   708 18764 D C2UnisocVideoDecoderComponent: fetch one queue free block:0xf27d13e0,iRefCount:0
01-21 20:43:37.558 18303 18762 I mali_gralloc: register: id=0x2c100001c73, importpid=708
01-21 20:43:37.558   698  6594 I audio_hw_primary: app type:0x   5, is_voip:0, device:2, pcm:-176945824, usecase:0x   2
01-21 20:43:37.558 18303 18762 I mali_gralloc: unregister: id=0x2c100001c73, base=0x0, importpid=18303
01-21 20:43:37.586   708 18763 V SimpleUnisocC2Component: start processing frame #179
01-21 20:43:37.586   708 18763 I VSP     : VP8DecSetCurRecPic,104,picid 179,header 0xf27d13e0
01-21 20:43:37.586   708 18763 I C2UnisocVp8Dec: setDecodeArgs, pBufCtrl: 0xf27c95e0, pBufCtrl->phyAddr: 0x202ce000, frameIndex: 179, timeStamp: 27803139000, inSize: 168, inOffset: 0
01-21 20:43:37.586   708 18764 V C2UnisocVp8Dec: fetchGraphicBlock, stride: 640, sliceHeight: 368, mDecoderSwFlag: 0
01-21 20:43:37.588   708 18763 V C2UnisocVp8Dec: VSP_bind_cb, phyAddr: 0x202ce000, pOutBlockInfo: 0xf27d13e0, pBufCtrl: 0xf27c95e0; iRefCount=0
01-21 20:43:37.588   708 18763 V C2UnisocVp8Dec: VSP_unbind_cb, phyAddr: 0x20277000, pOutBlockInfo: 0xf27cea10, pBufCtrl: 0xf27ce410; iRefCount=1
01-21 20:43:37.588   708 18763 I C2UnisocVp8Dec: process, decRet: 0, 2ms, dec_out.frameEffective: 1, has_pic: 1, picId: 179, consume byte: 168
01-21 20:43:37.588   708 18763 I C2UnisocVp8Dec: drainOneOutputBuffer, pBufCtrl: 0xf27c95e0, pBufCtrl->phyAddr: 0x202ce000, frameIndex: 179
01-21 20:43:37.588   708 18764 D C2UnisocVideoDecoderComponent: fetch one queue free block:0xf27cd570,iRefCount:0
01-21 20:43:37.588   708 18764 I C2UnisocVp8Dec: resetOutBlock, fd: 42, iova: 0x20277000, mDecoderSwFlag: 0
01-21 20:43:37.588   708 18763 V SimpleUnisocC2Component: processed frame #179
01-21 20:43:37.588   708 18763 V SimpleUnisocC2Component: returning this work, frameIndex: 179
01-21 20:43:37.590 18303 18762 I mali_gralloc: register: id=0x2c100001c77, importpid=708
01-21 20:43:37.591 18303 18762 I mali_gralloc: unregister: id=0x2c100001c77, base=0x0, importpid=18303
01-21 20:43:37.600   698  6594 I audio_hw_primary: app type:0x   5, is_voip:0, device:2, pcm:-176945824, usecase:0x   2
01-21 20:43:37.621   708 18763 V SimpleUnisocC2Component: start processing frame #180
01-21 20:43:37.621   708 18763 I VSP     : VP8DecSetCurRecPic,104,picid 180,header 0xf27cd570
01-21 20:43:37.621   708 18763 I C2UnisocVp8Dec: setDecodeArgs, pBufCtrl: 0xf27d0ff0, pBufCtrl->phyAddr: 0x203d3000, frameIndex: 180, timeStamp: 27803174000, inSize: 166, inOffset: 0
01-21 20:43:37.622   708 18764 V C2UnisocVp8Dec: fetchGraphicBlock, stride: 640, sliceHeight: 368, mDecoderSwFlag: 0
01-21 20:43:37.623   708 18763 V C2UnisocVp8Dec: VSP_bind_cb, phyAddr: 0x203d3000, pOutBlockInfo: 0xf27cd570, pBufCtrl: 0xf27d0ff0; iRefCount=0
01-21 20:43:37.623   708 18763 V C2UnisocVp8Dec: VSP_unbind_cb, phyAddr: 0x202ce000, pOutBlockInfo: 0xf27d13e0, pBufCtrl: 0xf27c95e0; iRefCount=1
01-21 20:43:37.623   708 18763 I C2UnisocVp8Dec: process, decRet: 0, 1ms, dec_out.frameEffective: 1, has_pic: 1, picId: 180, consume byte: 166
01-21 20:43:37.623   708 18763 I C2UnisocVp8Dec: drainOneOutputBuffer, pBufCtrl: 0xf27d0ff0, pBufCtrl->phyAddr: 0x203d3000, frameIndex: 180
01-21 20:43:37.624   708 18764 D C2UnisocVideoDecoderComponent: fetch one queue free block:0xf27ccb20,iRefCount:0
01-21 20:43:37.624   708 18763 V SimpleUnisocC2Component: processed frame #180
01-21 20:43:37.624   708 18764 I C2UnisocVp8Dec: resetOutBlock, fd: 43, iova: 0x202ce000, mDecoderSwFlag: 0
01-21 20:43:37.624   708 18763 V SimpleUnisocC2Component: returning this work, frameIndex: 180
01-21 20:43:37.624 18303 18762 I mali_gralloc: register: id=0x2c100001c75, importpid=708
01-21 20:43:37.625 18303 18762 I mali_gralloc: unregister: id=0x2c100001c75, base=0x0, importpid=18303
01-21 20:43:37.646   698  6594 I audio_hw_primary: app type:0x   5, is_voip:0, device:2, pcm:-176945824, usecase:0x   2
01-21 20:43:37.654   708 18763 V SimpleUnisocC2Component: start processing frame #181
01-21 20:43:37.654   708 18763 I VSP     : VP8DecSetCurRecPic,104,picid 181,header 0xf27ccb20
01-21 20:43:37.654   708 18763 I C2UnisocVp8Dec: setDecodeArgs, pBufCtrl: 0xf27d1680, pBufCtrl->phyAddr: 0x20277000, frameIndex: 181, timeStamp: 27803208000, inSize: 4044, inOffset: 0
01-21 20:43:37.654   708 18764 V C2UnisocVp8Dec: fetchGraphicBlock, stride: 640, sliceHeight: 368, mDecoderSwFlag: 0
01-21 20:43:37.657   708 18763 V C2UnisocVp8Dec: VSP_bind_cb, phyAddr: 0x20277000, pOutBlockInfo: 0xf27ccb20, pBufCtrl: 0xf27d1680; iRefCount=0
01-21 20:43:37.657   708 18763 V C2UnisocVp8Dec: VSP_unbind_cb, phyAddr: 0x203d3000, pOutBlockInfo: 0xf27cd570, pBufCtrl: 0xf27d0ff0; iRefCount=1
01-21 20:43:37.657   708 18763 I C2UnisocVp8Dec: process, decRet: 0, 2ms, dec_out.frameEffective: 1, has_pic: 1, picId: 181, consume byte: 4044
01-21 20:43:37.657   708 18763 I C2UnisocVp8Dec: drainOneOutputBuffer, pBufCtrl: 0xf27d1680, pBufCtrl->phyAddr: 0x20277000, frameIndex: 181
01-21 20:43:37.657   708 18764 D C2UnisocVideoDecoderComponent: fetch one queue free block:0xf27cea10,iRefCount:0
01-21 20:43:37.657   708 18763 V SimpleUnisocC2Component: processed frame #181
01-21 20:43:37.657   708 18763 V SimpleUnisocC2Component: returning this work, frameIndex: 181
01-21 20:43:37.659 18303 18762 I mali_gralloc: register: id=0x2c100001c73, importpid=708
01-21 20:43:37.660 18303 18762 I mali_gralloc: unregister: id=0x2c100001c73, base=0x0, importpid=18303
01-21 20:43:37.689   698  6594 I audio_hw_primary: app type:0x   5, is_voip:0, device:2, pcm:-176945824, usecase:0x   2
01-21 20:43:37.689   708 18763 V SimpleUnisocC2Component: start processing frame #182
01-21 20:43:37.690   708 18763 I VSP     : VP8DecSetCurRecPic,104,picid 182,header 0xf27cea10
01-21 20:43:37.690   708 18763 I C2UnisocVp8Dec: setDecodeArgs, pBufCtrl: 0xf27ce410, pBufCtrl->phyAddr: 0x202ce000, frameIndex: 182, timeStamp: 27803243000, inSize: 477, inOffset: 0
01-21 20:43:37.690   708 18764 V C2UnisocVp8Dec: fetchGraphicBlock, stride: 640, sliceHeight: 368, mDecoderSwFlag: 0
01-21 20:43:37.690   708 18764 I C2UnisocVp8Dec: resetOutBlock, fd: 25, iova: 0x203d3000, mDecoderSwFlag: 0
01-21 20:43:37.691   708 18763 V C2UnisocVp8Dec: VSP_bind_cb, phyAddr: 0x202ce000, pOutBlockInfo: 0xf27cea10, pBufCtrl: 0xf27ce410; iRefCount=0
01-21 20:43:37.692   708 18763 V C2UnisocVp8Dec: VSP_unbind_cb, phyAddr: 0x20277000, pOutBlockInfo: 0xf27ccb20, pBufCtrl: 0xf27d1680; iRefCount=1
01-21 20:43:37.692   708 18763 I C2UnisocVp8Dec: process, decRet: 0, 1ms, dec_out.frameEffective: 1, has_pic: 1, picId: 182, consume byte: 477
01-21 20:43:37.692   708 18763 I C2UnisocVp8Dec: drainOneOutputBuffer, pBufCtrl: 0xf27ce410, pBufCtrl->phyAddr: 0x202ce000, frameIndex: 182
01-21 20:43:37.692   708 18764 I C2UnisocVp8Dec: resetOutBlock, fd: 37, iova: 0x20277000, mDecoderSwFlag: 0
01-21 20:43:37.692   708 18763 V SimpleUnisocC2Component: processed frame #182
01-21 20:43:37.692   708 18763 V SimpleUnisocC2Component: returning this work, frameIndex: 182
01-21 20:43:37.692   708 18764 D C2UnisocVideoDecoderComponent: fetch one queue free block:0xf27d13e0,iRefCount:0
01-21 20:43:37.694 18303 18762 I mali_gralloc: register: id=0x2c100001c77, importpid=708
01-21 20:43:37.694 18303 18762 I mali_gralloc: unregister: id=0x2c100001c77, base=0x0, importpid=18303
01-21 20:43:37.722   708 18763 V SimpleUnisocC2Component: start processing frame #183
01-21 20:43:37.723   708 18763 I VSP     : VP8DecSetCurRecPic,104,picid 183,header 0xf27d13e0
01-21 20:43:37.723   708 18763 I C2UnisocVp8Dec: setDecodeArgs, pBufCtrl: 0xf27c95e0, pBufCtrl->phyAddr: 0x20277000, frameIndex: 183, timeStamp: 27803277000, inSize: 264, inOffset: 0
01-21 20:43:37.723   708 18764 V C2UnisocVp8Dec: fetchGraphicBlock, stride: 640, sliceHeight: 368, mDecoderSwFlag: 0
01-21 20:43:37.724   708 18763 V C2UnisocVp8Dec: VSP_bind_cb, phyAddr: 0x20277000, pOutBlockInfo: 0xf27d13e0, pBufCtrl: 0xf27c95e0; iRefCount=0
01-21 20:43:37.724   708 18763 V C2UnisocVp8Dec: VSP_unbind_cb, phyAddr: 0x202ce000, pOutBlockInfo: 0xf27cea10, pBufCtrl: 0xf27ce410; iRefCount=1
01-21 20:43:37.725   708 18763 I C2UnisocVp8Dec: process, decRet: 0, 1ms, dec_out.frameEffective: 1, has_pic: 1, picId: 183, consume byte: 264
01-21 20:43:37.725   708 18763 I C2UnisocVp8Dec: drainOneOutputBuffer, pBufCtrl: 0xf27c95e0, pBufCtrl->phyAddr: 0x20277000, frameIndex: 183
01-21 20:43:37.725   708 18764 D C2UnisocVideoDecoderComponent: fetch one queue free block:0xf27cd570,iRefCount:0
01-21 20:43:37.725   708 18764 I C2UnisocVp8Dec: resetOutBlock, fd: 42, iova: 0x202ce000, mDecoderSwFlag: 0
01-21 20:43:37.725   708 18763 V SimpleUnisocC2Component: processed frame #183
01-21 20:43:37.725   708 18763 V SimpleUnisocC2Component: returning this work, frameIndex: 183
01-21 20:43:37.726 18303 18762 I mali_gralloc: register: id=0x2c100001c75, importpid=708
01-21 20:43:37.726 18303 18762 I mali_gralloc: unregister: id=0x2c100001c75, base=0x0, importpid=18303
01-21 20:43:37.733   698  6594 I audio_hw_primary: app type:0x   5, is_voip:0, device:2, pcm:-176945824, usecase:0x   2
01-21 20:43:37.757   708 18763 V SimpleUnisocC2Component: start processing frame #184
01-21 20:43:37.757   708 18763 I VSP     : VP8DecSetCurRecPic,104,picid 184,header 0xf27cd570
01-21 20:43:37.757   708 18763 I C2UnisocVp8Dec: setDecodeArgs, pBufCtrl: 0xf27d0ff0, pBufCtrl->phyAddr: 0x203d3000, frameIndex: 184, timeStamp: 27803311000, inSize: 207, inOffset: 0
01-21 20:43:37.757   708 18764 V C2UnisocVp8Dec: fetchGraphicBlock, stride: 640, sliceHeight: 368, mDecoderSwFlag: 0
01-21 20:43:37.759   708 18763 V C2UnisocVp8Dec: VSP_bind_cb, phyAddr: 0x203d3000, pOutBlockInfo: 0xf27cd570, pBufCtrl: 0xf27d0ff0; iRefCount=0
01-21 20:43:37.759   708 18763 V C2UnisocVp8Dec: VSP_unbind_cb, phyAddr: 0x20277000, pOutBlockInfo: 0xf27d13e0, pBufCtrl: 0xf27c95e0; iRefCount=1
01-21 20:43:37.759   708 18763 I C2UnisocVp8Dec: process, decRet: 0, 1ms, dec_out.frameEffective: 1, has_pic: 1, picId: 184, consume byte: 207
01-21 20:43:37.759   708 18763 I C2UnisocVp8Dec: drainOneOutputBuffer, pBufCtrl: 0xf27d0ff0, pBufCtrl->phyAddr: 0x203d3000, frameIndex: 184
01-21 20:43:37.759   708 18763 V SimpleUnisocC2Component: processed frame #184
01-21 20:43:37.759   708 18764 D C2UnisocVideoDecoderComponent: fetch one queue free block:0xf27ccb20,iRefCount:0
01-21 20:43:37.759   708 18763 V SimpleUnisocC2Component: returning this work, frameIndex: 184
01-21 20:43:37.759   708 18764 I C2UnisocVp8Dec: resetOutBlock, fd: 43, iova: 0x20277000, mDecoderSwFlag: 0
01-21 20:43:37.760 18303 18762 I mali_gralloc: register: id=0x2c100001c73, importpid=708
01-21 20:43:37.760 18303 18762 I mali_gralloc: unregister: id=0x2c100001c73, base=0x0, importpid=18303
01-21 20:43:37.776 18303 18694 I org.webrtc.Logging: EglRenderer: Duration: 4002 ms. Frames received: 112. Dropped: 0. Rendered: 112. Render fps: 28.0. Average render time: 3711 us. Average swapBuffer time: 1953 us.
01-21 20:43:37.780   698  6594 I audio_hw_primary: app type:0x   5, is_voip:0, device:2, pcm:-176945824, usecase:0x   2
01-21 20:43:37.790   708 18763 V SimpleUnisocC2Component: start processing frame #185
01-21 20:43:37.790   708 18763 I VSP     : VP8DecSetCurRecPic,104,picid 185,header 0xf27ccb20
01-21 20:43:37.790   708 18763 I C2UnisocVp8Dec: setDecodeArgs, pBufCtrl: 0xf27d1680, pBufCtrl->phyAddr: 0x202ce000, frameIndex: 185, timeStamp: 27803345000, inSize: 190, inOffset: 0
01-21 20:43:37.790   708 18764 V C2UnisocVp8Dec: fetchGraphicBlock, stride: 640, sliceHeight: 368, mDecoderSwFlag: 0
01-21 20:43:37.792   708 18763 V C2UnisocVp8Dec: VSP_bind_cb, phyAddr: 0x202ce000, pOutBlockInfo: 0xf27ccb20, pBufCtrl: 0xf27d1680; iRefCount=0
01-21 20:43:37.792   708 18763 V C2UnisocVp8Dec: VSP_unbind_cb, phyAddr: 0x203d3000, pOutBlockInfo: 0xf27cd570, pBufCtrl: 0xf27d0ff0; iRefCount=1
01-21 20:43:37.792   708 18763 I C2UnisocVp8Dec: process, decRet: 0, 1ms, dec_out.frameEffective: 1, has_pic: 1, picId: 185, consume byte: 190
01-21 20:43:37.792   708 18763 I C2UnisocVp8Dec: drainOneOutputBuffer, pBufCtrl: 0xf27d1680, pBufCtrl->phyAddr: 0x202ce000, frameIndex: 185
01-21 20:43:37.792   708 18763 V SimpleUnisocC2Component: processed frame #185
01-21 20:43:37.792   708 18763 V SimpleUnisocC2Component: returning this work, frameIndex: 185
01-21 20:43:37.792   708 18764 D C2UnisocVideoDecoderComponent: fetch one queue free block:0xf27cea10,iRefCount:0
01-21 20:43:37.793 18303 18762 I mali_gralloc: register: id=0x2c100001c77, importpid=708
01-21 20:43:37.793 18303 18762 I mali_gralloc: unregister: id=0x2c100001c77, base=0x0, importpid=18303
01-21 20:43:37.803   698  6594 I audio_hw_primary: app type:0x   5, is_voip:0, device:2, pcm:-176945824, usecase:0x   2
01-21 20:43:37.824   708 18763 V SimpleUnisocC2Component: start processing frame #186
01-21 20:43:37.824   708 18763 I VSP     : VP8DecSetCurRecPic,104,picid 186,header 0xf27cea10
01-21 20:43:37.824   708 18763 I C2UnisocVp8Dec: setDecodeArgs, pBufCtrl: 0xf27ce410, pBufCtrl->phyAddr: 0x20277000, frameIndex: 186, timeStamp: 27803379000, inSize: 190, inOffset: 0
01-21 20:43:37.824   708 18764 V C2UnisocVp8Dec: fetchGraphicBlock, stride: 640, sliceHeight: 368, mDecoderSwFlag: 0
01-21 20:43:37.825   708 18764 I C2UnisocVp8Dec: resetOutBlock, fd: 25, iova: 0x203d3000, mDecoderSwFlag: 0
01-21 20:43:37.826   708 18763 V C2UnisocVp8Dec: VSP_bind_cb, phyAddr: 0x20277000, pOutBlockInfo: 0xf27cea10, pBufCtrl: 0xf27ce410; iRefCount=0
01-21 20:43:37.826   708 18763 V C2UnisocVp8Dec: VSP_unbind_cb, phyAddr: 0x202ce000, pOutBlockInfo: 0xf27ccb20, pBufCtrl: 0xf27d1680; iRefCount=1
01-21 20:43:37.826   708 18763 I C2UnisocVp8Dec: process, decRet: 0, 1ms, dec_out.frameEffective: 1, has_pic: 1, picId: 186, consume byte: 190
01-21 20:43:37.826   708 18763 I C2UnisocVp8Dec: drainOneOutputBuffer, pBufCtrl: 0xf27ce410, pBufCtrl->phyAddr: 0x20277000, frameIndex: 186
01-21 20:43:37.826   708 18764 I C2UnisocVp8Dec: resetOutBlock, fd: 37, iova: 0x202ce000, mDecoderSwFlag: 0
01-21 20:43:37.826   708 18763 V SimpleUnisocC2Component: processed frame #186
01-21 20:43:37.826   708 18763 V SimpleUnisocC2Component: returning this work, frameIndex: 186
01-21 20:43:37.826   708 18764 D C2UnisocVideoDecoderComponent: fetch one queue free block:0xf27d13e0,iRefCount:0
01-21 20:43:37.827 18303 18762 I mali_gralloc: register: id=0x2c100001c75, importpid=708
01-21 20:43:37.827 18303 18762 I mali_gralloc: unregister: id=0x2c100001c75, base=0x0, importpid=18303
01-21 20:43:37.846   698  6594 I audio_hw_primary: app type:0x   5, is_voip:0, device:2, pcm:-176945824, usecase:0x   2
01-21 20:43:37.858   708 18763 V SimpleUnisocC2Component: start processing frame #187
01-21 20:43:37.859   708 18763 I VSP     : VP8DecSetCurRecPic,104,picid 187,header 0xf27d13e0
01-21 20:43:37.859   708 18763 I C2UnisocVp8Dec: setDecodeArgs, pBufCtrl: 0xf27c95e0, pBufCtrl->phyAddr: 0x202ce000, frameIndex: 187, timeStamp: 27803413000, inSize: 190, inOffset: 0
01-21 20:43:37.859   708 18764 V C2UnisocVp8Dec: fetchGraphicBlock, stride: 640, sliceHeight: 368, mDecoderSwFlag: 0
01-21 20:43:37.860   708 18763 V C2UnisocVp8Dec: VSP_bind_cb, phyAddr: 0x202ce000, pOutBlockInfo: 0xf27d13e0, pBufCtrl: 0xf27c95e0; iRefCount=0
01-21 20:43:37.860   708 18763 V C2UnisocVp8Dec: VSP_unbind_cb, phyAddr: 0x20277000, pOutBlockInfo: 0xf27cea10, pBufCtrl: 0xf27ce410; iRefCount=1
01-21 20:43:37.861   708 18763 I C2UnisocVp8Dec: process, decRet: 0, 1ms, dec_out.frameEffective: 1, has_pic: 1, picId: 187, consume byte: 190
01-21 20:43:37.861   708 18763 I C2UnisocVp8Dec: drainOneOutputBuffer, pBufCtrl: 0xf27c95e0, pBufCtrl->phyAddr: 0x202ce000, frameIndex: 187
01-21 20:43:37.861   708 18764 D C2UnisocVideoDecoderComponent: fetch one queue free block:0xf27cd570,iRefCount:0
01-21 20:43:37.861   708 18764 I C2UnisocVp8Dec: resetOutBlock, fd: 42, iova: 0x20277000, mDecoderSwFlag: 0
01-21 20:43:37.861   708 18763 V SimpleUnisocC2Component: processed frame #187
01-21 20:43:37.861   708 18763 V SimpleUnisocC2Component: returning this work, frameIndex: 187
01-21 20:43:37.862 18303 18762 I mali_gralloc: register: id=0x2c100001c73, importpid=708
01-21 20:43:37.862 18303 18762 I mali_gralloc: unregister: id=0x2c100001c73, base=0x0, importpid=18303
01-21 20:43:37.890   698  6594 I audio_hw_primary: app type:0x   5, is_voip:0, device:2, pcm:-176945824, usecase:0x   2
01-21 20:43:37.892   708 18763 V SimpleUnisocC2Component: start processing frame #188
01-21 20:43:37.892   708 18763 I VSP     : VP8DecSetCurRecPic,104,picid 188,header 0xf27cd570
01-21 20:43:37.892   708 18763 I C2UnisocVp8Dec: setDecodeArgs, pBufCtrl: 0xf27d0ff0, pBufCtrl->phyAddr: 0x203d3000, frameIndex: 188, timeStamp: 27803448000, inSize: 197, inOffset: 0
01-21 20:43:37.892   708 18764 V C2UnisocVp8Dec: fetchGraphicBlock, stride: 640, sliceHeight: 368, mDecoderSwFlag: 0
01-21 20:43:37.894   708 18763 V C2UnisocVp8Dec: VSP_bind_cb, phyAddr: 0x203d3000, pOutBlockInfo: 0xf27cd570, pBufCtrl: 0xf27d0ff0; iRefCount=0
01-21 20:43:37.894   708 18763 V C2UnisocVp8Dec: VSP_unbind_cb, phyAddr: 0x202ce000, pOutBlockInfo: 0xf27d13e0, pBufCtrl: 0xf27c95e0; iRefCount=1
01-21 20:43:37.894   708 18763 I C2UnisocVp8Dec: process, decRet: 0, 1ms, dec_out.frameEffective: 1, has_pic: 1, picId: 188, consume byte: 197
01-21 20:43:37.894   708 18763 I C2UnisocVp8Dec: drainOneOutputBuffer, pBufCtrl: 0xf27d0ff0, pBufCtrl->phyAddr: 0x203d3000, frameIndex: 188
01-21 20:43:37.894   708 18764 D C2UnisocVideoDecoderComponent: fetch one queue free block:0xf27ccb20,iRefCount:0
01-21 20:43:37.894   708 18764 I C2UnisocVp8Dec: resetOutBlock, fd: 43, iova: 0x202ce000, mDecoderSwFlag: 0
01-21 20:43:37.894   708 18763 V SimpleUnisocC2Component: processed frame #188
01-21 20:43:37.894   708 18763 V SimpleUnisocC2Component: returning this work, frameIndex: 188
01-21 20:43:37.896 18303 18762 I mali_gralloc: register: id=0x2c100001c77, importpid=708
01-21 20:43:37.896 18303 18762 I mali_gralloc: unregister: id=0x2c100001c77, base=0x0, importpid=18303
01-21 20:43:37.928   708 18763 V SimpleUnisocC2Component: start processing frame #189
01-21 20:43:37.928   708 18763 I VSP     : VP8DecSetCurRecPic,104,picid 189,header 0xf27ccb20
01-21 20:43:37.928   708 18763 I C2UnisocVp8Dec: setDecodeArgs, pBufCtrl: 0xf27d1680, pBufCtrl->phyAddr: 0x20277000, frameIndex: 189, timeStamp: 27803484000, inSize: 197, inOffset: 0
01-21 20:43:37.928   708 18764 V C2UnisocVp8Dec: fetchGraphicBlock, stride: 640, sliceHeight: 368, mDecoderSwFlag: 0
01-21 20:43:37.930   708 18763 V C2UnisocVp8Dec: VSP_bind_cb, phyAddr: 0x20277000, pOutBlockInfo: 0xf27ccb20, pBufCtrl: 0xf27d1680; iRefCount=0
01-21 20:43:37.930   708 18763 V C2UnisocVp8Dec: VSP_unbind_cb, phyAddr: 0x203d3000, pOutBlockInfo: 0xf27cd570, pBufCtrl: 0xf27d0ff0; iRefCount=1
01-21 20:43:37.930   708 18763 I C2UnisocVp8Dec: process, decRet: 0, 1ms, dec_out.frameEffective: 1, has_pic: 1, picId: 189, consume byte: 197
01-21 20:43:37.930   708 18763 I C2UnisocVp8Dec: drainOneOutputBuffer, pBufCtrl: 0xf27d1680, pBufCtrl->phyAddr: 0x20277000, frameIndex: 189
01-21 20:43:37.930   708 18763 V SimpleUnisocC2Component: processed frame #189
01-21 20:43:37.930   708 18763 V SimpleUnisocC2Component: returning this work, frameIndex: 189
01-21 20:43:37.930   708 18764 D C2UnisocVideoDecoderComponent: fetch one queue free block:0xf27cea10,iRefCount:0
01-21 20:43:37.931 18303 18762 I mali_gralloc: register: id=0x2c100001c75, importpid=708
01-21 20:43:37.931 18303 18762 I mali_gralloc: unregister: id=0x2c100001c75, base=0x0, importpid=18303
01-21 20:43:37.933   698  6594 I audio_hw_primary: app type:0x   5, is_voip:0, device:2, pcm:-176945824, usecase:0x   2
01-21 20:43:37.957   698  6594 I audio_hw_primary: app type:0x   5, is_voip:0, device:2, pcm:-176945824, usecase:0x   2
01-21 20:43:37.961   708 18763 V SimpleUnisocC2Component: start processing frame #190
01-21 20:43:37.961   708 18763 I VSP     : VP8DecSetCurRecPic,104,picid 190,header 0xf27cea10
01-21 20:43:37.962   708 18763 I C2UnisocVp8Dec: setDecodeArgs, pBufCtrl: 0xf27ce410, pBufCtrl->phyAddr: 0x202ce000, frameIndex: 190, timeStamp: 27803517000, inSize: 190, inOffset: 0
01-21 20:43:37.962   708 18764 V C2UnisocVp8Dec: fetchGraphicBlock, stride: 640, sliceHeight: 368, mDecoderSwFlag: 0
01-21 20:43:37.962   708 18764 I C2UnisocVp8Dec: resetOutBlock, fd: 25, iova: 0x203d3000, mDecoderSwFlag: 0
01-21 20:43:37.963   708 18763 V C2UnisocVp8Dec: VSP_bind_cb, phyAddr: 0x202ce000, pOutBlockInfo: 0xf27cea10, pBufCtrl: 0xf27ce410; iRefCount=0
01-21 20:43:37.963   708 18763 V C2UnisocVp8Dec: VSP_unbind_cb, phyAddr: 0x20277000, pOutBlockInfo: 0xf27ccb20, pBufCtrl: 0xf27d1680; iRefCount=1
01-21 20:43:37.963   708 18763 I C2UnisocVp8Dec: process, decRet: 0, 1ms, dec_out.frameEffective: 1, has_pic: 1, picId: 190, consume byte: 190
01-21 20:43:37.963   708 18763 I C2UnisocVp8Dec: drainOneOutputBuffer, pBufCtrl: 0xf27ce410, pBufCtrl->phyAddr: 0x202ce000, frameIndex: 190
01-21 20:43:37.963   708 18764 I C2UnisocVp8Dec: resetOutBlock, fd: 37, iova: 0x20277000, mDecoderSwFlag: 0
01-21 20:43:37.964   708 18763 V SimpleUnisocC2Component: processed frame #190
01-21 20:43:37.964   708 18763 V SimpleUnisocC2Component: returning this work, frameIndex: 190
01-21 20:43:37.964   708 18764 D C2UnisocVideoDecoderComponent: fetch one queue free block:0xf27d13e0,iRefCount:0
01-21 20:43:37.965 18303 18762 I mali_gralloc: register: id=0x2c100001c73, importpid=708
01-21 20:43:37.965 18303 18762 I mali_gralloc: unregister: id=0x2c100001c73, base=0x0, importpid=18303
01-21 20:43:37.995   708 18763 V SimpleUnisocC2Component: start processing frame #191
01-21 20:43:37.995   708 18763 I VSP     : VP8DecSetCurRecPic,104,picid 191,header 0xf27d13e0
01-21 20:43:37.995   708 18764 V C2UnisocVp8Dec: fetchGraphicBlock, stride: 640, sliceHeight: 368, mDecoderSwFlag: 0
01-21 20:43:37.995   708 18763 I C2UnisocVp8Dec: setDecodeArgs, pBufCtrl: 0xf27c95e0, pBufCtrl->phyAddr: 0x20277000, frameIndex: 191, timeStamp: 27803551000, inSize: 5099, inOffset: 0
01-21 20:43:37.997   708 18763 V C2UnisocVp8Dec: VSP_bind_cb, phyAddr: 0x20277000, pOutBlockInfo: 0xf27d13e0, pBufCtrl: 0xf27c95e0; iRefCount=0
01-21 20:43:37.997   708 18763 V C2UnisocVp8Dec: VSP_unbind_cb, phyAddr: 0x202ce000, pOutBlockInfo: 0xf27cea10, pBufCtrl: 0xf27ce410; iRefCount=1
01-21 20:43:37.997   708 18763 I C2UnisocVp8Dec: process, decRet: 0, 2ms, dec_out.frameEffective: 1, has_pic: 1, picId: 191, consume byte: 5099
01-21 20:43:37.997   708 18763 I C2UnisocVp8Dec: drainOneOutputBuffer, pBufCtrl: 0xf27c95e0, pBufCtrl->phyAddr: 0x20277000, frameIndex: 191
01-21 20:43:37.997   708 18764 D C2UnisocVideoDecoderComponent: fetch one queue free block:0xf27cd570,iRefCount:0
01-21 20:43:37.997   708 18763 V SimpleUnisocC2Component: processed frame #191
01-21 20:43:37.997   708 18764 I C2UnisocVp8Dec: resetOutBlock, fd: 42, iova: 0x202ce000, mDecoderSwFlag: 0
01-21 20:43:37.997   708 18763 V SimpleUnisocC2Component: returning this work, frameIndex: 191
01-21 20:43:37.999 18303 18762 I mali_gralloc: register: id=0x2c100001c77, importpid=708
01-21 20:43:37.999 18303 18762 I mali_gralloc: unregister: id=0x2c100001c77, base=0x0, importpid=18303
01-21 20:43:38.000   698  6594 I audio_hw_primary: app type:0x   5, is_voip:0, device:2, pcm:-176945824, usecase:0x   2
01-21 20:43:38.029   708 18763 V SimpleUnisocC2Component: start processing frame #192
01-21 20:43:38.029   708 18763 I VSP     : VP8DecSetCurRecPic,104,picid 192,header 0xf27cd570
01-21 20:43:38.029   708 18763 I C2UnisocVp8Dec: setDecodeArgs, pBufCtrl: 0xf27d0ff0, pBufCtrl->phyAddr: 0x203d3000, frameIndex: 192, timeStamp: 27803584000, inSize: 497, inOffset: 0
01-21 20:43:38.029   708 18764 V C2UnisocVp8Dec: fetchGraphicBlock, stride: 640, sliceHeight: 368, mDecoderSwFlag: 0
01-21 20:43:38.031   708 18763 V C2UnisocVp8Dec: VSP_bind_cb, phyAddr: 0x203d3000, pOutBlockInfo: 0xf27cd570, pBufCtrl: 0xf27d0ff0; iRefCount=0
01-21 20:43:38.031   708 18763 V C2UnisocVp8Dec: VSP_unbind_cb, phyAddr: 0x20277000, pOutBlockInfo: 0xf27d13e0, pBufCtrl: 0xf27c95e0; iRefCount=1
01-21 20:43:38.031   708 18763 I C2UnisocVp8Dec: process, decRet: 0, 1ms, dec_out.frameEffective: 1, has_pic: 1, picId: 192, consume byte: 497
01-21 20:43:38.031   708 18763 I C2UnisocVp8Dec: drainOneOutputBuffer, pBufCtrl: 0xf27d0ff0, pBufCtrl->phyAddr: 0x203d3000, frameIndex: 192
01-21 20:43:38.031   708 18764 D C2UnisocVideoDecoderComponent: fetch one queue free block:0xf27ccb20,iRefCount:0
01-21 20:43:38.031   708 18763 V SimpleUnisocC2Component: processed frame #192
01-21 20:43:38.031   708 18764 I C2UnisocVp8Dec: resetOutBlock, fd: 43, iova: 0x20277000, mDecoderSwFlag: 0
01-21 20:43:38.031   708 18763 V SimpleUnisocC2Component: returning this work, frameIndex: 192
01-21 20:43:38.032 18303 18762 I mali_gralloc: register: id=0x2c100001c75, importpid=708
01-21 20:43:38.032 18303 18762 I mali_gralloc: unregister: id=0x2c100001c75, base=0x0, importpid=18303
01-21 20:43:38.042   698  6594 I audio_hw_primary: app type:0x   5, is_voip:0, device:2, pcm:-176945824, usecase:0x   2
01-21 20:43:38.063   708 18763 V SimpleUnisocC2Component: start processing frame #193
01-21 20:43:38.063   708 18763 I VSP     : VP8DecSetCurRecPic,104,picid 193,header 0xf27ccb20
01-21 20:43:38.063   708 18763 I C2UnisocVp8Dec: setDecodeArgs, pBufCtrl: 0xf27d1680, pBufCtrl->phyAddr: 0x202ce000, frameIndex: 193, timeStamp: 27803618000, inSize: 198, inOffset: 0
01-21 20:43:38.063   708 18764 V C2UnisocVp8Dec: fetchGraphicBlock, stride: 640, sliceHeight: 368, mDecoderSwFlag: 0
01-21 20:43:38.065   708 18763 V C2UnisocVp8Dec: VSP_bind_cb, phyAddr: 0x202ce000, pOutBlockInfo: 0xf27ccb20, pBufCtrl: 0xf27d1680; iRefCount=0
01-21 20:43:38.065   708 18763 V C2UnisocVp8Dec: VSP_unbind_cb, phyAddr: 0x203d3000, pOutBlockInfo: 0xf27cd570, pBufCtrl: 0xf27d0ff0; iRefCount=1
01-21 20:43:38.065   708 18763 I C2UnisocVp8Dec: process, decRet: 0, 2ms, dec_out.frameEffective: 1, has_pic: 1, picId: 193, consume byte: 198
01-21 20:43:38.066   708 18763 I C2UnisocVp8Dec: drainOneOutputBuffer, pBufCtrl: 0xf27d1680, pBufCtrl->phyAddr: 0x202ce000, frameIndex: 193
01-21 20:43:38.066   708 18763 V SimpleUnisocC2Component: processed frame #193
01-21 20:43:38.066   708 18763 V SimpleUnisocC2Component: returning this work, frameIndex: 193
01-21 20:43:38.066   708 18764 D C2UnisocVideoDecoderComponent: fetch one queue free block:0xf27cea10,iRefCount:0
01-21 20:43:38.067 18303 18762 I mali_gralloc: register: id=0x2c100001c73, importpid=708
01-21 20:43:38.068 18303 18762 I mali_gralloc: unregister: id=0x2c100001c73, base=0x0, importpid=18303
01-21 20:43:38.085   698  6594 I audio_hw_primary: app type:0x   5, is_voip:0, device:2, pcm:-176945824, usecase:0x   2
01-21 20:43:38.095   708 18763 V SimpleUnisocC2Component: start processing frame #194
01-21 20:43:38.096   708 18763 I VSP     : VP8DecSetCurRecPic,104,picid 194,header 0xf27cea10
01-21 20:43:38.096   708 18763 I C2UnisocVp8Dec: setDecodeArgs, pBufCtrl: 0xf27ce410, pBufCtrl->phyAddr: 0x20277000, frameIndex: 194, timeStamp: 27803652000, inSize: 186, inOffset: 0
01-21 20:43:38.096   708 18764 V C2UnisocVp8Dec: fetchGraphicBlock, stride: 640, sliceHeight: 368, mDecoderSwFlag: 0
01-21 20:43:38.096   708 18764 I C2UnisocVp8Dec: resetOutBlock, fd: 25, iova: 0x203d3000, mDecoderSwFlag: 0
01-21 20:43:38.097   708 18763 V C2UnisocVp8Dec: VSP_bind_cb, phyAddr: 0x20277000, pOutBlockInfo: 0xf27cea10, pBufCtrl: 0xf27ce410; iRefCount=0
01-21 20:43:38.097   708 18763 V C2UnisocVp8Dec: VSP_unbind_cb, phyAddr: 0x202ce000, pOutBlockInfo: 0xf27ccb20, pBufCtrl: 0xf27d1680; iRefCount=1
01-21 20:43:38.098   708 18763 I C2UnisocVp8Dec: process, decRet: 0, 1ms, dec_out.frameEffective: 1, has_pic: 1, picId: 194, consume byte: 186
01-21 20:43:38.098   708 18763 I C2UnisocVp8Dec: drainOneOutputBuffer, pBufCtrl: 0xf27ce410, pBufCtrl->phyAddr: 0x20277000, frameIndex: 194
01-21 20:43:38.098   708 18764 I C2UnisocVp8Dec: resetOutBlock, fd: 37, iova: 0x202ce000, mDecoderSwFlag: 0
01-21 20:43:38.098   708 18763 V SimpleUnisocC2Component: processed frame #194
01-21 20:43:38.098   708 18763 V SimpleUnisocC2Component: returning this work, frameIndex: 194
01-21 20:43:38.098   708 18764 D C2UnisocVideoDecoderComponent: fetch one queue free block:0xf27d13e0,iRefCount:0
01-21 20:43:38.099 18303 18762 I mali_gralloc: register: id=0x2c100001c77, importpid=708
01-21 20:43:38.099 18303 18762 I mali_gralloc: unregister: id=0x2c100001c77, base=0x0, importpid=18303
01-21 20:43:38.128   708 18763 V SimpleUnisocC2Component: start processing frame #195
01-21 20:43:38.129   708 18763 I VSP     : VP8DecSetCurRecPic,104,picid 195,header 0xf27d13e0
01-21 20:43:38.129   708 18763 I C2UnisocVp8Dec: setDecodeArgs, pBufCtrl: 0xf27c95e0, pBufCtrl->phyAddr: 0x202ce000, frameIndex: 195, timeStamp: 27803685000, inSize: 335, inOffset: 0
01-21 20:43:38.129   708 18764 V C2UnisocVp8Dec: fetchGraphicBlock, stride: 640, sliceHeight: 368, mDecoderSwFlag: 0
01-21 20:43:38.130   708 18763 V C2UnisocVp8Dec: VSP_bind_cb, phyAddr: 0x202ce000, pOutBlockInfo: 0xf27d13e0, pBufCtrl: 0xf27c95e0; iRefCount=0
01-21 20:43:38.130   708 18763 V C2UnisocVp8Dec: VSP_unbind_cb, phyAddr: 0x20277000, pOutBlockInfo: 0xf27cea10, pBufCtrl: 0xf27ce410; iRefCount=1
01-21 20:43:38.131   708 18763 I C2UnisocVp8Dec: process, decRet: 0, 1ms, dec_out.frameEffective: 1, has_pic: 1, picId: 195, consume byte: 335
01-21 20:43:38.131   708 18763 I C2UnisocVp8Dec: drainOneOutputBuffer, pBufCtrl: 0xf27c95e0, pBufCtrl->phyAddr: 0x202ce000, frameIndex: 195
01-21 20:43:38.131   708 18764 D C2UnisocVideoDecoderComponent: fetch one queue free block:0xf27cd570,iRefCount:0
01-21 20:43:38.131   708 18764 I C2UnisocVp8Dec: resetOutBlock, fd: 42, iova: 0x20277000, mDecoderSwFlag: 0
01-21 20:43:38.131   708 18763 V SimpleUnisocC2Component: processed frame #195
01-21 20:43:38.131   708 18763 V SimpleUnisocC2Component: returning this work, frameIndex: 195
01-21 20:43:38.131 18303 18762 I mali_gralloc: register: id=0x2c100001c75, importpid=708
01-21 20:43:38.131   698  6594 I audio_hw_primary: app type:0x   5, is_voip:0, device:2, pcm:-176945824, usecase:0x   2
01-21 20:43:38.132 18303 18762 I mali_gralloc: unregister: id=0x2c100001c75, base=0x0, importpid=18303
01-21 20:43:38.163   708 18763 V SimpleUnisocC2Component: start processing frame #196
01-21 20:43:38.163   708 18763 I VSP     : VP8DecSetCurRecPic,104,picid 196,header 0xf27cd570
01-21 20:43:38.163   708 18763 I C2UnisocVp8Dec: setDecodeArgs, pBufCtrl: 0xf27d0ff0, pBufCtrl->phyAddr: 0x203d3000, frameIndex: 196, timeStamp: 27803719000, inSize: 5099, inOffset: 0
01-21 20:43:38.163   708 18764 V C2UnisocVp8Dec: fetchGraphicBlock, stride: 640, sliceHeight: 368, mDecoderSwFlag: 0
01-21 20:43:38.165   708 18763 V C2UnisocVp8Dec: VSP_bind_cb, phyAddr: 0x203d3000, pOutBlockInfo: 0xf27cd570, pBufCtrl: 0xf27d0ff0; iRefCount=0
01-21 20:43:38.165   708 18763 V C2UnisocVp8Dec: VSP_unbind_cb, phyAddr: 0x202ce000, pOutBlockInfo: 0xf27d13e0, pBufCtrl: 0xf27c95e0; iRefCount=1
01-21 20:43:38.165   708 18763 I C2UnisocVp8Dec: process, decRet: 0, 2ms, dec_out.frameEffective: 1, has_pic: 1, picId: 196, consume byte: 5099
01-21 20:43:38.165   708 18763 I C2UnisocVp8Dec: drainOneOutputBuffer, pBufCtrl: 0xf27d0ff0, pBufCtrl->phyAddr: 0x203d3000, frameIndex: 196
01-21 20:43:38.166   708 18764 D C2UnisocVideoDecoderComponent: fetch one queue free block:0xf27ccb20,iRefCount:0
01-21 20:43:38.166   708 18764 I C2UnisocVp8Dec: resetOutBlock, fd: 43, iova: 0x202ce000, mDecoderSwFlag: 0
01-21 20:43:38.166   708 18763 V SimpleUnisocC2Component: processed frame #196
01-21 20:43:38.166   708 18763 V SimpleUnisocC2Component: returning this work, frameIndex: 196
01-21 20:43:38.166 18303 18762 I mali_gralloc: register: id=0x2c100001c73, importpid=708
01-21 20:43:38.166 18303 18762 I mali_gralloc: unregister: id=0x2c100001c73, base=0x0, importpid=18303
01-21 20:43:38.174   698  6594 I audio_hw_primary: app type:0x   5, is_voip:0, device:2, pcm:-176945824, usecase:0x   2
01-21 20:43:38.196   708 18763 V SimpleUnisocC2Component: start processing frame #197
01-21 20:43:38.196   708 18763 I VSP     : VP8DecSetCurRecPic,104,picid 197,header 0xf27ccb20
01-21 20:43:38.196   708 18763 I C2UnisocVp8Dec: setDecodeArgs, pBufCtrl: 0xf27d1680, pBufCtrl->phyAddr: 0x20277000, frameIndex: 197, timeStamp: 27803752000, inSize: 513, inOffset: 0
01-21 20:43:38.196   708 18764 V C2UnisocVp8Dec: fetchGraphicBlock, stride: 640, sliceHeight: 368, mDecoderSwFlag: 0
01-21 20:43:38.198   708 18763 V C2UnisocVp8Dec: VSP_bind_cb, phyAddr: 0x20277000, pOutBlockInfo: 0xf27ccb20, pBufCtrl: 0xf27d1680; iRefCount=0
01-21 20:43:38.198   708 18763 V C2UnisocVp8Dec: VSP_unbind_cb, phyAddr: 0x203d3000, pOutBlockInfo: 0xf27cd570, pBufCtrl: 0xf27d0ff0; iRefCount=1
01-21 20:43:38.198   708 18763 I C2UnisocVp8Dec: process, decRet: 0, 2ms, dec_out.frameEffective: 1, has_pic: 1, picId: 197, consume byte: 513
01-21 20:43:38.198   708 18763 I C2UnisocVp8Dec: drainOneOutputBuffer, pBufCtrl: 0xf27d1680, pBufCtrl->phyAddr: 0x20277000, frameIndex: 197
01-21 20:43:38.199   708 18764 D C2UnisocVideoDecoderComponent: fetch one queue free block:0xf27cea10,iRefCount:0
01-21 20:43:38.199   708 18763 V SimpleUnisocC2Component: processed frame #197
01-21 20:43:38.199   708 18763 V SimpleUnisocC2Component: returning this work, frameIndex: 197
01-21 20:43:38.199   698  6594 I audio_hw_primary: app type:0x   5, is_voip:0, device:2, pcm:-176945824, usecase:0x   2
01-21 20:43:38.200 18303 18762 I mali_gralloc: register: id=0x2c100001c77, importpid=708
01-21 20:43:38.200 18303 18762 I mali_gralloc: unregister: id=0x2c100001c77, base=0x0, importpid=18303
01-21 20:43:38.242   698  6594 I audio_hw_primary: app type:0x   5, is_voip:0, device:2, pcm:-176945824, usecase:0x   2
01-21 20:43:38.269   708 18763 V SimpleUnisocC2Component: start processing frame #198
01-21 20:43:38.269   708 18763 I VSP     : VP8DecSetCurRecPic,104,picid 198,header 0xf27cea10
01-21 20:43:38.270   708 18763 I C2UnisocVp8Dec: setDecodeArgs, pBufCtrl: 0xf27ce410, pBufCtrl->phyAddr: 0x202ce000, frameIndex: 198, timeStamp: 27803787000, inSize: 219, inOffset: 0
01-21 20:43:38.270   708 18764 V C2UnisocVp8Dec: fetchGraphicBlock, stride: 640, sliceHeight: 368, mDecoderSwFlag: 0
01-21 20:43:38.270   708 18764 I C2UnisocVp8Dec: resetOutBlock, fd: 25, iova: 0x203d3000, mDecoderSwFlag: 0
01-21 20:43:38.271   708 18763 V C2UnisocVp8Dec: VSP_bind_cb, phyAddr: 0x202ce000, pOutBlockInfo: 0xf27cea10, pBufCtrl: 0xf27ce410; iRefCount=0
01-21 20:43:38.272   708 18763 V C2UnisocVp8Dec: VSP_unbind_cb, phyAddr: 0x20277000, pOutBlockInfo: 0xf27ccb20, pBufCtrl: 0xf27d1680; iRefCount=1
01-21 20:43:38.272   708 18763 I C2UnisocVp8Dec: process, decRet: 0, 2ms, dec_out.frameEffective: 1, has_pic: 1, picId: 198, consume byte: 219
01-21 20:43:38.272   708 18763 I C2UnisocVp8Dec: drainOneOutputBuffer, pBufCtrl: 0xf27ce410, pBufCtrl->phyAddr: 0x202ce000, frameIndex: 198
01-21 20:43:38.272   708 18763 V SimpleUnisocC2Component: processed frame #198
01-21 20:43:38.272   708 18763 V SimpleUnisocC2Component: returning this work, frameIndex: 198
01-21 20:43:38.272   708 18764 I C2UnisocVp8Dec: resetOutBlock, fd: 37, iova: 0x20277000, mDecoderSwFlag: 0
01-21 20:43:38.273   708 18764 D C2UnisocVideoDecoderComponent: fetch one queue free block:0xf27d13e0,iRefCount:0
01-21 20:43:38.273 18303 18762 I mali_gralloc: register: id=0x2c100001c75, importpid=708
01-21 20:43:38.274 18303 18762 I mali_gralloc: unregister: id=0x2c100001c75, base=0x0, importpid=18303
01-21 20:43:38.285   698  6594 I audio_hw_primary: app type:0x   5, is_voip:0, device:2, pcm:-176945824, usecase:0x   2
01-21 20:43:38.306   708 18763 V SimpleUnisocC2Component: start processing frame #199
01-21 20:43:38.306   708 18763 I VSP     : VP8DecSetCurRecPic,104,picid 199,header 0xf27d13e0
01-21 20:43:38.307   708 18763 I C2UnisocVp8Dec: setDecodeArgs, pBufCtrl: 0xf27c95e0, pBufCtrl->phyAddr: 0x20277000, frameIndex: 199, timeStamp: 27803861000, inSize: 203, inOffset: 0
01-21 20:43:38.307   708 18764 V C2UnisocVp8Dec: fetchGraphicBlock, stride: 640, sliceHeight: 368, mDecoderSwFlag: 0
01-21 20:43:38.308   708 18763 V C2UnisocVp8Dec: VSP_bind_cb, phyAddr: 0x20277000, pOutBlockInfo: 0xf27d13e0, pBufCtrl: 0xf27c95e0; iRefCount=0
01-21 20:43:38.308   708 18763 V C2UnisocVp8Dec: VSP_unbind_cb, phyAddr: 0x202ce000, pOutBlockInfo: 0xf27cea10, pBufCtrl: 0xf27ce410; iRefCount=1
01-21 20:43:38.309   708 18763 I C2UnisocVp8Dec: process, decRet: 0, 1ms, dec_out.frameEffective: 1, has_pic: 1, picId: 199, consume byte: 203
