01-21 20:43:45.540 18303 18762 I mali_gralloc: register: id=0x2c100001c7f, importpid=708
01-21 20:43:45.540 18303 18762 I mali_gralloc: unregister: id=0x2c100001c7f, base=0x0, importpid=18303
01-21 20:43:45.570   708 18776 V SimpleUnisocC2Component: start processing frame #19
01-21 20:43:45.570   708 18776 I VSP     : VP8DecSetCurRecPic,104,picid 19,header 0xf27cebf0
01-21 20:43:45.570   708 18776 I C2UnisocVp8Dec: setDecodeArgs, pBufCtrl: 0xf27cf580, pBufCtrl->phyAddr: 0x20460000, frameIndex: 19, timeStamp: 27811018000, inSize: 329, inOffset: 0
01-21 20:43:45.570   708 18777 V C2UnisocVp8Dec: fetchGraphicBlock, stride: 960, sliceHeight: 544, mDecoderSwFlag: 0
01-21 20:43:45.571   708 18777 I C2UnisocVp8Dec: resetOutBlock, fd: 26, iova: 0x20520000, mDecoderSwFlag: 0
01-21 20:43:45.574   708 18776 V C2UnisocVp8Dec: VSP_bind_cb, phyAddr: 0x20460000, pOutBlockInfo: 0xf27cebf0, pBufCtrl: 0xf27cf580; iRefCount=0
01-21 20:43:45.574   708 18776 V C2UnisocVp8Dec: VSP_unbind_cb, phyAddr: 0x202e0000, pOutBlockInfo: 0xf27c6790, pBufCtrl: 0xf27d0780; iRefCount=1
01-21 20:43:45.574   708 18776 I C2UnisocVp8Dec: process, decRet: 0, 3ms, dec_out.frameEffective: 1, has_pic: 1, picId: 19, consume byte: 329
01-21 20:43:45.574   708 18776 I C2UnisocVp8Dec: drainOneOutputBuffer, pBufCtrl: 0xf27cf580, pBufCtrl->phyAddr: 0x20460000, frameIndex: 19
01-21 20:43:45.574   708 18776 V SimpleUnisocC2Component: processed frame #19
01-21 20:43:45.574   708 18776 V SimpleUnisocC2Component: returning this work, frameIndex: 19
01-21 20:43:45.574   708 18777 I C2UnisocVp8Dec: resetOutBlock, fd: 27, iova: 0x202e0000, mDecoderSwFlag: 0
01-21 20:43:45.575   708 18777 D C2UnisocVideoDecoderComponent: fetch one queue free block:0xf27d01b0,iRefCount:0
01-21 20:43:45.576   698  6594 I audio_hw_primary: app type:0x   5, is_voip:0, device:2, pcm:-176945824, usecase:0x   2
01-21 20:43:45.577 18303 18762 I mali_gralloc: register: id=0x2c100001c7d, importpid=708
01-21 20:43:45.577 18303 18762 I mali_gralloc: unregister: id=0x2c100001c7d, base=0x0, importpid=18303
01-21 20:43:45.599   698  6594 I audio_hw_primary: app type:0x   5, is_voip:0, device:2, pcm:-176945824, usecase:0x   2
01-21 20:43:45.602   708 18776 V SimpleUnisocC2Component: start processing frame #20
01-21 20:43:45.602   708 18776 I VSP     : VP8DecSetCurRecPic,104,picid 20,header 0xf27d01b0
01-21 20:43:45.603   708 18776 I C2UnisocVp8Dec: setDecodeArgs, pBufCtrl: 0xf27cd9f0, pBufCtrl->phyAddr: 0x202e0000, frameIndex: 20, timeStamp: 27811051000, inSize: 8901, inOffset: 0
01-21 20:43:45.603   708 18777 V C2UnisocVp8Dec: fetchGraphicBlock, stride: 960, sliceHeight: 544, mDecoderSwFlag: 0
01-21 20:43:45.607   708 18776 V C2UnisocVp8Dec: VSP_bind_cb, phyAddr: 0x202e0000, pOutBlockInfo: 0xf27d01b0, pBufCtrl: 0xf27cd9f0; iRefCount=0
01-21 20:43:45.607   708 18776 V C2UnisocVp8Dec: VSP_unbind_cb, phyAddr: 0x20460000, pOutBlockInfo: 0xf27cebf0, pBufCtrl: 0xf27cf580; iRefCount=1
01-21 20:43:45.607   708 18776 I C2UnisocVp8Dec: process, decRet: 0, 4ms, dec_out.frameEffective: 1, has_pic: 1, picId: 20, consume byte: 8901
01-21 20:43:45.607   708 18776 I C2UnisocVp8Dec: drainOneOutputBuffer, pBufCtrl: 0xf27cd9f0, pBufCtrl->phyAddr: 0x202e0000, frameIndex: 20
01-21 20:43:45.607   708 18777 D C2UnisocVideoDecoderComponent: fetch one queue free block:0xf27cd960,iRefCount:0
01-21 20:43:45.607   708 18776 V SimpleUnisocC2Component: processed frame #20
01-21 20:43:45.607   708 18776 V SimpleUnisocC2Component: returning this work, frameIndex: 20
01-21 20:43:45.607   708 18777 I C2UnisocVp8Dec: resetOutBlock, fd: 29, iova: 0x20460000, mDecoderSwFlag: 0
01-21 20:43:45.608 18303 18762 I mali_gralloc: register: id=0x2c100001c83, importpid=708
01-21 20:43:45.608 18303 18762 I mali_gralloc: unregister: id=0x2c100001c83, base=0x0, importpid=18303
01-21 20:43:45.636   708 18776 V SimpleUnisocC2Component: start processing frame #21
01-21 20:43:45.637   708 18776 I VSP     : VP8DecSetCurRecPic,104,picid 21,header 0xf27cd960
01-21 20:43:45.637   708 18776 I C2UnisocVp8Dec: setDecodeArgs, pBufCtrl: 0xf27cf430, pBufCtrl->phyAddr: 0x20520000, frameIndex: 21, timeStamp: 27811085000, inSize: 929, inOffset: 0
01-21 20:43:45.637   708 18777 V C2UnisocVp8Dec: fetchGraphicBlock, stride: 960, sliceHeight: 544, mDecoderSwFlag: 0
01-21 20:43:45.640   708 18776 V C2UnisocVp8Dec: VSP_bind_cb, phyAddr: 0x20520000, pOutBlockInfo: 0xf27cd960, pBufCtrl: 0xf27cf430; iRefCount=0
01-21 20:43:45.640   708 18776 V C2UnisocVp8Dec: VSP_unbind_cb, phyAddr: 0x202e0000, pOutBlockInfo: 0xf27d01b0, pBufCtrl: 0xf27cd9f0; iRefCount=1
01-21 20:43:45.640   708 18776 I C2UnisocVp8Dec: process, decRet: 0, 3ms, dec_out.frameEffective: 1, has_pic: 1, picId: 21, consume byte: 929
01-21 20:43:45.640   708 18776 I C2UnisocVp8Dec: drainOneOutputBuffer, pBufCtrl: 0xf27cf430, pBufCtrl->phyAddr: 0x20520000, frameIndex: 21
01-21 20:43:45.641   708 18776 V SimpleUnisocC2Component: processed frame #21
01-21 20:43:45.641   708 18776 V SimpleUnisocC2Component: returning this work, frameIndex: 21
01-21 20:43:45.641   708 18777 D C2UnisocVideoDecoderComponent: fetch one queue free block:0xf27c6790,iRefCount:0
01-21 20:43:45.641   708 18777 I C2UnisocVp8Dec: resetOutBlock, fd: 43, iova: 0x202e0000, mDecoderSwFlag: 0
01-21 20:43:45.641 18303 18762 I mali_gralloc: register: id=0x2c100001c7e, importpid=708
01-21 20:43:45.641 18303 18762 I mali_gralloc: unregister: id=0x2c100001c7e, base=0x0, importpid=18303
01-21 20:43:45.644   698  6594 I audio_hw_primary: app type:0x   5, is_voip:0, device:2, pcm:-176945824, usecase:0x   2
01-21 20:43:45.672   708 18776 V SimpleUnisocC2Component: start processing frame #22
01-21 20:43:45.672   708 18776 I VSP     : VP8DecSetCurRecPic,104,picid 22,header 0xf27c6790
01-21 20:43:45.672   708 18776 I C2UnisocVp8Dec: setDecodeArgs, pBufCtrl: 0xf27d0780, pBufCtrl->phyAddr: 0x20460000, frameIndex: 22, timeStamp: 27811119000, inSize: 229, inOffset: 0
01-21 20:43:45.672   708 18777 V C2UnisocVp8Dec: fetchGraphicBlock, stride: 960, sliceHeight: 544, mDecoderSwFlag: 0
01-21 20:43:45.675   708 18776 V C2UnisocVp8Dec: VSP_bind_cb, phyAddr: 0x20460000, pOutBlockInfo: 0xf27c6790, pBufCtrl: 0xf27d0780; iRefCount=0
01-21 20:43:45.675   708 18776 V C2UnisocVp8Dec: VSP_unbind_cb, phyAddr: 0x20520000, pOutBlockInfo: 0xf27cd960, pBufCtrl: 0xf27cf430; iRefCount=1
01-21 20:43:45.675   708 18776 I C2UnisocVp8Dec: process, decRet: 0, 3ms, dec_out.frameEffective: 1, has_pic: 1, picId: 22, consume byte: 229
01-21 20:43:45.675   708 18776 I C2UnisocVp8Dec: drainOneOutputBuffer, pBufCtrl: 0xf27d0780, pBufCtrl->phyAddr: 0x20460000, frameIndex: 22
01-21 20:43:45.675   708 18777 D C2UnisocVideoDecoderComponent: fetch one queue free block:0xf27cebf0,iRefCount:0
01-21 20:43:45.675   708 18776 V SimpleUnisocC2Component: processed frame #22
01-21 20:43:45.675   708 18776 V SimpleUnisocC2Component: returning this work, frameIndex: 22
01-21 20:43:45.676 18303 18762 I mali_gralloc: register: id=0x2c100001c7f, importpid=708
01-21 20:43:45.676 18303 18762 I mali_gralloc: unregister: id=0x2c100001c7f, base=0x0, importpid=18303
01-21 20:43:45.686   698  6594 I audio_hw_primary: app type:0x   5, is_voip:0, device:2, pcm:-176945824, usecase:0x   2
01-21 20:43:45.703   708 18776 V SimpleUnisocC2Component: start processing frame #23
01-21 20:43:45.703   708 18776 I VSP     : VP8DecSetCurRecPic,104,picid 23,header 0xf27cebf0
01-21 20:43:45.703   708 18776 I C2UnisocVp8Dec: setDecodeArgs, pBufCtrl: 0xf27cf580, pBufCtrl->phyAddr: 0x202e0000, frameIndex: 23, timeStamp: 27811152000, inSize: 210, inOffset: 0
01-21 20:43:45.703   708 18777 V C2UnisocVp8Dec: fetchGraphicBlock, stride: 960, sliceHeight: 544, mDecoderSwFlag: 0
01-21 20:43:45.704   708 18777 I C2UnisocVp8Dec: resetOutBlock, fd: 26, iova: 0x20520000, mDecoderSwFlag: 0
01-21 20:43:45.707   708 18776 V C2UnisocVp8Dec: VSP_bind_cb, phyAddr: 0x202e0000, pOutBlockInfo: 0xf27cebf0, pBufCtrl: 0xf27cf580; iRefCount=0
01-21 20:43:45.707   708 18776 V C2UnisocVp8Dec: VSP_unbind_cb, phyAddr: 0x20460000, pOutBlockInfo: 0xf27c6790, pBufCtrl: 0xf27d0780; iRefCount=1
01-21 20:43:45.707   708 18776 I C2UnisocVp8Dec: process, decRet: 0, 3ms, dec_out.frameEffective: 1, has_pic: 1, picId: 23, consume byte: 210
01-21 20:43:45.707   708 18776 I C2UnisocVp8Dec: drainOneOutputBuffer, pBufCtrl: 0xf27cf580, pBufCtrl->phyAddr: 0x202e0000, frameIndex: 23
01-21 20:43:45.707   708 18777 I C2UnisocVp8Dec: resetOutBlock, fd: 27, iova: 0x20460000, mDecoderSwFlag: 0
01-21 20:43:45.707   708 18776 V SimpleUnisocC2Component: processed frame #23
01-21 20:43:45.707   708 18776 V SimpleUnisocC2Component: returning this work, frameIndex: 23
01-21 20:43:45.707   708 18777 D C2UnisocVideoDecoderComponent: fetch one queue free block:0xf27d01b0,iRefCount:0
01-21 20:43:45.708 18303 18762 I mali_gralloc: register: id=0x2c100001c7d, importpid=708
01-21 20:43:45.708 18303 18762 I mali_gralloc: unregister: id=0x2c100001c7d, base=0x0, importpid=18303
01-21 20:43:45.730   698  6594 I audio_hw_primary: app type:0x   5, is_voip:0, device:2, pcm:-176945824, usecase:0x   2
01-21 20:43:45.737   708 18776 V SimpleUnisocC2Component: start processing frame #24
01-21 20:43:45.737   708 18776 I VSP     : VP8DecSetCurRecPic,104,picid 24,header 0xf27d01b0
01-21 20:43:45.738   708 18776 I C2UnisocVp8Dec: setDecodeArgs, pBufCtrl: 0xf27cd9f0, pBufCtrl->phyAddr: 0x20460000, frameIndex: 24, timeStamp: 27811186000, inSize: 210, inOffset: 0
01-21 20:43:45.738   708 18777 V C2UnisocVp8Dec: fetchGraphicBlock, stride: 960, sliceHeight: 544, mDecoderSwFlag: 0
01-21 20:43:45.741   708 18776 V C2UnisocVp8Dec: VSP_bind_cb, phyAddr: 0x20460000, pOutBlockInfo: 0xf27d01b0, pBufCtrl: 0xf27cd9f0; iRefCount=0
01-21 20:43:45.741   708 18776 V C2UnisocVp8Dec: VSP_unbind_cb, phyAddr: 0x202e0000, pOutBlockInfo: 0xf27cebf0, pBufCtrl: 0xf27cf580; iRefCount=1
01-21 20:43:45.741   708 18776 I C2UnisocVp8Dec: process, decRet: 0, 3ms, dec_out.frameEffective: 1, has_pic: 1, picId: 24, consume byte: 210
01-21 20:43:45.741   708 18776 I C2UnisocVp8Dec: drainOneOutputBuffer, pBufCtrl: 0xf27cd9f0, pBufCtrl->phyAddr: 0x20460000, frameIndex: 24
01-21 20:43:45.742   708 18777 D C2UnisocVideoDecoderComponent: fetch one queue free block:0xf27cd960,iRefCount:0
01-21 20:43:45.742   708 18777 I C2UnisocVp8Dec: resetOutBlock, fd: 29, iova: 0x202e0000, mDecoderSwFlag: 0
01-21 20:43:45.742   708 18776 V SimpleUnisocC2Component: processed frame #24
01-21 20:43:45.742   708 18776 V SimpleUnisocC2Component: returning this work, frameIndex: 24
01-21 20:43:45.742 18303 18762 I mali_gralloc: register: id=0x2c100001c83, importpid=708
01-21 20:43:45.743 18303 18762 I mali_gralloc: unregister: id=0x2c100001c83, base=0x0, importpid=18303
01-21 20:43:45.772   708 18776 V SimpleUnisocC2Component: start processing frame #25
01-21 20:43:45.772   708 18776 I VSP     : VP8DecSetCurRecPic,104,picid 25,header 0xf27cd960
01-21 20:43:45.772   708 18777 V C2UnisocVp8Dec: fetchGraphicBlock, stride: 960, sliceHeight: 544, mDecoderSwFlag: 0
01-21 20:43:45.772   708 18776 I C2UnisocVp8Dec: setDecodeArgs, pBufCtrl: 0xf27cf430, pBufCtrl->phyAddr: 0x20520000, frameIndex: 25, timeStamp: 27811219000, inSize: 6736, inOffset: 0
01-21 20:43:45.774   698  6594 I audio_hw_primary: app type:0x   5, is_voip:0, device:2, pcm:-176945824, usecase:0x   2
01-21 20:43:45.776   708 18776 V C2UnisocVp8Dec: VSP_bind_cb, phyAddr: 0x20520000, pOutBlockInfo: 0xf27cd960, pBufCtrl: 0xf27cf430; iRefCount=0
01-21 20:43:45.776   708 18776 V C2UnisocVp8Dec: VSP_unbind_cb, phyAddr: 0x20460000, pOutBlockInfo: 0xf27d01b0, pBufCtrl: 0xf27cd9f0; iRefCount=1
01-21 20:43:45.776   708 18776 I C2UnisocVp8Dec: process, decRet: 0, 3ms, dec_out.frameEffective: 1, has_pic: 1, picId: 25, consume byte: 6736
01-21 20:43:45.776   708 18776 I C2UnisocVp8Dec: drainOneOutputBuffer, pBufCtrl: 0xf27cf430, pBufCtrl->phyAddr: 0x20520000, frameIndex: 25
01-21 20:43:45.776   708 18777 D C2UnisocVideoDecoderComponent: fetch one queue free block:0xf27c6790,iRefCount:0
01-21 20:43:45.776   708 18777 I C2UnisocVp8Dec: resetOutBlock, fd: 43, iova: 0x20460000, mDecoderSwFlag: 0
01-21 20:43:45.776   708 18776 V SimpleUnisocC2Component: processed frame #25
01-21 20:43:45.776   708 18776 V SimpleUnisocC2Component: returning this work, frameIndex: 25
01-21 20:43:45.777 18303 18762 I mali_gralloc: register: id=0x2c100001c7e, importpid=708
01-21 20:43:45.777 18303 18762 I mali_gralloc: unregister: id=0x2c100001c7e, base=0x0, importpid=18303
01-21 20:43:45.779 18303 18694 I org.webrtc.Logging: EglRenderer: Duration: 4002 ms. Frames received: 114. Dropped: 0. Rendered: 114. Render fps: 28.5. Average render time: 3716 us. Average swapBuffer time: 1893 us.
01-21 20:43:45.798   698  6594 I audio_hw_primary: app type:0x   5, is_voip:0, device:2, pcm:-176945824, usecase:0x   2
01-21 20:43:45.804   708 18776 V SimpleUnisocC2Component: start processing frame #26
01-21 20:43:45.804   708 18776 I VSP     : VP8DecSetCurRecPic,104,picid 26,header 0xf27c6790
01-21 20:43:45.804   708 18776 I C2UnisocVp8Dec: setDecodeArgs, pBufCtrl: 0xf27d0780, pBufCtrl->phyAddr: 0x202e0000, frameIndex: 26, timeStamp: 27811253000, inSize: 1048, inOffset: 0
01-21 20:43:45.804   708 18777 V C2UnisocVp8Dec: fetchGraphicBlock, stride: 960, sliceHeight: 544, mDecoderSwFlag: 0
01-21 20:43:45.808   708 18776 V C2UnisocVp8Dec: VSP_bind_cb, phyAddr: 0x202e0000, pOutBlockInfo: 0xf27c6790, pBufCtrl: 0xf27d0780; iRefCount=0
01-21 20:43:45.808   708 18776 V C2UnisocVp8Dec: VSP_unbind_cb, phyAddr: 0x20520000, pOutBlockInfo: 0xf27cd960, pBufCtrl: 0xf27cf430; iRefCount=1
01-21 20:43:45.808   708 18776 I C2UnisocVp8Dec: process, decRet: 0, 3ms, dec_out.frameEffective: 1, has_pic: 1, picId: 26, consume byte: 1048
01-21 20:43:45.808   708 18776 I C2UnisocVp8Dec: drainOneOutputBuffer, pBufCtrl: 0xf27d0780, pBufCtrl->phyAddr: 0x202e0000, frameIndex: 26
01-21 20:43:45.808   708 18777 D C2UnisocVideoDecoderComponent: fetch one queue free block:0xf27cebf0,iRefCount:0
01-21 20:43:45.808   708 18776 V SimpleUnisocC2Component: processed frame #26
01-21 20:43:45.808   708 18776 V SimpleUnisocC2Component: returning this work, frameIndex: 26
01-21 20:43:45.809 18303 18762 I mali_gralloc: register: id=0x2c100001c7f, importpid=708
01-21 20:43:45.809 18303 18762 I mali_gralloc: unregister: id=0x2c100001c7f, base=0x0, importpid=18303
01-21 20:43:45.838   708 18776 V SimpleUnisocC2Component: start processing frame #27
01-21 20:43:45.838   708 18776 I VSP     : VP8DecSetCurRecPic,104,picid 27,header 0xf27cebf0
01-21 20:43:45.838   708 18776 I C2UnisocVp8Dec: setDecodeArgs, pBufCtrl: 0xf27cf580, pBufCtrl->phyAddr: 0x20460000, frameIndex: 27, timeStamp: 27811287000, inSize: 259, inOffset: 0
01-21 20:43:45.838   708 18777 V C2UnisocVp8Dec: fetchGraphicBlock, stride: 960, sliceHeight: 544, mDecoderSwFlag: 0
01-21 20:43:45.839   708 18777 I C2UnisocVp8Dec: resetOutBlock, fd: 26, iova: 0x20520000, mDecoderSwFlag: 0
01-21 20:43:45.841   708 18776 V C2UnisocVp8Dec: VSP_bind_cb, phyAddr: 0x20460000, pOutBlockInfo: 0xf27cebf0, pBufCtrl: 0xf27cf580; iRefCount=0
01-21 20:43:45.841   708 18776 V C2UnisocVp8Dec: VSP_unbind_cb, phyAddr: 0x202e0000, pOutBlockInfo: 0xf27c6790, pBufCtrl: 0xf27d0780; iRefCount=1
01-21 20:43:45.841   708 18776 I C2UnisocVp8Dec: process, decRet: 0, 3ms, dec_out.frameEffective: 1, has_pic: 1, picId: 27, consume byte: 259
01-21 20:43:45.841   708 18776 I C2UnisocVp8Dec: drainOneOutputBuffer, pBufCtrl: 0xf27cf580, pBufCtrl->phyAddr: 0x20460000, frameIndex: 27
01-21 20:43:45.842   698  6594 I audio_hw_primary: app type:0x   5, is_voip:0, device:2, pcm:-176945824, usecase:0x   2
01-21 20:43:45.842   708 18777 I C2UnisocVp8Dec: resetOutBlock, fd: 27, iova: 0x202e0000, mDecoderSwFlag: 0
01-21 20:43:45.842   708 18776 V SimpleUnisocC2Component: processed frame #27
01-21 20:43:45.842   708 18776 V SimpleUnisocC2Component: returning this work, frameIndex: 27
01-21 20:43:45.842   708 18777 D C2UnisocVideoDecoderComponent: fetch one queue free block:0xf27d01b0,iRefCount:0
01-21 20:43:45.843 18303 18762 I mali_gralloc: register: id=0x2c100001c7d, importpid=708
01-21 20:43:45.843 18303 18762 I mali_gralloc: unregister: id=0x2c100001c7d, base=0x0, importpid=18303
01-21 20:43:45.872   708 18776 V SimpleUnisocC2Component: start processing frame #28
01-21 20:43:45.873   708 18776 I VSP     : VP8DecSetCurRecPic,104,picid 28,header 0xf27d01b0
01-21 20:43:45.873   708 18776 I C2UnisocVp8Dec: setDecodeArgs, pBufCtrl: 0xf27cd9f0, pBufCtrl->phyAddr: 0x202e0000, frameIndex: 28, timeStamp: 27811321000, inSize: 247, inOffset: 0
01-21 20:43:45.873   708 18777 V C2UnisocVp8Dec: fetchGraphicBlock, stride: 960, sliceHeight: 544, mDecoderSwFlag: 0
01-21 20:43:45.876   708 18776 V C2UnisocVp8Dec: VSP_bind_cb, phyAddr: 0x202e0000, pOutBlockInfo: 0xf27d01b0, pBufCtrl: 0xf27cd9f0; iRefCount=0
01-21 20:43:45.876   708 18776 V C2UnisocVp8Dec: VSP_unbind_cb, phyAddr: 0x20460000, pOutBlockInfo: 0xf27cebf0, pBufCtrl: 0xf27cf580; iRefCount=1
01-21 20:43:45.876   708 18776 I C2UnisocVp8Dec: process, decRet: 0, 3ms, dec_out.frameEffective: 1, has_pic: 1, picId: 28, consume byte: 247
01-21 20:43:45.876   708 18776 I C2UnisocVp8Dec: drainOneOutputBuffer, pBufCtrl: 0xf27cd9f0, pBufCtrl->phyAddr: 0x202e0000, frameIndex: 28
01-21 20:43:45.877   708 18776 V SimpleUnisocC2Component: processed frame #28
01-21 20:43:45.877   708 18776 V SimpleUnisocC2Component: returning this work, frameIndex: 28
01-21 20:43:45.877   708 18777 D C2UnisocVideoDecoderComponent: fetch one queue free block:0xf27cd960,iRefCount:0
01-21 20:43:45.877   708 18777 I C2UnisocVp8Dec: resetOutBlock, fd: 29, iova: 0x20460000, mDecoderSwFlag: 0
01-21 20:43:45.878 18303 18762 I mali_gralloc: register: id=0x2c100001c83, importpid=708
01-21 20:43:45.878 18303 18762 I mali_gralloc: unregister: id=0x2c100001c83, base=0x0, importpid=18303
01-21 20:43:45.885   698  6594 I audio_hw_primary: app type:0x   5, is_voip:0, device:2, pcm:-176945824, usecase:0x   2
01-21 20:43:45.906   708 18776 V SimpleUnisocC2Component: start processing frame #29
01-21 20:43:45.907   708 18776 I VSP     : VP8DecSetCurRecPic,104,picid 29,header 0xf27cd960
01-21 20:43:45.907   708 18776 I C2UnisocVp8Dec: setDecodeArgs, pBufCtrl: 0xf27cf430, pBufCtrl->phyAddr: 0x20520000, frameIndex: 29, timeStamp: 27811355000, inSize: 248, inOffset: 0
01-21 20:43:45.907   708 18777 V C2UnisocVp8Dec: fetchGraphicBlock, stride: 960, sliceHeight: 544, mDecoderSwFlag: 0
01-21 20:43:45.910   708 18776 V C2UnisocVp8Dec: VSP_bind_cb, phyAddr: 0x20520000, pOutBlockInfo: 0xf27cd960, pBufCtrl: 0xf27cf430; iRefCount=0
01-21 20:43:45.910   708 18776 V C2UnisocVp8Dec: VSP_unbind_cb, phyAddr: 0x202e0000, pOutBlockInfo: 0xf27d01b0, pBufCtrl: 0xf27cd9f0; iRefCount=1
01-21 20:43:45.910   708 18776 I C2UnisocVp8Dec: process, decRet: 0, 3ms, dec_out.frameEffective: 1, has_pic: 1, picId: 29, consume byte: 248
01-21 20:43:45.910   708 18776 I C2UnisocVp8Dec: drainOneOutputBuffer, pBufCtrl: 0xf27cf430, pBufCtrl->phyAddr: 0x20520000, frameIndex: 29
01-21 20:43:45.910   708 18776 V SimpleUnisocC2Component: processed frame #29
01-21 20:43:45.910   708 18776 V SimpleUnisocC2Component: returning this work, frameIndex: 29
01-21 20:43:45.910   708 18777 D C2UnisocVideoDecoderComponent: fetch one queue free block:0xf27c6790,iRefCount:0
01-21 20:43:45.910   708 18777 I C2UnisocVp8Dec: resetOutBlock, fd: 43, iova: 0x202e0000, mDecoderSwFlag: 0
01-21 20:43:45.911 18303 18762 I mali_gralloc: register: id=0x2c100001c7e, importpid=708
01-21 20:43:45.911 18303 18762 I mali_gralloc: unregister: id=0x2c100001c7e, base=0x0, importpid=18303
01-21 20:43:45.929   698  6594 I audio_hw_primary: app type:0x   5, is_voip:0, device:2, pcm:-176945824, usecase:0x   2
01-21 20:43:45.940   708 18776 V SimpleUnisocC2Component: start processing frame #30
01-21 20:43:45.941   708 18776 I VSP     : VP8DecSetCurRecPic,104,picid 30,header 0xf27c6790
01-21 20:43:45.941   708 18776 I C2UnisocVp8Dec: setDecodeArgs, pBufCtrl: 0xf27d0780, pBufCtrl->phyAddr: 0x20460000, frameIndex: 30, timeStamp: 27811389000, inSize: 255, inOffset: 0
01-21 20:43:45.941   708 18777 V C2UnisocVp8Dec: fetchGraphicBlock, stride: 960, sliceHeight: 544, mDecoderSwFlag: 0
01-21 20:43:45.944   708 18776 V C2UnisocVp8Dec: VSP_bind_cb, phyAddr: 0x20460000, pOutBlockInfo: 0xf27c6790, pBufCtrl: 0xf27d0780; iRefCount=0
01-21 20:43:45.944   708 18776 V C2UnisocVp8Dec: VSP_unbind_cb, phyAddr: 0x20520000, pOutBlockInfo: 0xf27cd960, pBufCtrl: 0xf27cf430; iRefCount=1
01-21 20:43:45.944   708 18776 I C2UnisocVp8Dec: process, decRet: 0, 3ms, dec_out.frameEffective: 1, has_pic: 1, picId: 30, consume byte: 255
01-21 20:43:45.944   708 18776 I C2UnisocVp8Dec: drainOneOutputBuffer, pBufCtrl: 0xf27d0780, pBufCtrl->phyAddr: 0x20460000, frameIndex: 30
01-21 20:43:45.945   708 18776 V SimpleUnisocC2Component: processed frame #30
01-21 20:43:45.945   708 18776 V SimpleUnisocC2Component: returning this work, frameIndex: 30
01-21 20:43:45.945   708 18777 D C2UnisocVideoDecoderComponent: fetch one queue free block:0xf27cebf0,iRefCount:0
01-21 20:43:45.946 18303 18762 I mali_gralloc: register: id=0x2c100001c7f, importpid=708
01-21 20:43:45.946 18303 18762 I mali_gralloc: unregister: id=0x2c100001c7f, base=0x0, importpid=18303
01-21 20:43:45.972   698  6594 I audio_hw_primary: app type:0x   5, is_voip:0, device:2, pcm:-176945824, usecase:0x   2
01-21 20:43:45.974   708 18776 V SimpleUnisocC2Component: start processing frame #31
01-21 20:43:45.974   708 18776 I VSP     : VP8DecSetCurRecPic,104,picid 31,header 0xf27cebf0
01-21 20:43:45.974   708 18776 I C2UnisocVp8Dec: setDecodeArgs, pBufCtrl: 0xf27cf580, pBufCtrl->phyAddr: 0x202e0000, frameIndex: 31, timeStamp: 27811423000, inSize: 244, inOffset: 0
01-21 20:43:45.974   708 18777 V C2UnisocVp8Dec: fetchGraphicBlock, stride: 960, sliceHeight: 544, mDecoderSwFlag: 0
01-21 20:43:45.975   708 18777 I C2UnisocVp8Dec: resetOutBlock, fd: 26, iova: 0x20520000, mDecoderSwFlag: 0
01-21 20:43:45.978   708 18776 V C2UnisocVp8Dec: VSP_bind_cb, phyAddr: 0x202e0000, pOutBlockInfo: 0xf27cebf0, pBufCtrl: 0xf27cf580; iRefCount=0
01-21 20:43:45.978   708 18776 V C2UnisocVp8Dec: VSP_unbind_cb, phyAddr: 0x20460000, pOutBlockInfo: 0xf27c6790, pBufCtrl: 0xf27d0780; iRefCount=1
01-21 20:43:45.978   708 18776 I C2UnisocVp8Dec: process, decRet: 0, 3ms, dec_out.frameEffective: 1, has_pic: 1, picId: 31, consume byte: 244
01-21 20:43:45.978   708 18776 I C2UnisocVp8Dec: drainOneOutputBuffer, pBufCtrl: 0xf27cf580, pBufCtrl->phyAddr: 0x202e0000, frameIndex: 31
01-21 20:43:45.978   708 18776 V SimpleUnisocC2Component: processed frame #31
01-21 20:43:45.978   708 18776 V SimpleUnisocC2Component: returning this work, frameIndex: 31
01-21 20:43:45.978   708 18777 I C2UnisocVp8Dec: resetOutBlock, fd: 27, iova: 0x20460000, mDecoderSwFlag: 0
01-21 20:43:45.979   708 18777 D C2UnisocVideoDecoderComponent: fetch one queue free block:0xf27d01b0,iRefCount:0
01-21 20:43:45.979 18303 18762 I mali_gralloc: register: id=0x2c100001c7d, importpid=708
01-21 20:43:45.979 18303 18762 I mali_gralloc: unregister: id=0x2c100001c7d, base=0x0, importpid=18303
01-21 20:43:46.008   708 18776 V SimpleUnisocC2Component: start processing frame #32
01-21 20:43:46.008   708 18776 I VSP     : VP8DecSetCurRecPic,104,picid 32,header 0xf27d01b0
01-21 20:43:46.008   708 18776 I C2UnisocVp8Dec: setDecodeArgs, pBufCtrl: 0xf27cd9f0, pBufCtrl->phyAddr: 0x20460000, frameIndex: 32, timeStamp: 27811456000, inSize: 247, inOffset: 0
01-21 20:43:46.008   708 18777 V C2UnisocVp8Dec: fetchGraphicBlock, stride: 960, sliceHeight: 544, mDecoderSwFlag: 0
01-21 20:43:46.012   708 18776 V C2UnisocVp8Dec: VSP_bind_cb, phyAddr: 0x20460000, pOutBlockInfo: 0xf27d01b0, pBufCtrl: 0xf27cd9f0; iRefCount=0
01-21 20:43:46.012   708 18776 V C2UnisocVp8Dec: VSP_unbind_cb, phyAddr: 0x202e0000, pOutBlockInfo: 0xf27cebf0, pBufCtrl: 0xf27cf580; iRefCount=1
01-21 20:43:46.012   708 18776 I C2UnisocVp8Dec: process, decRet: 0, 3ms, dec_out.frameEffective: 1, has_pic: 1, picId: 32, consume byte: 247
01-21 20:43:46.012   708 18776 I C2UnisocVp8Dec: drainOneOutputBuffer, pBufCtrl: 0xf27cd9f0, pBufCtrl->phyAddr: 0x20460000, frameIndex: 32
01-21 20:43:46.012   708 18777 D C2UnisocVideoDecoderComponent: fetch one queue free block:0xf27cd960,iRefCount:0
01-21 20:43:46.012   708 18777 I C2UnisocVp8Dec: resetOutBlock, fd: 29, iova: 0x202e0000, mDecoderSwFlag: 0
01-21 20:43:46.012   708 18776 V SimpleUnisocC2Component: processed frame #32
01-21 20:43:46.012   708 18776 V SimpleUnisocC2Component: returning this work, frameIndex: 32
01-21 20:43:46.013 18303 18762 I mali_gralloc: register: id=0x2c100001c83, importpid=708
01-21 20:43:46.013 18303 18762 I mali_gralloc: unregister: id=0x2c100001c83, base=0x0, importpid=18303
01-21 20:43:46.015   698  6594 I audio_hw_primary: app type:0x   5, is_voip:0, device:2, pcm:-176945824, usecase:0x   2
01-21 20:43:46.039   698  6594 I audio_hw_primary: app type:0x   5, is_voip:0, device:2, pcm:-176945824, usecase:0x   2
01-21 20:43:46.043   708 18776 V SimpleUnisocC2Component: start processing frame #33
01-21 20:43:46.043   708 18776 I VSP     : VP8DecSetCurRecPic,104,picid 33,header 0xf27cd960
01-21 20:43:46.043   708 18776 I C2UnisocVp8Dec: setDecodeArgs, pBufCtrl: 0xf27cf430, pBufCtrl->phyAddr: 0x20520000, frameIndex: 33, timeStamp: 27811491000, inSize: 245, inOffset: 0
01-21 20:43:46.043   708 18777 V C2UnisocVp8Dec: fetchGraphicBlock, stride: 960, sliceHeight: 544, mDecoderSwFlag: 0
01-21 20:43:46.047   708 18776 V C2UnisocVp8Dec: VSP_bind_cb, phyAddr: 0x20520000, pOutBlockInfo: 0xf27cd960, pBufCtrl: 0xf27cf430; iRefCount=0
01-21 20:43:46.047   708 18776 V C2UnisocVp8Dec: VSP_unbind_cb, phyAddr: 0x20460000, pOutBlockInfo: 0xf27d01b0, pBufCtrl: 0xf27cd9f0; iRefCount=1
01-21 20:43:46.047   708 18776 I C2UnisocVp8Dec: process, decRet: 0, 3ms, dec_out.frameEffective: 1, has_pic: 1, picId: 33, consume byte: 245
01-21 20:43:46.047   708 18776 I C2UnisocVp8Dec: drainOneOutputBuffer, pBufCtrl: 0xf27cf430, pBufCtrl->phyAddr: 0x20520000, frameIndex: 33
01-21 20:43:46.047   708 18777 D C2UnisocVideoDecoderComponent: fetch one queue free block:0xf27c6790,iRefCount:0
01-21 20:43:46.047   708 18776 V SimpleUnisocC2Component: processed frame #33
01-21 20:43:46.047   708 18777 I C2UnisocVp8Dec: resetOutBlock, fd: 43, iova: 0x20460000, mDecoderSwFlag: 0
01-21 20:43:46.047   708 18776 V SimpleUnisocC2Component: returning this work, frameIndex: 33
01-21 20:43:46.048 18303 18762 I mali_gralloc: register: id=0x2c100001c7e, importpid=708
01-21 20:43:46.049 18303 18762 I mali_gralloc: unregister: id=0x2c100001c7e, base=0x0, importpid=18303
01-21 20:43:46.077   708 18776 V SimpleUnisocC2Component: start processing frame #34
01-21 20:43:46.078   708 18776 I VSP     : VP8DecSetCurRecPic,104,picid 34,header 0xf27c6790
01-21 20:43:46.078   708 18776 I C2UnisocVp8Dec: setDecodeArgs, pBufCtrl: 0xf27d0780, pBufCtrl->phyAddr: 0x202e0000, frameIndex: 34, timeStamp: 27811525000, inSize: 245, inOffset: 0
01-21 20:43:46.078   708 18777 V C2UnisocVp8Dec: fetchGraphicBlock, stride: 960, sliceHeight: 544, mDecoderSwFlag: 0
01-21 20:43:46.081   708 18776 V C2UnisocVp8Dec: VSP_bind_cb, phyAddr: 0x202e0000, pOutBlockInfo: 0xf27c6790, pBufCtrl: 0xf27d0780; iRefCount=0
01-21 20:43:46.081   708 18776 V C2UnisocVp8Dec: VSP_unbind_cb, phyAddr: 0x20520000, pOutBlockInfo: 0xf27cd960, pBufCtrl: 0xf27cf430; iRefCount=1
01-21 20:43:46.081   708 18776 I C2UnisocVp8Dec: process, decRet: 0, 3ms, dec_out.frameEffective: 1, has_pic: 1, picId: 34, consume byte: 245
01-21 20:43:46.081   708 18776 I C2UnisocVp8Dec: drainOneOutputBuffer, pBufCtrl: 0xf27d0780, pBufCtrl->phyAddr: 0x202e0000, frameIndex: 34
01-21 20:43:46.081   708 18776 V SimpleUnisocC2Component: processed frame #34
01-21 20:43:46.081   708 18776 V SimpleUnisocC2Component: returning this work, frameIndex: 34
01-21 20:43:46.081   708 18777 D C2UnisocVideoDecoderComponent: fetch one queue free block:0xf27cebf0,iRefCount:0
01-21 20:43:46.082 18303 18762 I mali_gralloc: register: id=0x2c100001c7f, importpid=708
01-21 20:43:46.083 18303 18762 I mali_gralloc: unregister: id=0x2c100001c7f, base=0x0, importpid=18303
01-21 20:43:46.083   698  6594 I audio_hw_primary: app type:0x   5, is_voip:0, device:2, pcm:-176945824, usecase:0x   2
01-21 20:43:46.110   708 18776 V SimpleUnisocC2Component: start processing frame #35
01-21 20:43:46.110   708 18776 I VSP     : VP8DecSetCurRecPic,104,picid 35,header 0xf27cebf0
01-21 20:43:46.111   708 18776 I C2UnisocVp8Dec: setDecodeArgs, pBufCtrl: 0xf27cf580, pBufCtrl->phyAddr: 0x20460000, frameIndex: 35, timeStamp: 27811558000, inSize: 6230, inOffset: 0
01-21 20:43:46.110   708 18777 V C2UnisocVp8Dec: fetchGraphicBlock, stride: 960, sliceHeight: 544, mDecoderSwFlag: 0
01-21 20:43:46.111   708 18777 I C2UnisocVp8Dec: resetOutBlock, fd: 26, iova: 0x20520000, mDecoderSwFlag: 0
01-21 20:43:46.114   708 18776 V C2UnisocVp8Dec: VSP_bind_cb, phyAddr: 0x20460000, pOutBlockInfo: 0xf27cebf0, pBufCtrl: 0xf27cf580; iRefCount=0
01-21 20:43:46.114   708 18776 V C2UnisocVp8Dec: VSP_unbind_cb, phyAddr: 0x202e0000, pOutBlockInfo: 0xf27c6790, pBufCtrl: 0xf27d0780; iRefCount=1
01-21 20:43:46.114   708 18776 I C2UnisocVp8Dec: process, decRet: 0, 3ms, dec_out.frameEffective: 1, has_pic: 1, picId: 35, consume byte: 6230
01-21 20:43:46.114   708 18776 I C2UnisocVp8Dec: drainOneOutputBuffer, pBufCtrl: 0xf27cf580, pBufCtrl->phyAddr: 0x20460000, frameIndex: 35
01-21 20:43:46.114   708 18776 V SimpleUnisocC2Component: processed frame #35
01-21 20:43:46.114   708 18776 V SimpleUnisocC2Component: returning this work, frameIndex: 35
01-21 20:43:46.115   708 18777 I C2UnisocVp8Dec: resetOutBlock, fd: 27, iova: 0x202e0000, mDecoderSwFlag: 0
01-21 20:43:46.115   708 18777 D C2UnisocVideoDecoderComponent: fetch one queue free block:0xf27d01b0,iRefCount:0
01-21 20:43:46.115 18303 18762 I mali_gralloc: register: id=0x2c100001c7d, importpid=708
01-21 20:43:46.116 18303 18762 I mali_gralloc: unregister: id=0x2c100001c7d, base=0x0, importpid=18303
01-21 20:43:46.126   698  6594 I audio_hw_primary: app type:0x   5, is_voip:0, device:2, pcm:-176945824, usecase:0x   2
01-21 20:43:46.147   708 18776 V SimpleUnisocC2Component: start processing frame #36
01-21 20:43:46.147   708 18776 I VSP     : VP8DecSetCurRecPic,104,picid 36,header 0xf27d01b0
01-21 20:43:46.147   708 18776 I C2UnisocVp8Dec: setDecodeArgs, pBufCtrl: 0xf27cd9f0, pBufCtrl->phyAddr: 0x202e0000, frameIndex: 36, timeStamp: 27811594000, inSize: 551, inOffset: 0
01-21 20:43:46.147   708 18777 V C2UnisocVp8Dec: fetchGraphicBlock, stride: 960, sliceHeight: 544, mDecoderSwFlag: 0
01-21 20:43:46.151   708 18776 V C2UnisocVp8Dec: VSP_bind_cb, phyAddr: 0x202e0000, pOutBlockInfo: 0xf27d01b0, pBufCtrl: 0xf27cd9f0; iRefCount=0
01-21 20:43:46.151   708 18776 V C2UnisocVp8Dec: VSP_unbind_cb, phyAddr: 0x20460000, pOutBlockInfo: 0xf27cebf0, pBufCtrl: 0xf27cf580; iRefCount=1
01-21 20:43:46.151   708 18776 I C2UnisocVp8Dec: process, decRet: 0, 3ms, dec_out.frameEffective: 1, has_pic: 1, picId: 36, consume byte: 551
01-21 20:43:46.151   708 18776 I C2UnisocVp8Dec: drainOneOutputBuffer, pBufCtrl: 0xf27cd9f0, pBufCtrl->phyAddr: 0x202e0000, frameIndex: 36
01-21 20:43:46.151   708 18776 V SimpleUnisocC2Component: processed frame #36
01-21 20:43:46.151   708 18776 V SimpleUnisocC2Component: returning this work, frameIndex: 36
01-21 20:43:46.151   708 18777 D C2UnisocVideoDecoderComponent: fetch one queue free block:0xf27cd960,iRefCount:0
01-21 20:43:46.151   708 18777 I C2UnisocVp8Dec: resetOutBlock, fd: 29, iova: 0x20460000, mDecoderSwFlag: 0
01-21 20:43:46.152 18303 18762 I mali_gralloc: register: id=0x2c100001c83, importpid=708
01-21 20:43:46.152 18303 18762 I mali_gralloc: unregister: id=0x2c100001c83, base=0x0, importpid=18303
01-21 20:43:46.169   698  6594 I audio_hw_primary: app type:0x   5, is_voip:0, device:2, pcm:-176945824, usecase:0x   2
01-21 20:43:46.178   708 18776 V SimpleUnisocC2Component: start processing frame #37
01-21 20:43:46.178   708 18776 I VSP     : VP8DecSetCurRecPic,104,picid 37,header 0xf27cd960
01-21 20:43:46.178   708 18776 I C2UnisocVp8Dec: setDecodeArgs, pBufCtrl: 0xf27cf430, pBufCtrl->phyAddr: 0x20520000, frameIndex: 37, timeStamp: 27811627000, inSize: 207, inOffset: 0
01-21 20:43:46.178   708 18777 V C2UnisocVp8Dec: fetchGraphicBlock, stride: 960, sliceHeight: 544, mDecoderSwFlag: 0
01-21 20:43:46.181   708 18776 V C2UnisocVp8Dec: VSP_bind_cb, phyAddr: 0x20520000, pOutBlockInfo: 0xf27cd960, pBufCtrl: 0xf27cf430; iRefCount=0
01-21 20:43:46.181   708 18776 V C2UnisocVp8Dec: VSP_unbind_cb, phyAddr: 0x202e0000, pOutBlockInfo: 0xf27d01b0, pBufCtrl: 0xf27cd9f0; iRefCount=1
01-21 20:43:46.182   708 18776 I C2UnisocVp8Dec: process, decRet: 0, 3ms, dec_out.frameEffective: 1, has_pic: 1, picId: 37, consume byte: 207
01-21 20:43:46.182   708 18776 I C2UnisocVp8Dec: drainOneOutputBuffer, pBufCtrl: 0xf27cf430, pBufCtrl->phyAddr: 0x20520000, frameIndex: 37
01-21 20:43:46.182   708 18777 D C2UnisocVideoDecoderComponent: fetch one queue free block:0xf27c6790,iRefCount:0
01-21 20:43:46.182   708 18776 V SimpleUnisocC2Component: processed frame #37
01-21 20:43:46.182   708 18777 I C2UnisocVp8Dec: resetOutBlock, fd: 43, iova: 0x202e0000, mDecoderSwFlag: 0
01-21 20:43:46.182   708 18776 V SimpleUnisocC2Component: returning this work, frameIndex: 37
01-21 20:43:46.183 18303 18762 I mali_gralloc: register: id=0x2c100001c7e, importpid=708
01-21 20:43:46.183 18303 18762 I mali_gralloc: unregister: id=0x2c100001c7e, base=0x0, importpid=18303
01-21 20:43:46.213   708 18776 V SimpleUnisocC2Component: start processing frame #38
01-21 20:43:46.213   708 18776 I VSP     : VP8DecSetCurRecPic,104,picid 38,header 0xf27c6790
01-21 20:43:46.213   708 18776 I C2UnisocVp8Dec: setDecodeArgs, pBufCtrl: 0xf27d0780, pBufCtrl->phyAddr: 0x20460000, frameIndex: 38, timeStamp: 27811662000, inSize: 179, inOffset: 0
01-21 20:43:46.213   708 18777 V C2UnisocVp8Dec: fetchGraphicBlock, stride: 960, sliceHeight: 544, mDecoderSwFlag: 0
01-21 20:43:46.214   698  6594 I audio_hw_primary: app type:0x   5, is_voip:0, device:2, pcm:-176945824, usecase:0x   2
01-21 20:43:46.216   708 18776 V C2UnisocVp8Dec: VSP_bind_cb, phyAddr: 0x20460000, pOutBlockInfo: 0xf27c6790, pBufCtrl: 0xf27d0780; iRefCount=0
01-21 20:43:46.217   708 18776 V C2UnisocVp8Dec: VSP_unbind_cb, phyAddr: 0x20520000, pOutBlockInfo: 0xf27cd960, pBufCtrl: 0xf27cf430; iRefCount=1
01-21 20:43:46.217   708 18776 I C2UnisocVp8Dec: process, decRet: 0, 3ms, dec_out.frameEffective: 1, has_pic: 1, picId: 38, consume byte: 179
01-21 20:43:46.217   708 18776 I C2UnisocVp8Dec: drainOneOutputBuffer, pBufCtrl: 0xf27d0780, pBufCtrl->phyAddr: 0x20460000, frameIndex: 38
01-21 20:43:46.217   708 18777 D C2UnisocVideoDecoderComponent: fetch one queue free block:0xf27cebf0,iRefCount:0
01-21 20:43:46.217   708 18776 V SimpleUnisocC2Component: processed frame #38
01-21 20:43:46.217   708 18776 V SimpleUnisocC2Component: returning this work, frameIndex: 38
01-21 20:43:46.218 18303 18762 I mali_gralloc: register: id=0x2c100001c7f, importpid=708
01-21 20:43:46.218 18303 18762 I mali_gralloc: unregister: id=0x2c100001c7f, base=0x0, importpid=18303
01-21 20:43:46.236   698  6594 I audio_hw_primary: app type:0x   5, is_voip:0, device:2, pcm:-176945824, usecase:0x   2
01-21 20:43:46.250   708 18776 V SimpleUnisocC2Component: start processing frame #39
01-21 20:43:46.250   708 18776 I VSP     : VP8DecSetCurRecPic,104,picid 39,header 0xf27cebf0
01-21 20:43:46.250   708 18776 I C2UnisocVp8Dec: setDecodeArgs, pBufCtrl: 0xf27cf580, pBufCtrl->phyAddr: 0x202e0000, frameIndex: 39, timeStamp: 27811696000, inSize: 177, inOffset: 0
01-21 20:43:46.250   708 18777 V C2UnisocVp8Dec: fetchGraphicBlock, stride: 960, sliceHeight: 544, mDecoderSwFlag: 0
01-21 20:43:46.251   708 18777 I C2UnisocVp8Dec: resetOutBlock, fd: 26, iova: 0x20520000, mDecoderSwFlag: 0
01-21 20:43:46.253   708 18776 V C2UnisocVp8Dec: VSP_bind_cb, phyAddr: 0x202e0000, pOutBlockInfo: 0xf27cebf0, pBufCtrl: 0xf27cf580; iRefCount=0
01-21 20:43:46.253   708 18776 V C2UnisocVp8Dec: VSP_unbind_cb, phyAddr: 0x20460000, pOutBlockInfo: 0xf27c6790, pBufCtrl: 0xf27d0780; iRefCount=1
01-21 20:43:46.253   708 18776 I C2UnisocVp8Dec: process, decRet: 0, 3ms, dec_out.frameEffective: 1, has_pic: 1, picId: 39, consume byte: 177
01-21 20:43:46.253   708 18776 I C2UnisocVp8Dec: drainOneOutputBuffer, pBufCtrl: 0xf27cf580, pBufCtrl->phyAddr: 0x202e0000, frameIndex: 39
01-21 20:43:46.254   708 18776 V SimpleUnisocC2Component: processed frame #39
01-21 20:43:46.254   708 18776 V SimpleUnisocC2Component: returning this work, frameIndex: 39
01-21 20:43:46.254   708 18777 I C2UnisocVp8Dec: resetOutBlock, fd: 27, iova: 0x20460000, mDecoderSwFlag: 0
01-21 20:43:46.254   708 18777 D C2UnisocVideoDecoderComponent: fetch one queue free block:0xf27d01b0,iRefCount:0
01-21 20:43:46.256 18303 18762 I mali_gralloc: register: id=0x2c100001c7d, importpid=708
01-21 20:43:46.256 18303 18762 I mali_gralloc: unregister: id=0x2c100001c7d, base=0x0, importpid=18303
01-21 20:43:46.279   698  6594 I audio_hw_primary: app type:0x   5, is_voip:0, device:2, pcm:-176945824, usecase:0x   2
01-21 20:43:46.282   708 18776 V SimpleUnisocC2Component: start processing frame #40
01-21 20:43:46.282   708 18776 I VSP     : VP8DecSetCurRecPic,104,picid 40,header 0xf27d01b0
01-21 20:43:46.282   708 18776 I C2UnisocVp8Dec: setDecodeArgs, pBufCtrl: 0xf27cd9f0, pBufCtrl->phyAddr: 0x20460000, frameIndex: 40, timeStamp: 27811730000, inSize: 6500, inOffset: 0
01-21 20:43:46.283   708 18777 V C2UnisocVp8Dec: fetchGraphicBlock, stride: 960, sliceHeight: 544, mDecoderSwFlag: 0
01-21 20:43:46.286   708 18776 V C2UnisocVp8Dec: VSP_bind_cb, phyAddr: 0x20460000, pOutBlockInfo: 0xf27d01b0, pBufCtrl: 0xf27cd9f0; iRefCount=0
01-21 20:43:46.286   708 18776 V C2UnisocVp8Dec: VSP_unbind_cb, phyAddr: 0x202e0000, pOutBlockInfo: 0xf27cebf0, pBufCtrl: 0xf27cf580; iRefCount=1
01-21 20:43:46.286   708 18776 I C2UnisocVp8Dec: process, decRet: 0, 3ms, dec_out.frameEffective: 1, has_pic: 1, picId: 40, consume byte: 6500
01-21 20:43:46.286   708 18776 I C2UnisocVp8Dec: drainOneOutputBuffer, pBufCtrl: 0xf27cd9f0, pBufCtrl->phyAddr: 0x20460000, frameIndex: 40
01-21 20:43:46.286   708 18776 V SimpleUnisocC2Component: processed frame #40
01-21 20:43:46.286   708 18776 V SimpleUnisocC2Component: returning this work, frameIndex: 40
01-21 20:43:46.287   708 18777 D C2UnisocVideoDecoderComponent: fetch one queue free block:0xf27cd960,iRefCount:0
01-21 20:43:46.287   708 18777 I C2UnisocVp8Dec: resetOutBlock, fd: 29, iova: 0x202e0000, mDecoderSwFlag: 0
01-21 20:43:46.287 18303 18762 I mali_gralloc: register: id=0x2c100001c83, importpid=708
01-21 20:43:46.287 18303 18762 I mali_gralloc: unregister: id=0x2c100001c83, base=0x0, importpid=18303
01-21 20:43:46.315   708 18776 V SimpleUnisocC2Component: start processing frame #41
01-21 20:43:46.316   708 18776 I VSP     : VP8DecSetCurRecPic,104,picid 41,header 0xf27cd960
01-21 20:43:46.316   708 18776 I C2UnisocVp8Dec: setDecodeArgs, pBufCtrl: 0xf27cf430, pBufCtrl->phyAddr: 0x20520000, frameIndex: 41, timeStamp: 27811764000, inSize: 1024, inOffset: 0
01-21 20:43:46.316   708 18777 V C2UnisocVp8Dec: fetchGraphicBlock, stride: 960, sliceHeight: 544, mDecoderSwFlag: 0
01-21 20:43:46.319   708 18776 V C2UnisocVp8Dec: VSP_bind_cb, phyAddr: 0x20520000, pOutBlockInfo: 0xf27cd960, pBufCtrl: 0xf27cf430; iRefCount=0
01-21 20:43:46.319   708 18776 I C2UnisocVp8Dec: process, decRet: 0, 3ms, dec_out.frameEffective: 1, has_pic: 1, picId: 41, consume byte: 1024
01-21 20:43:46.319   708 18776 I C2UnisocVp8Dec: drainOneOutputBuffer, pBufCtrl: 0xf27cf430, pBufCtrl->phyAddr: 0x20520000, frameIndex: 41
01-21 20:43:46.320   708 18776 V SimpleUnisocC2Component: processed frame #41
01-21 20:43:46.320   708 18776 V SimpleUnisocC2Component: returning this work, frameIndex: 41
01-21 20:43:46.320   708 18777 D C2UnisocVideoDecoderComponent: fetch one queue free block:0xf27c6790,iRefCount:0
01-21 20:43:46.320 18303 18762 I mali_gralloc: register: id=0x2c100001c7e, importpid=708
01-21 20:43:46.321 18303 18762 I mali_gralloc: unregister: id=0x2c100001c7e, base=0x0, importpid=18303
01-21 20:43:46.322   698  6594 I audio_hw_primary: app type:0x   5, is_voip:0, device:2, pcm:-176945824, usecase:0x   2
01-21 20:43:46.349   708 18776 V SimpleUnisocC2Component: start processing frame #42
01-21 20:43:46.349   708 18776 I VSP     : VP8DecSetCurRecPic,104,picid 42,header 0xf27c6790
01-21 20:43:46.349   708 18776 I C2UnisocVp8Dec: setDecodeArgs, pBufCtrl: 0xf27d0780, pBufCtrl->phyAddr: 0x202e0000, frameIndex: 42, timeStamp: 27811797000, inSize: 258, inOffset: 0
01-21 20:43:46.349   708 18777 V C2UnisocVp8Dec: fetchGraphicBlock, stride: 960, sliceHeight: 544, mDecoderSwFlag: 0
01-21 20:43:46.352   708 18776 V C2UnisocVp8Dec: VSP_bind_cb, phyAddr: 0x202e0000, pOutBlockInfo: 0xf27c6790, pBufCtrl: 0xf27d0780; iRefCount=0
01-21 20:43:46.352   708 18776 V C2UnisocVp8Dec: VSP_unbind_cb, phyAddr: 0x20520000, pOutBlockInfo: 0xf27cd960, pBufCtrl: 0xf27cf430; iRefCount=1
01-21 20:43:46.352   708 18776 I C2UnisocVp8Dec: process, decRet: 0, 3ms, dec_out.frameEffective: 1, has_pic: 1, picId: 42, consume byte: 258
01-21 20:43:46.352   708 18776 I C2UnisocVp8Dec: drainOneOutputBuffer, pBufCtrl: 0xf27d0780, pBufCtrl->phyAddr: 0x202e0000, frameIndex: 42
01-21 20:43:46.352   708 18776 V SimpleUnisocC2Component: processed frame #42
01-21 20:43:46.352   708 18776 V SimpleUnisocC2Component: returning this work, frameIndex: 42
01-21 20:43:46.353   708 18777 D C2UnisocVideoDecoderComponent: fetch one queue free block:0xf27cebf0,iRefCount:0
01-21 20:43:46.353 18303 18762 I mali_gralloc: register: id=0x2c100001c7f, importpid=708
01-21 20:43:46.354 18303 18762 I mali_gralloc: unregister: id=0x2c100001c7f, base=0x0, importpid=18303
01-21 20:43:46.365   698  6594 I audio_hw_primary: app type:0x   5, is_voip:0, device:2, pcm:-176945824, usecase:0x   2
01-21 20:43:46.383   708 18776 V SimpleUnisocC2Component: start processing frame #43
01-21 20:43:46.383   708 18776 I VSP     : VP8DecSetCurRecPic,104,picid 43,header 0xf27cebf0
01-21 20:43:46.383   708 18776 I C2UnisocVp8Dec: setDecodeArgs, pBufCtrl: 0xf27cf580, pBufCtrl->phyAddr: 0x205e0000, frameIndex: 43, timeStamp: 27811831000, inSize: 225, inOffset: 0
01-21 20:43:46.383   708 18777 V C2UnisocVp8Dec: fetchGraphicBlock, stride: 960, sliceHeight: 544, mDecoderSwFlag: 0
01-21 20:43:46.384   708 18777 I C2UnisocVp8Dec: resetOutBlock, fd: 26, iova: 0x20520000, mDecoderSwFlag: 0
01-21 20:43:46.386   708 18776 V C2UnisocVp8Dec: VSP_bind_cb, phyAddr: 0x205e0000, pOutBlockInfo: 0xf27cebf0, pBufCtrl: 0xf27cf580; iRefCount=0
01-21 20:43:46.386   708 18776 V C2UnisocVp8Dec: VSP_unbind_cb, phyAddr: 0x202e0000, pOutBlockInfo: 0xf27c6790, pBufCtrl: 0xf27d0780; iRefCount=1
01-21 20:43:46.386   708 18776 I C2UnisocVp8Dec: process, decRet: 0, 3ms, dec_out.frameEffective: 1, has_pic: 1, picId: 43, consume byte: 225
01-21 20:43:46.386   708 18776 I C2UnisocVp8Dec: drainOneOutputBuffer, pBufCtrl: 0xf27cf580, pBufCtrl->phyAddr: 0x205e0000, frameIndex: 43
01-21 20:43:46.386   708 18777 I C2UnisocVp8Dec: resetOutBlock, fd: 27, iova: 0x202e0000, mDecoderSwFlag: 0
01-21 20:43:46.387   708 18776 V SimpleUnisocC2Component: processed frame #43
01-21 20:43:46.387   708 18776 V SimpleUnisocC2Component: returning this work, frameIndex: 43
01-21 20:43:46.387   708 18777 I C2UnisocVideoDecoderComponent: this buffer fd:43,block:0xf27d01b0,address:0x20460000,iRefCount:1, is still in bind
01-21 20:43:46.387   708 18777 I C2UnisocVp8Dec: resetOutBlock, fd: 46, iova: 0x20460000, mDecoderSwFlag: 0
01-21 20:43:46.387   708 18777 V C2UnisocVp8Dec: fetchGraphicBlock, stride: 960, sliceHeight: 544, mDecoderSwFlag: 0
01-21 20:43:46.389   708 18777 D C2UnisocVideoDecoderComponent: fetch one queue free block:0xf27cd960,iRefCount:0
01-21 20:43:46.390 18303 18762 I mali_gralloc: register: id=0x2c100001c7d, importpid=708
01-21 20:43:46.391 18303 18762 I mali_gralloc: unregister: id=0x2c100001c7d, base=0x0, importpid=18303
01-21 20:43:46.408   698  6594 I audio_hw_primary: app type:0x   5, is_voip:0, device:2, pcm:-176945824, usecase:0x   2
01-21 20:43:46.415   708 18776 V SimpleUnisocC2Component: start processing frame #44
01-21 20:43:46.415   708 18776 I VSP     : VP8DecSetCurRecPic,104,picid 44,header 0xf27cd960
01-21 20:43:46.415   708 18777 V C2UnisocVp8Dec: fetchGraphicBlock, stride: 960, sliceHeight: 544, mDecoderSwFlag: 0
01-21 20:43:46.416   708 18776 I C2UnisocVp8Dec: setDecodeArgs, pBufCtrl: 0xf27cf430, pBufCtrl->phyAddr: 0x202e0000, frameIndex: 44, timeStamp: 27811864000, inSize: 223, inOffset: 0
01-21 20:43:46.419   708 18776 V C2UnisocVp8Dec: VSP_bind_cb, phyAddr: 0x202e0000, pOutBlockInfo: 0xf27cd960, pBufCtrl: 0xf27cf430; iRefCount=0
01-21 20:43:46.419   708 18776 V C2UnisocVp8Dec: VSP_unbind_cb, phyAddr: 0x205e0000, pOutBlockInfo: 0xf27cebf0, pBufCtrl: 0xf27cf580; iRefCount=1
01-21 20:43:46.419   708 18776 I C2UnisocVp8Dec: process, decRet: 0, 3ms, dec_out.frameEffective: 1, has_pic: 1, picId: 44, consume byte: 223
01-21 20:43:46.419   708 18776 I C2UnisocVp8Dec: drainOneOutputBuffer, pBufCtrl: 0xf27cf430, pBufCtrl->phyAddr: 0x202e0000, frameIndex: 44
01-21 20:43:46.419   708 18777 D C2UnisocVideoDecoderComponent: fetch one queue free block:0xf27c6790,iRefCount:0
01-21 20:43:46.419   708 18776 V SimpleUnisocC2Component: processed frame #44
01-21 20:43:46.419   708 18777 I C2UnisocVp8Dec: resetOutBlock, fd: 29, iova: 0x205e0000, mDecoderSwFlag: 0
01-21 20:43:46.419   708 18776 V SimpleUnisocC2Component: returning this work, frameIndex: 44
01-21 20:43:46.421 18303 18762 I mali_gralloc: register: id=0x2c100001c7e, importpid=708
01-21 20:43:46.422 18303 18762 I mali_gralloc: unregister: id=0x2c100001c7e, base=0x0, importpid=18303
01-21 20:43:46.449   708 18776 V SimpleUnisocC2Component: start processing frame #45
01-21 20:43:46.450   708 18776 I VSP     : VP8DecSetCurRecPic,104,picid 45,header 0xf27c6790
01-21 20:43:46.450   708 18777 V C2UnisocVp8Dec: fetchGraphicBlock, stride: 960, sliceHeight: 544, mDecoderSwFlag: 0
01-21 20:43:46.450   708 18776 I C2UnisocVp8Dec: setDecodeArgs, pBufCtrl: 0xf27d0780, pBufCtrl->phyAddr: 0x20520000, frameIndex: 45, timeStamp: 27811898000, inSize: 225, inOffset: 0
01-21 20:43:46.452   698  6594 I audio_hw_primary: app type:0x   5, is_voip:0, device:2, pcm:-176945824, usecase:0x   2
01-21 20:43:46.453   708 18776 V C2UnisocVp8Dec: VSP_bind_cb, phyAddr: 0x20520000, pOutBlockInfo: 0xf27c6790, pBufCtrl: 0xf27d0780; iRefCount=0
01-21 20:43:46.453   708 18776 V C2UnisocVp8Dec: VSP_unbind_cb, phyAddr: 0x202e0000, pOutBlockInfo: 0xf27cd960, pBufCtrl: 0xf27cf430; iRefCount=1
01-21 20:43:46.453   708 18776 I C2UnisocVp8Dec: process, decRet: 0, 3ms, dec_out.frameEffective: 1, has_pic: 1, picId: 45, consume byte: 225
01-21 20:43:46.453   708 18776 I C2UnisocVp8Dec: drainOneOutputBuffer, pBufCtrl: 0xf27d0780, pBufCtrl->phyAddr: 0x20520000, frameIndex: 45
01-21 20:43:46.453   708 18776 V SimpleUnisocC2Component: processed frame #45
01-21 20:43:46.453   708 18777 D C2UnisocVideoDecoderComponent: fetch one queue free block:0xf27cebf0,iRefCount:0
01-21 20:43:46.453   708 18776 V SimpleUnisocC2Component: returning this work, frameIndex: 45
01-21 20:43:46.454 18303 18762 I mali_gralloc: register: id=0x2c100001c7f, importpid=708
01-21 20:43:46.455 18303 18762 I mali_gralloc: unregister: id=0x2c100001c7f, base=0x0, importpid=18303
01-21 20:43:46.477   698  6594 I audio_hw_primary: app type:0x   5, is_voip:0, device:2, pcm:-176945824, usecase:0x   2
01-21 20:43:46.484   708 18776 V SimpleUnisocC2Component: start processing frame #46
01-21 20:43:46.485   708 18776 I VSP     : VP8DecSetCurRecPic,104,picid 46,header 0xf27cebf0
01-21 20:43:46.485   708 18776 I C2UnisocVp8Dec: setDecodeArgs, pBufCtrl: 0xf27cf580, pBufCtrl->phyAddr: 0x205e0000, frameIndex: 46, timeStamp: 27811932000, inSize: 221, inOffset: 0
01-21 20:43:46.485   708 18777 V C2UnisocVp8Dec: fetchGraphicBlock, stride: 960, sliceHeight: 544, mDecoderSwFlag: 0
01-21 20:43:46.485   708 18777 I C2UnisocVp8Dec: resetOutBlock, fd: 14, iova: 0x202e0000, mDecoderSwFlag: 0
01-21 20:43:46.488   708 18776 V C2UnisocVp8Dec: VSP_bind_cb, phyAddr: 0x205e0000, pOutBlockInfo: 0xf27cebf0, pBufCtrl: 0xf27cf580; iRefCount=0
01-21 20:43:46.488   708 18776 V C2UnisocVp8Dec: VSP_unbind_cb, phyAddr: 0x20520000, pOutBlockInfo: 0xf27c6790, pBufCtrl: 0xf27d0780; iRefCount=1
01-21 20:43:46.488   708 18776 I C2UnisocVp8Dec: process, decRet: 0, 3ms, dec_out.frameEffective: 1, has_pic: 1, picId: 46, consume byte: 221
01-21 20:43:46.488   708 18776 I C2UnisocVp8Dec: drainOneOutputBuffer, pBufCtrl: 0xf27cf580, pBufCtrl->phyAddr: 0x205e0000, frameIndex: 46
01-21 20:43:46.488   708 18776 V SimpleUnisocC2Component: processed frame #46
01-21 20:43:46.488   708 18776 V SimpleUnisocC2Component: returning this work, frameIndex: 46
01-21 20:43:46.489   708 18777 I C2UnisocVp8Dec: resetOutBlock, fd: 28, iova: 0x20520000, mDecoderSwFlag: 0
01-21 20:43:46.489   708 18777 D C2UnisocVideoDecoderComponent: fetch one queue free block:0xf27cf370,iRefCount:0
01-21 20:43:46.489 18303 18762 I mali_gralloc: register: id=0x2c100001c7d, importpid=708
01-21 20:43:46.490 18303 18762 I mali_gralloc: unregister: id=0x2c100001c7d, base=0x0, importpid=18303
01-21 20:43:46.520   752  1122 D AF::Track: interceptBuffer: took 551us to intercept 0 tracks
01-21 20:43:46.520   708 18776 V SimpleUnisocC2Component: start processing frame #47
01-21 20:43:46.520   708 18776 I VSP     : VP8DecSetCurRecPic,104,picid 47,header 0xf27d1e60
01-21 20:43:46.521   708 18776 I C2UnisocVp8Dec: setDecodeArgs, pBufCtrl: 0xf27ccf10, pBufCtrl->phyAddr: 0x203a0000, frameIndex: 47, timeStamp: 27811967000, inSize: 223, inOffset: 0
01-21 20:43:46.521   708 18777 V C2UnisocVp8Dec: fetchGraphicBlock, stride: 960, sliceHeight: 544, mDecoderSwFlag: 0
01-21 20:43:46.521   698  6594 I audio_hw_primary: app type:0x   5, is_voip:0, device:2, pcm:-176945824, usecase:0x   2
