01-21 20:43:21.880   752 10203 D TimeCheck: tranIsTimeoutMax boolVal = 0 
01-21 20:43:21.880   752 10203 D TimeCheck: tranIsTimeoutMax boolVal = 0 
01-21 20:43:21.881   752 10203 D TimeCheck: tranIsTimeoutMax boolVal = 0 
01-21 20:43:21.881   752 10203 D TimeCheck: tranIsTimeoutMax boolVal = 0 
01-21 20:43:21.882   752 10203 D TimeCheck: tranIsTimeoutMax boolVal = 0 
01-21 20:43:21.882   752 10203 D TimeCheck: tranIsTimeoutMax boolVal = 0 
01-21 20:43:21.883   752 10203 D TimeCheck: tranIsTimeoutMax boolVal = 0 
01-21 20:43:21.883 18303 18303 I org.webrtc.Logging: WebRtcAudioManagerExternal: Sample rate is set to 48000 Hz
01-21 20:43:21.883   752 26341 D TimeCheck: tranIsTimeoutMax boolVal = 0 
01-21 20:43:21.884 18303 18303 I org.webrtc.Logging: WebRtcAudioManagerExternal: Sample rate is set to 48000 Hz
01-21 20:43:21.884 18303 18303 E org.webrtc.Logging: JavaAudioDeviceModule: HW NS not supported
01-21 20:43:21.884 18303 18303 I org.webrtc.Logging: JavaAudioDeviceModule: createAudioDeviceModule
01-21 20:43:21.884 18303 18303 I org.webrtc.Logging: JavaAudioDeviceModule: HW NS will not be used.
01-21 20:43:21.884 18303 18303 I org.webrtc.Logging: JavaAudioDeviceModule: HW AEC will be used.
01-21 20:43:21.885 18303 18303 I org.webrtc.Logging: WebRtcAudioEffectsExternal: ctor@[name=main, id=2]
01-21 20:43:21.885 18303 18303 I org.webrtc.Logging: WebRtcAudioRecordExternal: ctor@[name=main, id=2]
01-21 20:43:21.886 18303 18303 I org.webrtc.Logging: WebRtcAudioTrackExternal: ctor@[name=main, id=2]
01-21 20:43:21.888 18303 18303 I org.webrtc.Logging: EglBase14Impl: Using OpenGL ES version 2
01-21 20:43:21.898 18303 18372 I flutter : VIEWER_LOG: Showing username prompt dialog.
01-21 20:43:21.901   752 26341 D TimeCheck: tranIsTimeoutMax boolVal = 0 
01-21 20:43:21.902   752 26341 I APM_AudioPolicyManager: selectOutput new bestOutput 13 criteria 0 100 0 0 0 0 0 2 
01-21 20:43:21.902   752 26341 I APM_AudioPolicyManager: getOutput() stream 3 selected devices {AUDIO_DEVICE_OUT_SPEAKER, @:}, output 13
01-21 20:43:21.902   752 26341 D TimeCheck: tranIsTimeoutMax boolVal = 0 
01-21 20:43:21.902   752 26341 I APM_AudioPolicyManager: selectOutput new bestOutput 13 criteria 0 100 0 0 0 0 0 2 
01-21 20:43:21.903   752 26341 I APM_AudioPolicyManager: getOutput() stream 3 selected devices {AUDIO_DEVICE_OUT_SPEAKER, @:}, output 13
01-21 20:43:21.903   752 26341 D TimeCheck: tranIsTimeoutMax boolVal = 0 
01-21 20:43:21.904   752 26341 I APM_AudioPolicyManager: selectOutput new bestOutput 13 criteria 0 100 0 0 0 0 0 2 
01-21 20:43:21.904   752 26341 I APM_AudioPolicyManager: getOutput() stream 3 selected devices {AUDIO_DEVICE_OUT_SPEAKER, @:}, output 13
01-21 20:43:21.904   752 26341 D TimeCheck: tranIsTimeoutMax boolVal = 0 
01-21 20:43:21.911 18303 18645 I org.webrtc.Logging: WebRtcAudioRecordExternal: enableBuiltInAEC(true)
01-21 20:43:21.911 18303 18645 I org.webrtc.Logging: WebRtcAudioEffectsExternal: setAEC(true)
01-21 20:43:21.913 18303 18646 I org.webrtc.Logging: PeerConnectionFactory: onSignalingThreadReady
01-21 20:43:21.913 18303 18645 I org.webrtc.Logging: PeerConnectionFactory: onWorkerThreadReady
01-21 20:43:21.915 18303 18644 I org.webrtc.Logging: PeerConnectionFactory: onNetworkThreadReady
01-21 20:43:21.916  1146  1857 I ActivityManager: Killing 14010:com.android.keychain/1000 (adj 975): empty #25
01-21 20:43:21.918  3168  6471 D SmartEventManager: dispatchEvent event: SmartEvent(action=process_kill, topClassName=, topPackageName=, extras=Bundle[{packages=[com.android.keychain]}])
01-21 20:43:21.920  3168  6471 W TranVersion: THUBCore No support Call!!! method version = 33141, >>> ThubCore vserion = 33121
01-21 20:43:21.920  3168  6471 W TranVersion:  mthod version must <= ThubCore version.
01-21 20:43:21.920  3168  6471 W TranVersion:  ---java.lang.Throwable
01-21 20:43:21.920  3168  6471 W TranVersion: #com.transsion.hubsdk.common.version.TranVersion.isIntegratedThubCore[77]
01-21 20:43:21.920  3168  6471 W TranVersion: #com.transsion.hubsdk.api.app.TranActivityManager.getService[0]
01-21 20:43:21.920  3168  6471 W TranVersion: #com.transsion.hubsdk.api.app.TranActivityManager.getRealActivity[4]
01-21 20:43:21.920  3168  6471 W TranVersion: #n9.e.getRealActivity[2]
01-21 20:43:21.920  3168  6471 I TranActivityManager: TranAospActivityManager
01-21 20:43:21.921  3168  6471 I THubApi : isTheMainScreen classname: com.example.appbridgenew_example.MainActivity  pkg:com.example.appbridgenew_example
01-21 20:43:21.921  3168  6471 W TranVersion: THUBCore No support Call!!! method version = 33141, >>> ThubCore vserion = 33121
01-21 20:43:21.921  3168  6471 W TranVersion:  mthod version must <= ThubCore version.
01-21 20:43:21.921  3168  6471 W TranVersion:  ---java.lang.Throwable
01-21 20:43:21.921  3168  6471 W TranVersion: #com.transsion.hubsdk.common.version.TranVersion.isIntegratedThubCore[77]
01-21 20:43:21.921  3168  6471 W TranVersion: #com.transsion.hubsdk.api.app.TranActivityTaskManager.getService[0]
01-21 20:43:21.921  3168  6471 W TranVersion: #com.transsion.hubsdk.api.app.TranActivityTaskManager.isTheMainScreen[2]
01-21 20:43:21.921  3168  6471 W TranVersion: #n9.e.C[35]
01-21 20:43:21.921  3168  6471 I TranActivityTaskManager: TranAospActivityTaskManager
01-21 20:43:21.925  3168  6471 D Game_Utils: getTopPkgNew = com.example.appbridgenew_example.MainActivity, com.example.appbridgenew_example
01-21 20:43:21.927  3168  6471 W TranVersion: THUBCore No support Call!!! method version = 33141, >>> ThubCore vserion = 33121
01-21 20:43:21.927  3168  6471 W TranVersion:  mthod version must <= ThubCore version.
01-21 20:43:21.927  3168  6471 W TranVersion:  ---java.lang.Throwable
01-21 20:43:21.927  3168  6471 W TranVersion: #com.transsion.hubsdk.common.version.TranVersion.isIntegratedThubCore[77]
01-21 20:43:21.927  3168  6471 W TranVersion: #com.transsion.hubsdk.api.app.TranActivityManager.getService[0]
01-21 20:43:21.927  3168  6471 W TranVersion: #com.transsion.hubsdk.api.app.TranActivityManager.getRealActivity[4]
01-21 20:43:21.927  3168  6471 W TranVersion: #n9.e.getRealActivity[2]
01-21 20:43:21.927  3168  6471 I TranActivityManager: TranAospActivityManager
01-21 20:43:21.927  3168  6471 I THubApi : isTheMainScreen classname: com.example.appbridgenew_example.MainActivity  pkg:com.example.appbridgenew_example
01-21 20:43:21.928  3168  6471 W TranVersion: THUBCore No support Call!!! method version = 33141, >>> ThubCore vserion = 33121
01-21 20:43:21.928  3168  6471 W TranVersion:  mthod version must <= ThubCore version.
01-21 20:43:21.928  3168  6471 W TranVersion:  ---java.lang.Throwable
01-21 20:43:21.928  3168  6471 W TranVersion: #com.transsion.hubsdk.common.version.TranVersion.isIntegratedThubCore[77]
01-21 20:43:21.928  3168  6471 W TranVersion: #com.transsion.hubsdk.api.app.TranActivityTaskManager.getService[0]
01-21 20:43:21.928  3168  6471 W TranVersion: #com.transsion.hubsdk.api.app.TranActivityTaskManager.isTheMainScreen[2]
01-21 20:43:21.928  3168  6471 W TranVersion: #n9.e.C[35]
01-21 20:43:21.928  3168  6471 I TranActivityTaskManager: TranAospActivityTaskManager
01-21 20:43:21.932  3168  6471 D Game_Utils: getTopPkgNew = com.example.appbridgenew_example.MainActivity, com.example.appbridgenew_example
01-21 20:43:21.935 18303 18347 E FrameEvents: updateAcquireFence: Did not find frame.
01-21 20:43:21.935  3168  6471 W TranVersion: THUBCore No support Call!!! method version = 33141, >>> ThubCore vserion = 33121
01-21 20:43:21.935  3168  6471 W TranVersion:  mthod version must <= ThubCore version.
01-21 20:43:21.935  3168  6471 W TranVersion:  ---java.lang.Throwable
01-21 20:43:21.935  3168  6471 W TranVersion: #com.transsion.hubsdk.common.version.TranVersion.isIntegratedThubCore[77]
01-21 20:43:21.935  3168  6471 W TranVersion: #com.transsion.hubsdk.api.app.TranActivityManager.getService[0]
01-21 20:43:21.935  3168  6471 W TranVersion: #com.transsion.hubsdk.api.app.TranActivityManager.getRealActivity[4]
01-21 20:43:21.935  3168  6471 W TranVersion: #n9.e.getRealActivity[2]
01-21 20:43:21.935  3168  6471 I TranActivityManager: TranAospActivityManager
01-21 20:43:21.935  3168  6471 I THubApi : isTheMainScreen classname: com.example.appbridgenew_example.MainActivity  pkg:com.example.appbridgenew_example
01-21 20:43:21.936  3168  6471 W TranVersion: THUBCore No support Call!!! method version = 33141, >>> ThubCore vserion = 33121
01-21 20:43:21.936  3168  6471 W TranVersion:  mthod version must <= ThubCore version.
01-21 20:43:21.936  3168  6471 W TranVersion:  ---java.lang.Throwable
01-21 20:43:21.936  3168  6471 W TranVersion: #com.transsion.hubsdk.common.version.TranVersion.isIntegratedThubCore[77]
01-21 20:43:21.936  3168  6471 W TranVersion: #com.transsion.hubsdk.api.app.TranActivityTaskManager.getService[0]
01-21 20:43:21.936  3168  6471 W TranVersion: #com.transsion.hubsdk.api.app.TranActivityTaskManager.isTheMainScreen[2]
01-21 20:43:21.936  3168  6471 W TranVersion: #n9.e.C[35]
01-21 20:43:21.936  3168  6471 I TranActivityTaskManager: TranAospActivityTaskManager
01-21 20:43:21.939  3168  6471 D Game_Utils: getTopPkgNew = com.example.appbridgenew_example.MainActivity, com.example.appbridgenew_example
01-21 20:43:21.942  3168  6471 W TranVersion: THUBCore No support Call!!! method version = 33141, >>> ThubCore vserion = 33121
01-21 20:43:21.942  3168  6471 W TranVersion:  mthod version must <= ThubCore version.
01-21 20:43:21.942  3168  6471 W TranVersion:  ---java.lang.Throwable
01-21 20:43:21.942  3168  6471 W TranVersion: #com.transsion.hubsdk.common.version.TranVersion.isIntegratedThubCore[77]
01-21 20:43:21.942  3168  6471 W TranVersion: #com.transsion.hubsdk.api.app.TranActivityManager.getService[0]
01-21 20:43:21.942  3168  6471 W TranVersion: #com.transsion.hubsdk.api.app.TranActivityManager.getRealActivity[4]
01-21 20:43:21.942  3168  6471 W TranVersion: #n9.e.getRealActivity[2]
01-21 20:43:21.942  3168  6471 I TranActivityManager: TranAospActivityManager
01-21 20:43:21.942  3168  6471 I THubApi : isTheMainScreen classname: com.example.appbridgenew_example.MainActivity  pkg:com.example.appbridgenew_example
01-21 20:43:21.942  3168  6471 W TranVersion: THUBCore No support Call!!! method version = 33141, >>> ThubCore vserion = 33121
01-21 20:43:21.942  3168  6471 W TranVersion:  mthod version must <= ThubCore version.
01-21 20:43:21.942  3168  6471 W TranVersion:  ---java.lang.Throwable
01-21 20:43:21.942  3168  6471 W TranVersion: #com.transsion.hubsdk.common.version.TranVersion.isIntegratedThubCore[77]
01-21 20:43:21.942  3168  6471 W TranVersion: #com.transsion.hubsdk.api.app.TranActivityTaskManager.getService[0]
01-21 20:43:21.942  3168  6471 W TranVersion: #com.transsion.hubsdk.api.app.TranActivityTaskManager.isTheMainScreen[2]
01-21 20:43:21.942  3168  6471 W TranVersion: #n9.e.C[35]
01-21 20:43:21.942  3168  6471 I TranActivityTaskManager: TranAospActivityTaskManager
01-21 20:43:21.943  1146  1857 D os.ActivityManagerServiceLice: make process inactive com.android.keychain(14010)
01-21 20:43:21.943   684   684 I Zygote  : Process 14010 exited due to signal 9 (Killed)
01-21 20:43:21.946  1146  1202 I libprocessgroup: Successfully killed process cgroup uid 1000 pid 14010 in 28ms
01-21 20:43:21.946  1146  1857 D UnisocOomAdjuster: Skipped update freeze state for 13296
01-21 20:43:21.946  3168  6471 D Game_Utils: getTopPkgNew = com.example.appbridgenew_example.MainActivity, com.example.appbridgenew_example
01-21 20:43:21.946  3168  6471 D AppBlackList: checkInBlackList isGuidePage= false， isSmartPanelGesture= false
01-21 20:43:21.946  3168  6471 D AppBlackList: checkInBlackList inBlackList= false， pkgAndCls= com.example.appbridgenew_example/com.example.appbridgenew_example.MainActivity
01-21 20:43:21.947  3168  3168 I SmartPanel_SmartPanelPresenter1: hasLoadData true  data size = 12
01-21 20:43:21.947  3168  3168 D PanelController: checkCanShow canShow: true
01-21 20:43:21.950  3168  3168 W TranVersion: THUBCore No support Call!!! method version = 33141, >>> ThubCore vserion = 33121
01-21 20:43:21.950  3168  3168 W TranVersion:  mthod version must <= ThubCore version.
01-21 20:43:21.950  3168  3168 W TranVersion:  ---java.lang.Throwable
01-21 20:43:21.950  3168  3168 W TranVersion: #com.transsion.hubsdk.common.version.TranVersion.isIntegratedThubCore[77]
01-21 20:43:21.950  3168  3168 W TranVersion: #com.transsion.hubsdk.api.app.TranActivityManager.getService[0]
01-21 20:43:21.950  3168  3168 W TranVersion: #com.transsion.hubsdk.api.app.TranActivityManager.getTopActivityType[2]
01-21 20:43:21.950  3168  3168 W TranVersion: #n9.e.getTopActivityType[2]
01-21 20:43:21.950  3168  3168 I TranActivityManager: TranAospActivityManager
01-21 20:43:21.951  3168  3168 W TranVersion: THUBCore No support Call!!! method version = 33141, >>> ThubCore vserion = 33121
01-21 20:43:21.951  3168  3168 W TranVersion:  mthod version must <= ThubCore version.
01-21 20:43:21.951  3168  3168 W TranVersion:  ---java.lang.Throwable
01-21 20:43:21.951  3168  3168 W TranVersion: #com.transsion.hubsdk.common.version.TranVersion.isIntegratedThubCore[77]
01-21 20:43:21.951  3168  3168 W TranVersion: #com.transsion.hubsdk.api.app.TranActivityManager.getService[0]
01-21 20:43:21.951  3168  3168 W TranVersion: #com.transsion.hubsdk.api.app.TranActivityManager.getTopActivityType[2]
01-21 20:43:21.951  3168  3168 W TranVersion: #n9.e.getTopActivityType[2]
01-21 20:43:21.951  3168  3168 I TranActivityManager: TranAospActivityManager
01-21 20:43:21.951  3168  3168 W TranVersion: THUBCore No support Call!!! method version = 33141, >>> ThubCore vserion = 33121
01-21 20:43:21.951  3168  3168 W TranVersion:  mthod version must <= ThubCore version.
01-21 20:43:21.951  3168  3168 W TranVersion:  ---java.lang.Throwable
01-21 20:43:21.951  3168  3168 W TranVersion: #com.transsion.hubsdk.common.version.TranVersion.isIntegratedThubCore[77]
01-21 20:43:21.951  3168  3168 W TranVersion: #com.transsion.hubsdk.api.provider.TranSettings.getService[0]
01-21 20:43:21.951  3168  3168 W TranVersion: #com.transsion.hubsdk.api.provider.TranSettings.getSecureIntForUser[1]
01-21 20:43:21.951  3168  3168 W TranVersion: #n9.e.q[0]
01-21 20:43:21.951  3168  3168 I TranSettings: TranAospSettings
01-21 20:43:21.958  1146  3413 I input_debug: package: com.example.appbridgenew_example isPassWordInput: false inputType: 32769 mMethodMap: true isKeyguardShowing: false enable: 0 isSplitScreen: false
01-21 20:43:21.960 18303 18303 D InputMethodManager: showSoftInput() view=f9.u{54b477e VFE...... .F....ID 0,0-720,1612 #1 aid=1073741825} flags=0 reason=SHOW_SOFT_INPUT
01-21 20:43:21.960  2813  2813 I GoogleInputMethodService: GoogleInputMethodService.onFinishInput():2092 
01-21 20:43:21.961  2813  2813 I Module  : DeviceLockedStatusModuleProvider$Module.updateDeviceLockedStatus():103 repeatCheckTimes = 0, locked = false
01-21 20:43:21.962  2813  2813 I GoogleInputMethodService: GoogleInputMethodService.onStartInput():1349 onStartInput(EditorInfo{EditorInfo{packageName=com.example.appbridgenew_example, inputType=8001, inputTypeString=Normal[AutoCorrect], enableLearning=true, autoCorrection=true, autoComplete=true, imeOptions=2000006, privateImeOptions=null, actionName=DONE, actionLabel=null, initialSelStart=-1, initialSelEnd=-1, initialCapsMode=0, label=null, fieldId=1, fieldName=null, extras=null, hintText=null, hintLocales=[]}}, false)
01-21 20:43:21.963  2813  2813 I Module  : DeviceLockedStatusModuleProvider$Module.updateDeviceLockedStatus():103 repeatCheckTimes = 1, locked = false
01-21 20:43:21.965  1146  3413 D TranWindowManagerService: hookIMEVisibleChanged(), show:true
01-21 20:43:21.966  2862  2874 I dxli    : (REDACTED) appOpsListener %s %s
01-21 20:43:21.967  2862  2874 I dxli    : (REDACTED) Ignoring irrelevant audio permission changes for package %s
01-21 20:43:21.968  2813  2813 I GoogleInputMethodService: GoogleInputMethodService.onStartInputView():1447 onStartInputView(EditorInfo{EditorInfo{packageName=com.example.appbridgenew_example, inputType=8001, inputTypeString=Normal[AutoCorrect], enableLearning=true, autoCorrection=true, autoComplete=true, imeOptions=2000006, privateImeOptions=null, actionName=DONE, actionLabel=null, initialSelStart=-1, initialSelEnd=-1, initialCapsMode=0, label=null, fieldId=1, fieldName=null, extras=null, hintText=null, hintLocales=[]}}, false)
01-21 20:43:21.969  2813  2813 W ModuleManager: ModuleManager.loadModule():572 Module oaw is not available
01-21 20:43:21.969  2813  2813 I KeyboardHeightUtil: KeyboardHeightUtil.getOemKeyboardHeightRatio():81 systemKeyboardHeightRatio:1.000000.
01-21 20:43:21.972 18303 18303 D InputMethodManager: showSoftInput() view=f9.u{54b477e VFE...... .F....ID 0,0-720,1612 #1 aid=1073741825} flags=0 reason=SHOW_SOFT_INPUT
01-21 20:43:21.972  1146  1857 D TranWindowManagerService: hookIMEVisibleChanged(), show:true
01-21 20:43:21.973  1146  1208 W BatteryExternalStatsWorker: error reading Bluetooth stats: 9
01-21 20:43:21.974 18303 18303 I org.webrtc.Logging: EglRenderer: Initializing EglRenderer
01-21 20:43:21.974  1450  2316 D PhoneInterfaceManager: requestModemActivityInfo start.
01-21 20:43:21.975  1450  2316 D PhoneInterfaceManager: requestModemActivityInfo finish, result send.
01-21 20:43:21.978 18303 18650 I org.webrtc.Logging: EglRenderer: EglBase.create shared context
01-21 20:43:21.979 18303 18650 I org.webrtc.Logging: EglBase14Impl: Using OpenGL ES version 2
01-21 20:43:21.985  1146  3413 D TelephonyManager: requestModemActivityInfo: Sending result to app: ModemActivityInfo{ mTimestamp=43447156 mSleepTimeMs=0 mIdleTimeMs=0 mActivityStatsTechSpecificInfo=[{mRat=UNKNOWN,mFrequencyRange=UNKNOWN,mTxTimeMs[]=[10071, 18181, 708103, 869367, 1230891],mRxTimeMs=31175534}]}
01-21 20:43:21.994 18303 18347 E FrameEvents: updateAcquireFence: Did not find frame.
01-21 20:43:21.998 18303 18303 I AssistStructure: Flattened final assist data: 460 bytes, containing 1 windows, 3 views
01-21 20:43:21.998  1146  3413 D AutofillSession: createPendingIntent for request 31
01-21 20:43:21.998  1146  3413 D ContentCapturePerUserService: Notified activity assist data for activity: Token{39801c0 ActivityRecord{4cb9743 u0 com.example.appbridgenew_example/.MainActivity} t79 d0}} without a session Id
01-21 20:43:21.999  2813  2813 I InputContextChangeTracker: InputContextChangeTracker.fixLyingSelectionRangeFromSurroundingText():1678 fixLyingSelectionRangeFromSurroundingText(): [-1, -1]([-1, -1]) -> [0, 0]([0, 0])
01-21 20:43:22.000  2813  2813 I AndroidIME: InputBundleManager.loadActiveInputBundleId():528 loadActiveInputBundleId: zh-CN, ime_zh_cn
01-21 20:43:22.001  2813  2813 I AndroidIME: AbstractIme.onActivate():95 AsyncChineseProcessorBasedIme.onActivate() : EditorInfo = EditorInfo{packageName=com.example.appbridgenew_example, inputType=8001, inputTypeString=Normal[AutoCorrect], enableLearning=true, autoCorrection=true, autoComplete=true, imeOptions=2000006, privateImeOptions=null, actionName=DONE, actionLabel=null, initialSelStart=-1, initialSelEnd=-1, initialCapsMode=0, label=null, fieldId=1, fieldName=null, extras=null, hintText=null, hintLocales=[]}, IncognitoMode = false, DeviceLocked = false
01-21 20:43:22.002  2813  8364 I AndroidIME: AbstractIme.onActivate():95 ProcessorBasedIme.onActivate() : EditorInfo = EditorInfo{packageName=com.example.appbridgenew_example, inputType=8001, inputTypeString=Normal[AutoCorrect], enableLearning=true, autoCorrection=true, autoComplete=true, imeOptions=2000006, privateImeOptions=null, actionName=DONE, actionLabel=null, initialSelStart=-1, initialSelEnd=-1, initialCapsMode=0, label=null, fieldId=1, fieldName=null, extras=null, hintText=null, hintLocales=[]}, IncognitoMode = false, DeviceLocked = false
01-21 20:43:22.003  2813  2813 I KeyboardWrapper: KeyboardWrapper.activateKeyboard():582 activateKeyboard(): type=prime, status=INACTIVE, imeDef=nch{stringId=ime_zh_cn, language=zh-CN, languageTag=zh-CN, processedConditions={enable_input_unicode=false, physical_keyboard=nokeys, enable_chinese_inline_composing_zh_cn=true, pref_enable_chinese_inline_composing_cn=false, true=true, enable_number_row=false, device=phone, enable_pk_simulator=false, enable_voice_in_chinese=true}, className=com.google.android.apps.inputmethod.libs.chinese.ime.AsyncChineseProcessorBasedIme, label=0, keyEventInterpreter=null, inlineComposing=false, autoCapital=false, announceAutoSelectedCandidate=true, statusIcon=0, indicatorIcon=0, indicatorLabel=拼, displayAppCompletions=true, extraValues=nca{#0x7f0b02c6=TypedValue{t=0x1/d=0x7f170573}, #0x7f0b02d0=TypedValue{t=0x3/d=0x36ff "enable_double_space_period" a=21 r=0x7f14093a}, #0x7f0b02d9=TypedValue{t=0x3/d=0x0 "true"}, #0x7f0b02e8=TypedValue{t=0x3/d=0x0 "hmm"}, #0x7f0b02e9=TypedValue{t=0x3/d=0x0 "。"}}, processors=nea@d6a7a35, unacceptableMetaKeys=4098, languageSpecificSettings=2132217882, asciiCapable=false, alwaysShowSuggestions=true, useAsciiPasswordKeyboard=true, keyboardGroupDef=ndj@1905eca, phenotypeFlagId=0, localizationLanguageTag=null, supportsInlineSuggestion=false}
01-21 20:43:22.004  2813  8364 I AbstractHmmEngineFactory: AbstractHmmEngineFactory.createEngine():284 Create hmm engine with data DataFileProvider[source=DOWNLOAD path=/data/user/0/com.google.android.inputmethod.latin/files/superpacks/hmmdictionary/zh_CN_2025090307 version=2025090307] successfully
01-21 20:43:22.004  2813  2813 I KeyboardManager: KeyboardManager.requestKeyboard():249 Creating keyboard prime, imeId=ime_zh_cn, cacheKey=theme,!gsf,!pgsans,!pgsf,!use_system_font,BORDER,EXPRESSION_PAPERCUTS_V2,FLAVOR_DPI=XHDPI,IS_LIGHT,KEYBOARD_WIDTH_CATEGORY=NORMAL,KEY_BORDER_SHAPE=1,LIGHT_THEME=true,PHYSICAL_DIAGONAL=5.2898636,POPUP,SCREEN_SHORTEST_WIDTH=360,SCREEN_SHORTEST_WIDTH_NO_SCALE=360,XHDPI,bottom4dp,enable_popup_on_keypress=true,keyboard_redesign_google_sans=true,non_linear_scale,noshadow,overlay_builtin_dynamic_color_light_base.binarypb:gm3-light-fff6faff-ff236488-71806b91f64670a4c1045f9698b99510,silkpopup,use_expression_papercuts_v2_colors=true
01-21 20:43:22.006  2813  2813 I KeyboardWrapper: KeyboardWrapper.onKeyboardReady():224 onKeyboardReady(): type=prime(prime), kb=com.google.android.apps.inputmethod.latin.keyboard.LatinPrimeKeyboard@c57a3f1
01-21 20:43:22.006  2813  2813 I KeyboardWrapper: KeyboardWrapper.doActivateKeyboard():612 doActivateKeyboard(): prime
01-21 20:43:22.015  2813  2813 I BaseKeyboardSizeHelper: BaseKeyboardSizeHelper.calculateMaxKeyboardBodyHeight():73 leave 194 height for app when ime window height:1436, header height:88 and isFullscreenMode:false, so the max keyboard body height is:1154
01-21 20:43:22.016  2813  2813 W TooltipLifecycleManager: TooltipLifecycleManager.dismissTooltips():153 Tooltip with id undo_access_point_promotion_banner not found in tooltipManager.
01-21 20:43:22.020  2813  2813 I KeyboardModeUtils: KeyboardModeUtils.getKeyboardBottomOffset():435 inch: 0.000000 ydpi: 269.372986 adjustKeyboardBottomByDisplaySize: false currentDensityDpi: 320 defaultDensityDpi: 320 keyboardBottomToScreenPx: 0 keyboardBottomToNavBarPx: -96 navBarHeight: 96
01-21 20:43:22.020  2813  2813 I BaseKeyboardSizeHelper: BaseKeyboardSizeHelper.calculateMaxKeyboardBodyHeight():73 leave 194 height for app when ime window height:1436, header height:88 and isFullscreenMode:false, so the max keyboard body height is:1154
01-21 20:43:22.020  2813  2813 I BaseKeyboardSizeHelper: BaseKeyboardSizeHelper.calculateMaxKeyboardBodyHeight():73 leave 194 height for app when ime window height:1436, header height:88 and isFullscreenMode:false, so the max keyboard body height is:1154
01-21 20:43:22.020  2813  2813 I BaseKeyboardSizeHelper: BaseKeyboardSizeHelper.calculateMaxKeyboardBodyHeight():73 leave 194 height for app when ime window height:1436, header height:88 and isFullscreenMode:false, so the max keyboard body height is:1154
01-21 20:43:22.020  2813  2813 I BaseKeyboardSizeHelper: BaseKeyboardSizeHelper.calculateMaxKeyboardBodyHeight():73 leave 194 height for app when ime window height:1436, header height:88 and isFullscreenMode:false, so the max keyboard body height is:1154
01-21 20:43:22.020  2813  2813 I GlobeKeyExtension: GlobeKeyExtension.getKeyboardInitialStates():175 
01-21 20:43:22.021  2813  2813 W Keyboard: Keyboard.getKeyboardViewHelper():604 null helper is returned: keyboardDef=ndb{processedConditions={show_comma_key=true, layout_9key_split=false, enable_secondary_symbols=false, pref_enable_flick_symbols=false, language=zh-CN, deprecate_long_press_space_for_ime_picker=false, expressions=normal, variant=qwerty, show_period_key=true, device=phone, keyboard_mode=normal, show_secondary_digits=true, enable_preemptive_decode=true, enable_pk_simulator=false}, globalConditions={global_theme_key=theme,!gsf,!pgsans,!pgsf,!use_system_font,BORDER,EXPRESSION_PAPERCUTS_V2,FLAVOR_DPI=XHDPI,IS_LIGHT,KEYBOARD_WIDTH_CATEGORY=NORMAL,KEY_BORDER_SHAPE=1,LIGHT_THEME=true,PHYSICAL_DIAGONAL=5.2898636,POPUP,SCREEN_SHORTEST_WIDTH=360,SCREEN_SHORTEST_WIDTH_NO_SCALE=360,XHDPI,bottom4dp,enable_popup_on_keypress=true,keyboard_redesign_google_sans=true,non_linear_scale,noshadow,overlay_builtin_dynamic_color_light_base.binarypb:gm3-light-fff6faff-ff236488-71806b91f64670a4c1045f9698b99510,silkpopup,use_expression_papercuts_v2_colors=true, global_locale=zh_CN, global_density_dpi=320, global_orientation=1}, className=.latin.keyboard.LatinPrimeKeyboard, resourceIds=[#0x7f170749, #0x7f170574], initialStates=0, keyboardViewDefs=[ndr{direction=null, id=#0x7f0b0227, isScalable=true, layoutId=#0x7f0e0381, type=BODY, touchable=true, defaultShow=true}, ndr{direction=LOCALE, id=#0x7f0b0227, isScalable=false, layoutId=#0x7f0e0519, type=HEADER, touchable=true, defaultShow=true}], persistentStates=0, persistentStatesPrefKey=null, popupBubbleLayoutId=#0x7f0e0602, recentKeyLayoutId=#0x0, recentKeyPopupLayoutId=#0x0, recentKeyType=null, rememberRecentKey=NONE, sessionStates=17592186044419}, type=FLOATING_CANDIDATES, helpersCreated={HEADER=mpl@ea0bff9, BODY=mpl@885cb3e}, context.getResources().getConfiguration(): {1.0 456mcc6mnc [zh_CN] ldltr sw360dp w360dp h766dp 320dpi nrml long port finger -keyb/v/h -nav/h winConfig={ mBounds=Rect(0, 0 - 720, 1612) mAppBounds=Rect(0, 80 - 720, 1612) mMaxBounds=Rect(0, 0 - 720, 1612) mDisplayRotation=ROTATION_0 mWindowingMode=fullscreen mDisplayWindowingMode=fullscreen mActivityType=undefined mAlwaysOnTop=undefined mRotation=ROTATION_0} s.17 fontWeightAdjustment=0}
01-21 20:43:22.021  2813  2813 W Keyboard: Keyboard.getKeyboardViewHelper():604 null helper is returned: keyboardDef=ndb{processedConditions={show_comma_key=true, layout_9key_split=false, enable_secondary_symbols=false, pref_enable_flick_symbols=false, language=zh-CN, deprecate_long_press_space_for_ime_picker=false, expressions=normal, variant=qwerty, show_period_key=true, device=phone, keyboard_mode=normal, show_secondary_digits=true, enable_preemptive_decode=true, enable_pk_simulator=false}, globalConditions={global_theme_key=theme,!gsf,!pgsans,!pgsf,!use_system_font,BORDER,EXPRESSION_PAPERCUTS_V2,FLAVOR_DPI=XHDPI,IS_LIGHT,KEYBOARD_WIDTH_CATEGORY=NORMAL,KEY_BORDER_SHAPE=1,LIGHT_THEME=true,PHYSICAL_DIAGONAL=5.2898636,POPUP,SCREEN_SHORTEST_WIDTH=360,SCREEN_SHORTEST_WIDTH_NO_SCALE=360,XHDPI,bottom4dp,enable_popup_on_keypress=true,keyboard_redesign_google_sans=true,non_linear_scale,noshadow,overlay_builtin_dynamic_color_light_base.binarypb:gm3-light-fff6faff-ff236488-71806b91f64670a4c1045f9698b99510,silkpopup,use_expression_papercuts_v2_colors=true, global_locale=zh_CN, global_density_dpi=320, global_orientation=1}, className=.latin.keyboard.LatinPrimeKeyboard, resourceIds=[#0x7f170749, #0x7f170574], initialStates=0, keyboardViewDefs=[ndr{direction=null, id=#0x7f0b0227, isScalable=true, layoutId=#0x7f0e0381, type=BODY, touchable=true, defaultShow=true}, ndr{direction=LOCALE, id=#0x7f0b0227, isScalable=false, layoutId=#0x7f0e0519, type=HEADER, touchable=true, defaultShow=true}], persistentStates=0, persistentStatesPrefKey=null, popupBubbleLayoutId=#0x7f0e0602, recentKeyLayoutId=#0x0, recentKeyPopupLayoutId=#0x0, recentKeyType=null, rememberRecentKey=NONE, sessionStates=17592186044419}, type=WIDGET, helpersCreated={HEADER=mpl@ea0bff9, BODY=mpl@885cb3e}, context.getResources().getConfiguration(): {1.0 456mcc6mnc [zh_CN] ldltr sw360dp w360dp h766dp 320dpi nrml long port finger -keyb/v/h -nav/h winConfig={ mBounds=Rect(0, 0 - 720, 1612) mAppBounds=Rect(0, 80 - 720, 1612) mMaxBounds=Rect(0, 0 - 720, 1612) mDisplayRotation=ROTATION_0 mWindowingMode=fullscreen mDisplayWindowingMode=fullscreen mActivityType=undefined mAlwaysOnTop=undefined mRotation=ROTATION_0} s.17 fontWeightAdjustment=0}
01-21 20:43:22.021  2813  2813 I BaseKeyboardSizeHelper: BaseKeyboardSizeHelper.calculateMaxKeyboardBodyHeight():73 leave 194 height for app when ime window height:1436, header height:88 and isFullscreenMode:false, so the max keyboard body height is:1154
01-21 20:43:22.023  2813  2813 I AndroidIME: InputBundleManager.startInput():358 startInput() with ndn[keyboardType=prime, payload=null]
01-21 20:43:22.023  2813  2813 I GlobeKeyExtension: GlobeKeyExtension.onActivate():120 
01-21 20:43:22.023  2813  2813 I HardKeyTracker: HardKeyTracker.unregisterKeySequence():221 Unregister key sequence nys{labelResId=2132020505, callback=ctw@19dfc09, lastModifier=2, keyCodes=[56], actions=[0]}
01-21 20:43:22.023  2813  2813 I HardKeyTracker: HardKeyTracker.registerKeySequence():170 Register key sequence nys{labelResId=2132020505, callback=ctw@c1be1fc, lastModifier=2, keyCodes=[56], actions=[0]}
01-21 20:43:22.024  2813  2813 I VoiceInputManagerWrapper: VoiceInputManagerWrapper.cancelShutdown():109 cancelShutdown()
01-21 20:43:22.024  2813  2813 I VoiceInputManagerWrapper: VoiceInputManagerWrapper.syncLanguagePacks():121 syncLanguagePacks()
01-21 20:43:22.024  2813  2813 I VoiceInputManager: VoiceInputManager.onKeyboardActivated():1213 onKeyboardActivated() [UD]
01-21 20:43:22.024  2813  2813 I PkModeUpdater: PkModeUpdater.onActivate():74 onActivate false true
01-21 20:43:22.024  2813  2813 I AccessoryInputModeManager: AccessoryInputModeManager.onModeStarted():321 Accessory input mode started: null
01-21 20:43:22.024  2813 13715 I SpeechFactory: SpeechRecognitionFactory.maybeScheduleAutoPackDownloadForFallback():217 maybeScheduleAutoPackDownloadForFallback()
01-21 20:43:22.024  2813  2813 W SupplementaryKeyboardsWrapper: SupplementaryKeyboardsWrapper.deactivateKeyboard():162 keyboard accessory_candidates_consumer is not activated before!
01-21 20:43:22.025  2813 13715 I FallbackOnDeviceRecognitionProvider: FallbackOnDeviceRecognitionProvider.maybeScheduleAutoPackDownload():205 maybeScheduleAutoPackDownload() for language tag zh-CN
01-21 20:43:22.025  2813  2813 I KeyboardModeUtils: KeyboardModeUtils.getKeyboardBottomOffset():435 inch: 0.000000 ydpi: 269.372986 adjustKeyboardBottomByDisplaySize: false currentDensityDpi: 320 defaultDensityDpi: 320 keyboardBottomToScreenPx: 0 keyboardBottomToNavBarPx: -96 navBarHeight: 96
01-21 20:43:22.025  2813  2813 I BaseKeyboardSizeHelper: BaseKeyboardSizeHelper.calculateMaxKeyboardBodyHeight():73 leave 194 height for app when ime window height:1436, header height:88 and isFullscreenMode:false, so the max keyboard body height is:1154
01-21 20:43:22.026  2813  2813 I BaseKeyboardSizeHelper: BaseKeyboardSizeHelper.calculateMaxKeyboardBodyHeight():73 leave 194 height for app when ime window height:1436, header height:88 and isFullscreenMode:false, so the max keyboard body height is:1154
01-21 20:43:22.026  2813  2813 I BaseKeyboardSizeHelper: BaseKeyboardSizeHelper.calculateMaxKeyboardBodyHeight():73 leave 194 height for app when ime window height:1436, header height:88 and isFullscreenMode:false, so the max keyboard body height is:1154
01-21 20:43:22.026  2813  2813 I BaseKeyboardSizeHelper: BaseKeyboardSizeHelper.calculateMaxKeyboardBodyHeight():73 leave 194 height for app when ime window height:1436, header height:88 and isFullscreenMode:false, so the max keyboard body height is:1154
01-21 20:43:22.026  2813  2813 W NormalModeController: NormalModeController.adjustKeyboardBodyHeightRatio():214 Invalid height ratio from decoder -1.000000!
01-21 20:43:22.026  2813  2813 W ExtensionWrapper: ExtensionWrapper.setExtensionViewVisibility():863 interface msq is not activate
01-21 20:43:22.027  2813  2813 I Module  : DeviceLockedStatusModuleProvider$Module.updateDeviceLockedStatus():103 repeatCheckTimes = 1, locked = false
01-21 20:43:22.028  2813  2813 I HardKeyTracker: HardKeyTracker.unregisterKeySequence():221 Unregister key sequence nys{labelResId=2132020505, callback=ctw@132f63c, lastModifier=2, keyCodes=[56], actions=[0]}
01-21 20:43:22.028  2813  2813 I HardKeyTracker: HardKeyTracker.registerKeySequence():170 Register key sequence nys{labelResId=2132020505, callback=ctw@155b448, lastModifier=2, keyCodes=[56], actions=[0]}
01-21 20:43:22.028  2813  2813 I VoiceImeExtension: VoiceImeExtension.shouldStartVoiceInputAutomaticallyInCurrentInputBox():384 No private IME option set to start voice input.
01-21 20:43:22.030 18303 18303 W OnBackInvokedCallback: OnBackInvokedCallback is not enabled for the application.
01-21 20:43:22.030 18303 18303 W OnBackInvokedCallback: Set 'android:enableOnBackInvokedCallback="true"' in the application manifest.
01-21 20:43:22.037  1146  1146 W binder:1146_D: type=1400 audit(0.0:35971): avc: denied { read } for name="u:object_r:vendor_default_prop:s0" dev="tmpfs" ino=19796 scontext=u:r:system_server:s0 tcontext=u:object_r:vendor_default_prop:s0 tclass=file permissive=0
01-21 20:43:22.044  1146  2077 W libc    : Access denied finding property "persist.vendor.dbg.disable.art"
01-21 20:43:22.047  2557  2557 D BoundBrokerSvc: onBind: Intent { act=com.google.firebase.dynamiclinks.service.START pkg=com.google.android.gms }
01-21 20:43:22.047  2557  2557 D BoundBrokerSvc: Loading bound service for intent: Intent { act=com.google.firebase.dynamiclinks.service.START pkg=com.google.android.gms }
01-21 20:43:22.048  1516  1579 D TranThreePointMenuWindow: [ThreePointMenuMiddle] hideByStatusBar => false
01-21 20:43:22.052  1146  2077 I WindowManager: Relayout Window{ba90d14 u0 InputMethod}-[Surface(name=*Title#6126)/@0xc7cbb3e]: oldVis=8 newVis=0 focusMayChange = true requestedWidth = 720 requestedHeight = 1532 outFrames = ClientWindowFrames{frame=[0,80][720,1612] display=[0,80][720,1612] parentFrame=[0,0][0,0] parentClippedByDisplayCutout=false} outSurfaceControl = Surface(name=InputMethod#-1)/@0x21ccd9f
01-21 20:43:22.052  2813  2813 D VRI[InputMethod]: performTraversals relayoutWindow: maybeSyncSeqId=-1 ,mSyncSeqId=0 ,relayoutResult=3
01-21 20:43:22.054  2813  2813 I KeyboardModeUtils: KeyboardModeUtils.getKeyboardBottomOffset():435 inch: 0.000000 ydpi: 269.372986 adjustKeyboardBottomByDisplaySize: false currentDensityDpi: 320 defaultDensityDpi: 320 keyboardBottomToScreenPx: 0 keyboardBottomToNavBarPx: -96 navBarHeight: 96
01-21 20:43:22.054  2813  2813 I BaseKeyboardSizeHelper: BaseKeyboardSizeHelper.calculateMaxKeyboardBodyHeight():73 leave 194 height for app when ime window height:1436, header height:88 and isFullscreenMode:false, so the max keyboard body height is:1154
01-21 20:43:22.054  2813  2813 I BaseKeyboardSizeHelper: BaseKeyboardSizeHelper.calculateMaxKeyboardBodyHeight():73 leave 194 height for app when ime window height:1436, header height:88 and isFullscreenMode:false, so the max keyboard body height is:1154
01-21 20:43:22.054  2813  2813 I WindowMetricsNotification: WindowMetricsNotification.notifyWithWindow():166 
01-21 20:43:22.055   705 26293 I mali_gralloc: allocate: id=2c100001c68, hal_format=RGBA8888, mali_format=RGBA8888, afbc=SPLIT, usage=GPU_RW|HWC|BACKBUF, size=720x1532(4493312), stride=720, name=VRI[InputMethod]#31(BLAST Consumer)31
01-21 20:43:22.055  2813  2813 I WindowMetricsNotification: WindowMetricsNotification.notify():159 pze[bounds=Rect(0, 80 - 720, 1612), insets=Rect(0, 0 - 0, 96), densityDpi=320, smallestScreenWidthDp=360, displayWidth=720, displayHeight=1612, xdpi=268.941, ydpi=269.373, isTrustable=true, displayId=0]; DisplayMetrics{density=2.0, width=720, height=1612, scaledDensity=2.0, xdpi=268.941, ydpi=269.373}
01-21 20:43:22.055  2813 18655 I mali_gralloc: register: id=0x2c100001c68, importpid=-1
01-21 20:43:22.056   705 26293 I mali_gralloc: allocate: id=2c100001c69, hal_format=RGBA8888, mali_format=RGBA8888, afbc=SPLIT, usage=GPU_RW|HWC|BACKBUF, size=720x1532(4493312), stride=720, name=VRI[InputMethod]#31(BLAST Consumer)31
01-21 20:43:22.057  2813 18655 I mali_gralloc: register: id=0x2c100001c69, importpid=-1
01-21 20:43:22.057   705 26293 I mali_gralloc: allocate: id=2c100001c6a, hal_format=RGBA8888, mali_format=RGBA8888, afbc=SPLIT, usage=GPU_RW|HWC|BACKBUF, size=720x1532(4493312), stride=720, name=VRI[InputMethod]#31(BLAST Consumer)31
01-21 20:43:22.057  1516  1579 D TranThreePointMenuWindow: [ThreePointMenuMiddle] hideByStatusBar => false
01-21 20:43:22.058  2813 18655 I mali_gralloc: register: id=0x2c100001c6a, importpid=-1
01-21 20:43:22.060   705 26293 I mali_gralloc: allocate: id=2c100001c6b, hal_format=RGBA8888, mali_format=RGBA8888, afbc=SPLIT, usage=GPU_RW|HWC|BACKBUF, size=720x1532(4493312), stride=720, name=VRI[InputMethod]#31(BLAST Consumer)31
01-21 20:43:22.061  2813 18655 I mali_gralloc: register: id=0x2c100001c6b, importpid=-1
01-21 20:43:22.069   759  1895 I mali_gralloc: register: id=0x2c100001c6a, importpid=2813
01-21 20:43:22.071  1146  3074 D WindowManager: finishDrawing: syncSeqId=0, postDrawTransaction=android.view.SurfaceControl$Transaction@1fc12b5, mSyncState=0, mDrawState=1, hasSyncHandlers=false, mClientWasDrawingForSync=false, win=Window{ba90d14 u0 InputMethod}-[Surface(name=*Title#6126)/@0xc7cbb3e]
01-21 20:43:22.071  2813  2813 I GoogleInputMethodService: GoogleInputMethodService$1.onKeyboardViewShown():323 onKeyboardViewShown: keyboardType=prime, keyboardViewType=HEADER keyboardView=com.google.android.libraries.inputmethod.widgets.SoftKeyboardView{c63b4cb V.E...... ........ 0,0-720,88}
01-21 20:43:22.071  2813  2813 I BaseKeyboardSizeHelper: BaseKeyboardSizeHelper.calculateMaxKeyboardBodyHeight():73 leave 194 height for app when ime window height:1436, header height:88 and isFullscreenMode:false, so the max keyboard body height is:1154
01-21 20:43:22.072  2813  2813 I GoogleInputMethodService: GoogleInputMethodService$1.onKeyboardViewShown():323 onKeyboardViewShown: keyboardType=prime, keyboardViewType=BODY keyboardView=com.google.android.libraries.inputmethod.widgets.SoftKeyboardView{876e2c3 V.E...... ........ 0,0-720,422}
01-21 20:43:22.073  2813  2813 I BaseKeyboardSizeHelper: BaseKeyboardSizeHelper.calculateMaxKeyboardBodyHeight():73 leave 194 height for app when ime window height:1436, header height:88 and isFullscreenMode:false, so the max keyboard body height is:1154
01-21 20:43:22.073  2813  2813 I GlobeKeyExtension: GlobeKeyExtension$1.onKeyboardViewShown():72 maybeDisableLanguageSwitchKeyPref when the keyboard is shown
01-21 20:43:22.073  2813  2813 I GlobeKeyExtension: GlobeKeyExtension.maybeDisableLanguageSwitchKeyPref():200 maybeDisableLanguageSwitchKeyPref hasGlobeKeyBeenDisabled: false, shouldDisableLanguageSwitchKey: false
01-21 20:43:22.073  2813  2813 I NewLanguagePromptExtension: NewLanguagePromptExtension$1.onKeyboardViewShown():98 Not show new language banner: no change in enabled input method entries
01-21 20:43:22.074 18303 18303 D InsetsController: show(ime(), fromIme=true)
01-21 20:43:22.075  2813  2813 I KeyboardModeUtils: KeyboardModeUtils.getKeyboardBottomOffset():435 inch: 0.000000 ydpi: 269.372986 adjustKeyboardBottomByDisplaySize: false currentDensityDpi: 320 defaultDensityDpi: 320 keyboardBottomToScreenPx: 0 keyboardBottomToNavBarPx: -96 navBarHeight: 96
01-21 20:43:22.075  2813  2813 I BaseKeyboardSizeHelper: BaseKeyboardSizeHelper.calculateMaxKeyboardBodyHeight():73 leave 194 height for app when ime window height:1436, header height:88 and isFullscreenMode:false, so the max keyboard body height is:1154
01-21 20:43:22.075  2813  2813 I BaseKeyboardSizeHelper: BaseKeyboardSizeHelper.calculateMaxKeyboardBodyHeight():73 leave 194 height for app when ime window height:1436, header height:88 and isFullscreenMode:false, so the max keyboard body height is:1154
01-21 20:43:22.079  1516  1579 D TranThreePointMenuWindow: [ThreePointMenuMiddle] hideByStatusBar => false
01-21 20:43:22.081  1146  1146 D GameModeHelperService: onImeWindowVisibleChanged true
01-21 20:43:22.082   759   790 I mali_gralloc: register: id=0x2c100001c6b, importpid=2813
01-21 20:43:22.083  1516  1579 D TranThreePointMenuWindow: [ThreePointMenuMiddle] hideByStatusBar => false
01-21 20:43:22.087   759   790 I mali_gralloc: register: id=0x2c100001c69, importpid=2813
01-21 20:43:22.090  2557  2557 D BoundBrokerSvc: onBind: Intent { act=com.google.android.mdd.service.START dat=chimera-action:/... cmp=com.google.android.gms/.chimera.GmsBoundBrokerService }
01-21 20:43:22.091  2557  2557 D BoundBrokerSvc: Loading bound service for intent: Intent { act=com.google.android.mdd.service.START dat=chimera-action:/... cmp=com.google.android.gms/.chimera.GmsBoundBrokerService }
01-21 20:43:22.104   759   789 I mali_gralloc: register: id=0x2c100001c68, importpid=2813
01-21 20:43:22.122  1146  3730 I AssistStructure: Flattened final assist data: 384 bytes, containing 1 windows, 3 views
01-21 20:43:22.125  2103 16527 W aoin    : Failed to retrieve prediction data. [CONTEXT service_id=177 ]
01-21 20:43:22.125  2103 16527 W aoin    : java.util.concurrent.ExecutionException: fral: No data was found for the table autofill-domain-predictions-prod-spanner.
01-21 20:43:22.125  2103 16527 W aoin    : 	at gtbc.j(:com.google.android.gms@255034029@25.50.34 (190400-855735097):21)
01-21 20:43:22.125  2103 16527 W aoin    : 	at gtbl.v(:com.google.android.gms@255034029@25.50.34 (190400-855735097):107)
01-21 20:43:22.125  2103 16527 W aoin    : 	at gtbc.get(:com.google.android.gms@255034029@25.50.34 (190400-855735097):6)
01-21 20:43:22.125  2103 16527 W aoin    : 	at aoin.e(:com.google.android.gms@255034029@25.50.34 (190400-855735097):81)
01-21 20:43:22.125  2103 16527 W aoin    : 	at aoin.a(:com.google.android.gms@255034029@25.50.34 (190400-855735097):124)
01-21 20:43:22.125  2103 16527 W aoin    : 	at aofx.call(:com.google.android.gms@255034029@25.50.34 (190400-855735097):5)
01-21 20:43:22.125  2103 16527 W aoin    : 	at java.util.concurrent.FutureTask.run(FutureTask.java:317)
01-21 20:43:22.125  2103 16527 W aoin    : 	at bdya.c(:com.google.android.gms@255034029@25.50.34 (190400-855735097):50)
01-21 20:43:22.125  2103 16527 W aoin    : 	at bdya.run(:com.google.android.gms@255034029@25.50.34 (190400-855735097):73)
01-21 20:43:22.125  2103 16527 W aoin    : 	at java.util.concurrent.ThreadPoolExecutor.runWorker(ThreadPoolExecutor.java:1154)
01-21 20:43:22.125  2103 16527 W aoin    : 	at java.util.concurrent.ThreadPoolExecutor$Worker.run(ThreadPoolExecutor.java:652)
01-21 20:43:22.125  2103 16527 W aoin    : 	at bedr.run(:com.google.android.gms@255034029@25.50.34 (190400-855735097):8)
01-21 20:43:22.125  2103 16527 W aoin    : 	at java.lang.Thread.run(Thread.java:1563)
01-21 20:43:22.125  2103 16527 W aoin    : Caused by: fral: No data was found for the table autofill-domain-predictions-prod-spanner.
01-21 20:43:22.125  2103 16527 W aoin    : 	at frbc.a(:com.google.android.gms@255034029@25.50.34 (190400-855735097):217)
01-21 20:43:22.125  2103 16527 W aoin    : 	at gtbn.d(:com.google.android.gms@255034029@25.50.34 (190400-855735097):3)
01-21 20:43:22.125  2103 16527 W aoin    : 	at gtbp.run(:com.google.android.gms@255034029@25.50.34 (190400-855735097):38)
01-21 20:43:22.125  2103 16527 W aoin    : 	at gtdb.execute(:com.google.android.gms@255034029@25.50.34 (190400-855735097):1)
01-21 20:43:22.125  2103 16527 W aoin    : 	at gtbc.f(:com.google.android.gms@255034029@25.50.34 (190400-855735097):1)
01-21 20:43:22.125  2103 16527 W aoin    : 	at gtbc.m(:com.google.android.gms@255034029@25.50.34 (190400-855735097):99)
01-21 20:43:22.125  2103 16527 W aoin    : 	at gtbc.t(:com.google.android.gms@255034029@25.50.34 (190400-855735097):26)
01-21 20:43:22.125  2103 16527 W aoin    : 	at gtbn.e(:com.google.android.gms@255034029@25.50.34 (190400-855735097):3)
01-21 20:43:22.125  2103 16527 W aoin    : 	at gtbp.run(:com.google.android.gms@255034029@25.50.34 (190400-855735097):44)
01-21 20:43:22.125  2103 16527 W aoin    : 	at gtdb.execute(:com.google.android.gms@255034029@25.50.34 (190400-855735097):1)
01-21 20:43:22.125  2103 16527 W aoin    : 	at gtbc.f(:com.google.android.gms@255034029@25.50.34 (190400-855735097):1)
01-21 20:43:22.125  2103 16527 W aoin    : 	at gtbc.m(:com.google.android.gms@255034029@25.50.34 (190400-855735097):99)
01-21 20:43:22.125  2103 16527 W aoin    : 	at gtbc.q(:com.google.android.gms@255034029@25.50.34 (190400-855735097):13)
01-21 20:43:22.125  2103 16527 W aoin    : 	at gtau.run(:com.google.android.gms@255034029@25.50.34 (190400-855735097):120)
01-21 20:43:22.125  2103 16527 W aoin    : 	at gtdb.execute(:com.google.android.gms@255034029@25.50.34 (190400-855735097):1)
01-21 20:43:22.125  2103 16527 W aoin    : 	at gtbc.f(:com.google.android.gms@255034029@25.50.34 (190400-855735097):1)
01-21 20:43:22.125  2103 16527 W aoin    : 	at gtbc.m(:com.google.android.gms@255034029@25.50.34 (190400-855735097):99)
01-21 20:43:22.125  2103 16527 W aoin    : 	at gtbc.q(:com.google.android.gms@255034029@25.50.34 (190400-855735097):13)
01-21 20:43:22.125  2103 16527 W aoin    : 	at gtbo.e(:com.google.android.gms@255034029@25.50.34 (190400-855735097):1)
01-21 20:43:22.125  2103 16527 W aoin    : 	at gtbp.run(:com.google.android.gms@255034029@25.50.34 (190400-855735097):44)
01-21 20:43:22.125  2103 16527 W aoin    : 	at gtdb.execute(:com.google.android.gms@255034029@25.50.34 (190400-855735097):1)
01-21 20:43:22.125  2103 16527 W aoin    : 	at gtbc.f(:com.google.android.gms@255034029@25.50.34 (190400-855735097):1)
01-21 20:43:22.125  2103 16527 W aoin    : 	at gtbc.m(:com.google.android.gms@255034029@25.50.34 (190400-855735097):99)
01-21 20:43:22.125  2103 16527 W aoin    : 	at gtbc.q(:com.google.android.gms@255034029@25.50.34 (190400-855735097):13)
01-21 20:43:22.125  2103 16527 W aoin    : 	at gtau.run(:com.google.android.gms@255034029@25.50.34 (190400-855735097):120)
01-21 20:43:22.125  2103 16527 W aoin    : 	at gtdb.execute(:com.google.android.gms@255034029@25.50.34 (190400-855735097):1)
01-21 20:43:22.125  2103 16527 W aoin    : 	at gtbc.f(:com.google.android.gms@255034029@25.50.34 (190400-855735097):1)
01-21 20:43:22.125  2103 16527 W aoin    : 	at gtbc.m(:com.google.android.gms@255034029@25.50.34 (190400-855735097):99)
01-21 20:43:22.125  2103 16527 W aoin    : 	at gtbc.q(:com.google.android.gms@255034029@25.50.34 (190400-855735097):13)
01-21 20:43:22.125  2103 16527 W aoin    : 	at gtbo.e(:com.google.android.gms@255034029@25.50.34 (190400-855735097):1)
01-21 20:43:22.125  2103 16527 W aoin    : 	at gtbp.run(:com.google.android.gms@255034029@25.50.34 (190400-855735097):44)
01-21 20:43:22.125  2103 16527 W aoin    : 	at gtdb.execute(:com.google.android.gms@255034029@25.50.34 (190400-855735097):1)
01-21 20:43:22.125  2103 16527 W aoin    : 	at gtbc.f(:com.google.android.gms@255034029@25.50.34 (190400-855735097):1)
01-21 20:43:22.125  2103 16527 W aoin    : 	at gtbc.m(:com.google.android.gms@255034029@25.50.34 (190400-855735097):99)
01-21 20:43:22.125  2103 16527 W aoin    : 	at gtbc.t(:com.google.android.gms@255034029@25.50.34 (190400-855735097):26)
01-21 20:43:22.126  2103 16527 W aoin    : 	at gtdy.run(:com.google.android.gms@255034029@25.50.34 (190400-855735097):5)
01-21 20:43:22.126  2103 16527 W aoin    : 	at gtdb.execute(:com.google.android.gms@255034029@25.50.34 (190400-855735097):1)
01-21 20:43:22.126  2103 16527 W aoin    : 	at gtbc.f(:com.google.android.gms@255034029@25.50.34 (190400-855735097):1)
01-21 20:43:22.126  2103 16527 W aoin    : 	at gtbc.m(:com.google.android.gms@255034029@25.50.34 (190400-855735097):99)
01-21 20:43:22.126  2103 16527 W aoin    : 	at gtbc.t(:com.google.android.gms@255034029@25.50.34 (190400-855735097):26)
01-21 20:43:22.126  2103 16527 W aoin    : 	at gtbn.e(:com.google.android.gms@255034029@25.50.34 (190400-855735097):3)
01-21 20:43:22.126  2103 16527 W aoin    : 	at gtbp.run(:com.google.android.gms@255034029@25.50.34 (190400-855735097):44)
01-21 20:43:22.126  2103 16527 W aoin    : 	at gtfe.run(:com.google.android.gms@255034029@25.50.34 (190400-855735097):64)
01-21 20:43:22.126  2103 16527 W aoin    : 	... 6 more
01-21 20:43:22.127   759   759 I Layer   : fillInputInfo layer:InputMethod#6126, visible=1 (hasInputInfo:1, isHidden:0, alpha:1.000000, mActiveBuffer:2), parent:ba90d14 InputMethod#106, parenthidden:0
01-21 20:43:22.129   706   769 I mali_gralloc: register: id=0x2c100001c68, importpid=759
01-21 20:43:22.138  2557  2557 D BoundBrokerSvc: onBind: Intent { act=com.google.android.gms.wallet.service.BIND pkg=com.google.android.gms }
01-21 20:43:22.138  2557  2557 D BoundBrokerSvc: Loading bound service for intent: Intent { act=com.google.android.gms.wallet.service.BIND pkg=com.google.android.gms }
01-21 20:43:22.144  1146  1146 D AutofillSession: clearPendingIntentLocked
01-21 20:43:22.145   706   769 I mali_gralloc: register: id=0x2c100001c6a, importpid=759
01-21 20:43:22.146  2813  2813 W TooltipLifecycleManager: TooltipLifecycleManager.dismissTooltips():153 Tooltip with id SUGGESTION_VIEW_EDU_MINI_DIALOG not found in tooltipManager.
01-21 20:43:22.147  1915  1915 V InlineSuggestionRenderService: handleDestroySuggestionViews called for 0:2039926927
01-21 20:43:22.153 18303 18347 E FrameEvents: updateAcquireFence: Did not find frame.
01-21 20:43:22.158  2557  2557 D BoundBrokerSvc: onBind: Intent { act=com.google.android.gms.chromesync.service.zeroparty.START dat=chimera-action:/... cmp=com.google.android.gms/.chimera.GmsApiService }
