01-21 20:43:32.289 18303 18762 I mali_gralloc: register: id=0x2c100001c74, importpid=708
01-21 20:43:32.289 18303 18762 I mali_gralloc: unregister: id=0x2c100001c74, base=0x0, importpid=18303
01-21 20:43:32.319   708 18763 V SimpleUnisocC2Component: start processing frame #30
01-21 20:43:32.319   708 18763 I VSP     : VP8DecSetCurRecPic,104,picid 30,header 0xf27cea10
01-21 20:43:32.319   708 18763 I C2UnisocVp8Dec: setDecodeArgs, pBufCtrl: 0xf27ce410, pBufCtrl->phyAddr: 0x20277000, frameIndex: 30, timeStamp: 27797896000, inSize: 284, inOffset: 0
01-21 20:43:32.319   708 18764 V C2UnisocVp8Dec: fetchGraphicBlock, stride: 640, sliceHeight: 368, mDecoderSwFlag: 0
01-21 20:43:32.320   708 18764 I C2UnisocVp8Dec: resetOutBlock, fd: 24, iova: 0x2037c000, mDecoderSwFlag: 0
01-21 20:43:32.321   708 18763 V C2UnisocVp8Dec: VSP_bind_cb, phyAddr: 0x20277000, pOutBlockInfo: 0xf27cea10, pBufCtrl: 0xf27ce410; iRefCount=0
01-21 20:43:32.321   708 18763 V C2UnisocVp8Dec: VSP_unbind_cb, phyAddr: 0x20325000, pOutBlockInfo: 0xf27ccb20, pBufCtrl: 0xf27d1680; iRefCount=1
01-21 20:43:32.321   708 18763 I C2UnisocVp8Dec: process, decRet: 0, 1ms, dec_out.frameEffective: 1, has_pic: 1, picId: 30, consume byte: 284
01-21 20:43:32.321   708 18763 I C2UnisocVp8Dec: drainOneOutputBuffer, pBufCtrl: 0xf27ce410, pBufCtrl->phyAddr: 0x20277000, frameIndex: 30
01-21 20:43:32.321   708 18764 I C2UnisocVp8Dec: resetOutBlock, fd: 25, iova: 0x20325000, mDecoderSwFlag: 0
01-21 20:43:32.321   708 18763 V SimpleUnisocC2Component: processed frame #30
01-21 20:43:32.321   708 18763 V SimpleUnisocC2Component: returning this work, frameIndex: 30
01-21 20:43:32.321   708 18764 D C2UnisocVideoDecoderComponent: fetch one queue free block:0xf27d13e0,iRefCount:0
01-21 20:43:32.322 18303 18762 I mali_gralloc: register: id=0x2c100001c75, importpid=708
01-21 20:43:32.322 18303 18762 I mali_gralloc: unregister: id=0x2c100001c75, base=0x0, importpid=18303
01-21 20:43:32.327   698  6594 I audio_hw_primary: app type:0x   5, is_voip:0, device:2, pcm:-176945824, usecase:0x   2
01-21 20:43:32.351   708 18763 V SimpleUnisocC2Component: start processing frame #31
01-21 20:43:32.351   708 18763 I VSP     : VP8DecSetCurRecPic,104,picid 31,header 0xf27d13e0
01-21 20:43:32.351   708 18763 I C2UnisocVp8Dec: setDecodeArgs, pBufCtrl: 0xf27c95e0, pBufCtrl->phyAddr: 0x20325000, frameIndex: 31, timeStamp: 27797930000, inSize: 262, inOffset: 0
01-21 20:43:32.352   708 18764 V C2UnisocVp8Dec: fetchGraphicBlock, stride: 640, sliceHeight: 368, mDecoderSwFlag: 0
01-21 20:43:32.353   708 18763 V C2UnisocVp8Dec: VSP_bind_cb, phyAddr: 0x20325000, pOutBlockInfo: 0xf27d13e0, pBufCtrl: 0xf27c95e0; iRefCount=0
01-21 20:43:32.353   708 18763 V C2UnisocVp8Dec: VSP_unbind_cb, phyAddr: 0x20277000, pOutBlockInfo: 0xf27cea10, pBufCtrl: 0xf27ce410; iRefCount=1
01-21 20:43:32.353   708 18763 I C2UnisocVp8Dec: process, decRet: 0, 1ms, dec_out.frameEffective: 1, has_pic: 1, picId: 31, consume byte: 262
01-21 20:43:32.353   708 18763 I C2UnisocVp8Dec: drainOneOutputBuffer, pBufCtrl: 0xf27c95e0, pBufCtrl->phyAddr: 0x20325000, frameIndex: 31
01-21 20:43:32.354   708 18764 D C2UnisocVideoDecoderComponent: fetch one queue free block:0xf27cd570,iRefCount:0
01-21 20:43:32.354   708 18763 V SimpleUnisocC2Component: processed frame #31
01-21 20:43:32.354   708 18764 I C2UnisocVp8Dec: resetOutBlock, fd: 37, iova: 0x20277000, mDecoderSwFlag: 0
01-21 20:43:32.354   708 18763 V SimpleUnisocC2Component: returning this work, frameIndex: 31
01-21 20:43:32.355 18303 18762 I mali_gralloc: register: id=0x2c100001c73, importpid=708
01-21 20:43:32.355 18303 18762 I mali_gralloc: unregister: id=0x2c100001c73, base=0x0, importpid=18303
01-21 20:43:32.371   698  6594 I audio_hw_primary: app type:0x   5, is_voip:0, device:2, pcm:-176945824, usecase:0x   2
01-21 20:43:32.383   708 18763 V SimpleUnisocC2Component: start processing frame #32
01-21 20:43:32.383   708 18763 I VSP     : VP8DecSetCurRecPic,104,picid 32,header 0xf27cd570
01-21 20:43:32.383   708 18763 I C2UnisocVp8Dec: setDecodeArgs, pBufCtrl: 0xf27d0ff0, pBufCtrl->phyAddr: 0x2037c000, frameIndex: 32, timeStamp: 27797963000, inSize: 270, inOffset: 0
01-21 20:43:32.384   708 18764 V C2UnisocVp8Dec: fetchGraphicBlock, stride: 640, sliceHeight: 368, mDecoderSwFlag: 0
01-21 20:43:32.385   708 18763 V C2UnisocVp8Dec: VSP_bind_cb, phyAddr: 0x2037c000, pOutBlockInfo: 0xf27cd570, pBufCtrl: 0xf27d0ff0; iRefCount=0
01-21 20:43:32.385   708 18763 V C2UnisocVp8Dec: VSP_unbind_cb, phyAddr: 0x20325000, pOutBlockInfo: 0xf27d13e0, pBufCtrl: 0xf27c95e0; iRefCount=1
01-21 20:43:32.385   708 18763 I C2UnisocVp8Dec: process, decRet: 0, 1ms, dec_out.frameEffective: 1, has_pic: 1, picId: 32, consume byte: 270
01-21 20:43:32.385   708 18763 I C2UnisocVp8Dec: drainOneOutputBuffer, pBufCtrl: 0xf27d0ff0, pBufCtrl->phyAddr: 0x2037c000, frameIndex: 32
01-21 20:43:32.385   708 18763 V SimpleUnisocC2Component: processed frame #32
01-21 20:43:32.385   708 18763 V SimpleUnisocC2Component: returning this work, frameIndex: 32
01-21 20:43:32.386   708 18764 D C2UnisocVideoDecoderComponent: fetch one queue free block:0xf27ccb20,iRefCount:0
01-21 20:43:32.386   708 18764 I C2UnisocVp8Dec: resetOutBlock, fd: 42, iova: 0x20325000, mDecoderSwFlag: 0
01-21 20:43:32.386 18303 18762 I mali_gralloc: register: id=0x2c100001c74, importpid=708
01-21 20:43:32.387 18303 18762 I mali_gralloc: unregister: id=0x2c100001c74, base=0x0, importpid=18303
01-21 20:43:32.415   698  6594 I audio_hw_primary: app type:0x   5, is_voip:0, device:2, pcm:-176945824, usecase:0x   2
01-21 20:43:32.416   708 18763 V SimpleUnisocC2Component: start processing frame #33
01-21 20:43:32.416   708 18763 I VSP     : VP8DecSetCurRecPic,104,picid 33,header 0xf27ccb20
01-21 20:43:32.416   708 18764 V C2UnisocVp8Dec: fetchGraphicBlock, stride: 640, sliceHeight: 368, mDecoderSwFlag: 0
01-21 20:43:32.416   708 18763 I C2UnisocVp8Dec: setDecodeArgs, pBufCtrl: 0xf27d1680, pBufCtrl->phyAddr: 0x20277000, frameIndex: 33, timeStamp: 27797997000, inSize: 267, inOffset: 0
01-21 20:43:32.418   708 18763 V C2UnisocVp8Dec: VSP_bind_cb, phyAddr: 0x20277000, pOutBlockInfo: 0xf27ccb20, pBufCtrl: 0xf27d1680; iRefCount=0
01-21 20:43:32.418   708 18763 V C2UnisocVp8Dec: VSP_unbind_cb, phyAddr: 0x2037c000, pOutBlockInfo: 0xf27cd570, pBufCtrl: 0xf27d0ff0; iRefCount=1
01-21 20:43:32.418   708 18763 I C2UnisocVp8Dec: process, decRet: 0, 1ms, dec_out.frameEffective: 1, has_pic: 1, picId: 33, consume byte: 267
01-21 20:43:32.418   708 18763 I C2UnisocVp8Dec: drainOneOutputBuffer, pBufCtrl: 0xf27d1680, pBufCtrl->phyAddr: 0x20277000, frameIndex: 33
01-21 20:43:32.418   708 18764 D C2UnisocVideoDecoderComponent: fetch one queue free block:0xf27cea10,iRefCount:0
01-21 20:43:32.418   708 18763 V SimpleUnisocC2Component: processed frame #33
01-21 20:43:32.418   708 18763 V SimpleUnisocC2Component: returning this work, frameIndex: 33
01-21 20:43:32.419 18303 18762 I mali_gralloc: register: id=0x2c100001c75, importpid=708
01-21 20:43:32.420 18303 18762 I mali_gralloc: unregister: id=0x2c100001c75, base=0x0, importpid=18303
01-21 20:43:32.437   698  6594 I audio_hw_primary: app type:0x   5, is_voip:0, device:2, pcm:-176945824, usecase:0x   2
01-21 20:43:32.449   708 18763 V SimpleUnisocC2Component: start processing frame #34
01-21 20:43:32.449   708 18763 I VSP     : VP8DecSetCurRecPic,104,picid 34,header 0xf27cea10
01-21 20:43:32.449   708 18763 I C2UnisocVp8Dec: setDecodeArgs, pBufCtrl: 0xf27ce410, pBufCtrl->phyAddr: 0x20325000, frameIndex: 34, timeStamp: 27798030000, inSize: 278, inOffset: 0
01-21 20:43:32.449   708 18764 V C2UnisocVp8Dec: fetchGraphicBlock, stride: 640, sliceHeight: 368, mDecoderSwFlag: 0
01-21 20:43:32.450   708 18764 I C2UnisocVp8Dec: resetOutBlock, fd: 24, iova: 0x2037c000, mDecoderSwFlag: 0
01-21 20:43:32.451   708 18763 V C2UnisocVp8Dec: VSP_bind_cb, phyAddr: 0x20325000, pOutBlockInfo: 0xf27cea10, pBufCtrl: 0xf27ce410; iRefCount=0
01-21 20:43:32.451   708 18763 V C2UnisocVp8Dec: VSP_unbind_cb, phyAddr: 0x20277000, pOutBlockInfo: 0xf27ccb20, pBufCtrl: 0xf27d1680; iRefCount=1
01-21 20:43:32.451   708 18763 I C2UnisocVp8Dec: process, decRet: 0, 1ms, dec_out.frameEffective: 1, has_pic: 1, picId: 34, consume byte: 278
01-21 20:43:32.451   708 18763 I C2UnisocVp8Dec: drainOneOutputBuffer, pBufCtrl: 0xf27ce410, pBufCtrl->phyAddr: 0x20325000, frameIndex: 34
01-21 20:43:32.451   708 18764 I C2UnisocVp8Dec: resetOutBlock, fd: 25, iova: 0x20277000, mDecoderSwFlag: 0
01-21 20:43:32.451   708 18763 V SimpleUnisocC2Component: processed frame #34
01-21 20:43:32.451   708 18763 V SimpleUnisocC2Component: returning this work, frameIndex: 34
01-21 20:43:32.452   708 18764 D C2UnisocVideoDecoderComponent: fetch one queue free block:0xf27d13e0,iRefCount:0
01-21 20:43:32.453 18303 18762 I mali_gralloc: register: id=0x2c100001c73, importpid=708
01-21 20:43:32.453 18303 18762 I mali_gralloc: unregister: id=0x2c100001c73, base=0x0, importpid=18303
01-21 20:43:32.481   698  6594 I audio_hw_primary: app type:0x   5, is_voip:0, device:2, pcm:-176945824, usecase:0x   2
01-21 20:43:32.485   708 18763 V SimpleUnisocC2Component: start processing frame #35
01-21 20:43:32.485   708 18763 I VSP     : VP8DecSetCurRecPic,104,picid 35,header 0xf27d13e0
01-21 20:43:32.485   708 18763 I C2UnisocVp8Dec: setDecodeArgs, pBufCtrl: 0xf27c95e0, pBufCtrl->phyAddr: 0x20277000, frameIndex: 35, timeStamp: 27798064000, inSize: 6428, inOffset: 0
01-21 20:43:32.485   708 18764 V C2UnisocVp8Dec: fetchGraphicBlock, stride: 640, sliceHeight: 368, mDecoderSwFlag: 0
01-21 20:43:32.488   708 18763 V C2UnisocVp8Dec: VSP_bind_cb, phyAddr: 0x20277000, pOutBlockInfo: 0xf27d13e0, pBufCtrl: 0xf27c95e0; iRefCount=0
01-21 20:43:32.488   708 18763 V C2UnisocVp8Dec: VSP_unbind_cb, phyAddr: 0x20325000, pOutBlockInfo: 0xf27cea10, pBufCtrl: 0xf27ce410; iRefCount=1
01-21 20:43:32.488   708 18763 I C2UnisocVp8Dec: process, decRet: 0, 2ms, dec_out.frameEffective: 1, has_pic: 1, picId: 35, consume byte: 6428
01-21 20:43:32.488   708 18763 I C2UnisocVp8Dec: drainOneOutputBuffer, pBufCtrl: 0xf27c95e0, pBufCtrl->phyAddr: 0x20277000, frameIndex: 35
01-21 20:43:32.488   708 18764 D C2UnisocVideoDecoderComponent: fetch one queue free block:0xf27cd570,iRefCount:0
01-21 20:43:32.488   708 18763 V SimpleUnisocC2Component: processed frame #35
01-21 20:43:32.488   708 18763 V SimpleUnisocC2Component: returning this work, frameIndex: 35
01-21 20:43:32.488   708 18764 I C2UnisocVp8Dec: resetOutBlock, fd: 37, iova: 0x20325000, mDecoderSwFlag: 0
01-21 20:43:32.489 18303 18762 I mali_gralloc: register: id=0x2c100001c74, importpid=708
01-21 20:43:32.490 18303 18762 I mali_gralloc: unregister: id=0x2c100001c74, base=0x0, importpid=18303
01-21 20:43:32.518   708 18763 V SimpleUnisocC2Component: start processing frame #36
01-21 20:43:32.518   708 18763 I VSP     : VP8DecSetCurRecPic,104,picid 36,header 0xf27cd570
01-21 20:43:32.518   708 18763 I C2UnisocVp8Dec: setDecodeArgs, pBufCtrl: 0xf27d0ff0, pBufCtrl->phyAddr: 0x2037c000, frameIndex: 36, timeStamp: 27798097000, inSize: 538, inOffset: 0
01-21 20:43:32.518   708 18764 V C2UnisocVp8Dec: fetchGraphicBlock, stride: 640, sliceHeight: 368, mDecoderSwFlag: 0
01-21 20:43:32.520   708 18763 V C2UnisocVp8Dec: VSP_bind_cb, phyAddr: 0x2037c000, pOutBlockInfo: 0xf27cd570, pBufCtrl: 0xf27d0ff0; iRefCount=0
01-21 20:43:32.520   708 18763 V C2UnisocVp8Dec: VSP_unbind_cb, phyAddr: 0x20277000, pOutBlockInfo: 0xf27d13e0, pBufCtrl: 0xf27c95e0; iRefCount=1
01-21 20:43:32.520   708 18763 I C2UnisocVp8Dec: process, decRet: 0, 1ms, dec_out.frameEffective: 1, has_pic: 1, picId: 36, consume byte: 538
01-21 20:43:32.520   708 18763 I C2UnisocVp8Dec: drainOneOutputBuffer, pBufCtrl: 0xf27d0ff0, pBufCtrl->phyAddr: 0x2037c000, frameIndex: 36
01-21 20:43:32.520   708 18764 D C2UnisocVideoDecoderComponent: fetch one queue free block:0xf27ccb20,iRefCount:0
01-21 20:43:32.520   708 18764 I C2UnisocVp8Dec: resetOutBlock, fd: 42, iova: 0x20277000, mDecoderSwFlag: 0
01-21 20:43:32.520   708 18763 V SimpleUnisocC2Component: processed frame #36
01-21 20:43:32.520   708 18763 V SimpleUnisocC2Component: returning this work, frameIndex: 36
01-21 20:43:32.521 18303 18762 I mali_gralloc: register: id=0x2c100001c75, importpid=708
01-21 20:43:32.521 18303 18762 I mali_gralloc: unregister: id=0x2c100001c75, base=0x0, importpid=18303
01-21 20:43:32.524   698  6594 I audio_hw_primary: app type:0x   5, is_voip:0, device:2, pcm:-176945824, usecase:0x   2
01-21 20:43:32.552   708 18763 V SimpleUnisocC2Component: start processing frame #37
01-21 20:43:32.552   708 18763 I VSP     : VP8DecSetCurRecPic,104,picid 37,header 0xf27ccb20
01-21 20:43:32.552   708 18763 I C2UnisocVp8Dec: setDecodeArgs, pBufCtrl: 0xf27d1680, pBufCtrl->phyAddr: 0x20325000, frameIndex: 37, timeStamp: 27798131000, inSize: 192, inOffset: 0
01-21 20:43:32.552   708 18764 V C2UnisocVp8Dec: fetchGraphicBlock, stride: 640, sliceHeight: 368, mDecoderSwFlag: 0
01-21 20:43:32.554   708 18763 V C2UnisocVp8Dec: VSP_bind_cb, phyAddr: 0x20325000, pOutBlockInfo: 0xf27ccb20, pBufCtrl: 0xf27d1680; iRefCount=0
01-21 20:43:32.554   708 18763 V C2UnisocVp8Dec: VSP_unbind_cb, phyAddr: 0x2037c000, pOutBlockInfo: 0xf27cd570, pBufCtrl: 0xf27d0ff0; iRefCount=1
01-21 20:43:32.554   708 18763 I C2UnisocVp8Dec: process, decRet: 0, 1ms, dec_out.frameEffective: 1, has_pic: 1, picId: 37, consume byte: 192
01-21 20:43:32.554   708 18763 I C2UnisocVp8Dec: drainOneOutputBuffer, pBufCtrl: 0xf27d1680, pBufCtrl->phyAddr: 0x20325000, frameIndex: 37
01-21 20:43:32.554   708 18763 V SimpleUnisocC2Component: processed frame #37
01-21 20:43:32.555   708 18763 V SimpleUnisocC2Component: returning this work, frameIndex: 37
01-21 20:43:32.555   708 18764 D C2UnisocVideoDecoderComponent: fetch one queue free block:0xf27cea10,iRefCount:0
01-21 20:43:32.556 18303 18762 I mali_gralloc: register: id=0x2c100001c73, importpid=708
01-21 20:43:32.557 18303 18762 I mali_gralloc: unregister: id=0x2c100001c73, base=0x0, importpid=18303
01-21 20:43:32.566   698  6594 I audio_hw_primary: app type:0x   5, is_voip:0, device:2, pcm:-176945824, usecase:0x   2
01-21 20:43:32.586   708 18763 V SimpleUnisocC2Component: start processing frame #38
01-21 20:43:32.587   708 18763 I VSP     : VP8DecSetCurRecPic,104,picid 38,header 0xf27cea10
01-21 20:43:32.587   708 18763 I C2UnisocVp8Dec: setDecodeArgs, pBufCtrl: 0xf27ce410, pBufCtrl->phyAddr: 0x20277000, frameIndex: 38, timeStamp: 27798164000, inSize: 179, inOffset: 0
01-21 20:43:32.587   708 18764 V C2UnisocVp8Dec: fetchGraphicBlock, stride: 640, sliceHeight: 368, mDecoderSwFlag: 0
01-21 20:43:32.587   708 18764 I C2UnisocVp8Dec: resetOutBlock, fd: 24, iova: 0x2037c000, mDecoderSwFlag: 0
01-21 20:43:32.588   708 18763 V C2UnisocVp8Dec: VSP_bind_cb, phyAddr: 0x20277000, pOutBlockInfo: 0xf27cea10, pBufCtrl: 0xf27ce410; iRefCount=0
01-21 20:43:32.588   708 18763 V C2UnisocVp8Dec: VSP_unbind_cb, phyAddr: 0x20325000, pOutBlockInfo: 0xf27ccb20, pBufCtrl: 0xf27d1680; iRefCount=1
01-21 20:43:32.588   708 18763 I C2UnisocVp8Dec: process, decRet: 0, 1ms, dec_out.frameEffective: 1, has_pic: 1, picId: 38, consume byte: 179
01-21 20:43:32.588   708 18763 I C2UnisocVp8Dec: drainOneOutputBuffer, pBufCtrl: 0xf27ce410, pBufCtrl->phyAddr: 0x20277000, frameIndex: 38
01-21 20:43:32.588   708 18764 I C2UnisocVp8Dec: resetOutBlock, fd: 25, iova: 0x20325000, mDecoderSwFlag: 0
01-21 20:43:32.588   708 18763 V SimpleUnisocC2Component: processed frame #38
01-21 20:43:32.589   708 18763 V SimpleUnisocC2Component: returning this work, frameIndex: 38
01-21 20:43:32.589   708 18764 D C2UnisocVideoDecoderComponent: fetch one queue free block:0xf27d13e0,iRefCount:0
01-21 20:43:32.589 18303 18762 I mali_gralloc: register: id=0x2c100001c74, importpid=708
01-21 20:43:32.590 18303 18762 I mali_gralloc: unregister: id=0x2c100001c74, base=0x0, importpid=18303
01-21 20:43:32.609   698  6594 I audio_hw_primary: app type:0x   5, is_voip:0, device:2, pcm:-176945824, usecase:0x   2
01-21 20:43:32.620   708 18763 V SimpleUnisocC2Component: start processing frame #39
01-21 20:43:32.620   708 18763 I VSP     : VP8DecSetCurRecPic,104,picid 39,header 0xf27d13e0
01-21 20:43:32.620   708 18763 I C2UnisocVp8Dec: setDecodeArgs, pBufCtrl: 0xf27c95e0, pBufCtrl->phyAddr: 0x20325000, frameIndex: 39, timeStamp: 27798198000, inSize: 174, inOffset: 0
01-21 20:43:32.620   708 18764 V C2UnisocVp8Dec: fetchGraphicBlock, stride: 640, sliceHeight: 368, mDecoderSwFlag: 0
01-21 20:43:32.622   708 18763 V C2UnisocVp8Dec: VSP_bind_cb, phyAddr: 0x20325000, pOutBlockInfo: 0xf27d13e0, pBufCtrl: 0xf27c95e0; iRefCount=0
01-21 20:43:32.622   708 18763 V C2UnisocVp8Dec: VSP_unbind_cb, phyAddr: 0x20277000, pOutBlockInfo: 0xf27cea10, pBufCtrl: 0xf27ce410; iRefCount=1
01-21 20:43:32.622   708 18763 I C2UnisocVp8Dec: process, decRet: 0, 1ms, dec_out.frameEffective: 1, has_pic: 1, picId: 39, consume byte: 174
01-21 20:43:32.622   708 18763 I C2UnisocVp8Dec: drainOneOutputBuffer, pBufCtrl: 0xf27c95e0, pBufCtrl->phyAddr: 0x20325000, frameIndex: 39
01-21 20:43:32.622   708 18764 D C2UnisocVideoDecoderComponent: fetch one queue free block:0xf27cd570,iRefCount:0
01-21 20:43:32.622   708 18764 I C2UnisocVp8Dec: resetOutBlock, fd: 37, iova: 0x20277000, mDecoderSwFlag: 0
01-21 20:43:32.622   708 18763 V SimpleUnisocC2Component: processed frame #39
01-21 20:43:32.622   708 18763 V SimpleUnisocC2Component: returning this work, frameIndex: 39
01-21 20:43:32.623 18303 18762 I mali_gralloc: register: id=0x2c100001c75, importpid=708
01-21 20:43:32.623 18303 18762 I mali_gralloc: unregister: id=0x2c100001c75, base=0x0, importpid=18303
01-21 20:43:32.652   698  6594 I audio_hw_primary: app type:0x   5, is_voip:0, device:2, pcm:-176945824, usecase:0x   2
01-21 20:43:32.660   708 18763 V SimpleUnisocC2Component: start processing frame #40
01-21 20:43:32.660   708 18763 I VSP     : VP8DecSetCurRecPic,104,picid 40,header 0xf27cd570
01-21 20:43:32.660   708 18763 I C2UnisocVp8Dec: setDecodeArgs, pBufCtrl: 0xf27d0ff0, pBufCtrl->phyAddr: 0x2037c000, frameIndex: 40, timeStamp: 27798232000, inSize: 4041, inOffset: 0
01-21 20:43:32.661   708 18764 V C2UnisocVp8Dec: fetchGraphicBlock, stride: 640, sliceHeight: 368, mDecoderSwFlag: 0
01-21 20:43:32.662   708 18763 V C2UnisocVp8Dec: VSP_bind_cb, phyAddr: 0x2037c000, pOutBlockInfo: 0xf27cd570, pBufCtrl: 0xf27d0ff0; iRefCount=0
01-21 20:43:32.662   708 18763 V C2UnisocVp8Dec: VSP_unbind_cb, phyAddr: 0x20325000, pOutBlockInfo: 0xf27d13e0, pBufCtrl: 0xf27c95e0; iRefCount=1
01-21 20:43:32.662   708 18763 I C2UnisocVp8Dec: process, decRet: 0, 1ms, dec_out.frameEffective: 1, has_pic: 1, picId: 40, consume byte: 4041
01-21 20:43:32.662   708 18763 I C2UnisocVp8Dec: drainOneOutputBuffer, pBufCtrl: 0xf27d0ff0, pBufCtrl->phyAddr: 0x2037c000, frameIndex: 40
01-21 20:43:32.662   708 18764 D C2UnisocVideoDecoderComponent: fetch one queue free block:0xf27ccb20,iRefCount:0
01-21 20:43:32.662   708 18764 I C2UnisocVp8Dec: resetOutBlock, fd: 42, iova: 0x20325000, mDecoderSwFlag: 0
01-21 20:43:32.662   708 18763 V SimpleUnisocC2Component: processed frame #40
01-21 20:43:32.662   708 18763 V SimpleUnisocC2Component: returning this work, frameIndex: 40
01-21 20:43:32.663 18303 18762 I mali_gralloc: register: id=0x2c100001c73, importpid=708
01-21 20:43:32.664 18303 18762 I mali_gralloc: unregister: id=0x2c100001c73, base=0x0, importpid=18303
01-21 20:43:32.694   708 18763 V SimpleUnisocC2Component: start processing frame #41
01-21 20:43:32.694   708 18763 I VSP     : VP8DecSetCurRecPic,104,picid 41,header 0xf27ccb20
01-21 20:43:32.694   708 18763 I C2UnisocVp8Dec: setDecodeArgs, pBufCtrl: 0xf27d1680, pBufCtrl->phyAddr: 0x20277000, frameIndex: 41, timeStamp: 27798266000, inSize: 513, inOffset: 0
01-21 20:43:32.694   708 18764 V C2UnisocVp8Dec: fetchGraphicBlock, stride: 640, sliceHeight: 368, mDecoderSwFlag: 0
01-21 20:43:32.695   698  6594 I audio_hw_primary: app type:0x   5, is_voip:0, device:2, pcm:-176945824, usecase:0x   2
01-21 20:43:32.696   708 18763 V C2UnisocVp8Dec: VSP_bind_cb, phyAddr: 0x20277000, pOutBlockInfo: 0xf27ccb20, pBufCtrl: 0xf27d1680; iRefCount=0
01-21 20:43:32.696   708 18763 I C2UnisocVp8Dec: process, decRet: 0, 1ms, dec_out.frameEffective: 1, has_pic: 1, picId: 41, consume byte: 513
01-21 20:43:32.696   708 18763 I C2UnisocVp8Dec: drainOneOutputBuffer, pBufCtrl: 0xf27d1680, pBufCtrl->phyAddr: 0x20277000, frameIndex: 41
01-21 20:43:32.696   708 18763 V SimpleUnisocC2Component: processed frame #41
01-21 20:43:32.696   708 18763 V SimpleUnisocC2Component: returning this work, frameIndex: 41
01-21 20:43:32.696   708 18764 D C2UnisocVideoDecoderComponent: fetch one queue free block:0xf27cea10,iRefCount:0
01-21 20:43:32.697 18303 18762 I mali_gralloc: register: id=0x2c100001c74, importpid=708
01-21 20:43:32.697 18303 18762 I mali_gralloc: unregister: id=0x2c100001c74, base=0x0, importpid=18303
01-21 20:43:32.718   698  6594 I audio_hw_primary: app type:0x   5, is_voip:0, device:2, pcm:-176945824, usecase:0x   2
01-21 20:43:32.726   708 18763 V SimpleUnisocC2Component: start processing frame #42
01-21 20:43:32.727   708 18763 I VSP     : VP8DecSetCurRecPic,104,picid 42,header 0xf27cea10
01-21 20:43:32.727   708 18763 I C2UnisocVp8Dec: setDecodeArgs, pBufCtrl: 0xf27ce410, pBufCtrl->phyAddr: 0x20325000, frameIndex: 42, timeStamp: 27798299000, inSize: 270, inOffset: 0
01-21 20:43:32.727   708 18764 V C2UnisocVp8Dec: fetchGraphicBlock, stride: 640, sliceHeight: 368, mDecoderSwFlag: 0
01-21 20:43:32.728   708 18763 V C2UnisocVp8Dec: VSP_bind_cb, phyAddr: 0x20325000, pOutBlockInfo: 0xf27cea10, pBufCtrl: 0xf27ce410; iRefCount=0
01-21 20:43:32.728   708 18763 V C2UnisocVp8Dec: VSP_unbind_cb, phyAddr: 0x20277000, pOutBlockInfo: 0xf27ccb20, pBufCtrl: 0xf27d1680; iRefCount=1
01-21 20:43:32.728   708 18763 I C2UnisocVp8Dec: process, decRet: 0, 1ms, dec_out.frameEffective: 1, has_pic: 1, picId: 42, consume byte: 270
01-21 20:43:32.728   708 18763 I C2UnisocVp8Dec: drainOneOutputBuffer, pBufCtrl: 0xf27ce410, pBufCtrl->phyAddr: 0x20325000, frameIndex: 42
01-21 20:43:32.729   708 18763 V SimpleUnisocC2Component: processed frame #42
01-21 20:43:32.729   708 18763 V SimpleUnisocC2Component: returning this work, frameIndex: 42
01-21 20:43:32.729   708 18764 I C2UnisocVideoDecoderComponent: this buffer fd:24,block:0xf27cd570,address:0x2037c000,iRefCount:1, is still in bind
01-21 20:43:32.729   708 18764 I C2UnisocVp8Dec: resetOutBlock, fd: 42, iova: 0x2037c000, mDecoderSwFlag: 0
01-21 20:43:32.729   708 18764 V C2UnisocVp8Dec: fetchGraphicBlock, stride: 640, sliceHeight: 368, mDecoderSwFlag: 0
01-21 20:43:32.730   705   717 I mali_gralloc: allocate: id=2c100001c7a, hal_format=YCbCr420-SP, mali_format=NV12, afbc=false, usage=CPU_RW|GPU_R, size=640x368(353344), stride=640, name=SurfaceTexture-1-18303-1
01-21 20:43:32.731 18303 18762 I mali_gralloc: register: id=0x2c100001c7a, importpid=-1
01-21 20:43:32.732 18303 18762 I mali_gralloc: register: id=0x2c100001c75, importpid=708
01-21 20:43:32.732 18303 18762 I mali_gralloc: unregister: id=0x2c100001c75, base=0x0, importpid=18303
01-21 20:43:32.733   708 18764 I mali_gralloc: register: id=0x2c100001c7a, importpid=18303
01-21 20:43:32.733   708 18764 I C2UnisocVp8Dec: resetOutBlock, fd: 25, iova: 0x20277000, mDecoderSwFlag: 0
01-21 20:43:32.733   708 18764 D C2UnisocVideoDecoderComponent: fetch one queue free block:0xf27d13e0,iRefCount:0
01-21 20:43:32.760   708 18763 V SimpleUnisocC2Component: start processing frame #43
01-21 20:43:32.760   708 18763 I VSP     : VP8DecSetCurRecPic,104,picid 43,header 0xf27d13e0
01-21 20:43:32.760   708 18763 I C2UnisocVp8Dec: setDecodeArgs, pBufCtrl: 0xf27c95e0, pBufCtrl->phyAddr: 0x20277000, frameIndex: 43, timeStamp: 27798333000, inSize: 232, inOffset: 0
01-21 20:43:32.760   708 18764 V C2UnisocVp8Dec: fetchGraphicBlock, stride: 640, sliceHeight: 368, mDecoderSwFlag: 0
01-21 20:43:32.762   708 18763 V C2UnisocVp8Dec: VSP_bind_cb, phyAddr: 0x20277000, pOutBlockInfo: 0xf27d13e0, pBufCtrl: 0xf27c95e0; iRefCount=0
01-21 20:43:32.762   708 18763 V C2UnisocVp8Dec: VSP_unbind_cb, phyAddr: 0x20325000, pOutBlockInfo: 0xf27cea10, pBufCtrl: 0xf27ce410; iRefCount=1
01-21 20:43:32.762   708 18763 I C2UnisocVp8Dec: process, decRet: 0, 1ms, dec_out.frameEffective: 1, has_pic: 1, picId: 43, consume byte: 232
01-21 20:43:32.762   708 18763 I C2UnisocVp8Dec: drainOneOutputBuffer, pBufCtrl: 0xf27c95e0, pBufCtrl->phyAddr: 0x20277000, frameIndex: 43
01-21 20:43:32.762   708 18763 V SimpleUnisocC2Component: processed frame #43
01-21 20:43:32.762   708 18764 D C2UnisocVideoDecoderComponent: fetch one queue free block:0xf27ccb20,iRefCount:0
01-21 20:43:32.762   708 18763 V SimpleUnisocC2Component: returning this work, frameIndex: 43
01-21 20:43:32.762   708 18764 I C2UnisocVp8Dec: resetOutBlock, fd: 37, iova: 0x20325000, mDecoderSwFlag: 0
01-21 20:43:32.764   698  6594 I audio_hw_primary: app type:0x   5, is_voip:0, device:2, pcm:-176945824, usecase:0x   2
01-21 20:43:32.764 18303 18762 I mali_gralloc: register: id=0x2c100001c7a, importpid=708
01-21 20:43:32.761 18303 18303 W decoder-texture: type=1400 audit(0.0:35983): avc: denied { getattr } for name="/" dev="dmabuf" ino=1 scontext=u:r:untrusted_app:s0:c62,c257,c512,c768 tcontext=u:object_r:unlabeled:s0 tclass=filesystem permissive=0 app=com.example.appbridgenew_example
01-21 20:43:32.793   708 18763 V SimpleUnisocC2Component: start processing frame #44
01-21 20:43:32.793   708 18763 I VSP     : VP8DecSetCurRecPic,104,picid 44,header 0xf27ccb20
01-21 20:43:32.793   708 18763 I C2UnisocVp8Dec: setDecodeArgs, pBufCtrl: 0xf27d1680, pBufCtrl->phyAddr: 0x203d3000, frameIndex: 44, timeStamp: 27798366000, inSize: 221, inOffset: 0
01-21 20:43:32.793   708 18764 V C2UnisocVp8Dec: fetchGraphicBlock, stride: 640, sliceHeight: 368, mDecoderSwFlag: 0
01-21 20:43:32.795   708 18763 V C2UnisocVp8Dec: VSP_bind_cb, phyAddr: 0x203d3000, pOutBlockInfo: 0xf27ccb20, pBufCtrl: 0xf27d1680; iRefCount=0
01-21 20:43:32.795   708 18763 V C2UnisocVp8Dec: VSP_unbind_cb, phyAddr: 0x20277000, pOutBlockInfo: 0xf27d13e0, pBufCtrl: 0xf27c95e0; iRefCount=1
01-21 20:43:32.795   708 18763 I C2UnisocVp8Dec: process, decRet: 0, 1ms, dec_out.frameEffective: 1, has_pic: 1, picId: 44, consume byte: 221
01-21 20:43:32.795   708 18763 I C2UnisocVp8Dec: drainOneOutputBuffer, pBufCtrl: 0xf27d1680, pBufCtrl->phyAddr: 0x203d3000, frameIndex: 44
01-21 20:43:32.796   708 18764 D C2UnisocVideoDecoderComponent: fetch one queue free block:0xf27cea10,iRefCount:0
01-21 20:43:32.796   708 18763 V SimpleUnisocC2Component: processed frame #44
01-21 20:43:32.796   708 18764 I C2UnisocVp8Dec: resetOutBlock, fd: 45, iova: 0x20277000, mDecoderSwFlag: 0
01-21 20:43:32.796   708 18763 V SimpleUnisocC2Component: returning this work, frameIndex: 44
01-21 20:43:32.797 18303 18762 I mali_gralloc: register: id=0x2c100001c74, importpid=708
01-21 20:43:32.797 18303 18762 I mali_gralloc: unregister: id=0x2c100001c74, base=0x0, importpid=18303
01-21 20:43:32.806   698  6594 I audio_hw_primary: app type:0x   5, is_voip:0, device:2, pcm:-176945824, usecase:0x   2
01-21 20:43:32.826   708 18763 V SimpleUnisocC2Component: start processing frame #45
01-21 20:43:32.826   708 18763 I VSP     : VP8DecSetCurRecPic,104,picid 45,header 0xf27cea10
01-21 20:43:32.826   708 18763 I C2UnisocVp8Dec: setDecodeArgs, pBufCtrl: 0xf27ce410, pBufCtrl->phyAddr: 0x20325000, frameIndex: 45, timeStamp: 27798400000, inSize: 218, inOffset: 0
01-21 20:43:32.826   708 18764 V C2UnisocVp8Dec: fetchGraphicBlock, stride: 640, sliceHeight: 368, mDecoderSwFlag: 0
01-21 20:43:32.828   708 18763 V C2UnisocVp8Dec: VSP_bind_cb, phyAddr: 0x20325000, pOutBlockInfo: 0xf27cea10, pBufCtrl: 0xf27ce410; iRefCount=0
01-21 20:43:32.828   708 18763 V C2UnisocVp8Dec: VSP_unbind_cb, phyAddr: 0x203d3000, pOutBlockInfo: 0xf27ccb20, pBufCtrl: 0xf27d1680; iRefCount=1
01-21 20:43:32.828   708 18763 I C2UnisocVp8Dec: process, decRet: 0, 1ms, dec_out.frameEffective: 1, has_pic: 1, picId: 45, consume byte: 218
01-21 20:43:32.828   708 18763 I C2UnisocVp8Dec: drainOneOutputBuffer, pBufCtrl: 0xf27ce410, pBufCtrl->phyAddr: 0x20325000, frameIndex: 45
01-21 20:43:32.828   708 18763 V SimpleUnisocC2Component: processed frame #45
01-21 20:43:32.828   708 18763 V SimpleUnisocC2Component: returning this work, frameIndex: 45
01-21 20:43:32.828   708 18764 D C2UnisocVideoDecoderComponent: fetch one queue free block:0xf27d13e0,iRefCount:0
01-21 20:43:32.829 18303 18762 I mali_gralloc: register: id=0x2c100001c75, importpid=708
01-21 20:43:32.830 18303 18762 I mali_gralloc: unregister: id=0x2c100001c75, base=0x0, importpid=18303
01-21 20:43:32.850   698  6594 I audio_hw_primary: app type:0x   5, is_voip:0, device:2, pcm:-176945824, usecase:0x   2
01-21 20:43:32.861   708 18763 V SimpleUnisocC2Component: start processing frame #46
01-21 20:43:32.861   708 18763 I VSP     : VP8DecSetCurRecPic,104,picid 46,header 0xf27d13e0
01-21 20:43:32.861   708 18763 I C2UnisocVp8Dec: setDecodeArgs, pBufCtrl: 0xf27c95e0, pBufCtrl->phyAddr: 0x20277000, frameIndex: 46, timeStamp: 27798433000, inSize: 220, inOffset: 0
01-21 20:43:32.861   708 18764 V C2UnisocVp8Dec: fetchGraphicBlock, stride: 640, sliceHeight: 368, mDecoderSwFlag: 0
01-21 20:43:32.862   708 18764 I C2UnisocVp8Dec: resetOutBlock, fd: 14, iova: 0x203d3000, mDecoderSwFlag: 0
01-21 20:43:32.862   708 18763 V C2UnisocVp8Dec: VSP_bind_cb, phyAddr: 0x20277000, pOutBlockInfo: 0xf27d13e0, pBufCtrl: 0xf27c95e0; iRefCount=0
01-21 20:43:32.862   708 18763 V C2UnisocVp8Dec: VSP_unbind_cb, phyAddr: 0x20325000, pOutBlockInfo: 0xf27cea10, pBufCtrl: 0xf27ce410; iRefCount=1
01-21 20:43:32.863   708 18763 I C2UnisocVp8Dec: process, decRet: 0, 1ms, dec_out.frameEffective: 1, has_pic: 1, picId: 46, consume byte: 220
01-21 20:43:32.863   708 18763 I C2UnisocVp8Dec: drainOneOutputBuffer, pBufCtrl: 0xf27c95e0, pBufCtrl->phyAddr: 0x20277000, frameIndex: 46
01-21 20:43:32.863   708 18764 I C2UnisocVp8Dec: resetOutBlock, fd: 37, iova: 0x20325000, mDecoderSwFlag: 0
01-21 20:43:32.863   708 18763 V SimpleUnisocC2Component: processed frame #46
01-21 20:43:32.863   708 18763 V SimpleUnisocC2Component: returning this work, frameIndex: 46
01-21 20:43:32.863   708 18764 I C2UnisocVideoDecoderComponent: mOutBlockQueue size: 7, pBufCtrl: 0xf27d0f00
01-21 20:43:32.864 18303 18762 I mali_gralloc: register: id=0x2c100001c7a, importpid=708
01-21 20:43:32.864 18303 18762 I mali_gralloc: unregister: id=0x2c100001c7a, base=0x0, importpid=18303
01-21 20:43:32.893   698  6594 I audio_hw_primary: app type:0x   5, is_voip:0, device:2, pcm:-176945824, usecase:0x   2
01-21 20:43:32.894   708 18763 V SimpleUnisocC2Component: start processing frame #47
01-21 20:43:32.894   708 18763 I VSP     : VP8DecSetCurRecPic,104,picid 47,header 0xf27c4ed0
01-21 20:43:32.894   708 18764 V C2UnisocVp8Dec: fetchGraphicBlock, stride: 640, sliceHeight: 368, mDecoderSwFlag: 0
01-21 20:43:32.894   708 18763 I C2UnisocVp8Dec: setDecodeArgs, pBufCtrl: 0xf27d09f0, pBufCtrl->phyAddr: 0x202ce000, frameIndex: 47, timeStamp: 27798467000, inSize: 219, inOffset: 0
01-21 20:43:32.896   708 18763 V C2UnisocVp8Dec: VSP_bind_cb, phyAddr: 0x202ce000, pOutBlockInfo: 0xf27c4ed0, pBufCtrl: 0xf27d09f0; iRefCount=0
01-21 20:43:32.896   708 18763 V C2UnisocVp8Dec: VSP_unbind_cb, phyAddr: 0x20277000, pOutBlockInfo: 0xf27d13e0, pBufCtrl: 0xf27c95e0; iRefCount=1
01-21 20:43:32.896   708 18763 I C2UnisocVp8Dec: process, decRet: 0, 1ms, dec_out.frameEffective: 1, has_pic: 1, picId: 47, consume byte: 219
01-21 20:43:32.896   708 18763 I C2UnisocVp8Dec: drainOneOutputBuffer, pBufCtrl: 0xf27d09f0, pBufCtrl->phyAddr: 0x202ce000, frameIndex: 47
01-21 20:43:32.896   708 18764 D C2UnisocVideoDecoderComponent: fetch one queue free block:0xf27ccb20,iRefCount:0
01-21 20:43:32.896   708 18764 I C2UnisocVp8Dec: resetOutBlock, fd: 41, iova: 0x20277000, mDecoderSwFlag: 0
01-21 20:43:32.896   708 18763 V SimpleUnisocC2Component: processed frame #47
01-21 20:43:32.896   708 18763 V SimpleUnisocC2Component: returning this work, frameIndex: 47
01-21 20:43:32.897 18303 18762 I mali_gralloc: register: id=0x2c100001c77, importpid=708
01-21 20:43:32.897 18303 18762 I mali_gralloc: unregister: id=0x2c100001c77, base=0x0, importpid=18303
01-21 20:43:32.917   698  6594 I audio_hw_primary: app type:0x   5, is_voip:0, device:2, pcm:-176945824, usecase:0x   2
01-21 20:43:32.925   708 18763 V SimpleUnisocC2Component: start processing frame #48
01-21 20:43:32.926   708 18763 I VSP     : VP8DecSetCurRecPic,104,picid 48,header 0xf27ccb20
01-21 20:43:32.926   708 18763 I C2UnisocVp8Dec: setDecodeArgs, pBufCtrl: 0xf27d1680, pBufCtrl->phyAddr: 0x203d3000, frameIndex: 48, timeStamp: 27798500000, inSize: 220, inOffset: 0
01-21 20:43:32.926   708 18764 V C2UnisocVp8Dec: fetchGraphicBlock, stride: 640, sliceHeight: 368, mDecoderSwFlag: 0
01-21 20:43:32.927   708 18763 V C2UnisocVp8Dec: VSP_bind_cb, phyAddr: 0x203d3000, pOutBlockInfo: 0xf27ccb20, pBufCtrl: 0xf27d1680; iRefCount=0
01-21 20:43:32.927   708 18763 V C2UnisocVp8Dec: VSP_unbind_cb, phyAddr: 0x202ce000, pOutBlockInfo: 0xf27c4ed0, pBufCtrl: 0xf27d09f0; iRefCount=1
01-21 20:43:32.927   708 18763 I C2UnisocVp8Dec: process, decRet: 0, 1ms, dec_out.frameEffective: 1, has_pic: 1, picId: 48, consume byte: 220
01-21 20:43:32.928   708 18763 I C2UnisocVp8Dec: drainOneOutputBuffer, pBufCtrl: 0xf27d1680, pBufCtrl->phyAddr: 0x203d3000, frameIndex: 48
01-21 20:43:32.928   708 18763 V SimpleUnisocC2Component: processed frame #48
01-21 20:43:32.928   708 18763 V SimpleUnisocC2Component: returning this work, frameIndex: 48
01-21 20:43:32.928   708 18764 D C2UnisocVideoDecoderComponent: fetch one queue free block:0xf27cea10,iRefCount:0
01-21 20:43:32.928   708 18764 I C2UnisocVp8Dec: resetOutBlock, fd: 44, iova: 0x202ce000, mDecoderSwFlag: 0
01-21 20:43:32.929 18303 18762 I mali_gralloc: register: id=0x2c100001c75, importpid=708
01-21 20:43:32.929 18303 18762 I mali_gralloc: unregister: id=0x2c100001c75, base=0x0, importpid=18303
01-21 20:43:32.960   708 18763 V SimpleUnisocC2Component: start processing frame #49
01-21 20:43:32.960   708 18763 I VSP     : VP8DecSetCurRecPic,104,picid 49,header 0xf27cea10
01-21 20:43:32.960   708 18763 I C2UnisocVp8Dec: setDecodeArgs, pBufCtrl: 0xf27ce410, pBufCtrl->phyAddr: 0x20277000, frameIndex: 49, timeStamp: 27798534000, inSize: 5006, inOffset: 0
01-21 20:43:32.960   708 18764 V C2UnisocVp8Dec: fetchGraphicBlock, stride: 640, sliceHeight: 368, mDecoderSwFlag: 0
01-21 20:43:32.962   698  6594 I audio_hw_primary: app type:0x   5, is_voip:0, device:2, pcm:-176945824, usecase:0x   2
01-21 20:43:32.962   708 18763 V C2UnisocVp8Dec: VSP_bind_cb, phyAddr: 0x20277000, pOutBlockInfo: 0xf27cea10, pBufCtrl: 0xf27ce410; iRefCount=0
01-21 20:43:32.962   708 18763 V C2UnisocVp8Dec: VSP_unbind_cb, phyAddr: 0x203d3000, pOutBlockInfo: 0xf27ccb20, pBufCtrl: 0xf27d1680; iRefCount=1
01-21 20:43:32.962   708 18763 I C2UnisocVp8Dec: process, decRet: 0, 2ms, dec_out.frameEffective: 1, has_pic: 1, picId: 49, consume byte: 5006
01-21 20:43:32.962   708 18763 I C2UnisocVp8Dec: drainOneOutputBuffer, pBufCtrl: 0xf27ce410, pBufCtrl->phyAddr: 0x20277000, frameIndex: 49
01-21 20:43:32.963   708 18764 D C2UnisocVideoDecoderComponent: fetch one queue free block:0xf27d13e0,iRefCount:0
01-21 20:43:32.963   708 18763 V SimpleUnisocC2Component: processed frame #49
01-21 20:43:32.963   708 18763 V SimpleUnisocC2Component: returning this work, frameIndex: 49
01-21 20:43:32.964 18303 18762 I mali_gralloc: register: id=0x2c100001c7a, importpid=708
01-21 20:43:32.964 18303 18762 I mali_gralloc: unregister: id=0x2c100001c7a, base=0x0, importpid=18303
01-21 20:43:32.993   708 18763 V SimpleUnisocC2Component: start processing frame #50
01-21 20:43:32.994   708 18763 I VSP     : VP8DecSetCurRecPic,104,picid 50,header 0xf27d13e0
01-21 20:43:32.994   708 18763 I C2UnisocVp8Dec: setDecodeArgs, pBufCtrl: 0xf27c95e0, pBufCtrl->phyAddr: 0x202ce000, frameIndex: 50, timeStamp: 27798568000, inSize: 481, inOffset: 0
01-21 20:43:32.994   708 18764 V C2UnisocVp8Dec: fetchGraphicBlock, stride: 640, sliceHeight: 368, mDecoderSwFlag: 0
01-21 20:43:32.994   708 18764 I C2UnisocVp8Dec: resetOutBlock, fd: 25, iova: 0x203d3000, mDecoderSwFlag: 0
01-21 20:43:32.995   708 18763 V C2UnisocVp8Dec: VSP_bind_cb, phyAddr: 0x202ce000, pOutBlockInfo: 0xf27d13e0, pBufCtrl: 0xf27c95e0; iRefCount=0
01-21 20:43:32.995   708 18763 V C2UnisocVp8Dec: VSP_unbind_cb, phyAddr: 0x20277000, pOutBlockInfo: 0xf27cea10, pBufCtrl: 0xf27ce410; iRefCount=1
01-21 20:43:32.996   708 18763 I C2UnisocVp8Dec: process, decRet: 0, 1ms, dec_out.frameEffective: 1, has_pic: 1, picId: 50, consume byte: 481
01-21 20:43:32.996   708 18763 I C2UnisocVp8Dec: drainOneOutputBuffer, pBufCtrl: 0xf27c95e0, pBufCtrl->phyAddr: 0x202ce000, frameIndex: 50
01-21 20:43:32.996   708 18764 I C2UnisocVp8Dec: resetOutBlock, fd: 37, iova: 0x20277000, mDecoderSwFlag: 0
01-21 20:43:32.996   708 18763 V SimpleUnisocC2Component: processed frame #50
01-21 20:43:32.996   708 18763 V SimpleUnisocC2Component: returning this work, frameIndex: 50
01-21 20:43:32.996   708 18764 D C2UnisocVideoDecoderComponent: fetch one queue free block:0xf27c4ed0,iRefCount:0
01-21 20:43:32.997 18303 18762 I mali_gralloc: register: id=0x2c100001c77, importpid=708
01-21 20:43:32.997 18303 18762 I mali_gralloc: unregister: id=0x2c100001c77, base=0x0, importpid=18303
01-21 20:43:33.006   698  6594 I audio_hw_primary: app type:0x   5, is_voip:0, device:2, pcm:-176945824, usecase:0x   2
01-21 20:43:33.026   708 18763 V SimpleUnisocC2Component: start processing frame #51
01-21 20:43:33.027   708 18763 I VSP     : VP8DecSetCurRecPic,104,picid 51,header 0xf27c4ed0
01-21 20:43:33.027   708 18763 I C2UnisocVp8Dec: setDecodeArgs, pBufCtrl: 0xf27d09f0, pBufCtrl->phyAddr: 0x20277000, frameIndex: 51, timeStamp: 27798601000, inSize: 204, inOffset: 0
01-21 20:43:33.027   708 18764 V C2UnisocVp8Dec: fetchGraphicBlock, stride: 640, sliceHeight: 368, mDecoderSwFlag: 0
01-21 20:43:33.028   708 18763 V C2UnisocVp8Dec: VSP_bind_cb, phyAddr: 0x20277000, pOutBlockInfo: 0xf27c4ed0, pBufCtrl: 0xf27d09f0; iRefCount=0
01-21 20:43:33.028   708 18763 V C2UnisocVp8Dec: VSP_unbind_cb, phyAddr: 0x202ce000, pOutBlockInfo: 0xf27d13e0, pBufCtrl: 0xf27c95e0; iRefCount=1
01-21 20:43:33.029   708 18763 I C2UnisocVp8Dec: process, decRet: 0, 1ms, dec_out.frameEffective: 1, has_pic: 1, picId: 51, consume byte: 204
01-21 20:43:33.029   708 18763 I C2UnisocVp8Dec: drainOneOutputBuffer, pBufCtrl: 0xf27d09f0, pBufCtrl->phyAddr: 0x20277000, frameIndex: 51
01-21 20:43:33.029   708 18763 V SimpleUnisocC2Component: processed frame #51
01-21 20:43:33.029   708 18763 V SimpleUnisocC2Component: returning this work, frameIndex: 51
01-21 20:43:33.029   708 18764 D C2UnisocVideoDecoderComponent: fetch one queue free block:0xf27ccb20,iRefCount:0
01-21 20:43:33.029   708 18764 I C2UnisocVp8Dec: resetOutBlock, fd: 41, iova: 0x202ce000, mDecoderSwFlag: 0
01-21 20:43:33.030 18303 18762 I mali_gralloc: register: id=0x2c100001c75, importpid=708
01-21 20:43:33.030 18303 18762 I mali_gralloc: unregister: id=0x2c100001c75, base=0x0, importpid=18303
01-21 20:43:33.049   698  6594 I audio_hw_primary: app type:0x   5, is_voip:0, device:2, pcm:-176945824, usecase:0x   2
01-21 20:43:33.059   708 18763 V SimpleUnisocC2Component: start processing frame #52
01-21 20:43:33.060   708 18763 I VSP     : VP8DecSetCurRecPic,104,picid 52,header 0xf27ccb20
01-21 20:43:33.060   708 18763 I C2UnisocVp8Dec: setDecodeArgs, pBufCtrl: 0xf27d1680, pBufCtrl->phyAddr: 0x203d3000, frameIndex: 52, timeStamp: 27798635000, inSize: 183, inOffset: 0
01-21 20:43:33.060   708 18764 V C2UnisocVp8Dec: fetchGraphicBlock, stride: 640, sliceHeight: 368, mDecoderSwFlag: 0
01-21 20:43:33.061   708 18763 V C2UnisocVp8Dec: VSP_bind_cb, phyAddr: 0x203d3000, pOutBlockInfo: 0xf27ccb20, pBufCtrl: 0xf27d1680; iRefCount=0
01-21 20:43:33.061   708 18763 V C2UnisocVp8Dec: VSP_unbind_cb, phyAddr: 0x20277000, pOutBlockInfo: 0xf27c4ed0, pBufCtrl: 0xf27d09f0; iRefCount=1
01-21 20:43:33.061   708 18763 I C2UnisocVp8Dec: process, decRet: 0, 1ms, dec_out.frameEffective: 1, has_pic: 1, picId: 52, consume byte: 183
01-21 20:43:33.061   708 18763 I C2UnisocVp8Dec: drainOneOutputBuffer, pBufCtrl: 0xf27d1680, pBufCtrl->phyAddr: 0x203d3000, frameIndex: 52
01-21 20:43:33.062   708 18763 V SimpleUnisocC2Component: processed frame #52
01-21 20:43:33.062   708 18763 V SimpleUnisocC2Component: returning this work, frameIndex: 52
01-21 20:43:33.062   708 18764 D C2UnisocVideoDecoderComponent: fetch one queue free block:0xf27cea10,iRefCount:0
01-21 20:43:33.062   708 18764 I C2UnisocVp8Dec: resetOutBlock, fd: 44, iova: 0x20277000, mDecoderSwFlag: 0
01-21 20:43:33.062 18303 18762 I mali_gralloc: register: id=0x2c100001c7a, importpid=708
01-21 20:43:33.063 18303 18762 I mali_gralloc: unregister: id=0x2c100001c7a, base=0x0, importpid=18303
01-21 20:43:33.093   708 18763 V SimpleUnisocC2Component: start processing frame #53
01-21 20:43:33.093   708 18763 I VSP     : VP8DecSetCurRecPic,104,picid 53,header 0xf27cea10
01-21 20:43:33.093   708 18763 I C2UnisocVp8Dec: setDecodeArgs, pBufCtrl: 0xf27ce410, pBufCtrl->phyAddr: 0x202ce000, frameIndex: 53, timeStamp: 27798668000, inSize: 303, inOffset: 0
01-21 20:43:33.093   698  6594 I audio_hw_primary: app type:0x   5, is_voip:0, device:2, pcm:-176945824, usecase:0x   2
01-21 20:43:33.093   708 18764 V C2UnisocVp8Dec: fetchGraphicBlock, stride: 640, sliceHeight: 368, mDecoderSwFlag: 0
01-21 20:43:33.095   708 18763 V C2UnisocVp8Dec: VSP_bind_cb, phyAddr: 0x202ce000, pOutBlockInfo: 0xf27cea10, pBufCtrl: 0xf27ce410; iRefCount=0
01-21 20:43:33.095   708 18763 V C2UnisocVp8Dec: VSP_unbind_cb, phyAddr: 0x203d3000, pOutBlockInfo: 0xf27ccb20, pBufCtrl: 0xf27d1680; iRefCount=1
01-21 20:43:33.095   708 18763 I C2UnisocVp8Dec: process, decRet: 0, 1ms, dec_out.frameEffective: 1, has_pic: 1, picId: 53, consume byte: 303
01-21 20:43:33.095   708 18763 I C2UnisocVp8Dec: drainOneOutputBuffer, pBufCtrl: 0xf27ce410, pBufCtrl->phyAddr: 0x202ce000, frameIndex: 53
01-21 20:43:33.095   708 18764 D C2UnisocVideoDecoderComponent: fetch one queue free block:0xf27d13e0,iRefCount:0
01-21 20:43:33.095   708 18763 V SimpleUnisocC2Component: processed frame #53
01-21 20:43:33.095   708 18763 V SimpleUnisocC2Component: returning this work, frameIndex: 53
01-21 20:43:33.096 18303 18762 I mali_gralloc: register: id=0x2c100001c77, importpid=708
01-21 20:43:33.096 18303 18762 I mali_gralloc: unregister: id=0x2c100001c77, base=0x0, importpid=18303
01-21 20:43:33.126   708 18763 V SimpleUnisocC2Component: start processing frame #54
01-21 20:43:33.126   708 18763 I VSP     : VP8DecSetCurRecPic,104,picid 54,header 0xf27d13e0
01-21 20:43:33.126   708 18763 I C2UnisocVp8Dec: setDecodeArgs, pBufCtrl: 0xf27c95e0, pBufCtrl->phyAddr: 0x20277000, frameIndex: 54, timeStamp: 27798702000, inSize: 303, inOffset: 0
01-21 20:43:33.126   708 18764 V C2UnisocVp8Dec: fetchGraphicBlock, stride: 640, sliceHeight: 368, mDecoderSwFlag: 0
01-21 20:43:33.127   708 18764 I C2UnisocVp8Dec: resetOutBlock, fd: 25, iova: 0x203d3000, mDecoderSwFlag: 0
01-21 20:43:33.128   708 18763 V C2UnisocVp8Dec: VSP_bind_cb, phyAddr: 0x20277000, pOutBlockInfo: 0xf27d13e0, pBufCtrl: 0xf27c95e0; iRefCount=0
01-21 20:43:33.128   708 18763 V C2UnisocVp8Dec: VSP_unbind_cb, phyAddr: 0x202ce000, pOutBlockInfo: 0xf27cea10, pBufCtrl: 0xf27ce410; iRefCount=1
01-21 20:43:33.128   708 18763 I C2UnisocVp8Dec: process, decRet: 0, 1ms, dec_out.frameEffective: 1, has_pic: 1, picId: 54, consume byte: 303
01-21 20:43:33.128   708 18763 I C2UnisocVp8Dec: drainOneOutputBuffer, pBufCtrl: 0xf27c95e0, pBufCtrl->phyAddr: 0x20277000, frameIndex: 54
01-21 20:43:33.128   708 18764 I C2UnisocVp8Dec: resetOutBlock, fd: 37, iova: 0x202ce000, mDecoderSwFlag: 0
01-21 20:43:33.128   708 18763 V SimpleUnisocC2Component: processed frame #54
01-21 20:43:33.128   708 18763 V SimpleUnisocC2Component: returning this work, frameIndex: 54
01-21 20:43:33.129   708 18764 D C2UnisocVideoDecoderComponent: fetch one queue free block:0xf27c4ed0,iRefCount:0
01-21 20:43:33.129 18303 18762 I mali_gralloc: register: id=0x2c100001c75, importpid=708
01-21 20:43:33.130 18303 18762 I mali_gralloc: unregister: id=0x2c100001c75, base=0x0, importpid=18303
01-21 20:43:33.137   698  6594 I audio_hw_primary: app type:0x   5, is_voip:0, device:2, pcm:-176945824, usecase:0x   2
01-21 20:43:33.161   698  6594 I audio_hw_primary: app type:0x   5, is_voip:0, device:2, pcm:-176945824, usecase:0x   2
01-21 20:43:33.161   708 18763 V SimpleUnisocC2Component: start processing frame #55
01-21 20:43:33.161   708 18763 I VSP     : VP8DecSetCurRecPic,104,picid 55,header 0xf27c4ed0
01-21 20:43:33.161   708 18763 I C2UnisocVp8Dec: setDecodeArgs, pBufCtrl: 0xf27d09f0, pBufCtrl->phyAddr: 0x202ce000, frameIndex: 55, timeStamp: 27798735000, inSize: 5174, inOffset: 0
01-21 20:43:33.162   708 18764 V C2UnisocVp8Dec: fetchGraphicBlock, stride: 640, sliceHeight: 368, mDecoderSwFlag: 0
01-21 20:43:33.163   708 18763 V C2UnisocVp8Dec: VSP_bind_cb, phyAddr: 0x202ce000, pOutBlockInfo: 0xf27c4ed0, pBufCtrl: 0xf27d09f0; iRefCount=0
01-21 20:43:33.164   708 18763 V C2UnisocVp8Dec: VSP_unbind_cb, phyAddr: 0x20277000, pOutBlockInfo: 0xf27d13e0, pBufCtrl: 0xf27c95e0; iRefCount=1
01-21 20:43:33.164   708 18763 I C2UnisocVp8Dec: process, decRet: 0, 2ms, dec_out.frameEffective: 1, has_pic: 1, picId: 55, consume byte: 5174
01-21 20:43:33.164   708 18763 I C2UnisocVp8Dec: drainOneOutputBuffer, pBufCtrl: 0xf27d09f0, pBufCtrl->phyAddr: 0x202ce000, frameIndex: 55
01-21 20:43:33.164   708 18763 V SimpleUnisocC2Component: processed frame #55
01-21 20:43:33.164   708 18763 V SimpleUnisocC2Component: returning this work, frameIndex: 55
01-21 20:43:33.164   708 18764 D C2UnisocVideoDecoderComponent: fetch one queue free block:0xf27ccb20,iRefCount:0
01-21 20:43:33.164   708 18764 I C2UnisocVp8Dec: resetOutBlock, fd: 41, iova: 0x20277000, mDecoderSwFlag: 0
01-21 20:43:33.165 18303 18762 I mali_gralloc: register: id=0x2c100001c7a, importpid=708
01-21 20:43:33.165 18303 18762 I mali_gralloc: unregister: id=0x2c100001c7a, base=0x0, importpid=18303
01-21 20:43:33.196   708 18763 V SimpleUnisocC2Component: start processing frame #56
01-21 20:43:33.196   708 18763 I VSP     : VP8DecSetCurRecPic,104,picid 56,header 0xf27ccb20
01-21 20:43:33.196   708 18763 I C2UnisocVp8Dec: setDecodeArgs, pBufCtrl: 0xf27d1680, pBufCtrl->phyAddr: 0x203d3000, frameIndex: 56, timeStamp: 27798769000, inSize: 578, inOffset: 0
01-21 20:43:33.196   708 18764 V C2UnisocVp8Dec: fetchGraphicBlock, stride: 640, sliceHeight: 368, mDecoderSwFlag: 0
01-21 20:43:33.198   708 18763 V C2UnisocVp8Dec: VSP_bind_cb, phyAddr: 0x203d3000, pOutBlockInfo: 0xf27ccb20, pBufCtrl: 0xf27d1680; iRefCount=0
01-21 20:43:33.198   708 18763 V C2UnisocVp8Dec: VSP_unbind_cb, phyAddr: 0x202ce000, pOutBlockInfo: 0xf27c4ed0, pBufCtrl: 0xf27d09f0; iRefCount=1
01-21 20:43:33.198   708 18763 I C2UnisocVp8Dec: process, decRet: 0, 1ms, dec_out.frameEffective: 1, has_pic: 1, picId: 56, consume byte: 578
01-21 20:43:33.198   708 18763 I C2UnisocVp8Dec: drainOneOutputBuffer, pBufCtrl: 0xf27d1680, pBufCtrl->phyAddr: 0x203d3000, frameIndex: 56
01-21 20:43:33.198   708 18764 D C2UnisocVideoDecoderComponent: fetch one queue free block:0xf27cea10,iRefCount:0
01-21 20:43:33.198   708 18763 V SimpleUnisocC2Component: processed frame #56
01-21 20:43:33.198   708 18764 I C2UnisocVp8Dec: resetOutBlock, fd: 44, iova: 0x202ce000, mDecoderSwFlag: 0
01-21 20:43:33.198   708 18763 V SimpleUnisocC2Component: returning this work, frameIndex: 56
01-21 20:43:33.199 18303 18762 I mali_gralloc: register: id=0x2c100001c77, importpid=708
01-21 20:43:33.200 18303 18762 I mali_gralloc: unregister: id=0x2c100001c77, base=0x0, importpid=18303
01-21 20:43:33.205   698  6594 I audio_hw_primary: app type:0x   5, is_voip:0, device:2, pcm:-176945824, usecase:0x   2
01-21 20:43:33.229   708 18763 V SimpleUnisocC2Component: start processing frame #57
01-21 20:43:33.229   708 18763 I VSP     : VP8DecSetCurRecPic,104,picid 57,header 0xf27cea10
01-21 20:43:33.229   708 18763 I C2UnisocVp8Dec: setDecodeArgs, pBufCtrl: 0xf27ce410, pBufCtrl->phyAddr: 0x20277000, frameIndex: 57, timeStamp: 27798802000, inSize: 280, inOffset: 0
01-21 20:43:33.229   708 18764 V C2UnisocVp8Dec: fetchGraphicBlock, stride: 640, sliceHeight: 368, mDecoderSwFlag: 0
01-21 20:43:33.231   708 18763 V C2UnisocVp8Dec: VSP_bind_cb, phyAddr: 0x20277000, pOutBlockInfo: 0xf27cea10, pBufCtrl: 0xf27ce410; iRefCount=0
01-21 20:43:33.231   708 18763 V C2UnisocVp8Dec: VSP_unbind_cb, phyAddr: 0x203d3000, pOutBlockInfo: 0xf27ccb20, pBufCtrl: 0xf27d1680; iRefCount=1
01-21 20:43:33.231   708 18763 I C2UnisocVp8Dec: process, decRet: 0, 1ms, dec_out.frameEffective: 1, has_pic: 1, picId: 57, consume byte: 280
01-21 20:43:33.231   708 18763 I C2UnisocVp8Dec: drainOneOutputBuffer, pBufCtrl: 0xf27ce410, pBufCtrl->phyAddr: 0x20277000, frameIndex: 57
01-21 20:43:33.231   708 18764 D C2UnisocVideoDecoderComponent: fetch one queue free block:0xf27d13e0,iRefCount:0
01-21 20:43:33.231   708 18763 V SimpleUnisocC2Component: processed frame #57
01-21 20:43:33.231   708 18763 V SimpleUnisocC2Component: returning this work, frameIndex: 57
01-21 20:43:33.232 18303 18762 I mali_gralloc: register: id=0x2c100001c75, importpid=708
01-21 20:43:33.232 18303 18762 I mali_gralloc: unregister: id=0x2c100001c75, base=0x0, importpid=18303
01-21 20:43:33.249   698  6594 I audio_hw_primary: app type:0x   5, is_voip:0, device:2, pcm:-176945824, usecase:0x   2
01-21 20:43:33.264   708 18763 V SimpleUnisocC2Component: start processing frame #58
01-21 20:43:33.264   708 18763 I VSP     : VP8DecSetCurRecPic,104,picid 58,header 0xf27d13e0
01-21 20:43:33.264   708 18763 I C2UnisocVp8Dec: setDecodeArgs, pBufCtrl: 0xf27c95e0, pBufCtrl->phyAddr: 0x202ce000, frameIndex: 58, timeStamp: 27798836000, inSize: 286, inOffset: 0
01-21 20:43:33.264   708 18764 V C2UnisocVp8Dec: fetchGraphicBlock, stride: 640, sliceHeight: 368, mDecoderSwFlag: 0
