01-21 20:43:51.370   698  6594 I audio_hw_primary: app type:0x   5, is_voip:0, device:2, pcm:-176945824, usecase:0x   2
01-21 20:43:51.389   708 18776 V SimpleUnisocC2Component: start processing frame #189
01-21 20:43:51.390   708 18776 I VSP     : VP8DecSetCurRecPic,104,picid 189,header 0xf27d01b0
01-21 20:43:51.390   708 18776 I C2UnisocVp8Dec: setDecodeArgs, pBufCtrl: 0xf27cd9f0, pBufCtrl->phyAddr: 0x20520000, frameIndex: 189, timeStamp: 27816821000, inSize: 200, inOffset: 0
01-21 20:43:51.390   708 18777 V C2UnisocVp8Dec: fetchGraphicBlock, stride: 960, sliceHeight: 544, mDecoderSwFlag: 0
01-21 20:43:51.390   708 18777 I C2UnisocVp8Dec: resetOutBlock, fd: 26, iova: 0x205e0000, mDecoderSwFlag: 0
01-21 20:43:51.393   708 18776 V C2UnisocVp8Dec: VSP_bind_cb, phyAddr: 0x20520000, pOutBlockInfo: 0xf27d01b0, pBufCtrl: 0xf27cd9f0; iRefCount=0
01-21 20:43:51.393   708 18776 V C2UnisocVp8Dec: VSP_unbind_cb, phyAddr: 0x20460000, pOutBlockInfo: 0xf27c6790, pBufCtrl: 0xf27d0780; iRefCount=1
01-21 20:43:51.393   708 18776 I C2UnisocVp8Dec: process, decRet: 0, 3ms, dec_out.frameEffective: 1, has_pic: 1, picId: 189, consume byte: 200
01-21 20:43:51.393   708 18776 I C2UnisocVp8Dec: drainOneOutputBuffer, pBufCtrl: 0xf27cd9f0, pBufCtrl->phyAddr: 0x20520000, frameIndex: 189
01-21 20:43:51.394   708 18777 I C2UnisocVp8Dec: resetOutBlock, fd: 27, iova: 0x20460000, mDecoderSwFlag: 0
01-21 20:43:51.394   708 18776 V SimpleUnisocC2Component: processed frame #189
01-21 20:43:51.394   708 18776 V SimpleUnisocC2Component: returning this work, frameIndex: 189
01-21 20:43:51.394   708 18777 D C2UnisocVideoDecoderComponent: fetch one queue free block:0xf27d1e60,iRefCount:0
01-21 20:43:51.395 18303 18762 I mali_gralloc: register: id=0x2c100001c80, importpid=708
01-21 20:43:51.395 18303 18762 I mali_gralloc: unregister: id=0x2c100001c80, base=0x0, importpid=18303
01-21 20:43:51.414   698  6594 I audio_hw_primary: app type:0x   5, is_voip:0, device:2, pcm:-176945824, usecase:0x   2
01-21 20:43:51.423   708 18776 V SimpleUnisocC2Component: start processing frame #190
01-21 20:43:51.424   708 18776 I VSP     : VP8DecSetCurRecPic,104,picid 190,header 0xf27d1e60
01-21 20:43:51.424   708 18776 I C2UnisocVp8Dec: setDecodeArgs, pBufCtrl: 0xf27ccf10, pBufCtrl->phyAddr: 0x20460000, frameIndex: 190, timeStamp: 27816855000, inSize: 202, inOffset: 0
01-21 20:43:51.424   708 18777 V C2UnisocVp8Dec: fetchGraphicBlock, stride: 960, sliceHeight: 544, mDecoderSwFlag: 0
01-21 20:43:51.427   708 18776 V C2UnisocVp8Dec: VSP_bind_cb, phyAddr: 0x20460000, pOutBlockInfo: 0xf27d1e60, pBufCtrl: 0xf27ccf10; iRefCount=0
01-21 20:43:51.427   708 18776 V C2UnisocVp8Dec: VSP_unbind_cb, phyAddr: 0x20520000, pOutBlockInfo: 0xf27d01b0, pBufCtrl: 0xf27cd9f0; iRefCount=1
01-21 20:43:51.427   708 18776 I C2UnisocVp8Dec: process, decRet: 0, 3ms, dec_out.frameEffective: 1, has_pic: 1, picId: 190, consume byte: 202
01-21 20:43:51.427   708 18776 I C2UnisocVp8Dec: drainOneOutputBuffer, pBufCtrl: 0xf27ccf10, pBufCtrl->phyAddr: 0x20460000, frameIndex: 190
01-21 20:43:51.427   708 18776 V SimpleUnisocC2Component: processed frame #190
01-21 20:43:51.427   708 18776 V SimpleUnisocC2Component: returning this work, frameIndex: 190
01-21 20:43:51.427   708 18777 D C2UnisocVideoDecoderComponent: fetch one queue free block:0xf27cd960,iRefCount:0
01-21 20:43:51.428   708 18777 I C2UnisocVp8Dec: resetOutBlock, fd: 43, iova: 0x20520000, mDecoderSwFlag: 0
01-21 20:43:51.429 18303 18762 I mali_gralloc: register: id=0x2c100001c7f, importpid=708
01-21 20:43:51.430 18303 18762 I mali_gralloc: unregister: id=0x2c100001c7f, base=0x0, importpid=18303
01-21 20:43:51.437   698  6594 I audio_hw_primary: app type:0x   5, is_voip:0, device:2, pcm:-176945824, usecase:0x   2
01-21 20:43:51.457   708 18776 V SimpleUnisocC2Component: start processing frame #191
01-21 20:43:51.457   708 18776 I VSP     : VP8DecSetCurRecPic,104,picid 191,header 0xf27cd960
01-21 20:43:51.457   708 18776 I C2UnisocVp8Dec: setDecodeArgs, pBufCtrl: 0xf27cf430, pBufCtrl->phyAddr: 0x205e0000, frameIndex: 191, timeStamp: 27816889000, inSize: 200, inOffset: 0
01-21 20:43:51.458   708 18777 V C2UnisocVp8Dec: fetchGraphicBlock, stride: 960, sliceHeight: 544, mDecoderSwFlag: 0
01-21 20:43:51.461   708 18776 V C2UnisocVp8Dec: VSP_bind_cb, phyAddr: 0x205e0000, pOutBlockInfo: 0xf27cd960, pBufCtrl: 0xf27cf430; iRefCount=0
01-21 20:43:51.461   708 18776 V C2UnisocVp8Dec: VSP_unbind_cb, phyAddr: 0x20460000, pOutBlockInfo: 0xf27d1e60, pBufCtrl: 0xf27ccf10; iRefCount=1
01-21 20:43:51.461   708 18776 I C2UnisocVp8Dec: process, decRet: 0, 3ms, dec_out.frameEffective: 1, has_pic: 1, picId: 191, consume byte: 200
01-21 20:43:51.461   708 18776 I C2UnisocVp8Dec: drainOneOutputBuffer, pBufCtrl: 0xf27cf430, pBufCtrl->phyAddr: 0x205e0000, frameIndex: 191
01-21 20:43:51.461   708 18777 D C2UnisocVideoDecoderComponent: fetch one queue free block:0xf27c6790,iRefCount:0
01-21 20:43:51.461   708 18776 V SimpleUnisocC2Component: processed frame #191
01-21 20:43:51.461   708 18776 V SimpleUnisocC2Component: returning this work, frameIndex: 191
01-21 20:43:51.461   708 18777 I C2UnisocVp8Dec: resetOutBlock, fd: 46, iova: 0x20460000, mDecoderSwFlag: 0
01-21 20:43:51.462 18303 18762 I mali_gralloc: register: id=0x2c100001c7d, importpid=708
01-21 20:43:51.463 18303 18762 I mali_gralloc: unregister: id=0x2c100001c7d, base=0x0, importpid=18303
01-21 20:43:51.479   698  6594 I audio_hw_primary: app type:0x   5, is_voip:0, device:2, pcm:-176945824, usecase:0x   2
01-21 20:43:51.492   708 18776 V SimpleUnisocC2Component: start processing frame #192
01-21 20:43:51.492   708 18776 I VSP     : VP8DecSetCurRecPic,104,picid 192,header 0xf27c6790
01-21 20:43:51.492   708 18776 I C2UnisocVp8Dec: setDecodeArgs, pBufCtrl: 0xf27d0780, pBufCtrl->phyAddr: 0x20520000, frameIndex: 192, timeStamp: 27816923000, inSize: 196, inOffset: 0
01-21 20:43:51.493   708 18777 V C2UnisocVp8Dec: fetchGraphicBlock, stride: 960, sliceHeight: 544, mDecoderSwFlag: 0
01-21 20:43:51.496   708 18776 V C2UnisocVp8Dec: VSP_bind_cb, phyAddr: 0x20520000, pOutBlockInfo: 0xf27c6790, pBufCtrl: 0xf27d0780; iRefCount=0
01-21 20:43:51.496   708 18776 V C2UnisocVp8Dec: VSP_unbind_cb, phyAddr: 0x205e0000, pOutBlockInfo: 0xf27cd960, pBufCtrl: 0xf27cf430; iRefCount=1
01-21 20:43:51.496   708 18776 I C2UnisocVp8Dec: process, decRet: 0, 3ms, dec_out.frameEffective: 1, has_pic: 1, picId: 192, consume byte: 196
01-21 20:43:51.496   708 18776 I C2UnisocVp8Dec: drainOneOutputBuffer, pBufCtrl: 0xf27d0780, pBufCtrl->phyAddr: 0x20520000, frameIndex: 192
01-21 20:43:51.496   708 18777 D C2UnisocVideoDecoderComponent: fetch one queue free block:0xf27d01b0,iRefCount:0
01-21 20:43:51.496   708 18776 V SimpleUnisocC2Component: processed frame #192
01-21 20:43:51.496   708 18776 V SimpleUnisocC2Component: returning this work, frameIndex: 192
01-21 20:43:51.497 18303 18762 I mali_gralloc: register: id=0x2c100001c80, importpid=708
01-21 20:43:51.497 18303 18762 I mali_gralloc: unregister: id=0x2c100001c80, base=0x0, importpid=18303
01-21 20:43:51.523   698  6594 I audio_hw_primary: app type:0x   5, is_voip:0, device:2, pcm:-176945824, usecase:0x   2
01-21 20:43:51.526   708 18776 V SimpleUnisocC2Component: start processing frame #193
01-21 20:43:51.526   708 18776 I VSP     : VP8DecSetCurRecPic,104,picid 193,header 0xf27d01b0
01-21 20:43:51.526   708 18776 I C2UnisocVp8Dec: setDecodeArgs, pBufCtrl: 0xf27cd9f0, pBufCtrl->phyAddr: 0x20460000, frameIndex: 193, timeStamp: 27816957000, inSize: 199, inOffset: 0
01-21 20:43:51.526   708 18777 V C2UnisocVp8Dec: fetchGraphicBlock, stride: 960, sliceHeight: 544, mDecoderSwFlag: 0
01-21 20:43:51.527   708 18777 I C2UnisocVp8Dec: resetOutBlock, fd: 26, iova: 0x205e0000, mDecoderSwFlag: 0
01-21 20:43:51.529   708 18776 V C2UnisocVp8Dec: VSP_bind_cb, phyAddr: 0x20460000, pOutBlockInfo: 0xf27d01b0, pBufCtrl: 0xf27cd9f0; iRefCount=0
01-21 20:43:51.529   708 18776 V C2UnisocVp8Dec: VSP_unbind_cb, phyAddr: 0x20520000, pOutBlockInfo: 0xf27c6790, pBufCtrl: 0xf27d0780; iRefCount=1
01-21 20:43:51.529   708 18776 I C2UnisocVp8Dec: process, decRet: 0, 3ms, dec_out.frameEffective: 1, has_pic: 1, picId: 193, consume byte: 199
01-21 20:43:51.529   708 18776 I C2UnisocVp8Dec: drainOneOutputBuffer, pBufCtrl: 0xf27cd9f0, pBufCtrl->phyAddr: 0x20460000, frameIndex: 193
01-21 20:43:51.529   708 18777 I C2UnisocVp8Dec: resetOutBlock, fd: 27, iova: 0x20520000, mDecoderSwFlag: 0
01-21 20:43:51.529   708 18776 V SimpleUnisocC2Component: processed frame #193
01-21 20:43:51.529   708 18776 V SimpleUnisocC2Component: returning this work, frameIndex: 193
01-21 20:43:51.530   708 18777 D C2UnisocVideoDecoderComponent: fetch one queue free block:0xf27d1e60,iRefCount:0
01-21 20:43:51.530 18303 18762 I mali_gralloc: register: id=0x2c100001c7f, importpid=708
01-21 20:43:51.530 18303 18762 I mali_gralloc: unregister: id=0x2c100001c7f, base=0x0, importpid=18303
01-21 20:43:51.558   708 18776 V SimpleUnisocC2Component: start processing frame #194
01-21 20:43:51.558   708 18776 I VSP     : VP8DecSetCurRecPic,104,picid 194,header 0xf27d1e60
01-21 20:43:51.559   708 18776 I C2UnisocVp8Dec: setDecodeArgs, pBufCtrl: 0xf27ccf10, pBufCtrl->phyAddr: 0x20520000, frameIndex: 194, timeStamp: 27816991000, inSize: 197, inOffset: 0
01-21 20:43:51.559   708 18777 V C2UnisocVp8Dec: fetchGraphicBlock, stride: 960, sliceHeight: 544, mDecoderSwFlag: 0
01-21 20:43:51.562   708 18776 V C2UnisocVp8Dec: VSP_bind_cb, phyAddr: 0x20520000, pOutBlockInfo: 0xf27d1e60, pBufCtrl: 0xf27ccf10; iRefCount=0
01-21 20:43:51.562   708 18776 V C2UnisocVp8Dec: VSP_unbind_cb, phyAddr: 0x20460000, pOutBlockInfo: 0xf27d01b0, pBufCtrl: 0xf27cd9f0; iRefCount=1
01-21 20:43:51.562   708 18776 I C2UnisocVp8Dec: process, decRet: 0, 3ms, dec_out.frameEffective: 1, has_pic: 1, picId: 194, consume byte: 197
01-21 20:43:51.562   708 18776 I C2UnisocVp8Dec: drainOneOutputBuffer, pBufCtrl: 0xf27ccf10, pBufCtrl->phyAddr: 0x20520000, frameIndex: 194
01-21 20:43:51.563   708 18776 V SimpleUnisocC2Component: processed frame #194
01-21 20:43:51.563   708 18776 V SimpleUnisocC2Component: returning this work, frameIndex: 194
01-21 20:43:51.563   708 18777 D C2UnisocVideoDecoderComponent: fetch one queue free block:0xf27cd960,iRefCount:0
01-21 20:43:51.563   708 18777 I C2UnisocVp8Dec: resetOutBlock, fd: 43, iova: 0x20460000, mDecoderSwFlag: 0
01-21 20:43:51.564 18303 18762 I mali_gralloc: register: id=0x2c100001c7d, importpid=708
01-21 20:43:51.564 18303 18762 I mali_gralloc: unregister: id=0x2c100001c7d, base=0x0, importpid=18303
01-21 20:43:51.566   698  6594 I audio_hw_primary: app type:0x   5, is_voip:0, device:2, pcm:-176945824, usecase:0x   2
01-21 20:43:51.594   708 18776 V SimpleUnisocC2Component: start processing frame #195
01-21 20:43:51.594   708 18776 I VSP     : VP8DecSetCurRecPic,104,picid 195,header 0xf27cd960
01-21 20:43:51.594   708 18777 V C2UnisocVp8Dec: fetchGraphicBlock, stride: 960, sliceHeight: 544, mDecoderSwFlag: 0
01-21 20:43:51.594   708 18776 I C2UnisocVp8Dec: setDecodeArgs, pBufCtrl: 0xf27cf430, pBufCtrl->phyAddr: 0x205e0000, frameIndex: 195, timeStamp: 27817024000, inSize: 9061, inOffset: 0
01-21 20:43:51.598   708 18776 V C2UnisocVp8Dec: VSP_bind_cb, phyAddr: 0x205e0000, pOutBlockInfo: 0xf27cd960, pBufCtrl: 0xf27cf430; iRefCount=0
01-21 20:43:51.598   708 18776 V C2UnisocVp8Dec: VSP_unbind_cb, phyAddr: 0x20520000, pOutBlockInfo: 0xf27d1e60, pBufCtrl: 0xf27ccf10; iRefCount=1
01-21 20:43:51.598   708 18776 I C2UnisocVp8Dec: process, decRet: 0, 3ms, dec_out.frameEffective: 1, has_pic: 1, picId: 195, consume byte: 9061
01-21 20:43:51.598   708 18776 I C2UnisocVp8Dec: drainOneOutputBuffer, pBufCtrl: 0xf27cf430, pBufCtrl->phyAddr: 0x205e0000, frameIndex: 195
01-21 20:43:51.598   708 18777 D C2UnisocVideoDecoderComponent: fetch one queue free block:0xf27c6790,iRefCount:0
01-21 20:43:51.598   708 18776 V SimpleUnisocC2Component: processed frame #195
01-21 20:43:51.598   708 18777 I C2UnisocVp8Dec: resetOutBlock, fd: 46, iova: 0x20520000, mDecoderSwFlag: 0
01-21 20:43:51.598   708 18776 V SimpleUnisocC2Component: returning this work, frameIndex: 195
01-21 20:43:51.599 18303 18762 I mali_gralloc: register: id=0x2c100001c80, importpid=708
01-21 20:43:51.599 18303 18762 I mali_gralloc: unregister: id=0x2c100001c80, base=0x0, importpid=18303
01-21 20:43:51.610   698  6594 I audio_hw_primary: app type:0x   5, is_voip:0, device:2, pcm:-176945824, usecase:0x   2
01-21 20:43:51.625   708 18776 V SimpleUnisocC2Component: start processing frame #196
01-21 20:43:51.626   708 18776 I VSP     : VP8DecSetCurRecPic,104,picid 196,header 0xf27c6790
01-21 20:43:51.626   708 18776 I C2UnisocVp8Dec: setDecodeArgs, pBufCtrl: 0xf27d0780, pBufCtrl->phyAddr: 0x20460000, frameIndex: 196, timeStamp: 27817058000, inSize: 1097, inOffset: 0
01-21 20:43:51.626   708 18777 V C2UnisocVp8Dec: fetchGraphicBlock, stride: 960, sliceHeight: 544, mDecoderSwFlag: 0
01-21 20:43:51.629   708 18776 V C2UnisocVp8Dec: VSP_bind_cb, phyAddr: 0x20460000, pOutBlockInfo: 0xf27c6790, pBufCtrl: 0xf27d0780; iRefCount=0
01-21 20:43:51.629   708 18776 V C2UnisocVp8Dec: VSP_unbind_cb, phyAddr: 0x205e0000, pOutBlockInfo: 0xf27cd960, pBufCtrl: 0xf27cf430; iRefCount=1
01-21 20:43:51.629   708 18776 I C2UnisocVp8Dec: process, decRet: 0, 3ms, dec_out.frameEffective: 1, has_pic: 1, picId: 196, consume byte: 1097
01-21 20:43:51.629   708 18776 I C2UnisocVp8Dec: drainOneOutputBuffer, pBufCtrl: 0xf27d0780, pBufCtrl->phyAddr: 0x20460000, frameIndex: 196
01-21 20:43:51.630   708 18777 D C2UnisocVideoDecoderComponent: fetch one queue free block:0xf27d01b0,iRefCount:0
01-21 20:43:51.630   708 18776 V SimpleUnisocC2Component: processed frame #196
01-21 20:43:51.630   708 18776 V SimpleUnisocC2Component: returning this work, frameIndex: 196
01-21 20:43:51.631 18303 18762 I mali_gralloc: register: id=0x2c100001c7f, importpid=708
01-21 20:43:51.631 18303 18762 I mali_gralloc: unregister: id=0x2c100001c7f, base=0x0, importpid=18303
01-21 20:43:51.653   698  6594 I audio_hw_primary: app type:0x   5, is_voip:0, device:2, pcm:-176945824, usecase:0x   2
01-21 20:43:51.658   708 18776 V SimpleUnisocC2Component: start processing frame #197
01-21 20:43:51.659   708 18776 I VSP     : VP8DecSetCurRecPic,104,picid 197,header 0xf27d01b0
01-21 20:43:51.659   708 18776 I C2UnisocVp8Dec: setDecodeArgs, pBufCtrl: 0xf27cd9f0, pBufCtrl->phyAddr: 0x20520000, frameIndex: 197, timeStamp: 27817091000, inSize: 419, inOffset: 0
01-21 20:43:51.659   708 18777 V C2UnisocVp8Dec: fetchGraphicBlock, stride: 960, sliceHeight: 544, mDecoderSwFlag: 0
01-21 20:43:51.659   708 18777 I C2UnisocVp8Dec: resetOutBlock, fd: 26, iova: 0x205e0000, mDecoderSwFlag: 0
01-21 20:43:51.662   708 18776 V C2UnisocVp8Dec: VSP_bind_cb, phyAddr: 0x20520000, pOutBlockInfo: 0xf27d01b0, pBufCtrl: 0xf27cd9f0; iRefCount=0
01-21 20:43:51.662   708 18776 V C2UnisocVp8Dec: VSP_unbind_cb, phyAddr: 0x20460000, pOutBlockInfo: 0xf27c6790, pBufCtrl: 0xf27d0780; iRefCount=1
01-21 20:43:51.662   708 18776 I C2UnisocVp8Dec: process, decRet: 0, 3ms, dec_out.frameEffective: 1, has_pic: 1, picId: 197, consume byte: 419
01-21 20:43:51.662   708 18776 I C2UnisocVp8Dec: drainOneOutputBuffer, pBufCtrl: 0xf27cd9f0, pBufCtrl->phyAddr: 0x20520000, frameIndex: 197
01-21 20:43:51.662   708 18777 I C2UnisocVp8Dec: resetOutBlock, fd: 27, iova: 0x20460000, mDecoderSwFlag: 0
01-21 20:43:51.662   708 18776 V SimpleUnisocC2Component: processed frame #197
01-21 20:43:51.662   708 18776 V SimpleUnisocC2Component: returning this work, frameIndex: 197
01-21 20:43:51.663   708 18777 D C2UnisocVideoDecoderComponent: fetch one queue free block:0xf27d1e60,iRefCount:0
01-21 20:43:51.664 18303 18762 I mali_gralloc: register: id=0x2c100001c7d, importpid=708
01-21 20:43:51.664 18303 18762 I mali_gralloc: unregister: id=0x2c100001c7d, base=0x0, importpid=18303
01-21 20:43:51.694   708 18776 V SimpleUnisocC2Component: start processing frame #198
01-21 20:43:51.695   708 18776 I VSP     : VP8DecSetCurRecPic,104,picid 198,header 0xf27d1e60
01-21 20:43:51.695   708 18776 I C2UnisocVp8Dec: setDecodeArgs, pBufCtrl: 0xf27ccf10, pBufCtrl->phyAddr: 0x20460000, frameIndex: 198, timeStamp: 27817126000, inSize: 333, inOffset: 0
01-21 20:43:51.695   708 18777 V C2UnisocVp8Dec: fetchGraphicBlock, stride: 960, sliceHeight: 544, mDecoderSwFlag: 0
01-21 20:43:51.697   698  6594 I audio_hw_primary: app type:0x   5, is_voip:0, device:2, pcm:-176945824, usecase:0x   2
01-21 20:43:51.698   708 18776 V C2UnisocVp8Dec: VSP_bind_cb, phyAddr: 0x20460000, pOutBlockInfo: 0xf27d1e60, pBufCtrl: 0xf27ccf10; iRefCount=0
01-21 20:43:51.698   708 18776 V C2UnisocVp8Dec: VSP_unbind_cb, phyAddr: 0x20520000, pOutBlockInfo: 0xf27d01b0, pBufCtrl: 0xf27cd9f0; iRefCount=1
01-21 20:43:51.698   708 18776 I C2UnisocVp8Dec: process, decRet: 0, 3ms, dec_out.frameEffective: 1, has_pic: 1, picId: 198, consume byte: 333
01-21 20:43:51.698   708 18776 I C2UnisocVp8Dec: drainOneOutputBuffer, pBufCtrl: 0xf27ccf10, pBufCtrl->phyAddr: 0x20460000, frameIndex: 198
01-21 20:43:51.698   708 18777 D C2UnisocVideoDecoderComponent: fetch one queue free block:0xf27cd960,iRefCount:0
01-21 20:43:51.698   708 18776 V SimpleUnisocC2Component: processed frame #198
01-21 20:43:51.698   708 18777 I C2UnisocVp8Dec: resetOutBlock, fd: 43, iova: 0x20520000, mDecoderSwFlag: 0
01-21 20:43:51.698   708 18776 V SimpleUnisocC2Component: returning this work, frameIndex: 198
01-21 20:43:51.699 18303 18762 I mali_gralloc: register: id=0x2c100001c80, importpid=708
01-21 20:43:51.700 18303 18762 I mali_gralloc: unregister: id=0x2c100001c80, base=0x0, importpid=18303
01-21 20:43:51.721   698  6594 I audio_hw_primary: app type:0x   5, is_voip:0, device:2, pcm:-176945824, usecase:0x   2
01-21 20:43:51.725   708 18776 V SimpleUnisocC2Component: start processing frame #199
01-21 20:43:51.726   708 18776 I VSP     : VP8DecSetCurRecPic,104,picid 199,header 0xf27cd960
01-21 20:43:51.726   708 18776 I C2UnisocVp8Dec: setDecodeArgs, pBufCtrl: 0xf27cf430, pBufCtrl->phyAddr: 0x205e0000, frameIndex: 199, timeStamp: 27817159000, inSize: 199, inOffset: 0
01-21 20:43:51.726   708 18777 V C2UnisocVp8Dec: fetchGraphicBlock, stride: 960, sliceHeight: 544, mDecoderSwFlag: 0
01-21 20:43:51.729   708 18776 V C2UnisocVp8Dec: VSP_bind_cb, phyAddr: 0x205e0000, pOutBlockInfo: 0xf27cd960, pBufCtrl: 0xf27cf430; iRefCount=0
01-21 20:43:51.729   708 18776 V C2UnisocVp8Dec: VSP_unbind_cb, phyAddr: 0x20460000, pOutBlockInfo: 0xf27d1e60, pBufCtrl: 0xf27ccf10; iRefCount=1
01-21 20:43:51.729   708 18776 I C2UnisocVp8Dec: process, decRet: 0, 3ms, dec_out.frameEffective: 1, has_pic: 1, picId: 199, consume byte: 199
01-21 20:43:51.729   708 18776 I C2UnisocVp8Dec: drainOneOutputBuffer, pBufCtrl: 0xf27cf430, pBufCtrl->phyAddr: 0x205e0000, frameIndex: 199
01-21 20:43:51.729   708 18776 V SimpleUnisocC2Component: processed frame #199
01-21 20:43:51.729   708 18776 V SimpleUnisocC2Component: returning this work, frameIndex: 199
01-21 20:43:51.730   708 18777 D C2UnisocVideoDecoderComponent: fetch one queue free block:0xf27c6790,iRefCount:0
01-21 20:43:51.730   708 18777 I C2UnisocVp8Dec: resetOutBlock, fd: 46, iova: 0x20460000, mDecoderSwFlag: 0
01-21 20:43:51.730 18303 18762 I mali_gralloc: register: id=0x2c100001c7f, importpid=708
01-21 20:43:51.731 18303 18762 I mali_gralloc: unregister: id=0x2c100001c7f, base=0x0, importpid=18303
01-21 20:43:51.761   708 18776 V SimpleUnisocC2Component: start processing frame #200
01-21 20:43:51.761   708 18776 I VSP     : VP8DecSetCurRecPic,104,picid 200,header 0xf27c6790
01-21 20:43:51.762   708 18776 I C2UnisocVp8Dec: setDecodeArgs, pBufCtrl: 0xf27d0780, pBufCtrl->phyAddr: 0x20520000, frameIndex: 200, timeStamp: 27817193000, inSize: 204, inOffset: 0
01-21 20:43:51.761   708 18777 V C2UnisocVp8Dec: fetchGraphicBlock, stride: 960, sliceHeight: 544, mDecoderSwFlag: 0
01-21 20:43:51.765   708 18776 V C2UnisocVp8Dec: VSP_bind_cb, phyAddr: 0x20520000, pOutBlockInfo: 0xf27c6790, pBufCtrl: 0xf27d0780; iRefCount=0
01-21 20:43:51.765   708 18776 V C2UnisocVp8Dec: VSP_unbind_cb, phyAddr: 0x203a0000, pOutBlockInfo: 0xf27cebf0, pBufCtrl: 0xf27cf580; iRefCount=1
01-21 20:43:51.765   708 18776 V C2UnisocVp8Dec: VSP_unbind_cb, phyAddr: 0x205e0000, pOutBlockInfo: 0xf27cd960, pBufCtrl: 0xf27cf430; iRefCount=1
01-21 20:43:51.765   708 18776 I C2UnisocVp8Dec: process, decRet: 0, 3ms, dec_out.frameEffective: 1, has_pic: 1, picId: 200, consume byte: 204
01-21 20:43:51.765   698  6594 I audio_hw_primary: app type:0x   5, is_voip:0, device:2, pcm:-176945824, usecase:0x   2
01-21 20:43:51.765   708 18776 I C2UnisocVp8Dec: drainOneOutputBuffer, pBufCtrl: 0xf27d0780, pBufCtrl->phyAddr: 0x20520000, frameIndex: 200
01-21 20:43:51.765   708 18777 D C2UnisocVideoDecoderComponent: fetch one queue free block:0xf27d01b0,iRefCount:0
01-21 20:43:51.765   708 18776 V SimpleUnisocC2Component: processed frame #200
01-21 20:43:51.765   708 18776 V SimpleUnisocC2Component: returning this work, frameIndex: 200
01-21 20:43:51.767 18303 18762 I mali_gralloc: register: id=0x2c100001c7d, importpid=708
01-21 20:43:51.767 18303 18762 I mali_gralloc: unregister: id=0x2c100001c7d, base=0x0, importpid=18303
01-21 20:43:51.795   708 18776 V SimpleUnisocC2Component: start processing frame #201
01-21 20:43:51.795   708 18776 I VSP     : VP8DecSetCurRecPic,104,picid 201,header 0xf27d01b0
01-21 20:43:51.795   708 18776 I C2UnisocVp8Dec: setDecodeArgs, pBufCtrl: 0xf27cd9f0, pBufCtrl->phyAddr: 0x20460000, frameIndex: 201, timeStamp: 27817226000, inSize: 6685, inOffset: 0
01-21 20:43:51.795   708 18777 V C2UnisocVp8Dec: fetchGraphicBlock, stride: 960, sliceHeight: 544, mDecoderSwFlag: 0
01-21 20:43:51.796   708 18777 I C2UnisocVp8Dec: resetOutBlock, fd: 26, iova: 0x205e0000, mDecoderSwFlag: 0
01-21 20:43:51.799   708 18776 V C2UnisocVp8Dec: VSP_bind_cb, phyAddr: 0x20460000, pOutBlockInfo: 0xf27d01b0, pBufCtrl: 0xf27cd9f0; iRefCount=0
01-21 20:43:51.799   708 18776 I C2UnisocVp8Dec: process, decRet: 0, 3ms, dec_out.frameEffective: 1, has_pic: 1, picId: 201, consume byte: 6685
01-21 20:43:51.799   708 18776 I C2UnisocVp8Dec: drainOneOutputBuffer, pBufCtrl: 0xf27cd9f0, pBufCtrl->phyAddr: 0x20460000, frameIndex: 201
01-21 20:43:51.799   708 18777 I C2UnisocVp8Dec: resetOutBlock, fd: 28, iova: 0x203a0000, mDecoderSwFlag: 0
01-21 20:43:51.799   708 18776 V SimpleUnisocC2Component: processed frame #201
01-21 20:43:51.799   708 18776 V SimpleUnisocC2Component: returning this work, frameIndex: 201
01-21 20:43:51.800   708 18777 D C2UnisocVideoDecoderComponent: fetch one queue free block:0xf27d1e60,iRefCount:0
01-21 20:43:51.800 18303 18762 I mali_gralloc: register: id=0x2c100001c80, importpid=708
01-21 20:43:51.801 18303 18762 I mali_gralloc: unregister: id=0x2c100001c80, base=0x0, importpid=18303
01-21 20:43:51.808   698  6594 I audio_hw_primary: app type:0x   5, is_voip:0, device:2, pcm:-176945824, usecase:0x   2
01-21 20:43:51.829   708 18776 V SimpleUnisocC2Component: start processing frame #202
01-21 20:43:51.829   708 18776 I VSP     : VP8DecSetCurRecPic,104,picid 202,header 0xf27d1e60
01-21 20:43:51.829   708 18776 I C2UnisocVp8Dec: setDecodeArgs, pBufCtrl: 0xf27ccf10, pBufCtrl->phyAddr: 0x203a0000, frameIndex: 202, timeStamp: 27817261000, inSize: 1053, inOffset: 0
01-21 20:43:51.829   708 18777 V C2UnisocVp8Dec: fetchGraphicBlock, stride: 960, sliceHeight: 544, mDecoderSwFlag: 0
01-21 20:43:51.832   708 18776 V C2UnisocVp8Dec: VSP_bind_cb, phyAddr: 0x203a0000, pOutBlockInfo: 0xf27d1e60, pBufCtrl: 0xf27ccf10; iRefCount=0
01-21 20:43:51.833   708 18776 V C2UnisocVp8Dec: VSP_unbind_cb, phyAddr: 0x20460000, pOutBlockInfo: 0xf27d01b0, pBufCtrl: 0xf27cd9f0; iRefCount=1
01-21 20:43:51.833   708 18776 I C2UnisocVp8Dec: process, decRet: 0, 3ms, dec_out.frameEffective: 1, has_pic: 1, picId: 202, consume byte: 1053
01-21 20:43:51.833   708 18776 I C2UnisocVp8Dec: drainOneOutputBuffer, pBufCtrl: 0xf27ccf10, pBufCtrl->phyAddr: 0x203a0000, frameIndex: 202
01-21 20:43:51.833   708 18776 V SimpleUnisocC2Component: processed frame #202
01-21 20:43:51.833   708 18776 V SimpleUnisocC2Component: returning this work, frameIndex: 202
01-21 20:43:51.833   708 18777 D C2UnisocVideoDecoderComponent: fetch one queue free block:0xf27cd960,iRefCount:0
01-21 20:43:51.833   708 18777 I C2UnisocVp8Dec: resetOutBlock, fd: 43, iova: 0x20460000, mDecoderSwFlag: 0
01-21 20:43:51.834 18303 18762 I mali_gralloc: register: id=0x2c100001c7f, importpid=708
01-21 20:43:51.834 18303 18762 I mali_gralloc: unregister: id=0x2c100001c7f, base=0x0, importpid=18303
01-21 20:43:51.852   698  6594 I audio_hw_primary: app type:0x   5, is_voip:0, device:2, pcm:-176945824, usecase:0x   2
01-21 20:43:51.862   708 18776 V SimpleUnisocC2Component: start processing frame #203
01-21 20:43:51.862   708 18776 I VSP     : VP8DecSetCurRecPic,104,picid 203,header 0xf27cd960
01-21 20:43:51.862   708 18776 I C2UnisocVp8Dec: setDecodeArgs, pBufCtrl: 0xf27cf430, pBufCtrl->phyAddr: 0x205e0000, frameIndex: 203, timeStamp: 27817294000, inSize: 277, inOffset: 0
01-21 20:43:51.862   708 18777 V C2UnisocVp8Dec: fetchGraphicBlock, stride: 960, sliceHeight: 544, mDecoderSwFlag: 0
01-21 20:43:51.866   708 18776 V C2UnisocVp8Dec: VSP_bind_cb, phyAddr: 0x205e0000, pOutBlockInfo: 0xf27cd960, pBufCtrl: 0xf27cf430; iRefCount=0
01-21 20:43:51.866   708 18776 V C2UnisocVp8Dec: VSP_unbind_cb, phyAddr: 0x203a0000, pOutBlockInfo: 0xf27d1e60, pBufCtrl: 0xf27ccf10; iRefCount=1
01-21 20:43:51.866   708 18776 I C2UnisocVp8Dec: process, decRet: 0, 3ms, dec_out.frameEffective: 1, has_pic: 1, picId: 203, consume byte: 277
01-21 20:43:51.866   708 18776 I C2UnisocVp8Dec: drainOneOutputBuffer, pBufCtrl: 0xf27cf430, pBufCtrl->phyAddr: 0x205e0000, frameIndex: 203
01-21 20:43:51.866   708 18776 V SimpleUnisocC2Component: processed frame #203
01-21 20:43:51.866   708 18776 V SimpleUnisocC2Component: returning this work, frameIndex: 203
01-21 20:43:51.866   708 18777 I C2UnisocVideoDecoderComponent: this buffer fd:27,block:0xf27c6790,address:0x20520000,iRefCount:1, is still in bind
01-21 20:43:51.866   708 18777 I C2UnisocVp8Dec: resetOutBlock, fd: 29, iova: 0x20520000, mDecoderSwFlag: 0
01-21 20:43:51.866   708 18777 V C2UnisocVp8Dec: fetchGraphicBlock, stride: 960, sliceHeight: 544, mDecoderSwFlag: 0
01-21 20:43:51.867 18303 18762 I mali_gralloc: register: id=0x2c100001c83, importpid=708
01-21 20:43:51.867 18303 18762 I mali_gralloc: unregister: id=0x2c100001c83, base=0x0, importpid=18303
01-21 20:43:51.868   708 18777 D C2UnisocVideoDecoderComponent: fetch one queue free block:0xf27cebf0,iRefCount:0
01-21 20:43:51.868   708 18777 I C2UnisocVp8Dec: resetOutBlock, fd: 46, iova: 0x203a0000, mDecoderSwFlag: 0
01-21 20:43:51.896   698  6594 I audio_hw_primary: app type:0x   5, is_voip:0, device:2, pcm:-176945824, usecase:0x   2
01-21 20:43:51.897   708 18776 V SimpleUnisocC2Component: start processing frame #204
01-21 20:43:51.898   708 18776 I VSP     : VP8DecSetCurRecPic,104,picid 204,header 0xf27cebf0
01-21 20:43:51.898   708 18777 V C2UnisocVp8Dec: fetchGraphicBlock, stride: 960, sliceHeight: 544, mDecoderSwFlag: 0
01-21 20:43:51.898   708 18776 I C2UnisocVp8Dec: setDecodeArgs, pBufCtrl: 0xf27cf580, pBufCtrl->phyAddr: 0x20460000, frameIndex: 204, timeStamp: 27817328000, inSize: 243, inOffset: 0
01-21 20:43:51.901   708 18776 V C2UnisocVp8Dec: VSP_bind_cb, phyAddr: 0x20460000, pOutBlockInfo: 0xf27cebf0, pBufCtrl: 0xf27cf580; iRefCount=0
01-21 20:43:51.901   708 18776 V C2UnisocVp8Dec: VSP_unbind_cb, phyAddr: 0x205e0000, pOutBlockInfo: 0xf27cd960, pBufCtrl: 0xf27cf430; iRefCount=1
01-21 20:43:51.901   708 18776 I C2UnisocVp8Dec: process, decRet: 0, 3ms, dec_out.frameEffective: 1, has_pic: 1, picId: 204, consume byte: 243
01-21 20:43:51.901   708 18776 I C2UnisocVp8Dec: drainOneOutputBuffer, pBufCtrl: 0xf27cf580, pBufCtrl->phyAddr: 0x20460000, frameIndex: 204
01-21 20:43:51.901   708 18777 D C2UnisocVideoDecoderComponent: fetch one queue free block:0xf27d01b0,iRefCount:0
01-21 20:43:51.901   708 18776 V SimpleUnisocC2Component: processed frame #204
01-21 20:43:51.901   708 18776 V SimpleUnisocC2Component: returning this work, frameIndex: 204
01-21 20:43:51.903 18303 18762 I mali_gralloc: register: id=0x2c100001c80, importpid=708
01-21 20:43:51.903 18303 18762 I mali_gralloc: unregister: id=0x2c100001c80, base=0x0, importpid=18303
01-21 20:43:51.919   698  6594 I audio_hw_primary: app type:0x   5, is_voip:0, device:2, pcm:-176945824, usecase:0x   2
01-21 20:43:51.929   708 18776 V SimpleUnisocC2Component: start processing frame #205
01-21 20:43:51.929   708 18776 I VSP     : VP8DecSetCurRecPic,104,picid 205,header 0xf27d01b0
01-21 20:43:51.929   708 18776 I C2UnisocVp8Dec: setDecodeArgs, pBufCtrl: 0xf27cd9f0, pBufCtrl->phyAddr: 0x203a0000, frameIndex: 205, timeStamp: 27817362000, inSize: 243, inOffset: 0
01-21 20:43:51.929   708 18777 V C2UnisocVp8Dec: fetchGraphicBlock, stride: 960, sliceHeight: 544, mDecoderSwFlag: 0
01-21 20:43:51.930   708 18777 I C2UnisocVp8Dec: resetOutBlock, fd: 26, iova: 0x205e0000, mDecoderSwFlag: 0
01-21 20:43:51.932   708 18776 V C2UnisocVp8Dec: VSP_bind_cb, phyAddr: 0x203a0000, pOutBlockInfo: 0xf27d01b0, pBufCtrl: 0xf27cd9f0; iRefCount=0
01-21 20:43:51.933   708 18776 V C2UnisocVp8Dec: VSP_unbind_cb, phyAddr: 0x20460000, pOutBlockInfo: 0xf27cebf0, pBufCtrl: 0xf27cf580; iRefCount=1
01-21 20:43:51.933   708 18776 I C2UnisocVp8Dec: process, decRet: 0, 3ms, dec_out.frameEffective: 1, has_pic: 1, picId: 205, consume byte: 243
01-21 20:43:51.933   708 18776 I C2UnisocVp8Dec: drainOneOutputBuffer, pBufCtrl: 0xf27cd9f0, pBufCtrl->phyAddr: 0x203a0000, frameIndex: 205
01-21 20:43:51.933   708 18776 V SimpleUnisocC2Component: processed frame #205
01-21 20:43:51.933   708 18776 V SimpleUnisocC2Component: returning this work, frameIndex: 205
01-21 20:43:51.933   708 18777 I C2UnisocVp8Dec: resetOutBlock, fd: 14, iova: 0x20460000, mDecoderSwFlag: 0
01-21 20:43:51.934   708 18777 D C2UnisocVideoDecoderComponent: fetch one queue free block:0xf27d1e60,iRefCount:0
01-21 20:43:51.934 18303 18762 I mali_gralloc: register: id=0x2c100001c7f, importpid=708
01-21 20:43:51.934 18303 18762 I mali_gralloc: unregister: id=0x2c100001c7f, base=0x0, importpid=18303
01-21 20:43:51.962   698  6594 I audio_hw_primary: app type:0x   5, is_voip:0, device:2, pcm:-176945824, usecase:0x   2
01-21 20:43:51.964   708 18776 V SimpleUnisocC2Component: start processing frame #206
01-21 20:43:51.964   708 18776 I VSP     : VP8DecSetCurRecPic,104,picid 206,header 0xf27d1e60
01-21 20:43:51.964   708 18776 I C2UnisocVp8Dec: setDecodeArgs, pBufCtrl: 0xf27ccf10, pBufCtrl->phyAddr: 0x20460000, frameIndex: 206, timeStamp: 27817396000, inSize: 242, inOffset: 0
01-21 20:43:51.964   708 18777 V C2UnisocVp8Dec: fetchGraphicBlock, stride: 960, sliceHeight: 544, mDecoderSwFlag: 0
01-21 20:43:51.967   708 18776 V C2UnisocVp8Dec: VSP_bind_cb, phyAddr: 0x20460000, pOutBlockInfo: 0xf27d1e60, pBufCtrl: 0xf27ccf10; iRefCount=0
01-21 20:43:51.967   708 18776 V C2UnisocVp8Dec: VSP_unbind_cb, phyAddr: 0x203a0000, pOutBlockInfo: 0xf27d01b0, pBufCtrl: 0xf27cd9f0; iRefCount=1
01-21 20:43:51.968   708 18776 I C2UnisocVp8Dec: process, decRet: 0, 3ms, dec_out.frameEffective: 1, has_pic: 1, picId: 206, consume byte: 242
01-21 20:43:51.968   708 18776 I C2UnisocVp8Dec: drainOneOutputBuffer, pBufCtrl: 0xf27ccf10, pBufCtrl->phyAddr: 0x20460000, frameIndex: 206
01-21 20:43:51.968   708 18776 V SimpleUnisocC2Component: processed frame #206
01-21 20:43:51.968   708 18776 V SimpleUnisocC2Component: returning this work, frameIndex: 206
01-21 20:43:51.968   708 18777 D C2UnisocVideoDecoderComponent: fetch one queue free block:0xf27cd960,iRefCount:0
01-21 20:43:51.968   708 18777 I C2UnisocVp8Dec: resetOutBlock, fd: 45, iova: 0x203a0000, mDecoderSwFlag: 0
01-21 20:43:51.969 18303 18762 I mali_gralloc: register: id=0x2c100001c83, importpid=708
01-21 20:43:51.969 18303 18762 I mali_gralloc: unregister: id=0x2c100001c83, base=0x0, importpid=18303
01-21 20:43:51.990  2862 24685 I hbox:interactor: oneway function results for code 2 on binder at 0xb400007c645edcc0 will be dropped but finished with status UNKNOWN_TRANSACTION
01-21 20:43:51.997  1146  2077 I ActivityManager: Killing 17474:com.google.android.videos/u0a215 (adj 935): empty #25
01-21 20:43:51.997   708 18776 V SimpleUnisocC2Component: start processing frame #207
01-21 20:43:51.997   708 18777 V C2UnisocVp8Dec: fetchGraphicBlock, stride: 960, sliceHeight: 544, mDecoderSwFlag: 0
01-21 20:43:51.997   708 18776 I VSP     : VP8DecSetCurRecPic,104,picid 207,header 0xf27cd960
01-21 20:43:51.997   708 18776 I C2UnisocVp8Dec: setDecodeArgs, pBufCtrl: 0xf27cf430, pBufCtrl->phyAddr: 0x205e0000, frameIndex: 207, timeStamp: 27817429000, inSize: 243, inOffset: 0
01-21 20:43:52.000  3168  6471 D SmartEventManager: dispatchEvent event: SmartEvent(action=process_kill, topClassName=, topPackageName=, extras=Bundle[{packages=[com.google.android.videos]}])
01-21 20:43:52.000   708 18776 V C2UnisocVp8Dec: VSP_bind_cb, phyAddr: 0x205e0000, pOutBlockInfo: 0xf27cd960, pBufCtrl: 0xf27cf430; iRefCount=0
01-21 20:43:52.001   708 18776 V C2UnisocVp8Dec: VSP_unbind_cb, phyAddr: 0x20460000, pOutBlockInfo: 0xf27d1e60, pBufCtrl: 0xf27ccf10; iRefCount=1
01-21 20:43:52.001   708 18776 I C2UnisocVp8Dec: process, decRet: 0, 3ms, dec_out.frameEffective: 1, has_pic: 1, picId: 207, consume byte: 243
01-21 20:43:52.001   708 18776 I C2UnisocVp8Dec: drainOneOutputBuffer, pBufCtrl: 0xf27cf430, pBufCtrl->phyAddr: 0x205e0000, frameIndex: 207
01-21 20:43:52.001   708 18777 D C2UnisocVideoDecoderComponent: fetch one queue free block:0xf27cebf0,iRefCount:0
01-21 20:43:52.001   708 18777 I C2UnisocVp8Dec: resetOutBlock, fd: 46, iova: 0x20460000, mDecoderSwFlag: 0
01-21 20:43:52.001   708 18776 V SimpleUnisocC2Component: processed frame #207
01-21 20:43:52.001   708 18776 V SimpleUnisocC2Component: returning this work, frameIndex: 207
01-21 20:43:52.002 18303 18762 I mali_gralloc: register: id=0x2c100001c80, importpid=708
01-21 20:43:52.002  3168  6471 W TranVersion: THUBCore No support Call!!! method version = 33141, >>> ThubCore vserion = 33121
01-21 20:43:52.002  3168  6471 W TranVersion:  mthod version must <= ThubCore version.
01-21 20:43:52.002  3168  6471 W TranVersion:  ---java.lang.Throwable
01-21 20:43:52.002  3168  6471 W TranVersion: #com.transsion.hubsdk.common.version.TranVersion.isIntegratedThubCore[77]
01-21 20:43:52.002  3168  6471 W TranVersion: #com.transsion.hubsdk.api.app.TranActivityManager.getService[0]
01-21 20:43:52.002  3168  6471 W TranVersion: #com.transsion.hubsdk.api.app.TranActivityManager.getRealActivity[4]
01-21 20:43:52.002  3168  6471 W TranVersion: #n9.e.getRealActivity[2]
01-21 20:43:52.002  3168  6471 I TranActivityManager: TranAospActivityManager
01-21 20:43:52.002 18303 18762 I mali_gralloc: unregister: id=0x2c100001c80, base=0x0, importpid=18303
01-21 20:43:52.002  3168  6471 I THubApi : isTheMainScreen classname: com.example.appbridgenew_example.MainActivity  pkg:com.example.appbridgenew_example
01-21 20:43:52.002  3168  6471 W TranVersion: THUBCore No support Call!!! method version = 33141, >>> ThubCore vserion = 33121
01-21 20:43:52.002  3168  6471 W TranVersion:  mthod version must <= ThubCore version.
01-21 20:43:52.002  3168  6471 W TranVersion:  ---java.lang.Throwable
01-21 20:43:52.002  3168  6471 W TranVersion: #com.transsion.hubsdk.common.version.TranVersion.isIntegratedThubCore[77]
01-21 20:43:52.002  3168  6471 W TranVersion: #com.transsion.hubsdk.api.app.TranActivityTaskManager.getService[0]
01-21 20:43:52.002  3168  6471 W TranVersion: #com.transsion.hubsdk.api.app.TranActivityTaskManager.isTheMainScreen[2]
01-21 20:43:52.002  3168  6471 W TranVersion: #n9.e.C[35]
01-21 20:43:52.002  3168  6471 I TranActivityTaskManager: TranAospActivityTaskManager
01-21 20:43:52.005   698  6594 I audio_hw_primary: app type:0x   5, is_voip:0, device:2, pcm:-176945824, usecase:0x   2
01-21 20:43:52.006  3168  6471 D Game_Utils: getTopPkgNew = com.example.appbridgenew_example.MainActivity, com.example.appbridgenew_example
01-21 20:43:52.008  3168  6471 W TranVersion: THUBCore No support Call!!! method version = 33141, >>> ThubCore vserion = 33121
01-21 20:43:52.008  3168  6471 W TranVersion:  mthod version must <= ThubCore version.
01-21 20:43:52.008  3168  6471 W TranVersion:  ---java.lang.Throwable
01-21 20:43:52.008  3168  6471 W TranVersion: #com.transsion.hubsdk.common.version.TranVersion.isIntegratedThubCore[77]
01-21 20:43:52.008  3168  6471 W TranVersion: #com.transsion.hubsdk.api.app.TranActivityManager.getService[0]
01-21 20:43:52.008  3168  6471 W TranVersion: #com.transsion.hubsdk.api.app.TranActivityManager.getRealActivity[4]
01-21 20:43:52.008  3168  6471 W TranVersion: #n9.e.getRealActivity[2]
01-21 20:43:52.008  3168  6471 I TranActivityManager: TranAospActivityManager
01-21 20:43:52.008  3168  6471 I THubApi : isTheMainScreen classname: com.example.appbridgenew_example.MainActivity  pkg:com.example.appbridgenew_example
01-21 20:43:52.009  3168  6471 W TranVersion: THUBCore No support Call!!! method version = 33141, >>> ThubCore vserion = 33121
01-21 20:43:52.009  3168  6471 W TranVersion:  mthod version must <= ThubCore version.
01-21 20:43:52.009  3168  6471 W TranVersion:  ---java.lang.Throwable
01-21 20:43:52.009  3168  6471 W TranVersion: #com.transsion.hubsdk.common.version.TranVersion.isIntegratedThubCore[77]
01-21 20:43:52.009  3168  6471 W TranVersion: #com.transsion.hubsdk.api.app.TranActivityTaskManager.getService[0]
01-21 20:43:52.009  3168  6471 W TranVersion: #com.transsion.hubsdk.api.app.TranActivityTaskManager.isTheMainScreen[2]
01-21 20:43:52.009  3168  6471 W TranVersion: #n9.e.C[35]
01-21 20:43:52.009  3168  6471 I TranActivityTaskManager: TranAospActivityTaskManager
01-21 20:43:52.012  3168  6471 D Game_Utils: getTopPkgNew = com.example.appbridgenew_example.MainActivity, com.example.appbridgenew_example
01-21 20:43:52.015  3168  6471 W TranVersion: THUBCore No support Call!!! method version = 33141, >>> ThubCore vserion = 33121
01-21 20:43:52.015  3168  6471 W TranVersion:  mthod version must <= ThubCore version.
01-21 20:43:52.015  3168  6471 W TranVersion:  ---java.lang.Throwable
01-21 20:43:52.015  3168  6471 W TranVersion: #com.transsion.hubsdk.common.version.TranVersion.isIntegratedThubCore[77]
01-21 20:43:52.015  3168  6471 W TranVersion: #com.transsion.hubsdk.api.app.TranActivityManager.getService[0]
01-21 20:43:52.015  3168  6471 W TranVersion: #com.transsion.hubsdk.api.app.TranActivityManager.getRealActivity[4]
01-21 20:43:52.015  3168  6471 W TranVersion: #n9.e.getRealActivity[2]
01-21 20:43:52.015  3168  6471 I TranActivityManager: TranAospActivityManager
01-21 20:43:52.015  3168  6471 I THubApi : isTheMainScreen classname: com.example.appbridgenew_example.MainActivity  pkg:com.example.appbridgenew_example
01-21 20:43:52.015  3168  6471 W TranVersion: THUBCore No support Call!!! method version = 33141, >>> ThubCore vserion = 33121
01-21 20:43:52.015  3168  6471 W TranVersion:  mthod version must <= ThubCore version.
01-21 20:43:52.015  3168  6471 W TranVersion:  ---java.lang.Throwable
01-21 20:43:52.015  3168  6471 W TranVersion: #com.transsion.hubsdk.common.version.TranVersion.isIntegratedThubCore[77]
01-21 20:43:52.015  3168  6471 W TranVersion: #com.transsion.hubsdk.api.app.TranActivityTaskManager.getService[0]
01-21 20:43:52.015  3168  6471 W TranVersion: #com.transsion.hubsdk.api.app.TranActivityTaskManager.isTheMainScreen[2]
01-21 20:43:52.015  3168  6471 W TranVersion: #n9.e.C[35]
01-21 20:43:52.015  3168  6471 I TranActivityTaskManager: TranAospActivityTaskManager
01-21 20:43:52.015  1146  1202 I libprocessgroup: Successfully killed process cgroup uid 10215 pid 17474 in 16ms
01-21 20:43:52.019  3168  6471 D Game_Utils: getTopPkgNew = com.example.appbridgenew_example.MainActivity, com.example.appbridgenew_example
01-21 20:43:52.022  3168  6471 W TranVersion: THUBCore No support Call!!! method version = 33141, >>> ThubCore vserion = 33121
01-21 20:43:52.022  3168  6471 W TranVersion:  mthod version must <= ThubCore version.
01-21 20:43:52.022  3168  6471 W TranVersion:  ---java.lang.Throwable
01-21 20:43:52.022  3168  6471 W TranVersion: #com.transsion.hubsdk.common.version.TranVersion.isIntegratedThubCore[77]
01-21 20:43:52.022  3168  6471 W TranVersion: #com.transsion.hubsdk.api.app.TranActivityManager.getService[0]
01-21 20:43:52.022  3168  6471 W TranVersion: #com.transsion.hubsdk.api.app.TranActivityManager.getRealActivity[4]
01-21 20:43:52.022  3168  6471 W TranVersion: #n9.e.getRealActivity[2]
01-21 20:43:52.022  3168  6471 I TranActivityManager: TranAospActivityManager
01-21 20:43:52.022  3168  6471 I THubApi : isTheMainScreen classname: com.example.appbridgenew_example.MainActivity  pkg:com.example.appbridgenew_example
01-21 20:43:52.022  3168  6471 W TranVersion: THUBCore No support Call!!! method version = 33141, >>> ThubCore vserion = 33121
01-21 20:43:52.022  3168  6471 W TranVersion:  mthod version must <= ThubCore version.
01-21 20:43:52.022  3168  6471 W TranVersion:  ---java.lang.Throwable
01-21 20:43:52.022  3168  6471 W TranVersion: #com.transsion.hubsdk.common.version.TranVersion.isIntegratedThubCore[77]
01-21 20:43:52.022  3168  6471 W TranVersion: #com.transsion.hubsdk.api.app.TranActivityTaskManager.getService[0]
01-21 20:43:52.022  3168  6471 W TranVersion: #com.transsion.hubsdk.api.app.TranActivityTaskManager.isTheMainScreen[2]
01-21 20:43:52.022  3168  6471 W TranVersion: #n9.e.C[35]
01-21 20:43:52.022  3168  6471 I TranActivityTaskManager: TranAospActivityTaskManager
01-21 20:43:52.026  3168  6471 D Game_Utils: getTopPkgNew = com.example.appbridgenew_example.MainActivity, com.example.appbridgenew_example
01-21 20:43:52.026  3168  6471 D AppBlackList: checkInBlackList isGuidePage= false， isSmartPanelGesture= false
01-21 20:43:52.026  3168  6471 D AppBlackList: checkInBlackList inBlackList= false， pkgAndCls= com.example.appbridgenew_example/com.example.appbridgenew_example.MainActivity
01-21 20:43:52.027  3168  3168 I SmartPanel_SmartPanelPresenter1: hasLoadData true  data size = 12
01-21 20:43:52.027  3168  3168 D PanelController: checkCanShow canShow: true
01-21 20:43:52.030   708 18776 V SimpleUnisocC2Component: start processing frame #208
01-21 20:43:52.030   708 18776 I VSP     : VP8DecSetCurRecPic,104,picid 208,header 0xf27cebf0
01-21 20:43:52.030   708 18776 I C2UnisocVp8Dec: setDecodeArgs, pBufCtrl: 0xf27cf580, pBufCtrl->phyAddr: 0x203a0000, frameIndex: 208, timeStamp: 27817464000, inSize: 242, inOffset: 0
01-21 20:43:52.030   708 18777 V C2UnisocVp8Dec: fetchGraphicBlock, stride: 960, sliceHeight: 544, mDecoderSwFlag: 0
01-21 20:43:52.031  3168  3168 W TranVersion: THUBCore No support Call!!! method version = 33141, >>> ThubCore vserion = 33121
01-21 20:43:52.031  3168  3168 W TranVersion:  mthod version must <= ThubCore version.
01-21 20:43:52.031  3168  3168 W TranVersion:  ---java.lang.Throwable
01-21 20:43:52.031  3168  3168 W TranVersion: #com.transsion.hubsdk.common.version.TranVersion.isIntegratedThubCore[77]
01-21 20:43:52.031  3168  3168 W TranVersion: #com.transsion.hubsdk.api.app.TranActivityManager.getService[0]
01-21 20:43:52.031  3168  3168 W TranVersion: #com.transsion.hubsdk.api.app.TranActivityManager.getTopActivityType[2]
01-21 20:43:52.031  3168  3168 W TranVersion: #n9.e.getTopActivityType[2]
01-21 20:43:52.031  3168  3168 I TranActivityManager: TranAospActivityManager
01-21 20:43:52.031  3168  3168 W TranVersion: THUBCore No support Call!!! method version = 33141, >>> ThubCore vserion = 33121
01-21 20:43:52.031  3168  3168 W TranVersion:  mthod version must <= ThubCore version.
01-21 20:43:52.031  3168  3168 W TranVersion:  ---java.lang.Throwable
01-21 20:43:52.031  3168  3168 W TranVersion: #com.transsion.hubsdk.common.version.TranVersion.isIntegratedThubCore[77]
01-21 20:43:52.031  3168  3168 W TranVersion: #com.transsion.hubsdk.api.app.TranActivityManager.getService[0]
01-21 20:43:52.031  3168  3168 W TranVersion: #com.transsion.hubsdk.api.app.TranActivityManager.getTopActivityType[2]
01-21 20:43:52.031  3168  3168 W TranVersion: #n9.e.getTopActivityType[2]
01-21 20:43:52.031  3168  3168 I TranActivityManager: TranAospActivityManager
01-21 20:43:52.031  3168  3168 W TranVersion: THUBCore No support Call!!! method version = 33141, >>> ThubCore vserion = 33121
01-21 20:43:52.031  3168  3168 W TranVersion:  mthod version must <= ThubCore version.
01-21 20:43:52.031  3168  3168 W TranVersion:  ---java.lang.Throwable
01-21 20:43:52.031  3168  3168 W TranVersion: #com.transsion.hubsdk.common.version.TranVersion.isIntegratedThubCore[77]
01-21 20:43:52.031  3168  3168 W TranVersion: #com.transsion.hubsdk.api.provider.TranSettings.getService[0]
01-21 20:43:52.031  3168  3168 W TranVersion: #com.transsion.hubsdk.api.provider.TranSettings.getSecureIntForUser[1]
01-21 20:43:52.031  3168  3168 W TranVersion: #n9.e.q[0]
01-21 20:43:52.031  3168  3168 I TranSettings: TranAospSettings
01-21 20:43:52.033   708 18776 V C2UnisocVp8Dec: VSP_bind_cb, phyAddr: 0x203a0000, pOutBlockInfo: 0xf27cebf0, pBufCtrl: 0xf27cf580; iRefCount=0
01-21 20:43:52.033   708 18776 V C2UnisocVp8Dec: VSP_unbind_cb, phyAddr: 0x205e0000, pOutBlockInfo: 0xf27cd960, pBufCtrl: 0xf27cf430; iRefCount=1
01-21 20:43:52.033   708 18776 I C2UnisocVp8Dec: process, decRet: 0, 3ms, dec_out.frameEffective: 1, has_pic: 1, picId: 208, consume byte: 242
01-21 20:43:52.033   708 18776 I C2UnisocVp8Dec: drainOneOutputBuffer, pBufCtrl: 0xf27cf580, pBufCtrl->phyAddr: 0x203a0000, frameIndex: 208
01-21 20:43:52.033   708 18776 V SimpleUnisocC2Component: processed frame #208
01-21 20:43:52.033   708 18776 V SimpleUnisocC2Component: returning this work, frameIndex: 208
01-21 20:43:52.033   708 18777 D C2UnisocVideoDecoderComponent: fetch one queue free block:0xf27d01b0,iRefCount:0
01-21 20:43:52.034 18303 18762 I mali_gralloc: register: id=0x2c100001c7f, importpid=708
01-21 20:43:52.034 18303 18762 I mali_gralloc: unregister: id=0x2c100001c7f, base=0x0, importpid=18303
01-21 20:43:52.047   698  6594 I audio_hw_primary: app type:0x   5, is_voip:0, device:2, pcm:-176945824, usecase:0x   2
01-21 20:43:52.054  1146  1349 D ConnectivityService: releasing NetworkRequest [ REQUEST id=2629, [ Capabilities: INTERNET&NOT_RESTRICTED&TRUSTED&NOT_VCN_MANAGED Uid: 10215 RequestorUid: 10215 RequestorPkg: com.google.android.videos UnderlyingNetworks: Null] ] (release request)
01-21 20:43:52.055  1146  2077 D os.ActivityManagerServiceLice: make process inactive com.google.android.videos(17474)
01-21 20:43:52.055   684   684 I Zygote  : Process 17474 exited due to signal 9 (Killed)
01-21 20:43:52.060  1146  2077 D UnisocOomAdjuster: Skipped update freeze state for 13296
01-21 20:43:52.065   708 18776 V SimpleUnisocC2Component: start processing frame #209
01-21 20:43:52.065   708 18776 I VSP     : VP8DecSetCurRecPic,104,picid 209,header 0xf27d01b0
01-21 20:43:52.065   708 18776 I C2UnisocVp8Dec: setDecodeArgs, pBufCtrl: 0xf27cd9f0, pBufCtrl->phyAddr: 0x20460000, frameIndex: 209, timeStamp: 27817498000, inSize: 241, inOffset: 0
01-21 20:43:52.065   708 18777 V C2UnisocVp8Dec: fetchGraphicBlock, stride: 960, sliceHeight: 544, mDecoderSwFlag: 0
01-21 20:43:52.066   708 18777 I C2UnisocVp8Dec: resetOutBlock, fd: 26, iova: 0x205e0000, mDecoderSwFlag: 0
01-21 20:43:52.068   708 18776 V C2UnisocVp8Dec: VSP_bind_cb, phyAddr: 0x20460000, pOutBlockInfo: 0xf27d01b0, pBufCtrl: 0xf27cd9f0; iRefCount=0
01-21 20:43:52.068   708 18776 V C2UnisocVp8Dec: VSP_unbind_cb, phyAddr: 0x203a0000, pOutBlockInfo: 0xf27cebf0, pBufCtrl: 0xf27cf580; iRefCount=1
01-21 20:43:52.068   708 18776 I C2UnisocVp8Dec: process, decRet: 0, 3ms, dec_out.frameEffective: 1, has_pic: 1, picId: 209, consume byte: 241
01-21 20:43:52.068   708 18776 I C2UnisocVp8Dec: drainOneOutputBuffer, pBufCtrl: 0xf27cd9f0, pBufCtrl->phyAddr: 0x20460000, frameIndex: 209
01-21 20:43:52.068   708 18776 V SimpleUnisocC2Component: processed frame #209
01-21 20:43:52.068   708 18776 V SimpleUnisocC2Component: returning this work, frameIndex: 209
01-21 20:43:52.069   708 18777 I C2UnisocVp8Dec: resetOutBlock, fd: 27, iova: 0x203a0000, mDecoderSwFlag: 0
01-21 20:43:52.069 18303 18762 I mali_gralloc: register: id=0x2c100001c83, importpid=708
01-21 20:43:52.069   708 18777 D C2UnisocVideoDecoderComponent: fetch one queue free block:0xf27d1e60,iRefCount:0
01-21 20:43:52.069 18303 18762 I mali_gralloc: unregister: id=0x2c100001c83, base=0x0, importpid=18303
01-21 20:43:52.089   698  6594 I audio_hw_primary: app type:0x   5, is_voip:0, device:2, pcm:-176945824, usecase:0x   2
01-21 20:43:52.098   708 18776 V SimpleUnisocC2Component: start processing frame #210
01-21 20:43:52.098   708 18776 I VSP     : VP8DecSetCurRecPic,104,picid 210,header 0xf27d1e60
01-21 20:43:52.098   708 18776 I C2UnisocVp8Dec: setDecodeArgs, pBufCtrl: 0xf27ccf10, pBufCtrl->phyAddr: 0x203a0000, frameIndex: 210, timeStamp: 27817532000, inSize: 6255, inOffset: 0
01-21 20:43:52.099   708 18777 V C2UnisocVp8Dec: fetchGraphicBlock, stride: 960, sliceHeight: 544, mDecoderSwFlag: 0
01-21 20:43:52.102   708 18776 V C2UnisocVp8Dec: VSP_bind_cb, phyAddr: 0x203a0000, pOutBlockInfo: 0xf27d1e60, pBufCtrl: 0xf27ccf10; iRefCount=0
01-21 20:43:52.102   708 18776 V C2UnisocVp8Dec: VSP_unbind_cb, phyAddr: 0x20460000, pOutBlockInfo: 0xf27d01b0, pBufCtrl: 0xf27cd9f0; iRefCount=1
01-21 20:43:52.102   708 18776 I C2UnisocVp8Dec: process, decRet: 0, 3ms, dec_out.frameEffective: 1, has_pic: 1, picId: 210, consume byte: 6255
01-21 20:43:52.102   708 18776 I C2UnisocVp8Dec: drainOneOutputBuffer, pBufCtrl: 0xf27ccf10, pBufCtrl->phyAddr: 0x203a0000, frameIndex: 210
01-21 20:43:52.102   708 18776 V SimpleUnisocC2Component: processed frame #210
01-21 20:43:52.102   708 18776 V SimpleUnisocC2Component: returning this work, frameIndex: 210
01-21 20:43:52.103   708 18777 D C2UnisocVideoDecoderComponent: fetch one queue free block:0xf27cd960,iRefCount:0
