01-21 20:43:35.202   708 18763 V C2UnisocVp8Dec: VSP_bind_cb, phyAddr: 0x202ce000, pOutBlockInfo: 0xf27cea10, pBufCtrl: 0xf27ce410; iRefCount=0
01-21 20:43:35.202   708 18763 V C2UnisocVp8Dec: VSP_unbind_cb, phyAddr: 0x2037c000, pOutBlockInfo: 0xf27cd570, pBufCtrl: 0xf27d0ff0; iRefCount=1
01-21 20:43:35.202   708 18763 I C2UnisocVp8Dec: process, decRet: 0, 1ms, dec_out.frameEffective: 1, has_pic: 1, picId: 115, consume byte: 543
01-21 20:43:35.202   708 18763 I C2UnisocVp8Dec: drainOneOutputBuffer, pBufCtrl: 0xf27ce410, pBufCtrl->phyAddr: 0x202ce000, frameIndex: 115
01-21 20:43:35.202   708 18763 V SimpleUnisocC2Component: processed frame #115
01-21 20:43:35.202   708 18763 V SimpleUnisocC2Component: returning this work, frameIndex: 115
01-21 20:43:35.202   708 18764 D C2UnisocVideoDecoderComponent: fetch one queue free block:0xf27d13e0,iRefCount:0
01-21 20:43:35.203 18303 18762 I mali_gralloc: register: id=0x2c100001c7a, importpid=708
01-21 20:43:35.203 18303 18762 I mali_gralloc: unregister: id=0x2c100001c7a, base=0x0, importpid=18303
01-21 20:43:35.214   698  6594 I audio_hw_primary: app type:0x   5, is_voip:0, device:2, pcm:-176945824, usecase:0x   2
01-21 20:43:35.234   708 18763 V SimpleUnisocC2Component: start processing frame #116
01-21 20:43:35.234   708 18763 I VSP     : VP8DecSetCurRecPic,104,picid 116,header 0xf27d13e0
01-21 20:43:35.234   708 18763 I C2UnisocVp8Dec: setDecodeArgs, pBufCtrl: 0xf27c95e0, pBufCtrl->phyAddr: 0x20277000, frameIndex: 116, timeStamp: 27800799000, inSize: 236, inOffset: 0
01-21 20:43:35.235   708 18764 V C2UnisocVp8Dec: fetchGraphicBlock, stride: 640, sliceHeight: 368, mDecoderSwFlag: 0
01-21 20:43:35.236   708 18764 I C2UnisocVp8Dec: resetOutBlock, fd: 25, iova: 0x2037c000, mDecoderSwFlag: 0
01-21 20:43:35.236   708 18763 V C2UnisocVp8Dec: VSP_bind_cb, phyAddr: 0x20277000, pOutBlockInfo: 0xf27d13e0, pBufCtrl: 0xf27c95e0; iRefCount=0
01-21 20:43:35.236   708 18763 V C2UnisocVp8Dec: VSP_unbind_cb, phyAddr: 0x202ce000, pOutBlockInfo: 0xf27cea10, pBufCtrl: 0xf27ce410; iRefCount=1
01-21 20:43:35.237   708 18763 I C2UnisocVp8Dec: process, decRet: 0, 2ms, dec_out.frameEffective: 1, has_pic: 1, picId: 116, consume byte: 236
01-21 20:43:35.237   708 18763 I C2UnisocVp8Dec: drainOneOutputBuffer, pBufCtrl: 0xf27c95e0, pBufCtrl->phyAddr: 0x20277000, frameIndex: 116
01-21 20:43:35.237   708 18763 V SimpleUnisocC2Component: processed frame #116
01-21 20:43:35.237   708 18763 V SimpleUnisocC2Component: returning this work, frameIndex: 116
01-21 20:43:35.237   708 18764 I C2UnisocVp8Dec: resetOutBlock, fd: 41, iova: 0x202ce000, mDecoderSwFlag: 0
01-21 20:43:35.237   708 18764 D C2UnisocVideoDecoderComponent: fetch one queue free block:0xf27c4ed0,iRefCount:0
01-21 20:43:35.238 18303 18762 I mali_gralloc: register: id=0x2c100001c73, importpid=708
01-21 20:43:35.238   698  6594 I audio_hw_primary: app type:0x   5, is_voip:0, device:2, pcm:-176945824, usecase:0x   2
01-21 20:43:35.238 18303 18762 I mali_gralloc: unregister: id=0x2c100001c73, base=0x0, importpid=18303
01-21 20:43:35.268   708 18763 V SimpleUnisocC2Component: start processing frame #117
01-21 20:43:35.268   708 18763 I VSP     : VP8DecSetCurRecPic,104,picid 117,header 0xf27c4ed0
01-21 20:43:35.268   708 18763 I C2UnisocVp8Dec: setDecodeArgs, pBufCtrl: 0xf27d09f0, pBufCtrl->phyAddr: 0x202ce000, frameIndex: 117, timeStamp: 27800833000, inSize: 235, inOffset: 0
01-21 20:43:35.268   708 18764 V C2UnisocVp8Dec: fetchGraphicBlock, stride: 640, sliceHeight: 368, mDecoderSwFlag: 0
01-21 20:43:35.270   708 18763 V C2UnisocVp8Dec: VSP_bind_cb, phyAddr: 0x202ce000, pOutBlockInfo: 0xf27c4ed0, pBufCtrl: 0xf27d09f0; iRefCount=0
01-21 20:43:35.270   708 18763 V C2UnisocVp8Dec: VSP_unbind_cb, phyAddr: 0x20277000, pOutBlockInfo: 0xf27d13e0, pBufCtrl: 0xf27c95e0; iRefCount=1
01-21 20:43:35.270   708 18763 I C2UnisocVp8Dec: process, decRet: 0, 1ms, dec_out.frameEffective: 1, has_pic: 1, picId: 117, consume byte: 235
01-21 20:43:35.270   708 18763 I C2UnisocVp8Dec: drainOneOutputBuffer, pBufCtrl: 0xf27d09f0, pBufCtrl->phyAddr: 0x202ce000, frameIndex: 117
01-21 20:43:35.270   708 18763 V SimpleUnisocC2Component: processed frame #117
01-21 20:43:35.270   708 18763 V SimpleUnisocC2Component: returning this work, frameIndex: 117
01-21 20:43:35.270   708 18764 D C2UnisocVideoDecoderComponent: fetch one queue free block:0xf27cd570,iRefCount:0
01-21 20:43:35.270   708 18764 I C2UnisocVp8Dec: resetOutBlock, fd: 42, iova: 0x20277000, mDecoderSwFlag: 0
01-21 20:43:35.271 18303 18762 I mali_gralloc: register: id=0x2c100001c75, importpid=708
01-21 20:43:35.271 18303 18762 I mali_gralloc: unregister: id=0x2c100001c75, base=0x0, importpid=18303
01-21 20:43:35.281   698  6594 I audio_hw_primary: app type:0x   5, is_voip:0, device:2, pcm:-176945824, usecase:0x   2
01-21 20:43:35.302   708 18763 V SimpleUnisocC2Component: start processing frame #118
01-21 20:43:35.302   708 18763 I VSP     : VP8DecSetCurRecPic,104,picid 118,header 0xf27cd570
01-21 20:43:35.302   708 18763 I C2UnisocVp8Dec: setDecodeArgs, pBufCtrl: 0xf27d0ff0, pBufCtrl->phyAddr: 0x2037c000, frameIndex: 118, timeStamp: 27800867000, inSize: 218, inOffset: 0
01-21 20:43:35.302   708 18764 V C2UnisocVp8Dec: fetchGraphicBlock, stride: 640, sliceHeight: 368, mDecoderSwFlag: 0
01-21 20:43:35.304   708 18763 V C2UnisocVp8Dec: VSP_bind_cb, phyAddr: 0x2037c000, pOutBlockInfo: 0xf27cd570, pBufCtrl: 0xf27d0ff0; iRefCount=0
01-21 20:43:35.305   708 18763 V C2UnisocVp8Dec: VSP_unbind_cb, phyAddr: 0x202ce000, pOutBlockInfo: 0xf27c4ed0, pBufCtrl: 0xf27d09f0; iRefCount=1
01-21 20:43:35.305   708 18763 I C2UnisocVp8Dec: process, decRet: 0, 2ms, dec_out.frameEffective: 1, has_pic: 1, picId: 118, consume byte: 218
01-21 20:43:35.305   708 18763 I C2UnisocVp8Dec: drainOneOutputBuffer, pBufCtrl: 0xf27d0ff0, pBufCtrl->phyAddr: 0x2037c000, frameIndex: 118
01-21 20:43:35.305   708 18764 D C2UnisocVideoDecoderComponent: fetch one queue free block:0xf27cea10,iRefCount:0
01-21 20:43:35.305   708 18763 V SimpleUnisocC2Component: processed frame #118
01-21 20:43:35.305   708 18764 I C2UnisocVp8Dec: resetOutBlock, fd: 43, iova: 0x202ce000, mDecoderSwFlag: 0
01-21 20:43:35.305   708 18763 V SimpleUnisocC2Component: returning this work, frameIndex: 118
01-21 20:43:35.306 18303 18762 I mali_gralloc: register: id=0x2c100001c7a, importpid=708
01-21 20:43:35.306 18303 18762 I mali_gralloc: unregister: id=0x2c100001c7a, base=0x0, importpid=18303
01-21 20:43:35.324   698  6594 I audio_hw_primary: app type:0x   5, is_voip:0, device:2, pcm:-176945824, usecase:0x   2
01-21 20:43:35.335   708 18763 V SimpleUnisocC2Component: start processing frame #119
01-21 20:43:35.335   708 18763 I VSP     : VP8DecSetCurRecPic,104,picid 119,header 0xf27cea10
01-21 20:43:35.336   708 18763 I C2UnisocVp8Dec: setDecodeArgs, pBufCtrl: 0xf27ce410, pBufCtrl->phyAddr: 0x20277000, frameIndex: 119, timeStamp: 27800900000, inSize: 222, inOffset: 0
01-21 20:43:35.336   708 18764 V C2UnisocVp8Dec: fetchGraphicBlock, stride: 640, sliceHeight: 368, mDecoderSwFlag: 0
01-21 20:43:35.337   708 18763 V C2UnisocVp8Dec: VSP_bind_cb, phyAddr: 0x20277000, pOutBlockInfo: 0xf27cea10, pBufCtrl: 0xf27ce410; iRefCount=0
01-21 20:43:35.337   708 18763 V C2UnisocVp8Dec: VSP_unbind_cb, phyAddr: 0x2037c000, pOutBlockInfo: 0xf27cd570, pBufCtrl: 0xf27d0ff0; iRefCount=1
01-21 20:43:35.338   708 18763 I C2UnisocVp8Dec: process, decRet: 0, 1ms, dec_out.frameEffective: 1, has_pic: 1, picId: 119, consume byte: 222
01-21 20:43:35.338   708 18763 I C2UnisocVp8Dec: drainOneOutputBuffer, pBufCtrl: 0xf27ce410, pBufCtrl->phyAddr: 0x20277000, frameIndex: 119
01-21 20:43:35.338   708 18764 D C2UnisocVideoDecoderComponent: fetch one queue free block:0xf27d13e0,iRefCount:0
01-21 20:43:35.338   708 18763 V SimpleUnisocC2Component: processed frame #119
01-21 20:43:35.338   708 18763 V SimpleUnisocC2Component: returning this work, frameIndex: 119
01-21 20:43:35.339 18303 18762 I mali_gralloc: register: id=0x2c100001c73, importpid=708
01-21 20:43:35.339 18303 18762 I mali_gralloc: unregister: id=0x2c100001c73, base=0x0, importpid=18303
01-21 20:43:35.368   698  6594 I audio_hw_primary: app type:0x   5, is_voip:0, device:2, pcm:-176945824, usecase:0x   2
01-21 20:43:35.370   708 18763 V SimpleUnisocC2Component: start processing frame #120
01-21 20:43:35.370   708 18763 I VSP     : VP8DecSetCurRecPic,104,picid 120,header 0xf27d13e0
01-21 20:43:35.370   708 18764 V C2UnisocVp8Dec: fetchGraphicBlock, stride: 640, sliceHeight: 368, mDecoderSwFlag: 0
01-21 20:43:35.370   708 18763 I C2UnisocVp8Dec: setDecodeArgs, pBufCtrl: 0xf27c95e0, pBufCtrl->phyAddr: 0x202ce000, frameIndex: 120, timeStamp: 27800934000, inSize: 225, inOffset: 0
01-21 20:43:35.371   708 18764 I C2UnisocVp8Dec: resetOutBlock, fd: 25, iova: 0x2037c000, mDecoderSwFlag: 0
01-21 20:43:35.372   708 18763 V C2UnisocVp8Dec: VSP_bind_cb, phyAddr: 0x202ce000, pOutBlockInfo: 0xf27d13e0, pBufCtrl: 0xf27c95e0; iRefCount=0
01-21 20:43:35.372   708 18763 V C2UnisocVp8Dec: VSP_unbind_cb, phyAddr: 0x203d3000, pOutBlockInfo: 0xf27ccb20, pBufCtrl: 0xf27d1680; iRefCount=1
01-21 20:43:35.372   708 18763 V C2UnisocVp8Dec: VSP_unbind_cb, phyAddr: 0x20277000, pOutBlockInfo: 0xf27cea10, pBufCtrl: 0xf27ce410; iRefCount=1
01-21 20:43:35.372   708 18763 I C2UnisocVp8Dec: process, decRet: 0, 1ms, dec_out.frameEffective: 1, has_pic: 1, picId: 120, consume byte: 225
01-21 20:43:35.372   708 18763 I C2UnisocVp8Dec: drainOneOutputBuffer, pBufCtrl: 0xf27c95e0, pBufCtrl->phyAddr: 0x202ce000, frameIndex: 120
01-21 20:43:35.372   708 18764 I C2UnisocVp8Dec: resetOutBlock, fd: 25, iova: 0x203d3000, mDecoderSwFlag: 0
01-21 20:43:35.373   708 18763 V SimpleUnisocC2Component: processed frame #120
01-21 20:43:35.373   708 18763 V SimpleUnisocC2Component: returning this work, frameIndex: 120
01-21 20:43:35.373   708 18764 I C2UnisocVp8Dec: resetOutBlock, fd: 41, iova: 0x20277000, mDecoderSwFlag: 0
01-21 20:43:35.373   708 18764 D C2UnisocVideoDecoderComponent: fetch one queue free block:0xf27c4ed0,iRefCount:0
01-21 20:43:35.374 18303 18762 I mali_gralloc: register: id=0x2c100001c75, importpid=708
01-21 20:43:35.374 18303 18762 I mali_gralloc: unregister: id=0x2c100001c75, base=0x0, importpid=18303
01-21 20:43:35.405   708 18763 V SimpleUnisocC2Component: start processing frame #121
01-21 20:43:35.405   708 18763 I VSP     : VP8DecSetCurRecPic,104,picid 121,header 0xf27c4ed0
01-21 20:43:35.405   708 18763 I C2UnisocVp8Dec: setDecodeArgs, pBufCtrl: 0xf27d09f0, pBufCtrl->phyAddr: 0x20277000, frameIndex: 121, timeStamp: 27800968000, inSize: 220, inOffset: 0
01-21 20:43:35.405   708 18764 V C2UnisocVp8Dec: fetchGraphicBlock, stride: 640, sliceHeight: 368, mDecoderSwFlag: 0
01-21 20:43:35.406   708 18763 V C2UnisocVp8Dec: VSP_bind_cb, phyAddr: 0x20277000, pOutBlockInfo: 0xf27c4ed0, pBufCtrl: 0xf27d09f0; iRefCount=0
01-21 20:43:35.407   708 18763 I C2UnisocVp8Dec: process, decRet: 0, 1ms, dec_out.frameEffective: 1, has_pic: 1, picId: 121, consume byte: 220
01-21 20:43:35.407   708 18763 I C2UnisocVp8Dec: drainOneOutputBuffer, pBufCtrl: 0xf27d09f0, pBufCtrl->phyAddr: 0x20277000, frameIndex: 121
01-21 20:43:35.407   708 18763 V SimpleUnisocC2Component: processed frame #121
01-21 20:43:35.407   708 18763 V SimpleUnisocC2Component: returning this work, frameIndex: 121
01-21 20:43:35.407   708 18764 D C2UnisocVideoDecoderComponent: fetch one queue free block:0xf27cd570,iRefCount:0
01-21 20:43:35.408 18303 18762 I mali_gralloc: register: id=0x2c100001c7a, importpid=708
01-21 20:43:35.408 18303 18762 I mali_gralloc: unregister: id=0x2c100001c7a, base=0x0, importpid=18303
01-21 20:43:35.410   698  6594 I audio_hw_primary: app type:0x   5, is_voip:0, device:2, pcm:-176945824, usecase:0x   2
01-21 20:43:35.436   708 18763 V SimpleUnisocC2Component: start processing frame #122
01-21 20:43:35.437   708 18763 I VSP     : VP8DecSetCurRecPic,104,picid 122,header 0xf27cd570
01-21 20:43:35.437   708 18763 I C2UnisocVp8Dec: setDecodeArgs, pBufCtrl: 0xf27d0ff0, pBufCtrl->phyAddr: 0x2037c000, frameIndex: 122, timeStamp: 27801001000, inSize: 222, inOffset: 0
01-21 20:43:35.437   708 18764 V C2UnisocVp8Dec: fetchGraphicBlock, stride: 640, sliceHeight: 368, mDecoderSwFlag: 0
01-21 20:43:35.439   708 18763 V C2UnisocVp8Dec: VSP_bind_cb, phyAddr: 0x2037c000, pOutBlockInfo: 0xf27cd570, pBufCtrl: 0xf27d0ff0; iRefCount=0
01-21 20:43:35.439   708 18763 V C2UnisocVp8Dec: VSP_unbind_cb, phyAddr: 0x20277000, pOutBlockInfo: 0xf27c4ed0, pBufCtrl: 0xf27d09f0; iRefCount=1
01-21 20:43:35.439   708 18763 I C2UnisocVp8Dec: process, decRet: 0, 1ms, dec_out.frameEffective: 1, has_pic: 1, picId: 122, consume byte: 222
01-21 20:43:35.439   708 18763 I C2UnisocVp8Dec: drainOneOutputBuffer, pBufCtrl: 0xf27d0ff0, pBufCtrl->phyAddr: 0x2037c000, frameIndex: 122
01-21 20:43:35.439   708 18764 D C2UnisocVideoDecoderComponent: fetch one queue free block:0xf27ccb20,iRefCount:0
01-21 20:43:35.439   708 18764 I C2UnisocVp8Dec: resetOutBlock, fd: 43, iova: 0x20277000, mDecoderSwFlag: 0
01-21 20:43:35.439   708 18763 V SimpleUnisocC2Component: processed frame #122
01-21 20:43:35.439   708 18763 V SimpleUnisocC2Component: returning this work, frameIndex: 122
01-21 20:43:35.440 18303 18762 I mali_gralloc: register: id=0x2c100001c77, importpid=708
01-21 20:43:35.440 18303 18762 I mali_gralloc: unregister: id=0x2c100001c77, base=0x0, importpid=18303
01-21 20:43:35.454   698  6594 I audio_hw_primary: app type:0x   5, is_voip:0, device:2, pcm:-176945824, usecase:0x   2
01-21 20:43:35.471   708 18763 V SimpleUnisocC2Component: start processing frame #123
01-21 20:43:35.472   708 18763 I VSP     : VP8DecSetCurRecPic,104,picid 123,header 0xf27ccb20
01-21 20:43:35.472   708 18763 I C2UnisocVp8Dec: setDecodeArgs, pBufCtrl: 0xf27d1680, pBufCtrl->phyAddr: 0x203d3000, frameIndex: 123, timeStamp: 27801035000, inSize: 6417, inOffset: 0
01-21 20:43:35.472   708 18764 V C2UnisocVp8Dec: fetchGraphicBlock, stride: 640, sliceHeight: 368, mDecoderSwFlag: 0
01-21 20:43:35.474   708 18763 V C2UnisocVp8Dec: VSP_bind_cb, phyAddr: 0x203d3000, pOutBlockInfo: 0xf27ccb20, pBufCtrl: 0xf27d1680; iRefCount=0
01-21 20:43:35.474   708 18763 V C2UnisocVp8Dec: VSP_unbind_cb, phyAddr: 0x2037c000, pOutBlockInfo: 0xf27cd570, pBufCtrl: 0xf27d0ff0; iRefCount=1
01-21 20:43:35.474   708 18763 I C2UnisocVp8Dec: process, decRet: 0, 2ms, dec_out.frameEffective: 1, has_pic: 1, picId: 123, consume byte: 6417
01-21 20:43:35.474   708 18763 I C2UnisocVp8Dec: drainOneOutputBuffer, pBufCtrl: 0xf27d1680, pBufCtrl->phyAddr: 0x203d3000, frameIndex: 123
01-21 20:43:35.474   708 18763 V SimpleUnisocC2Component: processed frame #123
01-21 20:43:35.474   708 18763 V SimpleUnisocC2Component: returning this work, frameIndex: 123
01-21 20:43:35.474   708 18764 I C2UnisocVideoDecoderComponent: this buffer fd:42,block:0xf27d13e0,address:0x202ce000,iRefCount:1, is still in bind
01-21 20:43:35.474   708 18764 I C2UnisocVp8Dec: resetOutBlock, fd: 43, iova: 0x202ce000, mDecoderSwFlag: 0
01-21 20:43:35.475   708 18764 V C2UnisocVp8Dec: fetchGraphicBlock, stride: 640, sliceHeight: 368, mDecoderSwFlag: 0
01-21 20:43:35.475 18303 18762 I mali_gralloc: register: id=0x2c100001c73, importpid=708
01-21 20:43:35.475 18303 18762 I mali_gralloc: unregister: id=0x2c100001c73, base=0x0, importpid=18303
01-21 20:43:35.476   708 18764 I C2UnisocVp8Dec: resetOutBlock, fd: 25, iova: 0x2037c000, mDecoderSwFlag: 0
01-21 20:43:35.477   708 18764 D C2UnisocVideoDecoderComponent: fetch one queue free block:0xf27cea10,iRefCount:0
01-21 20:43:35.478   698  6594 I audio_hw_primary: app type:0x   5, is_voip:0, device:2, pcm:-176945824, usecase:0x   2
01-21 20:43:35.503   708 18763 V SimpleUnisocC2Component: start processing frame #124
01-21 20:43:35.504   708 18764 V C2UnisocVp8Dec: fetchGraphicBlock, stride: 640, sliceHeight: 368, mDecoderSwFlag: 0
01-21 20:43:35.504   708 18763 I VSP     : VP8DecSetCurRecPic,104,picid 124,header 0xf27cea10
01-21 20:43:35.504   708 18763 I C2UnisocVp8Dec: setDecodeArgs, pBufCtrl: 0xf27ce410, pBufCtrl->phyAddr: 0x20277000, frameIndex: 124, timeStamp: 27801068000, inSize: 518, inOffset: 0
01-21 20:43:35.505   708 18763 V C2UnisocVp8Dec: VSP_bind_cb, phyAddr: 0x20277000, pOutBlockInfo: 0xf27cea10, pBufCtrl: 0xf27ce410; iRefCount=0
01-21 20:43:35.505   708 18763 V C2UnisocVp8Dec: VSP_unbind_cb, phyAddr: 0x203d3000, pOutBlockInfo: 0xf27ccb20, pBufCtrl: 0xf27d1680; iRefCount=1
01-21 20:43:35.505   708 18763 I C2UnisocVp8Dec: process, decRet: 0, 1ms, dec_out.frameEffective: 1, has_pic: 1, picId: 124, consume byte: 518
01-21 20:43:35.505   708 18763 I C2UnisocVp8Dec: drainOneOutputBuffer, pBufCtrl: 0xf27ce410, pBufCtrl->phyAddr: 0x20277000, frameIndex: 124
01-21 20:43:35.506   708 18764 D C2UnisocVideoDecoderComponent: fetch one queue free block:0xf27cd570,iRefCount:0
01-21 20:43:35.506   708 18764 I C2UnisocVp8Dec: resetOutBlock, fd: 41, iova: 0x203d3000, mDecoderSwFlag: 0
01-21 20:43:35.506   708 18763 V SimpleUnisocC2Component: processed frame #124
01-21 20:43:35.506   708 18763 V SimpleUnisocC2Component: returning this work, frameIndex: 124
01-21 20:43:35.506 18303 18762 I mali_gralloc: register: id=0x2c100001c7a, importpid=708
01-21 20:43:35.507 18303 18762 I mali_gralloc: unregister: id=0x2c100001c7a, base=0x0, importpid=18303
01-21 20:43:35.521   698  6594 I audio_hw_primary: app type:0x   5, is_voip:0, device:2, pcm:-176945824, usecase:0x   2
01-21 20:43:35.537   708 18763 V SimpleUnisocC2Component: start processing frame #125
01-21 20:43:35.538   708 18763 I VSP     : VP8DecSetCurRecPic,104,picid 125,header 0xf27cd570
01-21 20:43:35.538   708 18763 I C2UnisocVp8Dec: setDecodeArgs, pBufCtrl: 0xf27d0ff0, pBufCtrl->phyAddr: 0x2037c000, frameIndex: 125, timeStamp: 27801102000, inSize: 192, inOffset: 0
01-21 20:43:35.538   708 18764 V C2UnisocVp8Dec: fetchGraphicBlock, stride: 640, sliceHeight: 368, mDecoderSwFlag: 0
01-21 20:43:35.539   708 18763 V C2UnisocVp8Dec: VSP_bind_cb, phyAddr: 0x2037c000, pOutBlockInfo: 0xf27cd570, pBufCtrl: 0xf27d0ff0; iRefCount=0
01-21 20:43:35.539   708 18763 V C2UnisocVp8Dec: VSP_unbind_cb, phyAddr: 0x20277000, pOutBlockInfo: 0xf27cea10, pBufCtrl: 0xf27ce410; iRefCount=1
01-21 20:43:35.539   708 18763 I C2UnisocVp8Dec: process, decRet: 0, 1ms, dec_out.frameEffective: 1, has_pic: 1, picId: 125, consume byte: 192
01-21 20:43:35.539   708 18763 I C2UnisocVp8Dec: drainOneOutputBuffer, pBufCtrl: 0xf27d0ff0, pBufCtrl->phyAddr: 0x2037c000, frameIndex: 125
01-21 20:43:35.540   708 18763 V SimpleUnisocC2Component: processed frame #125
01-21 20:43:35.540   708 18763 V SimpleUnisocC2Component: returning this work, frameIndex: 125
01-21 20:43:35.540   708 18764 D C2UnisocVideoDecoderComponent: fetch one queue free block:0xf27ccb20,iRefCount:0
01-21 20:43:35.540   708 18764 I C2UnisocVp8Dec: resetOutBlock, fd: 14, iova: 0x20277000, mDecoderSwFlag: 0
01-21 20:43:35.541 18303 18762 I mali_gralloc: register: id=0x2c100001c77, importpid=708
01-21 20:43:35.541 18303 18762 I mali_gralloc: unregister: id=0x2c100001c77, base=0x0, importpid=18303
01-21 20:43:35.565   698  6594 I audio_hw_primary: app type:0x   5, is_voip:0, device:2, pcm:-176945824, usecase:0x   2
01-21 20:43:35.571   708 18763 V SimpleUnisocC2Component: start processing frame #126
01-21 20:43:35.571   708 18763 I VSP     : VP8DecSetCurRecPic,104,picid 126,header 0xf27ccb20
01-21 20:43:35.572   708 18763 I C2UnisocVp8Dec: setDecodeArgs, pBufCtrl: 0xf27d1680, pBufCtrl->phyAddr: 0x203d3000, frameIndex: 126, timeStamp: 27801136000, inSize: 167, inOffset: 0
01-21 20:43:35.572   708 18764 V C2UnisocVp8Dec: fetchGraphicBlock, stride: 640, sliceHeight: 368, mDecoderSwFlag: 0
01-21 20:43:35.573   708 18763 V C2UnisocVp8Dec: VSP_bind_cb, phyAddr: 0x203d3000, pOutBlockInfo: 0xf27ccb20, pBufCtrl: 0xf27d1680; iRefCount=0
01-21 20:43:35.573   708 18763 V C2UnisocVp8Dec: VSP_unbind_cb, phyAddr: 0x2037c000, pOutBlockInfo: 0xf27cd570, pBufCtrl: 0xf27d0ff0; iRefCount=1
01-21 20:43:35.573   708 18763 I C2UnisocVp8Dec: process, decRet: 0, 1ms, dec_out.frameEffective: 1, has_pic: 1, picId: 126, consume byte: 167
01-21 20:43:35.573   708 18763 I C2UnisocVp8Dec: drainOneOutputBuffer, pBufCtrl: 0xf27d1680, pBufCtrl->phyAddr: 0x203d3000, frameIndex: 126
01-21 20:43:35.574   708 18763 V SimpleUnisocC2Component: processed frame #126
01-21 20:43:35.574   708 18763 V SimpleUnisocC2Component: returning this work, frameIndex: 126
01-21 20:43:35.574   708 18764 D C2UnisocVideoDecoderComponent: fetch one queue free block:0xf27cea10,iRefCount:0
01-21 20:43:35.575 18303 18762 I mali_gralloc: register: id=0x2c100001c73, importpid=708
01-21 20:43:35.575 18303 18762 I mali_gralloc: unregister: id=0x2c100001c73, base=0x0, importpid=18303
01-21 20:43:35.606   708 18763 V SimpleUnisocC2Component: start processing frame #127
01-21 20:43:35.606   708 18763 I VSP     : VP8DecSetCurRecPic,104,picid 127,header 0xf27cea10
01-21 20:43:35.606   708 18763 I C2UnisocVp8Dec: setDecodeArgs, pBufCtrl: 0xf27ce410, pBufCtrl->phyAddr: 0x20277000, frameIndex: 127, timeStamp: 27801170000, inSize: 166, inOffset: 0
01-21 20:43:35.606   708 18764 V C2UnisocVp8Dec: fetchGraphicBlock, stride: 640, sliceHeight: 368, mDecoderSwFlag: 0
01-21 20:43:35.607   708 18764 I C2UnisocVp8Dec: resetOutBlock, fd: 37, iova: 0x2037c000, mDecoderSwFlag: 0
01-21 20:43:35.608   708 18763 V C2UnisocVp8Dec: VSP_bind_cb, phyAddr: 0x20277000, pOutBlockInfo: 0xf27cea10, pBufCtrl: 0xf27ce410; iRefCount=0
01-21 20:43:35.608   708 18763 V C2UnisocVp8Dec: VSP_unbind_cb, phyAddr: 0x203d3000, pOutBlockInfo: 0xf27ccb20, pBufCtrl: 0xf27d1680; iRefCount=1
01-21 20:43:35.608   708 18763 I C2UnisocVp8Dec: process, decRet: 0, 1ms, dec_out.frameEffective: 1, has_pic: 1, picId: 127, consume byte: 166
01-21 20:43:35.608   708 18763 I C2UnisocVp8Dec: drainOneOutputBuffer, pBufCtrl: 0xf27ce410, pBufCtrl->phyAddr: 0x20277000, frameIndex: 127
01-21 20:43:35.608   708 18764 I C2UnisocVp8Dec: resetOutBlock, fd: 41, iova: 0x203d3000, mDecoderSwFlag: 0
01-21 20:43:35.608   708 18763 V SimpleUnisocC2Component: processed frame #127
01-21 20:43:35.608   708 18763 V SimpleUnisocC2Component: returning this work, frameIndex: 127
01-21 20:43:35.608   708 18764 D C2UnisocVideoDecoderComponent: fetch one queue free block:0xf27c4ed0,iRefCount:0
01-21 20:43:35.609 18303 18762 I mali_gralloc: register: id=0x2c100001c7a, importpid=708
01-21 20:43:35.609 18303 18762 I mali_gralloc: unregister: id=0x2c100001c7a, base=0x0, importpid=18303
01-21 20:43:35.609   698  6594 I audio_hw_primary: app type:0x   5, is_voip:0, device:2, pcm:-176945824, usecase:0x   2
01-21 20:43:35.637   708 18763 V SimpleUnisocC2Component: start processing frame #128
01-21 20:43:35.638   708 18763 I VSP     : VP8DecSetCurRecPic,104,picid 128,header 0xf27c4ed0
01-21 20:43:35.638   708 18763 I C2UnisocVp8Dec: setDecodeArgs, pBufCtrl: 0xf27d09f0, pBufCtrl->phyAddr: 0x2037c000, frameIndex: 128, timeStamp: 27801203000, inSize: 185, inOffset: 0
01-21 20:43:35.638   708 18764 V C2UnisocVp8Dec: fetchGraphicBlock, stride: 640, sliceHeight: 368, mDecoderSwFlag: 0
01-21 20:43:35.639   708 18763 V C2UnisocVp8Dec: VSP_bind_cb, phyAddr: 0x2037c000, pOutBlockInfo: 0xf27c4ed0, pBufCtrl: 0xf27d09f0; iRefCount=0
01-21 20:43:35.639   708 18763 V C2UnisocVp8Dec: VSP_unbind_cb, phyAddr: 0x20277000, pOutBlockInfo: 0xf27cea10, pBufCtrl: 0xf27ce410; iRefCount=1
01-21 20:43:35.639   708 18763 I C2UnisocVp8Dec: process, decRet: 0, 1ms, dec_out.frameEffective: 1, has_pic: 1, picId: 128, consume byte: 185
01-21 20:43:35.639   708 18763 I C2UnisocVp8Dec: drainOneOutputBuffer, pBufCtrl: 0xf27d09f0, pBufCtrl->phyAddr: 0x2037c000, frameIndex: 128
01-21 20:43:35.640   708 18763 V SimpleUnisocC2Component: processed frame #128
01-21 20:43:35.640   708 18763 V SimpleUnisocC2Component: returning this work, frameIndex: 128
01-21 20:43:35.640   708 18764 D C2UnisocVideoDecoderComponent: fetch one queue free block:0xf27cd570,iRefCount:0
01-21 20:43:35.640   708 18764 I C2UnisocVp8Dec: resetOutBlock, fd: 25, iova: 0x20277000, mDecoderSwFlag: 0
01-21 20:43:35.641 18303 18762 I mali_gralloc: register: id=0x2c100001c77, importpid=708
01-21 20:43:35.642 18303 18762 I mali_gralloc: unregister: id=0x2c100001c77, base=0x0, importpid=18303
01-21 20:43:35.652   698  6594 I audio_hw_primary: app type:0x   5, is_voip:0, device:2, pcm:-176945824, usecase:0x   2
01-21 20:43:35.673   708 18763 V SimpleUnisocC2Component: start processing frame #129
01-21 20:43:35.673   708 18763 I VSP     : VP8DecSetCurRecPic,104,picid 129,header 0xf27cd570
01-21 20:43:35.673   708 18763 I C2UnisocVp8Dec: setDecodeArgs, pBufCtrl: 0xf27d0ff0, pBufCtrl->phyAddr: 0x203d3000, frameIndex: 129, timeStamp: 27801237000, inSize: 4056, inOffset: 0
01-21 20:43:35.673   708 18764 V C2UnisocVp8Dec: fetchGraphicBlock, stride: 640, sliceHeight: 368, mDecoderSwFlag: 0
01-21 20:43:35.675   708 18763 V C2UnisocVp8Dec: VSP_bind_cb, phyAddr: 0x203d3000, pOutBlockInfo: 0xf27cd570, pBufCtrl: 0xf27d0ff0; iRefCount=0
01-21 20:43:35.675   708 18763 V C2UnisocVp8Dec: VSP_unbind_cb, phyAddr: 0x2037c000, pOutBlockInfo: 0xf27c4ed0, pBufCtrl: 0xf27d09f0; iRefCount=1
01-21 20:43:35.675   708 18763 I C2UnisocVp8Dec: process, decRet: 0, 2ms, dec_out.frameEffective: 1, has_pic: 1, picId: 129, consume byte: 4056
01-21 20:43:35.675   708 18763 I C2UnisocVp8Dec: drainOneOutputBuffer, pBufCtrl: 0xf27d0ff0, pBufCtrl->phyAddr: 0x203d3000, frameIndex: 129
01-21 20:43:35.675   708 18763 V SimpleUnisocC2Component: processed frame #129
01-21 20:43:35.675   708 18763 V SimpleUnisocC2Component: returning this work, frameIndex: 129
01-21 20:43:35.675   708 18764 D C2UnisocVideoDecoderComponent: fetch one queue free block:0xf27ccb20,iRefCount:0
01-21 20:43:35.675   708 18764 I C2UnisocVp8Dec: resetOutBlock, fd: 42, iova: 0x2037c000, mDecoderSwFlag: 0
01-21 20:43:35.676 18303 18762 I mali_gralloc: register: id=0x2c100001c73, importpid=708
01-21 20:43:35.676 18303 18762 I mali_gralloc: unregister: id=0x2c100001c73, base=0x0, importpid=18303
01-21 20:43:35.695   698  6594 I audio_hw_primary: app type:0x   5, is_voip:0, device:2, pcm:-176945824, usecase:0x   2
01-21 20:43:35.706   708 18763 V SimpleUnisocC2Component: start processing frame #130
01-21 20:43:35.706   708 18763 I VSP     : VP8DecSetCurRecPic,104,picid 130,header 0xf27ccb20
01-21 20:43:35.706   708 18763 I C2UnisocVp8Dec: setDecodeArgs, pBufCtrl: 0xf27d1680, pBufCtrl->phyAddr: 0x20277000, frameIndex: 130, timeStamp: 27801271000, inSize: 500, inOffset: 0
01-21 20:43:35.706   708 18764 V C2UnisocVp8Dec: fetchGraphicBlock, stride: 640, sliceHeight: 368, mDecoderSwFlag: 0
01-21 20:43:35.708   708 18763 V C2UnisocVp8Dec: VSP_bind_cb, phyAddr: 0x20277000, pOutBlockInfo: 0xf27ccb20, pBufCtrl: 0xf27d1680; iRefCount=0
01-21 20:43:35.708   708 18763 V C2UnisocVp8Dec: VSP_unbind_cb, phyAddr: 0x203d3000, pOutBlockInfo: 0xf27cd570, pBufCtrl: 0xf27d0ff0; iRefCount=1
01-21 20:43:35.708   708 18763 I C2UnisocVp8Dec: process, decRet: 0, 2ms, dec_out.frameEffective: 1, has_pic: 1, picId: 130, consume byte: 500
01-21 20:43:35.708   708 18763 I C2UnisocVp8Dec: drainOneOutputBuffer, pBufCtrl: 0xf27d1680, pBufCtrl->phyAddr: 0x20277000, frameIndex: 130
01-21 20:43:35.708   708 18763 V SimpleUnisocC2Component: processed frame #130
01-21 20:43:35.708   708 18763 V SimpleUnisocC2Component: returning this work, frameIndex: 130
01-21 20:43:35.709   708 18764 D C2UnisocVideoDecoderComponent: fetch one queue free block:0xf27cea10,iRefCount:0
01-21 20:43:35.710 18303 18762 I mali_gralloc: register: id=0x2c100001c7a, importpid=708
01-21 20:43:35.710 18303 18762 I mali_gralloc: unregister: id=0x2c100001c7a, base=0x0, importpid=18303
01-21 20:43:35.719   698  6594 I audio_hw_primary: app type:0x   5, is_voip:0, device:2, pcm:-176945824, usecase:0x   2
01-21 20:43:35.738   708 18763 V SimpleUnisocC2Component: start processing frame #131
01-21 20:43:35.738   708 18763 I VSP     : VP8DecSetCurRecPic,104,picid 131,header 0xf27cea10
01-21 20:43:35.738   708 18763 I C2UnisocVp8Dec: setDecodeArgs, pBufCtrl: 0xf27ce410, pBufCtrl->phyAddr: 0x2037c000, frameIndex: 131, timeStamp: 27801304000, inSize: 247, inOffset: 0
01-21 20:43:35.738   708 18764 V C2UnisocVp8Dec: fetchGraphicBlock, stride: 640, sliceHeight: 368, mDecoderSwFlag: 0
01-21 20:43:35.739   708 18764 I C2UnisocVp8Dec: resetOutBlock, fd: 37, iova: 0x203d3000, mDecoderSwFlag: 0
01-21 20:43:35.740   708 18763 V C2UnisocVp8Dec: VSP_bind_cb, phyAddr: 0x2037c000, pOutBlockInfo: 0xf27cea10, pBufCtrl: 0xf27ce410; iRefCount=0
01-21 20:43:35.740   708 18763 V C2UnisocVp8Dec: VSP_unbind_cb, phyAddr: 0x20277000, pOutBlockInfo: 0xf27ccb20, pBufCtrl: 0xf27d1680; iRefCount=1
01-21 20:43:35.740   708 18763 I C2UnisocVp8Dec: process, decRet: 0, 2ms, dec_out.frameEffective: 1, has_pic: 1, picId: 131, consume byte: 247
01-21 20:43:35.740   708 18763 I C2UnisocVp8Dec: drainOneOutputBuffer, pBufCtrl: 0xf27ce410, pBufCtrl->phyAddr: 0x2037c000, frameIndex: 131
01-21 20:43:35.740   708 18764 I C2UnisocVp8Dec: resetOutBlock, fd: 25, iova: 0x20277000, mDecoderSwFlag: 0
01-21 20:43:35.740   708 18763 V SimpleUnisocC2Component: processed frame #131
01-21 20:43:35.740   708 18763 V SimpleUnisocC2Component: returning this work, frameIndex: 131
01-21 20:43:35.740   708 18764 D C2UnisocVideoDecoderComponent: fetch one queue free block:0xf27c4ed0,iRefCount:0
01-21 20:43:35.741 18303 18762 I mali_gralloc: register: id=0x2c100001c77, importpid=708
01-21 20:43:35.741 18303 18762 I mali_gralloc: unregister: id=0x2c100001c77, base=0x0, importpid=18303
01-21 20:43:35.762   698  6594 I audio_hw_primary: app type:0x   5, is_voip:0, device:2, pcm:-176945824, usecase:0x   2
01-21 20:43:35.773   708 18763 V SimpleUnisocC2Component: start processing frame #132
01-21 20:43:35.774   708 18763 I VSP     : VP8DecSetCurRecPic,104,picid 132,header 0xf27c4ed0
01-21 20:43:35.774   708 18763 I C2UnisocVp8Dec: setDecodeArgs, pBufCtrl: 0xf27d09f0, pBufCtrl->phyAddr: 0x20277000, frameIndex: 132, timeStamp: 27801338000, inSize: 216, inOffset: 0
01-21 20:43:35.774   708 18764 V C2UnisocVp8Dec: fetchGraphicBlock, stride: 640, sliceHeight: 368, mDecoderSwFlag: 0
01-21 20:43:35.775   708 18763 V C2UnisocVp8Dec: VSP_bind_cb, phyAddr: 0x20277000, pOutBlockInfo: 0xf27c4ed0, pBufCtrl: 0xf27d09f0; iRefCount=0
01-21 20:43:35.775   708 18763 V C2UnisocVp8Dec: VSP_unbind_cb, phyAddr: 0x2037c000, pOutBlockInfo: 0xf27cea10, pBufCtrl: 0xf27ce410; iRefCount=1
01-21 20:43:35.775   708 18763 I C2UnisocVp8Dec: process, decRet: 0, 1ms, dec_out.frameEffective: 1, has_pic: 1, picId: 132, consume byte: 216
01-21 20:43:35.775   708 18763 I C2UnisocVp8Dec: drainOneOutputBuffer, pBufCtrl: 0xf27d09f0, pBufCtrl->phyAddr: 0x20277000, frameIndex: 132
01-21 20:43:35.776   708 18763 V SimpleUnisocC2Component: processed frame #132
01-21 20:43:35.776   708 18763 V SimpleUnisocC2Component: returning this work, frameIndex: 132
01-21 20:43:35.776   708 18764 D C2UnisocVideoDecoderComponent: fetch one queue free block:0xf27cd570,iRefCount:0
01-21 20:43:35.776   708 18764 I C2UnisocVp8Dec: resetOutBlock, fd: 41, iova: 0x2037c000, mDecoderSwFlag: 0
01-21 20:43:35.776 18303 18762 I mali_gralloc: register: id=0x2c100001c73, importpid=708
01-21 20:43:35.776 18303 18762 I mali_gralloc: unregister: id=0x2c100001c73, base=0x0, importpid=18303
01-21 20:43:35.806   698  6594 I audio_hw_primary: app type:0x   5, is_voip:0, device:2, pcm:-176945824, usecase:0x   2
01-21 20:43:35.808   708 18763 V SimpleUnisocC2Component: start processing frame #133
01-21 20:43:35.808   708 18763 I VSP     : VP8DecSetCurRecPic,104,picid 133,header 0xf27cd570
01-21 20:43:35.808   708 18763 I C2UnisocVp8Dec: setDecodeArgs, pBufCtrl: 0xf27d0ff0, pBufCtrl->phyAddr: 0x203d3000, frameIndex: 133, timeStamp: 27801372000, inSize: 206, inOffset: 0
01-21 20:43:35.808   708 18764 V C2UnisocVp8Dec: fetchGraphicBlock, stride: 640, sliceHeight: 368, mDecoderSwFlag: 0
01-21 20:43:35.810   708 18763 V C2UnisocVp8Dec: VSP_bind_cb, phyAddr: 0x203d3000, pOutBlockInfo: 0xf27cd570, pBufCtrl: 0xf27d0ff0; iRefCount=0
01-21 20:43:35.810   708 18763 V C2UnisocVp8Dec: VSP_unbind_cb, phyAddr: 0x20277000, pOutBlockInfo: 0xf27c4ed0, pBufCtrl: 0xf27d09f0; iRefCount=1
01-21 20:43:35.810   708 18763 I C2UnisocVp8Dec: process, decRet: 0, 1ms, dec_out.frameEffective: 1, has_pic: 1, picId: 133, consume byte: 206
01-21 20:43:35.810   708 18763 I C2UnisocVp8Dec: drainOneOutputBuffer, pBufCtrl: 0xf27d0ff0, pBufCtrl->phyAddr: 0x203d3000, frameIndex: 133
01-21 20:43:35.810   708 18764 D C2UnisocVideoDecoderComponent: fetch one queue free block:0xf27ccb20,iRefCount:0
01-21 20:43:35.810   708 18764 I C2UnisocVp8Dec: resetOutBlock, fd: 42, iova: 0x20277000, mDecoderSwFlag: 0
01-21 20:43:35.810   708 18763 V SimpleUnisocC2Component: processed frame #133
01-21 20:43:35.810   708 18763 V SimpleUnisocC2Component: returning this work, frameIndex: 133
01-21 20:43:35.811 18303 18762 I mali_gralloc: register: id=0x2c100001c7a, importpid=708
01-21 20:43:35.811 18303 18762 I mali_gralloc: unregister: id=0x2c100001c7a, base=0x0, importpid=18303
01-21 20:43:35.841   708 18763 V SimpleUnisocC2Component: start processing frame #134
01-21 20:43:35.841   708 18763 I VSP     : VP8DecSetCurRecPic,104,picid 134,header 0xf27ccb20
01-21 20:43:35.841   708 18763 I C2UnisocVp8Dec: setDecodeArgs, pBufCtrl: 0xf27d1680, pBufCtrl->phyAddr: 0x2037c000, frameIndex: 134, timeStamp: 27801406000, inSize: 205, inOffset: 0
01-21 20:43:35.842   708 18764 V C2UnisocVp8Dec: fetchGraphicBlock, stride: 640, sliceHeight: 368, mDecoderSwFlag: 0
01-21 20:43:35.843   708 18763 V C2UnisocVp8Dec: VSP_bind_cb, phyAddr: 0x2037c000, pOutBlockInfo: 0xf27ccb20, pBufCtrl: 0xf27d1680; iRefCount=0
01-21 20:43:35.843   708 18763 V C2UnisocVp8Dec: VSP_unbind_cb, phyAddr: 0x203d3000, pOutBlockInfo: 0xf27cd570, pBufCtrl: 0xf27d0ff0; iRefCount=1
01-21 20:43:35.843   708 18763 I C2UnisocVp8Dec: process, decRet: 0, 2ms, dec_out.frameEffective: 1, has_pic: 1, picId: 134, consume byte: 205
01-21 20:43:35.843   708 18763 I C2UnisocVp8Dec: drainOneOutputBuffer, pBufCtrl: 0xf27d1680, pBufCtrl->phyAddr: 0x2037c000, frameIndex: 134
01-21 20:43:35.844   708 18764 D C2UnisocVideoDecoderComponent: fetch one queue free block:0xf27cea10,iRefCount:0
01-21 20:43:35.844   708 18763 V SimpleUnisocC2Component: processed frame #134
01-21 20:43:35.844   708 18763 V SimpleUnisocC2Component: returning this work, frameIndex: 134
01-21 20:43:35.845 18303 18762 I mali_gralloc: register: id=0x2c100001c77, importpid=708
01-21 20:43:35.845 18303 18762 I mali_gralloc: unregister: id=0x2c100001c77, base=0x0, importpid=18303
01-21 20:43:35.849   698  6594 I audio_hw_primary: app type:0x   5, is_voip:0, device:2, pcm:-176945824, usecase:0x   2
01-21 20:43:35.876   708 18763 V SimpleUnisocC2Component: start processing frame #135
01-21 20:43:35.876   708 18763 I VSP     : VP8DecSetCurRecPic,104,picid 135,header 0xf27cea10
01-21 20:43:35.876   708 18763 I C2UnisocVp8Dec: setDecodeArgs, pBufCtrl: 0xf27ce410, pBufCtrl->phyAddr: 0x20277000, frameIndex: 135, timeStamp: 27801440000, inSize: 206, inOffset: 0
01-21 20:43:35.876   708 18764 V C2UnisocVp8Dec: fetchGraphicBlock, stride: 640, sliceHeight: 368, mDecoderSwFlag: 0
01-21 20:43:35.876   708 18764 I C2UnisocVp8Dec: resetOutBlock, fd: 25, iova: 0x203d3000, mDecoderSwFlag: 0
01-21 20:43:35.878   708 18763 V C2UnisocVp8Dec: VSP_bind_cb, phyAddr: 0x20277000, pOutBlockInfo: 0xf27cea10, pBufCtrl: 0xf27ce410; iRefCount=0
01-21 20:43:35.878   708 18763 V C2UnisocVp8Dec: VSP_unbind_cb, phyAddr: 0x2037c000, pOutBlockInfo: 0xf27ccb20, pBufCtrl: 0xf27d1680; iRefCount=1
01-21 20:43:35.878   708 18763 I C2UnisocVp8Dec: process, decRet: 0, 1ms, dec_out.frameEffective: 1, has_pic: 1, picId: 135, consume byte: 206
01-21 20:43:35.878   708 18763 I C2UnisocVp8Dec: drainOneOutputBuffer, pBufCtrl: 0xf27ce410, pBufCtrl->phyAddr: 0x20277000, frameIndex: 135
01-21 20:43:35.878   708 18764 I C2UnisocVp8Dec: resetOutBlock, fd: 37, iova: 0x2037c000, mDecoderSwFlag: 0
01-21 20:43:35.878   708 18763 V SimpleUnisocC2Component: processed frame #135
01-21 20:43:35.878   708 18763 V SimpleUnisocC2Component: returning this work, frameIndex: 135
01-21 20:43:35.878   708 18764 D C2UnisocVideoDecoderComponent: fetch one queue free block:0xf27c4ed0,iRefCount:0
01-21 20:43:35.879 18303 18762 I mali_gralloc: register: id=0x2c100001c73, importpid=708
01-21 20:43:35.880 18303 18762 I mali_gralloc: unregister: id=0x2c100001c73, base=0x0, importpid=18303
01-21 20:43:35.892   698  6594 I audio_hw_primary: app type:0x   5, is_voip:0, device:2, pcm:-176945824, usecase:0x   2
01-21 20:43:35.906   708 18763 V SimpleUnisocC2Component: start processing frame #136
01-21 20:43:35.906   708 18763 I VSP     : VP8DecSetCurRecPic,104,picid 136,header 0xf27c4ed0
01-21 20:43:35.906   708 18763 I C2UnisocVp8Dec: setDecodeArgs, pBufCtrl: 0xf27d09f0, pBufCtrl->phyAddr: 0x2037c000, frameIndex: 136, timeStamp: 27801473000, inSize: 208, inOffset: 0
01-21 20:43:35.906   708 18764 V C2UnisocVp8Dec: fetchGraphicBlock, stride: 640, sliceHeight: 368, mDecoderSwFlag: 0
01-21 20:43:35.908   708 18763 V C2UnisocVp8Dec: VSP_bind_cb, phyAddr: 0x2037c000, pOutBlockInfo: 0xf27c4ed0, pBufCtrl: 0xf27d09f0; iRefCount=0
01-21 20:43:35.908   708 18763 V C2UnisocVp8Dec: VSP_unbind_cb, phyAddr: 0x20277000, pOutBlockInfo: 0xf27cea10, pBufCtrl: 0xf27ce410; iRefCount=1
01-21 20:43:35.908   708 18763 I C2UnisocVp8Dec: process, decRet: 0, 1ms, dec_out.frameEffective: 1, has_pic: 1, picId: 136, consume byte: 208
01-21 20:43:35.908   708 18763 I C2UnisocVp8Dec: drainOneOutputBuffer, pBufCtrl: 0xf27d09f0, pBufCtrl->phyAddr: 0x2037c000, frameIndex: 136
01-21 20:43:35.908   708 18764 D C2UnisocVideoDecoderComponent: fetch one queue free block:0xf27cd570,iRefCount:0
01-21 20:43:35.908   708 18764 I C2UnisocVp8Dec: resetOutBlock, fd: 41, iova: 0x20277000, mDecoderSwFlag: 0
01-21 20:43:35.908   708 18763 V SimpleUnisocC2Component: processed frame #136
01-21 20:43:35.908   708 18763 V SimpleUnisocC2Component: returning this work, frameIndex: 136
01-21 20:43:35.909 18303 18762 I mali_gralloc: register: id=0x2c100001c7a, importpid=708
01-21 20:43:35.909 18303 18762 I mali_gralloc: unregister: id=0x2c100001c7a, base=0x0, importpid=18303
01-21 20:43:35.936   698  6594 I audio_hw_primary: app type:0x   5, is_voip:0, device:2, pcm:-176945824, usecase:0x   2
01-21 20:43:35.943   708 18763 V SimpleUnisocC2Component: start processing frame #137
01-21 20:43:35.944   708 18763 I VSP     : VP8DecSetCurRecPic,104,picid 137,header 0xf27cd570
01-21 20:43:35.944   708 18763 I C2UnisocVp8Dec: setDecodeArgs, pBufCtrl: 0xf27d0ff0, pBufCtrl->phyAddr: 0x203d3000, frameIndex: 137, timeStamp: 27801508000, inSize: 214, inOffset: 0
01-21 20:43:35.944   708 18764 V C2UnisocVp8Dec: fetchGraphicBlock, stride: 640, sliceHeight: 368, mDecoderSwFlag: 0
01-21 20:43:35.945   708 18763 V C2UnisocVp8Dec: VSP_bind_cb, phyAddr: 0x203d3000, pOutBlockInfo: 0xf27cd570, pBufCtrl: 0xf27d0ff0; iRefCount=0
01-21 20:43:35.945   708 18763 V C2UnisocVp8Dec: VSP_unbind_cb, phyAddr: 0x2037c000, pOutBlockInfo: 0xf27c4ed0, pBufCtrl: 0xf27d09f0; iRefCount=1
01-21 20:43:35.945   708 18763 I C2UnisocVp8Dec: process, decRet: 0, 1ms, dec_out.frameEffective: 1, has_pic: 1, picId: 137, consume byte: 214
01-21 20:43:35.945   708 18763 I C2UnisocVp8Dec: drainOneOutputBuffer, pBufCtrl: 0xf27d0ff0, pBufCtrl->phyAddr: 0x203d3000, frameIndex: 137
01-21 20:43:35.946   708 18763 V SimpleUnisocC2Component: processed frame #137
01-21 20:43:35.946   708 18763 V SimpleUnisocC2Component: returning this work, frameIndex: 137
01-21 20:43:35.946   708 18764 D C2UnisocVideoDecoderComponent: fetch one queue free block:0xf27ccb20,iRefCount:0
01-21 20:43:35.946   708 18764 I C2UnisocVp8Dec: resetOutBlock, fd: 42, iova: 0x2037c000, mDecoderSwFlag: 0
01-21 20:43:35.947 18303 18762 I mali_gralloc: register: id=0x2c100001c77, importpid=708
01-21 20:43:35.947 18303 18762 I mali_gralloc: unregister: id=0x2c100001c77, base=0x0, importpid=18303
01-21 20:43:35.959   698  6594 I audio_hw_primary: app type:0x   5, is_voip:0, device:2, pcm:-176945824, usecase:0x   2
01-21 20:43:35.978   708 18763 V SimpleUnisocC2Component: start processing frame #138
01-21 20:43:35.978   708 18763 I VSP     : VP8DecSetCurRecPic,104,picid 138,header 0xf27ccb20
01-21 20:43:35.978   708 18763 I C2UnisocVp8Dec: setDecodeArgs, pBufCtrl: 0xf27d1680, pBufCtrl->phyAddr: 0x20277000, frameIndex: 138, timeStamp: 27801542000, inSize: 5023, inOffset: 0
01-21 20:43:35.978   708 18764 V C2UnisocVp8Dec: fetchGraphicBlock, stride: 640, sliceHeight: 368, mDecoderSwFlag: 0
01-21 20:43:35.980   708 18763 V C2UnisocVp8Dec: VSP_bind_cb, phyAddr: 0x20277000, pOutBlockInfo: 0xf27ccb20, pBufCtrl: 0xf27d1680; iRefCount=0
01-21 20:43:35.980   708 18763 V C2UnisocVp8Dec: VSP_unbind_cb, phyAddr: 0x203d3000, pOutBlockInfo: 0xf27cd570, pBufCtrl: 0xf27d0ff0; iRefCount=1
01-21 20:43:35.980   708 18763 I C2UnisocVp8Dec: process, decRet: 0, 2ms, dec_out.frameEffective: 1, has_pic: 1, picId: 138, consume byte: 5023
01-21 20:43:35.980   708 18763 I C2UnisocVp8Dec: drainOneOutputBuffer, pBufCtrl: 0xf27d1680, pBufCtrl->phyAddr: 0x20277000, frameIndex: 138
01-21 20:43:35.980   708 18763 V SimpleUnisocC2Component: processed frame #138
01-21 20:43:35.981   708 18763 V SimpleUnisocC2Component: returning this work, frameIndex: 138
01-21 20:43:35.981   708 18764 D C2UnisocVideoDecoderComponent: fetch one queue free block:0xf27cea10,iRefCount:0
01-21 20:43:35.981 18303 18762 I mali_gralloc: register: id=0x2c100001c73, importpid=708
01-21 20:43:35.981 18303 18762 I mali_gralloc: unregister: id=0x2c100001c73, base=0x0, importpid=18303
01-21 20:43:36.002   698  6594 I audio_hw_primary: app type:0x   5, is_voip:0, device:2, pcm:-176945824, usecase:0x   2
01-21 20:43:36.010   708 18763 V SimpleUnisocC2Component: start processing frame #139
01-21 20:43:36.011   708 18763 I VSP     : VP8DecSetCurRecPic,104,picid 139,header 0xf27cea10
01-21 20:43:36.011   708 18763 I C2UnisocVp8Dec: setDecodeArgs, pBufCtrl: 0xf27ce410, pBufCtrl->phyAddr: 0x2037c000, frameIndex: 139, timeStamp: 27801576000, inSize: 468, inOffset: 0
01-21 20:43:36.011   708 18764 V C2UnisocVp8Dec: fetchGraphicBlock, stride: 640, sliceHeight: 368, mDecoderSwFlag: 0
01-21 20:43:36.012   708 18764 I C2UnisocVp8Dec: resetOutBlock, fd: 25, iova: 0x203d3000, mDecoderSwFlag: 0
01-21 20:43:36.012   708 18763 V C2UnisocVp8Dec: VSP_bind_cb, phyAddr: 0x2037c000, pOutBlockInfo: 0xf27cea10, pBufCtrl: 0xf27ce410; iRefCount=0
01-21 20:43:36.013   708 18763 V C2UnisocVp8Dec: VSP_unbind_cb, phyAddr: 0x20277000, pOutBlockInfo: 0xf27ccb20, pBufCtrl: 0xf27d1680; iRefCount=1
01-21 20:43:36.013   708 18763 I C2UnisocVp8Dec: process, decRet: 0, 1ms, dec_out.frameEffective: 1, has_pic: 1, picId: 139, consume byte: 468
01-21 20:43:36.013   708 18763 I C2UnisocVp8Dec: drainOneOutputBuffer, pBufCtrl: 0xf27ce410, pBufCtrl->phyAddr: 0x2037c000, frameIndex: 139
01-21 20:43:36.013   708 18763 V SimpleUnisocC2Component: processed frame #139
01-21 20:43:36.013   708 18763 V SimpleUnisocC2Component: returning this work, frameIndex: 139
01-21 20:43:36.013   708 18764 I C2UnisocVp8Dec: resetOutBlock, fd: 37, iova: 0x20277000, mDecoderSwFlag: 0
01-21 20:43:36.013   708 18764 D C2UnisocVideoDecoderComponent: fetch one queue free block:0xf27c4ed0,iRefCount:0
01-21 20:43:36.014 18303 18762 I mali_gralloc: register: id=0x2c100001c7a, importpid=708
01-21 20:43:36.015 18303 18762 I mali_gralloc: unregister: id=0x2c100001c7a, base=0x0, importpid=18303
01-21 20:43:36.044   708 18763 V SimpleUnisocC2Component: start processing frame #140
01-21 20:43:36.044   708 18763 I VSP     : VP8DecSetCurRecPic,104,picid 140,header 0xf27c4ed0
01-21 20:43:36.044   708 18763 I C2UnisocVp8Dec: setDecodeArgs, pBufCtrl: 0xf27d09f0, pBufCtrl->phyAddr: 0x20277000, frameIndex: 140, timeStamp: 27801609000, inSize: 196, inOffset: 0
01-21 20:43:36.044   708 18764 V C2UnisocVp8Dec: fetchGraphicBlock, stride: 640, sliceHeight: 368, mDecoderSwFlag: 0
01-21 20:43:36.046   698  6594 I audio_hw_primary: app type:0x   5, is_voip:0, device:2, pcm:-176945824, usecase:0x   2
01-21 20:43:36.046   708 18763 V C2UnisocVp8Dec: VSP_bind_cb, phyAddr: 0x20277000, pOutBlockInfo: 0xf27c4ed0, pBufCtrl: 0xf27d09f0; iRefCount=0
01-21 20:43:36.046   708 18763 V C2UnisocVp8Dec: VSP_unbind_cb, phyAddr: 0x2037c000, pOutBlockInfo: 0xf27cea10, pBufCtrl: 0xf27ce410; iRefCount=1
01-21 20:43:36.046   708 18763 I C2UnisocVp8Dec: process, decRet: 0, 1ms, dec_out.frameEffective: 1, has_pic: 1, picId: 140, consume byte: 196
01-21 20:43:36.046   708 18763 I C2UnisocVp8Dec: drainOneOutputBuffer, pBufCtrl: 0xf27d09f0, pBufCtrl->phyAddr: 0x20277000, frameIndex: 140
01-21 20:43:36.046   708 18764 D C2UnisocVideoDecoderComponent: fetch one queue free block:0xf27cd570,iRefCount:0
01-21 20:43:36.046   708 18764 I C2UnisocVp8Dec: resetOutBlock, fd: 41, iova: 0x2037c000, mDecoderSwFlag: 0
01-21 20:43:36.046   708 18763 V SimpleUnisocC2Component: processed frame #140
01-21 20:43:36.046   708 18763 V SimpleUnisocC2Component: returning this work, frameIndex: 140
01-21 20:43:36.048 18303 18762 I mali_gralloc: register: id=0x2c100001c77, importpid=708
01-21 20:43:36.048 18303 18762 I mali_gralloc: unregister: id=0x2c100001c77, base=0x0, importpid=18303
01-21 20:43:36.078   708 18763 V SimpleUnisocC2Component: start processing frame #141
01-21 20:43:36.078   708 18763 I VSP     : VP8DecSetCurRecPic,104,picid 141,header 0xf27cd570
01-21 20:43:36.078   708 18763 I C2UnisocVp8Dec: setDecodeArgs, pBufCtrl: 0xf27d0ff0, pBufCtrl->phyAddr: 0x203d3000, frameIndex: 141, timeStamp: 27801643000, inSize: 180, inOffset: 0
01-21 20:43:36.078   708 18764 V C2UnisocVp8Dec: fetchGraphicBlock, stride: 640, sliceHeight: 368, mDecoderSwFlag: 0
01-21 20:43:36.080   708 18763 V C2UnisocVp8Dec: VSP_bind_cb, phyAddr: 0x203d3000, pOutBlockInfo: 0xf27cd570, pBufCtrl: 0xf27d0ff0; iRefCount=0
01-21 20:43:36.080   708 18763 V C2UnisocVp8Dec: VSP_unbind_cb, phyAddr: 0x20277000, pOutBlockInfo: 0xf27c4ed0, pBufCtrl: 0xf27d09f0; iRefCount=1
01-21 20:43:36.080   708 18763 I C2UnisocVp8Dec: process, decRet: 0, 1ms, dec_out.frameEffective: 1, has_pic: 1, picId: 141, consume byte: 180
01-21 20:43:36.080   708 18763 I C2UnisocVp8Dec: drainOneOutputBuffer, pBufCtrl: 0xf27d0ff0, pBufCtrl->phyAddr: 0x203d3000, frameIndex: 141
01-21 20:43:36.080   708 18763 V SimpleUnisocC2Component: processed frame #141
01-21 20:43:36.080   708 18763 V SimpleUnisocC2Component: returning this work, frameIndex: 141
01-21 20:43:36.081   708 18764 D C2UnisocVideoDecoderComponent: fetch one queue free block:0xf27ccb20,iRefCount:0
01-21 20:43:36.081   708 18764 I C2UnisocVp8Dec: resetOutBlock, fd: 42, iova: 0x20277000, mDecoderSwFlag: 0
01-21 20:43:36.082 18303 18762 I mali_gralloc: register: id=0x2c100001c73, importpid=708
01-21 20:43:36.082 18303 18762 I mali_gralloc: unregister: id=0x2c100001c73, base=0x0, importpid=18303
01-21 20:43:36.089   698  6594 I audio_hw_primary: app type:0x   5, is_voip:0, device:2, pcm:-176945824, usecase:0x   2
01-21 20:43:36.113   708 18763 V SimpleUnisocC2Component: start processing frame #142
01-21 20:43:36.114   708 18763 I VSP     : VP8DecSetCurRecPic,104,picid 142,header 0xf27ccb20
01-21 20:43:36.114   708 18763 I C2UnisocVp8Dec: setDecodeArgs, pBufCtrl: 0xf27d1680, pBufCtrl->phyAddr: 0x2037c000, frameIndex: 142, timeStamp: 27801677000, inSize: 294, inOffset: 0
01-21 20:43:36.114   708 18764 V C2UnisocVp8Dec: fetchGraphicBlock, stride: 640, sliceHeight: 368, mDecoderSwFlag: 0
01-21 20:43:36.115   708 18763 V C2UnisocVp8Dec: VSP_bind_cb, phyAddr: 0x2037c000, pOutBlockInfo: 0xf27ccb20, pBufCtrl: 0xf27d1680; iRefCount=0
01-21 20:43:36.115   708 18763 V C2UnisocVp8Dec: VSP_unbind_cb, phyAddr: 0x203d3000, pOutBlockInfo: 0xf27cd570, pBufCtrl: 0xf27d0ff0; iRefCount=1
01-21 20:43:36.115   708 18763 I C2UnisocVp8Dec: process, decRet: 0, 1ms, dec_out.frameEffective: 1, has_pic: 1, picId: 142, consume byte: 294
01-21 20:43:36.115   708 18763 I C2UnisocVp8Dec: drainOneOutputBuffer, pBufCtrl: 0xf27d1680, pBufCtrl->phyAddr: 0x2037c000, frameIndex: 142
01-21 20:43:36.116   708 18764 D C2UnisocVideoDecoderComponent: fetch one queue free block:0xf27cea10,iRefCount:0
01-21 20:43:36.116   708 18763 V SimpleUnisocC2Component: processed frame #142
01-21 20:43:36.116   708 18763 V SimpleUnisocC2Component: returning this work, frameIndex: 142
01-21 20:43:36.117 18303 18762 I mali_gralloc: register: id=0x2c100001c7a, importpid=708
01-21 20:43:36.117 18303 18762 I mali_gralloc: unregister: id=0x2c100001c7a, base=0x0, importpid=18303
01-21 20:43:36.133   698  6594 I audio_hw_primary: app type:0x   5, is_voip:0, device:2, pcm:-176945824, usecase:0x   2
01-21 20:43:36.136 18767 18767 D ip_monitor-915: 192.168.1.73 dev wlan0 lladdr de:05:bb:ef:67:1c PROBE
01-21 20:43:36.147   708 18763 V SimpleUnisocC2Component: start processing frame #143
01-21 20:43:36.147   708 18763 I VSP     : VP8DecSetCurRecPic,104,picid 143,header 0xf27cea10
01-21 20:43:36.147   708 18763 I C2UnisocVp8Dec: setDecodeArgs, pBufCtrl: 0xf27ce410, pBufCtrl->phyAddr: 0x20277000, frameIndex: 143, timeStamp: 27801711000, inSize: 293, inOffset: 0
01-21 20:43:36.147   708 18764 V C2UnisocVp8Dec: fetchGraphicBlock, stride: 640, sliceHeight: 368, mDecoderSwFlag: 0
01-21 20:43:36.148   708 18764 I C2UnisocVp8Dec: resetOutBlock, fd: 25, iova: 0x203d3000, mDecoderSwFlag: 0
01-21 20:43:36.149   708 18763 V C2UnisocVp8Dec: VSP_bind_cb, phyAddr: 0x20277000, pOutBlockInfo: 0xf27cea10, pBufCtrl: 0xf27ce410; iRefCount=0
01-21 20:43:36.149   708 18763 V C2UnisocVp8Dec: VSP_unbind_cb, phyAddr: 0x2037c000, pOutBlockInfo: 0xf27ccb20, pBufCtrl: 0xf27d1680; iRefCount=1
01-21 20:43:36.149   708 18763 I C2UnisocVp8Dec: process, decRet: 0, 1ms, dec_out.frameEffective: 1, has_pic: 1, picId: 143, consume byte: 293
01-21 20:43:36.149   708 18763 I C2UnisocVp8Dec: drainOneOutputBuffer, pBufCtrl: 0xf27ce410, pBufCtrl->phyAddr: 0x20277000, frameIndex: 143
01-21 20:43:36.149   708 18763 V SimpleUnisocC2Component: processed frame #143
