01-21 20:43:53.058   708   784 I C2UnisocComponentPriorityManager: ~C2UnisocComponentPriorityManager, linraffe: SecureFlag == 0, total_fps = -1, total_framesize = 518400
01-21 20:43:53.058   708   784 I C2UnisocComponentPriorityManager: ~C2UnisocComponentPriorityManager, linraffe: SecureFlag == 0, total_fps = 0, total_framesize = 0
01-21 20:43:53.058   708   784 I C2UnisocComponentPriorityManager: Destruct C2UnisocComponentPriorityManager
01-21 20:43:53.058   708   784 I SimpleUnisocC2Component: Destruct SimpleUnisocC2Component, this: 0x0xef741f90
01-21 20:43:53.058   708   784 V C2UnisocStore: in ~ComponentModule
01-21 20:43:53.058   708   784 V C2UnisocVp8Dec: in DestroyCodec2Factory
01-21 20:43:53.058   708   784 V C2UnisocStore: unloading dll
01-21 20:43:53.060 18303 18790 D MediaCodec: [0xb400007d9628cce0] setState: 1
01-21 20:43:53.061 18303 18791 D CCodec  : allocate(c2.unisoc.vp8.decoder)
01-21 20:43:53.064 18303 18791 I CCodec  : setting up 'default' as default (vendor) store
01-21 20:43:53.064   708   784 V C2UnisocStore: in init, libPath: libcodec2_unisoc_vp8dec.so
01-21 20:43:53.064   708   784 V C2UnisocStore: loading dll
01-21 20:43:53.065   708   784 V C2UnisocVp8Dec: in CreateCodec2Factory
01-21 20:43:53.067   708   784 I C2UnisocVp8Dec: SizeSetter, from (width: 320, height: 240) to (width: 320, height: 240)
01-21 20:43:53.069   708   784 I C2UnisocVp8Dec: MaxPictureSizeSetter, me:(320 * 240), size:(320 * 240), max:(4096 * 2160)
01-21 20:43:53.069   708   784 I C2UnisocVp8Dec: MaxInputSizeSetter, max input size: 1048576
01-21 20:43:53.071   708   784 I C2UnisocVp8Dec: SizeSetter, from (width: 320, height: 240) to (width: 320, height: 240)
01-21 20:43:53.072   708   784 I C2UnisocVp8Dec: MaxPictureSizeSetter, me:(320 * 240), size:(320 * 240), max:(4096 * 2160)
01-21 20:43:53.072   708   784 I C2UnisocVp8Dec: MaxInputSizeSetter, max input size: 1048576
01-21 20:43:53.074   708   784 I SimpleUnisocC2Component: Construct SimpleUnisocC2Component(0xef741f90)
01-21 20:43:53.074   708   784 I C2UnisocVp8Dec: Construct C2UnisocVpxDec, this: 0xef741f90, instances: 0
01-21 20:43:53.074   708   784 I C2UnisocVp8Dec: C2UnisocVpxDec, mDumpYUVEnabled: 0, mDumpStrmEnabled: 0
01-21 20:43:53.075   708 18794 V C2UnisocVp8Dec: InitThreadWrapper: 0xef741f90
01-21 20:43:53.075   708 18794 I C2UnisocVp8Dec: initThreadFunc, mOutputDelay: 8
01-21 20:43:53.075   708 18794 I C2UnisocVp8Dec: openDecoder, lib: libomx_vpxdec_hw_sprd.so
01-21 20:43:53.076 18303 18791 I CCodec  : Created component [c2.unisoc.vp8.decoder]
01-21 20:43:53.076 18303 18791 D CCodecConfig: read media type: video/x-vnd.on2.vp8
01-21 20:43:53.077   708 18794 I VSP     : libomx_vpxdec_hw_sprd.so is built on Thu Feb 13 18:08:28 CST 2025, Copyright (C) Spreadtrum, Inc.
01-21 20:43:53.077   708 18794 I C2UnisocVp8Dec: Get IOMMU Status: 0(No such file or directory)
01-21 20:43:53.077   708 18794 V VideoMemAllocator: using Ion Heap
01-21 20:43:53.077   708 18794 I C2UnisocVp8Dec: initDecoder, 0x20000000 - 0xed59d000 - 1536000
01-21 20:43:53.077   708 18794 I C2UnisocVp8Dec: initThreadFunc exit
01-21 20:43:53.079 18303 18791 D ReflectedParamUpdater: extent() != 1 for single value type: algo.buffers.max-count.values
01-21 20:43:53.080 18303 18791 D ReflectedParamUpdater: extent() != 1 for single value type: output.subscribed-indices.values
01-21 20:43:53.080 18303 18791 D ReflectedParamUpdater: extent() != 1 for single value type: input.buffers.allocator-ids.values
01-21 20:43:53.080 18303 18791 D ReflectedParamUpdater: extent() != 1 for single value type: output.buffers.allocator-ids.values
01-21 20:43:53.080 18303 18791 D ReflectedParamUpdater: extent() != 1 for single value type: algo.buffers.allocator-ids.values
01-21 20:43:53.080 18303 18791 D ReflectedParamUpdater: extent() != 1 for single value type: output.buffers.pool-ids.values
01-21 20:43:53.081 18303 18791 D ReflectedParamUpdater: extent() != 1 for single value type: algo.buffers.pool-ids.values
01-21 20:43:53.084 18303 18791 D ReflectedParamUpdater: ignored struct field coded.color-format.locations
01-21 20:43:53.086 18303 18791 D CCodecConfig: ignoring local param raw.size (0xd2001800) as it is already supported
01-21 20:43:53.086 18303 18791 D CCodecConfig: ignoring local param default.color (0x5200180b) as it is already supported
01-21 20:43:53.086 18303 18791 D ReflectedParamUpdater: ignored struct field raw.hdr-static-info.mastering
01-21 20:43:53.087 18303 18791 I CCodecConfig: query failed after returning 14 values (BAD_INDEX)
01-21 20:43:53.088 18303 18791 D CCodecConfig: c2 config diff is Dict {
01-21 20:43:53.088 18303 18791 D CCodecConfig:   c2::i32 algo.priority.value = -1
01-21 20:43:53.088 18303 18791 D CCodecConfig:   c2::float algo.rate.value = -1
01-21 20:43:53.088 18303 18791 D CCodecConfig:   c2::u32 coded.pl.level = 0
01-21 20:43:53.088 18303 18791 D CCodecConfig:   c2::u32 coded.pl.profile = 0
01-21 20:43:53.088 18303 18791 D CCodecConfig:   c2::u32 coded.vui.color.matrix = 0
01-21 20:43:53.088 18303 18791 D CCodecConfig:   c2::u32 coded.vui.color.primaries = 0
01-21 20:43:53.088 18303 18791 D CCodecConfig:   c2::u32 coded.vui.color.range = 0
01-21 20:43:53.088 18303 18791 D CCodecConfig:   c2::u32 coded.vui.color.transfer = 0
01-21 20:43:53.088 18303 18791 D CCodecConfig:   c2::u32 default.color.matrix = 0
01-21 20:43:53.088 18303 18791 D CCodecConfig:   c2::u32 default.color.primaries = 0
01-21 20:43:53.088 18303 18791 D CCodecConfig:   c2::u32 default.color.range = 0
01-21 20:43:53.088 18303 18791 D CCodecConfig:   c2::u32 default.color.transfer = 0
01-21 20:43:53.088 18303 18791 D CCodecConfig:   c2::u32 input.buffers.max-size.value = 1048576
01-21 20:43:53.088 18303 18791 D CCodecConfig:   c2::u32 input.delay.value = 0
01-21 20:43:53.088 18303 18791 D CCodecConfig:   string input.media-type.value = "video/x-vnd.on2.vp8"
01-21 20:43:53.088 18303 18791 D CCodecConfig:   c2::u32 output.delay.value = 8
01-21 20:43:53.088 18303 18791 D CCodecConfig:   string output.media-type.value = "video/raw"
01-21 20:43:53.088 18303 18791 D CCodecConfig:   c2::u32 raw.color.matrix = 0
01-21 20:43:53.088 18303 18791 D CCodecConfig:   c2::u32 raw.color.primaries = 0
01-21 20:43:53.088 18303 18791 D CCodecConfig:   c2::u32 raw.color.range = 0
01-21 20:43:53.088 18303 18791 D CCodecConfig:   c2::u32 raw.color.transfer = 0
01-21 20:43:53.088 18303 18791 D CCodecConfig:   c2::u32 raw.max-size.height = 240
01-21 20:43:53.088 18303 18791 D CCodecConfig:   c2::u32 raw.max-size.width = 320
01-21 20:43:53.088 18303 18791 D CCodecConfig:   c2::u32 raw.pixel-format.value = 35
01-21 20:43:53.088 18303 18791 D CCodecConfig:   c2::i32 raw.rotation.flip = 0
01-21 20:43:53.088 18303 18791 D CCodecConfig:   c2::i32 raw.rotation.value = 0
01-21 20:43:53.088 18303 18791 D CCodecConfig:   c2::u32 raw.sar.height = 1
01-21 20:43:53.088 18303 18791 D CCodecConfig:   c2::u32 raw.sar.width = 
01-21 20:43:53.088 18303 18791 W ColorUtils: expected specified color aspects (0:0:0:0)
01-21 20:43:53.089 18303 18790 D MediaCodec: [0xb400007d9628cce0] setState: 2
01-21 20:43:53.090   698  6594 I audio_hw_primary: app type:0x   5, is_voip:0, device:2, pcm:-176945824, usecase:0x   2
01-21 20:43:53.091 18303 18790 D MediaCodec: flushMediametrics
01-21 20:43:53.091 18303 18790 D SurfaceUtils: connecting to surface 0xb400007dc4750880, reason connectToSurface
01-21 20:43:53.091 18303 18790 I MediaCodec: [c2.unisoc.vp8.decoder] setting surface generation to 18742275
01-21 20:43:53.091 18303 18790 D SurfaceUtils: disconnecting from surface 0xb400007dc4750880, reason connectToSurface(reconnect)
01-21 20:43:53.092 18303 18790 D SurfaceUtils: connecting to surface 0xb400007dc4750880, reason connectToSurface(reconnect)
01-21 20:43:53.092 18303 18790 D MediaCodec: [0xb400007d9628cce0] setState: 3
01-21 20:43:53.092 18303 18791 D CCodec  : [c2.unisoc.vp8.decoder] buffers are bound to CCodec for this session
01-21 20:43:53.093 18303 18791 D CCodecConfig: no c2 equivalents for native-window
01-21 20:43:53.093 18303 18791 D CCodecConfig: no c2 equivalents for flags
01-21 20:43:53.094   708   708 I C2UnisocVp8Dec: SizeSetter, from (width: 320, height: 240) to (width: 1280, height: 720)
01-21 20:43:53.094   708   708 I C2UnisocVp8Dec: MaxPictureSizeSetter, me:(320 * 240), size:(1280 * 720), max:(4096 * 2160)
01-21 20:43:53.094   708   708 I C2UnisocVp8Dec: MaxInputSizeSetter, max input size: 1048576
01-21 20:43:53.094 18303 18791 D CCodecConfig: config failed => CORRUPTED
01-21 20:43:53.094 18303 18791 D CCodecConfig: c2 config diff is   c2::u32 raw.size.height = 720
01-21 20:43:53.094 18303 18791 D CCodecConfig:   c2::u32 raw.size.width = 1280
01-21 20:43:53.096 18303 18791 D CCodecConfig: c2 config diff is   c2::i32 vendor.coding.scene-mode.value = 6
01-21 20:43:53.097 18303 18791 W Codec2Client: query -- param skipped: index = 1107298332.
01-21 20:43:53.098 18303 18791 D CCodec  : encoding statistics level = 0
01-21 20:43:53.098 18303 18791 D CCodec  : setup formats input: AMessage(what = 0x00000000) = {
01-21 20:43:53.098 18303 18791 D CCodec  :   int32_t height = 720
01-21 20:43:53.098 18303 18791 D CCodec  :   int32_t level = 1
01-21 20:43:53.098 18303 18791 D CCodec  :   int32_t max-input-size = 1048576
01-21 20:43:53.098 18303 18791 D CCodec  :   string mime = "video/x-vnd.on2.vp8"
01-21 20:43:53.098 18303 18791 D CCodec  :   int32_t priority = 1
01-21 20:43:53.098 18303 18791 D CCodec  :   int32_t profile = 1
01-21 20:43:53.098 18303 18791 D CCodec  :   int32_t width = 1280
01-21 20:43:53.098 18303 18791 D CCodec  :   Rect crop(0, 0, 1279, 719)
01-21 20:43:53.098 18303 18791 D CCodec  : }
01-21 20:43:53.098 18303 18791 D CCodec  : setup formats output: AMessage(what = 0x00000000) = {
01-21 20:43:53.098 18303 18791 D CCodec  :   int32_t android._color-format = 2135033992
01-21 20:43:53.098 18303 18791 D CCodec  :   int32_t android._video-scaling = 1
01-21 20:43:53.098 18303 18791 D CCodec  :   int32_t rotation-degrees = 0
01-21 20:43:53.098 18303 18791 D CCodec  :   int32_t color-standard = 1
01-21 20:43:53.098 18303 18791 D CCodec  :   int32_t color-range = 2
01-21 20:43:53.098 18303 18791 D CCodec  :   int32_t color-transfer = 3
01-21 20:43:53.098 18303 18791 D CCodec  :   int32_t sar-height = 1
01-21 20:43:53.098 18303 18791 D CCodec  :   int32_t sar-width = 1
01-21 20:43:53.098 18303 18791 D CCodec  :   Rect crop(0, 0, 1279, 719)
01-21 20:43:53.098 18303 18791 D CCodec  :   int32_t width = 1280
01-21 20:43:53.098 18303 18791 D CCodec  :   int32_t height = 720
01-21 20:43:53.098 18303 18791 D CCodec  :   int32_t max-height = 240
01-21 20:43:53.098 18303 18791 D CCodec  :   int32_t max-width = 320
01-21 20:43:53.098 18303 18791 D CCodec  :   string mime = "video/raw"
01-21 20:43:53.098 18303 18791 D CCodec  :   int32_t priority = 1
01-21 20:43:53.098 18303 18791 D CCodec  :   int32_t android._dataspace = 260
01-21 20:43:53.098 18303 18791 D CCodec  :   int32_t vendor.coding.scene-mode.value = 6
01-21 20:43:53.098 18303 18791 D CCodec  :   int32_t color-format = 2130708361
01-21 20:43:53.098 18303 18791 D CCodec  : }
01-21 20:43:53.098 18303 18791 I CCodecConfig: query failed after returning 15 values (BAD_INDEX)
01-21 20:43:53.099 18303 18791 D CCodecConfig: c2 config diff is   c2::u32 raw.max-size.height = 720
01-21 20:43:53.099 18303 18791 D CCodecConfig:   c2::u32 raw.max-size.width = 1280
01-21 20:43:53.099 18303 18790 D MediaCodec: [0xb400007d9628cce0] setState: 4
01-21 20:43:53.100 18303 18790 D MediaCodec: [0xb400007d9628cce0] setState: 5
01-21 20:43:53.101   708 18792 I C2UnisocVp8Dec: onInit enter
01-21 20:43:53.101   708 18792 I C2UnisocVp8Dec: onInit exit, mSceneMode: 6, mWidth: 1280, mHeight: 720, mStride: 1280, mSliceHeight: 720, mPriority: 1, mOperatingRate: -1.000000
01-21 20:43:53.101   708   708 I C2UnisocComponentPriorityManager: Construct C2UnisocComponentPriorityManager mOperatingRate -1.000000, mIsWfdRunning 0 
01-21 20:43:53.101   708   708 I C2UnisocComponentPriorityManager: C2UnisocComponentPriorityManager, linraffe: SecureFlag == 0, total_fps = -1, total_framesize = 921600
01-21 20:43:53.101 18303 18791 W Codec2Client: query -- param skipped: index = 1342179345.
01-21 20:43:53.101 18303 18791 W Codec2Client: query -- param skipped: index = 2415921170.
01-21 20:43:53.101 18303 18791 W Codec2Client: query -- param skipped: index = 1610614798.
01-21 20:43:53.102 18303 18791 W Codec2Client: query -- param skipped: index = 2684356609.
01-21 20:43:53.102 18303 18791 D CCodecBufferChannel: [c2.unisoc.vp8.decoder#912] Created input block pool with allocatorID 16 => poolID 19 - OK (0)
01-21 20:43:53.103 18303 18791 D CCodecBufferChannel: [c2.unisoc.vp8.decoder#912] Query output surface allocator returned 0 params => BAD_INDEX (6)
01-21 20:43:53.104 18303 18791 I CCodecBufferChannel: [c2.unisoc.vp8.decoder#912] Created output block pool with allocatorID 18 => poolID 51 - OK
01-21 20:43:53.104 18303 18791 D CCodecBufferChannel: [c2.unisoc.vp8.decoder#912] Configured output block pool ids 51 => OK
01-21 20:43:53.104 18303 18791 D Codec2-OutputBufferQueue: remote graphic buffer migration 0/0
01-21 20:43:53.104 18303 18791 D Codec2Client: setOutputSurface -- failed to set consumer usage (6/BAD_INDEX)
01-21 20:43:53.104 18303 18791 D Codec2Client: setOutputSurface -- generation=18742275 consumer usage=0x900
01-21 20:43:53.105   705   717 I mali_gralloc: allocate: id=2c100001c84, hal_format=YCbCr420-888, mali_format=NV21, afbc=false, usage=GPU_R, size=640x480(460864), stride=640, name=SurfaceTexture-1-18303-1
01-21 20:43:53.106 18303 18791 I mali_gralloc: register: id=0x2c100001c84, importpid=-1
01-21 20:43:53.107   708   708 I mali_gralloc: register: id=0x2c100001c84, importpid=18303
01-21 20:43:53.107 18303 18791 I mali_gralloc: unregister: id=0x2c100001c84, base=0x0, importpid=18303
01-21 20:43:53.107   708   708 I mali_gralloc: unregister: id=0x2c100001c84, base=0x0, importpid=708
01-21 20:43:53.108   708   708 D C2BqBuffer: local generation change 18742275 , bqId: 78610786418692 migrated buffers # 0
01-21 20:43:53.108 18303 18791 D Codec2Client: Surface configure completed
01-21 20:43:53.110   869  1755 W ResourceManagerService: Ignoring request to add new resource entry with value <= 0
01-21 20:43:53.111 18303 18790 D MediaCodec: [0xb400007d9628cce0] setState: 6
01-21 20:43:53.112 18303 18698 I org.webrtc.Logging: AndroidVideoDecoder: initDecodeInternal done
01-21 20:43:53.115 18303 18762 D BufferPoolAccessor2.0: Destruction - bufferpool2 0xb400007d24698618 cached: 0/0M, 0/0% in use; allocs: 4, 0% recycled; transfers: 391, 99% unfetched
01-21 20:43:53.116   708 18792 D SimpleUnisocC2Component: Using output block pool with poolID 51 => got 51 - 0
01-21 20:43:53.116   708 18792 V SimpleUnisocC2Component: start processing frame #0
01-21 20:43:53.116   708 18793 V C2UnisocVp8Dec: fetchGraphicBlock, stride: 1280, sliceHeight: 720, mDecoderSwFlag: 0
01-21 20:43:53.116   705   717 I mali_gralloc: allocate: id=2c100001c85, hal_format=YCbCr420-SP, mali_format=NV12, afbc=false, usage=CPU_RW|GPU_R, size=1280x720(1382464), stride=1280, name=SurfaceTexture-1-18303-1
01-21 20:43:53.117 18303 18762 I mali_gralloc: register: id=0x2c100001c85, importpid=-1
01-21 20:43:53.119   708 18793 I mali_gralloc: register: id=0x2c100001c85, importpid=18303
01-21 20:43:53.119   708 18793 I C2UnisocVideoDecoderComponent: mOutBlockQueue size: 1, pBufCtrl: 0xf27d1230
01-21 20:43:53.119   708 18793 V C2UnisocVp8Dec: fetchGraphicBlock, stride: 1280, sliceHeight: 720, mDecoderSwFlag: 0
01-21 20:43:53.119   708 18792 I VSP     : VP8DecSetCurRecPic,104,picid 0,header 0xf27d0f60
01-21 20:43:53.119   708 18792 I C2UnisocVp8Dec: setDecodeArgs, pBufCtrl: 0xf27d1230, pBufCtrl->phyAddr: 0x20177000, frameIndex: 0, timeStamp: 27818382000, inSize: 2187, inOffset: 0
01-21 20:43:53.119   708 18792 I VSP     : vp8_decode_frame,221,0x0
01-21 20:43:53.119   708 18792 I C2UnisocVp8Dec: process, decRet: -10, 0ms, dec_out.frameEffective: 0, has_pic: 0, picId: 0, consume byte: 2187
01-21 20:43:53.120   708 18792 I VSP     : VP8DecSetCurRecPic,104,picid 0,header 0xf27d0f60
01-21 20:43:53.120   708 18792 I C2UnisocVp8Dec: setDecodeArgs, pBufCtrl: 0xf27d1230, pBufCtrl->phyAddr: 0x20177000, frameIndex: 0, timeStamp: 27818382000, inSize: 2187, inOffset: 0
01-21 20:43:53.120   708 18792 I VSP     : vp8_decode_frame,221,1280x720
01-21 20:43:53.120   708 18792 I C2UnisocVp8Dec: extMemoryAlloc, 632, mDecoderSwFlag: 0, extra_mem_size: 689984
01-21 20:43:53.120   708 18792 V VideoMemAllocator: using Ion Heap
01-21 20:43:53.120   705   717 I mali_gralloc: allocate: id=2c100001c86, hal_format=YCbCr420-SP, mali_format=NV12, afbc=false, usage=CPU_RW|GPU_R, size=1280x720(1382464), stride=1280, name=SurfaceTexture-1-18303-1
01-21 20:43:53.120   708 18792 I C2UnisocVp8Dec: pmem 0x202c9000 - 0xed4f4000 - 692224
01-21 20:43:53.120   708 18792 I VSP     : VSP_CFG_FREQ, 226, vsp clock level: 2 ,codec cnt 1
01-21 20:43:53.120   708 18792 I VSP     : resolution may change
01-21 20:43:53.120 18303 18762 I mali_gralloc: register: id=0x2c100001c86, importpid=-1
01-21 20:43:53.121   708 18793 I mali_gralloc: register: id=0x2c100001c86, importpid=18303
01-21 20:43:53.126   708 18792 V C2UnisocVp8Dec: VSP_bind_cb, phyAddr: 0x20177000, pOutBlockInfo: 0xf27d0f60, pBufCtrl: 0xf27d1230; iRefCount=0
01-21 20:43:53.126   708 18792 I C2UnisocVp8Dec: process, decRet: 0, 6ms, dec_out.frameEffective: 1, has_pic: 1, picId: 0, consume byte: 2187
01-21 20:43:53.126   708 18792 I C2UnisocVp8Dec: drainOneOutputBuffer, pBufCtrl: 0xf27d1230, pBufCtrl->phyAddr: 0x20177000, frameIndex: 0
01-21 20:43:53.126   708 18792 V SimpleUnisocC2Component: processed frame #0
01-21 20:43:53.127   708 18792 V SimpleUnisocC2Component: returning this work, frameIndex: 0
01-21 20:43:53.127   708 18792 V SimpleUnisocC2Component: start processing frame #1
01-21 20:43:53.127   708 18793 I C2UnisocVideoDecoderComponent: mOutBlockQueue size: 2, pBufCtrl: 0xf27cd3f0
01-21 20:43:53.127   708 18792 I VSP     : VP8DecSetCurRecPic,104,picid 1,header 0xf27cd6c0
01-21 20:43:53.127 18303 18762 D CCodecBufferChannel: [c2.unisoc.vp8.decoder#912] Ignoring stale input buffer done callback: last flush index = 0, frameIndex = 0
01-21 20:43:53.127   708 18793 V C2UnisocVp8Dec: fetchGraphicBlock, stride: 1280, sliceHeight: 720, mDecoderSwFlag: 0
01-21 20:43:53.127   708 18792 I C2UnisocVp8Dec: setDecodeArgs, pBufCtrl: 0xf27cd3f0, pBufCtrl->phyAddr: 0x20372000, frameIndex: 1, timeStamp: 27818450000, inSize: 709, inOffset: 0
01-21 20:43:53.127 18303 18762 I mali_gralloc: register: id=0x2c100001c85, importpid=708
01-21 20:43:53.128 18303 18791 D CCodecConfig: c2 config diff is   c2::u32 raw.crop.height = 720
01-21 20:43:53.128 18303 18791 D CCodecConfig:   c2::u32 raw.crop.left = 0
01-21 20:43:53.128 18303 18791 D CCodecConfig:   c2::u32 raw.crop.top = 0
01-21 20:43:53.128 18303 18791 D CCodecConfig:   c2::u32 raw.crop.width = 1280
01-21 20:43:53.129   705   717 I mali_gralloc: allocate: id=2c100001c87, hal_format=YCbCr420-SP, mali_format=NV12, afbc=false, usage=CPU_RW|GPU_R, size=1280x720(1382464), stride=1280, name=SurfaceTexture-1-18303-1
01-21 20:43:53.129 18303 18795 I org.webrtc.Logging: AndroidVideoDecoder: Decoder format changed: {crop-right=1279, max-height=720, sar-width=1, color-format=2130708361, mime=video/raw, priority=1, color-standard=1, vendor.coding.scene-mode.value=6, color-transfer=3, sar-height=1, crop-bottom=719, max-width=1280, crop-left=0, width=1280, color-range=2, crop-top=0, rotation-degrees=0, height=720}
01-21 20:43:53.129 18303 18795 I org.webrtc.Logging: AndroidVideoDecoder: Frame stride and slice height: 1280 x 720
01-21 20:43:53.130 18303 18762 I mali_gralloc: register: id=0x2c100001c87, importpid=-1
01-21 20:43:53.130   708 18793 I mali_gralloc: register: id=0x2c100001c87, importpid=18303
01-21 20:43:53.125 18303 18303 W decoder-texture: type=1400 audit(0.0:35992): avc: denied { getattr } for name="/" dev="dmabuf" ino=1 scontext=u:r:untrusted_app:s0:c62,c257,c512,c768 tcontext=u:object_r:unlabeled:s0 tclass=filesystem permissive=0 app=com.example.appbridgenew_example
01-21 20:43:53.131   708 18792 V C2UnisocVp8Dec: VSP_bind_cb, phyAddr: 0x20372000, pOutBlockInfo: 0xf27cd6c0, pBufCtrl: 0xf27cd3f0; iRefCount=0
01-21 20:43:53.131   708 18792 I C2UnisocVp8Dec: process, decRet: 0, 4ms, dec_out.frameEffective: 1, has_pic: 1, picId: 1, consume byte: 709
01-21 20:43:53.131   708 18792 I C2UnisocVp8Dec: drainOneOutputBuffer, pBufCtrl: 0xf27cd3f0, pBufCtrl->phyAddr: 0x20372000, frameIndex: 1
01-21 20:43:53.131   708 18792 V SimpleUnisocC2Component: processed frame #1
01-21 20:43:53.131   708 18792 V SimpleUnisocC2Component: returning this work, frameIndex: 1
01-21 20:43:53.131   708 18792 V SimpleUnisocC2Component: start processing frame #2
01-21 20:43:53.131   708 18793 I C2UnisocVideoDecoderComponent: mOutBlockQueue size: 3, pBufCtrl: 0xf27c9640
01-21 20:43:53.132   708 18793 V C2UnisocVp8Dec: fetchGraphicBlock, stride: 1280, sliceHeight: 720, mDecoderSwFlag: 0
01-21 20:43:53.132   708 18792 I VSP     : VP8DecSetCurRecPic,104,picid 2,header 0xf27d05a0
01-21 20:43:53.132   708 18792 I C2UnisocVp8Dec: setDecodeArgs, pBufCtrl: 0xf27c9640, pBufCtrl->phyAddr: 0x204c4000, frameIndex: 2, timeStamp: 27818484000, inSize: 1006, inOffset: 0
01-21 20:43:53.132   698  6594 I audio_hw_primary: app type:0x   5, is_voip:0, device:2, pcm:-176945824, usecase:0x   2
01-21 20:43:53.134 18303 18762 I mali_gralloc: register: id=0x2c100001c86, importpid=708
01-21 20:43:53.136   705   717 I mali_gralloc: allocate: id=2c100001c88, hal_format=YCbCr420-SP, mali_format=NV12, afbc=false, usage=CPU_RW|GPU_R, size=1280x720(1382464), stride=1280, name=SurfaceTexture-1-18303-1
01-21 20:43:53.136   708 18792 V C2UnisocVp8Dec: VSP_bind_cb, phyAddr: 0x204c4000, pOutBlockInfo: 0xf27d05a0, pBufCtrl: 0xf27c9640; iRefCount=0
01-21 20:43:53.136   708 18792 V C2UnisocVp8Dec: VSP_unbind_cb, phyAddr: 0x20372000, pOutBlockInfo: 0xf27cd6c0, pBufCtrl: 0xf27cd3f0; iRefCount=1
01-21 20:43:53.136   708 18792 I C2UnisocVp8Dec: process, decRet: 0, 4ms, dec_out.frameEffective: 1, has_pic: 1, picId: 2, consume byte: 1006
01-21 20:43:53.136   708 18792 I C2UnisocVp8Dec: drainOneOutputBuffer, pBufCtrl: 0xf27c9640, pBufCtrl->phyAddr: 0x204c4000, frameIndex: 2
01-21 20:43:53.136   708 18792 V SimpleUnisocC2Component: processed frame #2
01-21 20:43:53.136   708 18792 V SimpleUnisocC2Component: returning this work, frameIndex: 2
01-21 20:43:53.136 18303 18762 I mali_gralloc: register: id=0x2c100001c88, importpid=-1
01-21 20:43:53.136   708 18792 V SimpleUnisocC2Component: start processing frame #3
01-21 20:43:53.137   708 18793 I mali_gralloc: register: id=0x2c100001c88, importpid=18303
01-21 20:43:53.137   708 18793 I C2UnisocVp8Dec: resetOutBlock, fd: 36, iova: 0x20372000, mDecoderSwFlag: 0
01-21 20:43:53.138   708 18793 I C2UnisocVideoDecoderComponent: mOutBlockQueue size: 4, pBufCtrl: 0xf27c5860
01-21 20:43:53.138   708 18793 V C2UnisocVp8Dec: fetchGraphicBlock, stride: 1280, sliceHeight: 720, mDecoderSwFlag: 0
01-21 20:43:53.138   708 18792 I VSP     : VP8DecSetCurRecPic,104,picid 3,header 0xf27d2d90
01-21 20:43:53.138   708 18792 I C2UnisocVp8Dec: setDecodeArgs, pBufCtrl: 0xf27c5860, pBufCtrl->phyAddr: 0x20372000, frameIndex: 3, timeStamp: 27818518000, inSize: 1078, inOffset: 0
01-21 20:43:53.138 18303 18762 I mali_gralloc: register: id=0x2c100001c87, importpid=708
01-21 20:43:53.139   705   717 I mali_gralloc: allocate: id=2c100001c89, hal_format=YCbCr420-SP, mali_format=NV12, afbc=false, usage=CPU_RW|GPU_R, size=1280x720(1382464), stride=1280, name=SurfaceTexture-1-18303-1
01-21 20:43:53.140 18303 18762 I mali_gralloc: register: id=0x2c100001c89, importpid=-1
01-21 20:43:53.141   708 18793 I mali_gralloc: register: id=0x2c100001c89, importpid=18303
01-21 20:43:53.142 18303 18408 I mali_gralloc: unregister: id=0x2c100001c80, base=0x0, importpid=18303
01-21 20:43:53.142   708 18792 V C2UnisocVp8Dec: VSP_bind_cb, phyAddr: 0x20372000, pOutBlockInfo: 0xf27d2d90, pBufCtrl: 0xf27c5860; iRefCount=0
01-21 20:43:53.142   708 18792 V C2UnisocVp8Dec: VSP_unbind_cb, phyAddr: 0x204c4000, pOutBlockInfo: 0xf27d05a0, pBufCtrl: 0xf27c9640; iRefCount=1
01-21 20:43:53.142   708 18792 I C2UnisocVp8Dec: process, decRet: 0, 4ms, dec_out.frameEffective: 1, has_pic: 1, picId: 3, consume byte: 1078
01-21 20:43:53.142   708 18792 I C2UnisocVp8Dec: drainOneOutputBuffer, pBufCtrl: 0xf27c5860, pBufCtrl->phyAddr: 0x20372000, frameIndex: 3
01-21 20:43:53.142   708 18792 V SimpleUnisocC2Component: processed frame #3
01-21 20:43:53.142   708 18792 V SimpleUnisocC2Component: returning this work, frameIndex: 3
01-21 20:43:53.143   708 18792 V SimpleUnisocC2Component: start processing frame #4
01-21 20:43:53.143   708 18793 D C2UnisocVideoDecoderComponent: fetch one queue free block:0xf27cd6c0,iRefCount:0
01-21 20:43:53.143   708 18793 I C2UnisocVp8Dec: resetOutBlock, fd: 35, iova: 0x204c4000, mDecoderSwFlag: 0
01-21 20:43:53.143   708 18793 V C2UnisocVp8Dec: fetchGraphicBlock, stride: 1280, sliceHeight: 720, mDecoderSwFlag: 0
01-21 20:43:53.143   708 18792 I VSP     : VP8DecSetCurRecPic,104,picid 4,header 0xf27cd6c0
01-21 20:43:53.143   708 18792 I C2UnisocVp8Dec: setDecodeArgs, pBufCtrl: 0xf27cd3f0, pBufCtrl->phyAddr: 0x20616000, frameIndex: 4, timeStamp: 27818552000, inSize: 3301, inOffset: 0
01-21 20:43:53.143 18303 18762 I mali_gralloc: register: id=0x2c100001c88, importpid=708
01-21 20:43:53.141 18303 18303 W decoder-texture: type=1400 audit(0.0:35993): avc: denied { getattr } for name="/" dev="dmabuf" ino=1 scontext=u:r:untrusted_app:s0:c62,c257,c512,c768 tcontext=u:object_r:unlabeled:s0 tclass=filesystem permissive=0 app=com.example.appbridgenew_example
01-21 20:43:53.147   708 18792 V C2UnisocVp8Dec: VSP_bind_cb, phyAddr: 0x20616000, pOutBlockInfo: 0xf27cd6c0, pBufCtrl: 0xf27cd3f0; iRefCount=0
01-21 20:43:53.148   708 18792 V C2UnisocVp8Dec: VSP_unbind_cb, phyAddr: 0x20372000, pOutBlockInfo: 0xf27d2d90, pBufCtrl: 0xf27c5860; iRefCount=1
01-21 20:43:53.148   708 18792 I C2UnisocVp8Dec: process, decRet: 0, 4ms, dec_out.frameEffective: 1, has_pic: 1, picId: 4, consume byte: 3301
01-21 20:43:53.148   708 18792 I C2UnisocVp8Dec: drainOneOutputBuffer, pBufCtrl: 0xf27cd3f0, pBufCtrl->phyAddr: 0x20616000, frameIndex: 4
01-21 20:43:53.148   708 18792 V SimpleUnisocC2Component: processed frame #4
01-21 20:43:53.148   708 18793 D C2UnisocVideoDecoderComponent: fetch one queue free block:0xf27d05a0,iRefCount:0
01-21 20:43:53.148   708 18792 V SimpleUnisocC2Component: returning this work, frameIndex: 4
01-21 20:43:53.148   708 18793 I C2UnisocVp8Dec: resetOutBlock, fd: 45, iova: 0x20372000, mDecoderSwFlag: 0
01-21 20:43:53.148   708 18793 V C2UnisocVp8Dec: fetchGraphicBlock, stride: 1280, sliceHeight: 720, mDecoderSwFlag: 0
01-21 20:43:53.148   705   717 I mali_gralloc: allocate: id=2c100001c8a, hal_format=RGBA8888, mali_format=RGBA8888, afbc=SPLIT, usage=GPU_RW|BACKBUF, size=720x1280(3744768), stride=720, name=SurfaceTexture-0-18303-0
01-21 20:43:53.149 18303 18762 I mali_gralloc: register: id=0x2c100001c89, importpid=708
01-21 20:43:53.149 18303 18694 I mali_gralloc: register: id=0x2c100001c8a, importpid=-1
01-21 20:43:53.150   708 18793 D C2UnisocVideoDecoderComponent: fetch one queue free block:0xf27d2d90,iRefCount:0
01-21 20:43:53.150   708 18793 V C2UnisocVp8Dec: fetchGraphicBlock, stride: 1280, sliceHeight: 720, mDecoderSwFlag: 0
01-21 20:43:53.150 18303 18694 I mali_gralloc: unregister: id=0x2c100001c76, base=0x0, importpid=18303
01-21 20:43:53.150   708 18793 I C2UnisocVideoDecoderComponent: this buffer fd:26,block:0xf27d0f60,address:0x20177000,iRefCount:1, is still in bind
01-21 20:43:53.150   708 18793 I C2UnisocVp8Dec: resetOutBlock, fd: 35, iova: 0x20177000, mDecoderSwFlag: 0
01-21 20:43:53.150   708 18793 V C2UnisocVp8Dec: fetchGraphicBlock, stride: 1280, sliceHeight: 720, mDecoderSwFlag: 0
01-21 20:43:53.151   705   717 I mali_gralloc: allocate: id=2c100001c8b, hal_format=YCbCr420-SP, mali_format=NV12, afbc=false, usage=CPU_RW|GPU_R, size=1280x720(1382464), stride=1280, name=SurfaceTexture-1-18303-1
01-21 20:43:53.152 18303 18762 I mali_gralloc: register: id=0x2c100001c8b, importpid=-1
01-21 20:43:53.152   708 18793 I mali_gralloc: register: id=0x2c100001c8b, importpid=18303
01-21 20:43:53.153   708 18793 D C2UnisocVideoDecoderComponent: fetch one queue free block:0xf27d1290,iRefCount:0
01-21 20:43:53.149 18303 18303 W decoder-texture: type=1400 audit(0.0:35994): avc: denied { getattr } for name="/" dev="dmabuf" ino=1 scontext=u:r:untrusted_app:s0:c62,c257,c512,c768 tcontext=u:object_r:unlabeled:s0 tclass=filesystem permissive=0 app=com.example.appbridgenew_example
01-21 20:43:53.158   705   717 I mali_gralloc: allocate: id=2c100001c8c, hal_format=RGBA8888, mali_format=RGBA8888, afbc=SPLIT, usage=GPU_RW|BACKBUF, size=720x1280(3744768), stride=720, name=SurfaceTexture-0-18303-0
01-21 20:43:53.159 18303 18694 I mali_gralloc: register: id=0x2c100001c8c, importpid=-1
01-21 20:43:53.160 18303 18694 I mali_gralloc: unregister: id=0x2c100001c79, base=0x0, importpid=18303
01-21 20:43:53.168   708 18792 V SimpleUnisocC2Component: start processing frame #5
01-21 20:43:53.169   708 18792 I VSP     : VP8DecSetCurRecPic,104,picid 5,header 0xf27d05a0
01-21 20:43:53.169   708 18792 I C2UnisocVp8Dec: setDecodeArgs, pBufCtrl: 0xf27c9640, pBufCtrl->phyAddr: 0x204c4000, frameIndex: 5, timeStamp: 27818585000, inSize: 1853, inOffset: 0
01-21 20:43:53.173   708 18792 V C2UnisocVp8Dec: VSP_bind_cb, phyAddr: 0x204c4000, pOutBlockInfo: 0xf27d05a0, pBufCtrl: 0xf27c9640; iRefCount=0
01-21 20:43:53.173   708 18792 V C2UnisocVp8Dec: VSP_unbind_cb, phyAddr: 0x20616000, pOutBlockInfo: 0xf27cd6c0, pBufCtrl: 0xf27cd3f0; iRefCount=1
01-21 20:43:53.173   708 18792 I C2UnisocVp8Dec: process, decRet: 0, 4ms, dec_out.frameEffective: 1, has_pic: 1, picId: 5, consume byte: 1853
01-21 20:43:53.173   708 18792 I C2UnisocVp8Dec: drainOneOutputBuffer, pBufCtrl: 0xf27c9640, pBufCtrl->phyAddr: 0x204c4000, frameIndex: 5
01-21 20:43:53.173   708 18792 V SimpleUnisocC2Component: processed frame #5
01-21 20:43:53.173   708 18792 V SimpleUnisocC2Component: returning this work, frameIndex: 5
01-21 20:43:53.174 18303 18762 I mali_gralloc: register: id=0x2c100001c87, importpid=708
01-21 20:43:53.175 18303 18762 I mali_gralloc: unregister: id=0x2c100001c87, base=0x0, importpid=18303
01-21 20:43:53.175   698  6594 I audio_hw_primary: app type:0x   5, is_voip:0, device:2, pcm:-176945824, usecase:0x   2
01-21 20:43:53.173 18303 18303 W decoder-texture: type=1400 audit(0.0:35995): avc: denied { getattr } for name="/" dev="dmabuf" ino=1 scontext=u:r:untrusted_app:s0:c62,c257,c512,c768 tcontext=u:object_r:unlabeled:s0 tclass=filesystem permissive=0 app=com.example.appbridgenew_example
01-21 20:43:53.198   698  6594 I audio_hw_primary: app type:0x   5, is_voip:0, device:2, pcm:-176945824, usecase:0x   2
01-21 20:43:53.202   708 18792 V SimpleUnisocC2Component: start processing frame #6
01-21 20:43:53.202   708 18792 I VSP     : VP8DecSetCurRecPic,104,picid 6,header 0xf27d2d90
01-21 20:43:53.202   708 18792 I C2UnisocVp8Dec: setDecodeArgs, pBufCtrl: 0xf27c5860, pBufCtrl->phyAddr: 0x20372000, frameIndex: 6, timeStamp: 27818619000, inSize: 2212, inOffset: 0
01-21 20:43:53.203   708 18793 V C2UnisocVp8Dec: fetchGraphicBlock, stride: 1280, sliceHeight: 720, mDecoderSwFlag: 0
01-21 20:43:53.203   708 18793 I C2UnisocVp8Dec: resetOutBlock, fd: 47, iova: 0x20616000, mDecoderSwFlag: 0
01-21 20:43:53.207   708 18792 V C2UnisocVp8Dec: VSP_bind_cb, phyAddr: 0x20372000, pOutBlockInfo: 0xf27d2d90, pBufCtrl: 0xf27c5860; iRefCount=0
01-21 20:43:53.207   708 18792 V C2UnisocVp8Dec: VSP_unbind_cb, phyAddr: 0x204c4000, pOutBlockInfo: 0xf27d05a0, pBufCtrl: 0xf27c9640; iRefCount=1
01-21 20:43:53.207   708 18792 I C2UnisocVp8Dec: process, decRet: 0, 4ms, dec_out.frameEffective: 1, has_pic: 1, picId: 6, consume byte: 2212
01-21 20:43:53.207   708 18792 I C2UnisocVp8Dec: drainOneOutputBuffer, pBufCtrl: 0xf27c5860, pBufCtrl->phyAddr: 0x20372000, frameIndex: 6
01-21 20:43:53.207   708 18792 V SimpleUnisocC2Component: processed frame #6
01-21 20:43:53.207   708 18792 V SimpleUnisocC2Component: returning this work, frameIndex: 6
01-21 20:43:53.207   708 18793 I C2UnisocVp8Dec: resetOutBlock, fd: 29, iova: 0x204c4000, mDecoderSwFlag: 0
01-21 20:43:53.208   708 18793 I C2UnisocVideoDecoderComponent: mOutBlockQueue size: 6, pBufCtrl: 0xf27cd600
01-21 20:43:53.208 18303 18762 I mali_gralloc: register: id=0x2c100001c88, importpid=708
01-21 20:43:53.209 18303 18762 I mali_gralloc: unregister: id=0x2c100001c88, base=0x0, importpid=18303
01-21 20:43:53.205 18303 18303 W decoder-texture: type=1400 audit(0.0:35996): avc: denied { getattr } for name="/" dev="dmabuf" ino=1 scontext=u:r:untrusted_app:s0:c62,c257,c512,c768 tcontext=u:object_r:unlabeled:s0 tclass=filesystem permissive=0 app=com.example.appbridgenew_example
01-21 20:43:53.236   708 18792 V SimpleUnisocC2Component: start processing frame #7
01-21 20:43:53.236   708 18792 I VSP     : VP8DecSetCurRecPic,104,picid 7,header 0xf27d1290
01-21 20:43:53.236   708 18792 I C2UnisocVp8Dec: setDecodeArgs, pBufCtrl: 0xf27cd420, pBufCtrl->phyAddr: 0x20768000, frameIndex: 7, timeStamp: 27818653000, inSize: 2270, inOffset: 0
01-21 20:43:53.236   708 18793 V C2UnisocVp8Dec: fetchGraphicBlock, stride: 1280, sliceHeight: 720, mDecoderSwFlag: 0
01-21 20:43:53.240   708 18792 V C2UnisocVp8Dec: VSP_bind_cb, phyAddr: 0x20768000, pOutBlockInfo: 0xf27d1290, pBufCtrl: 0xf27cd420; iRefCount=0
01-21 20:43:53.240   708 18792 V C2UnisocVp8Dec: VSP_unbind_cb, phyAddr: 0x20372000, pOutBlockInfo: 0xf27d2d90, pBufCtrl: 0xf27c5860; iRefCount=1
01-21 20:43:53.241   708 18792 I C2UnisocVp8Dec: process, decRet: 0, 4ms, dec_out.frameEffective: 1, has_pic: 1, picId: 7, consume byte: 2270
01-21 20:43:53.241   708 18792 I C2UnisocVp8Dec: drainOneOutputBuffer, pBufCtrl: 0xf27cd420, pBufCtrl->phyAddr: 0x20768000, frameIndex: 7
01-21 20:43:53.241   708 18792 V SimpleUnisocC2Component: processed frame #7
01-21 20:43:53.241   708 18792 V SimpleUnisocC2Component: returning this work, frameIndex: 7
01-21 20:43:53.241   708 18793 D C2UnisocVideoDecoderComponent: fetch one queue free block:0xf27cd6c0,iRefCount:0
01-21 20:43:53.241   708 18793 I C2UnisocVp8Dec: resetOutBlock, fd: 14, iova: 0x20372000, mDecoderSwFlag: 0
01-21 20:43:53.241   698  6594 I audio_hw_primary: app type:0x   5, is_voip:0, device:2, pcm:-176945824, usecase:0x   2
01-21 20:43:53.242 18303 18762 I mali_gralloc: register: id=0x2c100001c8b, importpid=708
01-21 20:43:53.270   708 18792 V SimpleUnisocC2Component: start processing frame #8
01-21 20:43:53.270   708 18792 I VSP     : VP8DecSetCurRecPic,104,picid 8,header 0xf27cd6c0
01-21 20:43:53.270   708 18792 I C2UnisocVp8Dec: setDecodeArgs, pBufCtrl: 0xf27cd3f0, pBufCtrl->phyAddr: 0x20616000, frameIndex: 8, timeStamp: 27818687000, inSize: 2496, inOffset: 0
01-21 20:43:53.271   708 18793 V C2UnisocVp8Dec: fetchGraphicBlock, stride: 1280, sliceHeight: 720, mDecoderSwFlag: 0
01-21 20:43:53.275   708 18792 V C2UnisocVp8Dec: VSP_bind_cb, phyAddr: 0x20616000, pOutBlockInfo: 0xf27cd6c0, pBufCtrl: 0xf27cd3f0; iRefCount=0
01-21 20:43:53.275   708 18792 V C2UnisocVp8Dec: VSP_unbind_cb, phyAddr: 0x20768000, pOutBlockInfo: 0xf27d1290, pBufCtrl: 0xf27cd420; iRefCount=1
01-21 20:43:53.275   708 18792 I C2UnisocVp8Dec: process, decRet: 0, 4ms, dec_out.frameEffective: 1, has_pic: 1, picId: 8, consume byte: 2496
01-21 20:43:53.275   708 18792 I C2UnisocVp8Dec: drainOneOutputBuffer, pBufCtrl: 0xf27cd3f0, pBufCtrl->phyAddr: 0x20616000, frameIndex: 8
01-21 20:43:53.275   708 18792 V SimpleUnisocC2Component: processed frame #8
01-21 20:43:53.275   708 18792 V SimpleUnisocC2Component: returning this work, frameIndex: 8
01-21 20:43:53.275   708 18793 D C2UnisocVideoDecoderComponent: fetch one queue free block:0xf27d05a0,iRefCount:0
01-21 20:43:53.275   708 18793 I C2UnisocVp8Dec: resetOutBlock, fd: 45, iova: 0x20768000, mDecoderSwFlag: 0
01-21 20:43:53.276 18303 18762 I mali_gralloc: register: id=0x2c100001c89, importpid=708
01-21 20:43:53.276 18303 18762 I mali_gralloc: unregister: id=0x2c100001c89, base=0x0, importpid=18303
01-21 20:43:53.284   698  6594 I audio_hw_primary: app type:0x   5, is_voip:0, device:2, pcm:-176945824, usecase:0x   2
01-21 20:43:53.304   708 18792 V SimpleUnisocC2Component: start processing frame #9
01-21 20:43:53.304   708 18792 I VSP     : VP8DecSetCurRecPic,104,picid 9,header 0xf27d05a0
01-21 20:43:53.304   708 18792 I C2UnisocVp8Dec: setDecodeArgs, pBufCtrl: 0xf27c9640, pBufCtrl->phyAddr: 0x20372000, frameIndex: 9, timeStamp: 27818720000, inSize: 3805, inOffset: 0
01-21 20:43:53.304   708 18793 V C2UnisocVp8Dec: fetchGraphicBlock, stride: 1280, sliceHeight: 720, mDecoderSwFlag: 0
01-21 20:43:53.309   708 18792 V C2UnisocVp8Dec: VSP_bind_cb, phyAddr: 0x20372000, pOutBlockInfo: 0xf27d05a0, pBufCtrl: 0xf27c9640; iRefCount=0
01-21 20:43:53.309   708 18792 V C2UnisocVp8Dec: VSP_unbind_cb, phyAddr: 0x20616000, pOutBlockInfo: 0xf27cd6c0, pBufCtrl: 0xf27cd3f0; iRefCount=1
01-21 20:43:53.309   708 18792 I C2UnisocVp8Dec: process, decRet: 0, 4ms, dec_out.frameEffective: 1, has_pic: 1, picId: 9, consume byte: 3805
01-21 20:43:53.309   708 18792 I C2UnisocVp8Dec: drainOneOutputBuffer, pBufCtrl: 0xf27c9640, pBufCtrl->phyAddr: 0x20372000, frameIndex: 9
01-21 20:43:53.309   708 18792 V SimpleUnisocC2Component: processed frame #9
01-21 20:43:53.309   708 18792 V SimpleUnisocC2Component: returning this work, frameIndex: 9
01-21 20:43:53.310   708 18793 D C2UnisocVideoDecoderComponent: fetch one queue free block:0xf27d2d90,iRefCount:0
01-21 20:43:53.310 18303 18762 I mali_gralloc: register: id=0x2c100001c87, importpid=708
01-21 20:43:53.310 18303 18762 I mali_gralloc: unregister: id=0x2c100001c87, base=0x0, importpid=18303
01-21 20:43:53.328   698  6594 I audio_hw_primary: app type:0x   5, is_voip:0, device:2, pcm:-176945824, usecase:0x   2
01-21 20:43:53.338   708 18792 V SimpleUnisocC2Component: start processing frame #10
01-21 20:43:53.338   708 18792 I VSP     : VP8DecSetCurRecPic,104,picid 10,header 0xf27d2d90
01-21 20:43:53.338   708 18792 I C2UnisocVp8Dec: setDecodeArgs, pBufCtrl: 0xf27c5860, pBufCtrl->phyAddr: 0x20768000, frameIndex: 10, timeStamp: 27818754000, inSize: 1894, inOffset: 0
01-21 20:43:53.338   708 18793 V C2UnisocVp8Dec: fetchGraphicBlock, stride: 1280, sliceHeight: 720, mDecoderSwFlag: 0
01-21 20:43:53.339   708 18793 I C2UnisocVp8Dec: resetOutBlock, fd: 31, iova: 0x20616000, mDecoderSwFlag: 0
01-21 20:43:53.343   708 18792 V C2UnisocVp8Dec: VSP_bind_cb, phyAddr: 0x20768000, pOutBlockInfo: 0xf27d2d90, pBufCtrl: 0xf27c5860; iRefCount=0
01-21 20:43:53.343   708 18792 V C2UnisocVp8Dec: VSP_unbind_cb, phyAddr: 0x20372000, pOutBlockInfo: 0xf27d05a0, pBufCtrl: 0xf27c9640; iRefCount=1
01-21 20:43:53.343   708 18792 I C2UnisocVp8Dec: process, decRet: 0, 4ms, dec_out.frameEffective: 1, has_pic: 1, picId: 10, consume byte: 1894
01-21 20:43:53.343   708 18792 I C2UnisocVp8Dec: drainOneOutputBuffer, pBufCtrl: 0xf27c5860, pBufCtrl->phyAddr: 0x20768000, frameIndex: 10
01-21 20:43:53.343   708 18792 V SimpleUnisocC2Component: processed frame #10
01-21 20:43:53.343   708 18792 V SimpleUnisocC2Component: returning this work, frameIndex: 10
01-21 20:43:53.343   708 18793 I C2UnisocVp8Dec: resetOutBlock, fd: 27, iova: 0x20372000, mDecoderSwFlag: 0
01-21 20:43:53.344   708 18793 D C2UnisocVideoDecoderComponent: fetch one queue free block:0xf27d1290,iRefCount:0
01-21 20:43:53.344 18303 18762 I mali_gralloc: register: id=0x2c100001c88, importpid=708
01-21 20:43:53.345 18303 18762 I mali_gralloc: unregister: id=0x2c100001c88, base=0x0, importpid=18303
01-21 20:43:53.371   698  6594 I audio_hw_primary: app type:0x   5, is_voip:0, device:2, pcm:-176945824, usecase:0x   2
01-21 20:43:53.372   708 18792 V SimpleUnisocC2Component: start processing frame #11
01-21 20:43:53.372   708 18792 I VSP     : VP8DecSetCurRecPic,104,picid 11,header 0xf27d1290
01-21 20:43:53.372   708 18793 V C2UnisocVp8Dec: fetchGraphicBlock, stride: 1280, sliceHeight: 720, mDecoderSwFlag: 0
01-21 20:43:53.372   708 18792 I C2UnisocVp8Dec: setDecodeArgs, pBufCtrl: 0xf27cd420, pBufCtrl->phyAddr: 0x20372000, frameIndex: 11, timeStamp: 27818788000, inSize: 1768, inOffset: 0
01-21 20:43:53.376   708 18792 V C2UnisocVp8Dec: VSP_bind_cb, phyAddr: 0x20372000, pOutBlockInfo: 0xf27d1290, pBufCtrl: 0xf27cd420; iRefCount=0
01-21 20:43:53.377   708 18792 V C2UnisocVp8Dec: VSP_unbind_cb, phyAddr: 0x20768000, pOutBlockInfo: 0xf27d2d90, pBufCtrl: 0xf27c5860; iRefCount=1
01-21 20:43:53.377   708 18792 I C2UnisocVp8Dec: process, decRet: 0, 4ms, dec_out.frameEffective: 1, has_pic: 1, picId: 11, consume byte: 1768
01-21 20:43:53.377   708 18792 I C2UnisocVp8Dec: drainOneOutputBuffer, pBufCtrl: 0xf27cd420, pBufCtrl->phyAddr: 0x20372000, frameIndex: 11
01-21 20:43:53.377   708 18792 V SimpleUnisocC2Component: processed frame #11
01-21 20:43:53.377   708 18792 V SimpleUnisocC2Component: returning this work, frameIndex: 11
01-21 20:43:53.377   708 18793 D C2UnisocVideoDecoderComponent: fetch one queue free block:0xf27cd6c0,iRefCount:0
01-21 20:43:53.377   708 18793 I C2UnisocVp8Dec: resetOutBlock, fd: 29, iova: 0x20768000, mDecoderSwFlag: 0
01-21 20:43:53.378 18303 18762 I mali_gralloc: register: id=0x2c100001c8b, importpid=708
01-21 20:43:53.378 18303 18762 I mali_gralloc: unregister: id=0x2c100001c8b, base=0x0, importpid=18303
01-21 20:43:53.406   708 18792 V SimpleUnisocC2Component: start processing frame #12
01-21 20:43:53.406   708 18792 I VSP     : VP8DecSetCurRecPic,104,picid 12,header 0xf27cd6c0
01-21 20:43:53.406   708 18792 I C2UnisocVp8Dec: setDecodeArgs, pBufCtrl: 0xf27cd3f0, pBufCtrl->phyAddr: 0x20616000, frameIndex: 12, timeStamp: 27818822000, inSize: 1627, inOffset: 0
01-21 20:43:53.406   708 18793 V C2UnisocVp8Dec: fetchGraphicBlock, stride: 1280, sliceHeight: 720, mDecoderSwFlag: 0
01-21 20:43:53.410   708 18792 V C2UnisocVp8Dec: VSP_bind_cb, phyAddr: 0x20616000, pOutBlockInfo: 0xf27cd6c0, pBufCtrl: 0xf27cd3f0; iRefCount=0
01-21 20:43:53.410   708 18792 V C2UnisocVp8Dec: VSP_unbind_cb, phyAddr: 0x20372000, pOutBlockInfo: 0xf27d1290, pBufCtrl: 0xf27cd420; iRefCount=1
01-21 20:43:53.410   708 18792 I C2UnisocVp8Dec: process, decRet: 0, 4ms, dec_out.frameEffective: 1, has_pic: 1, picId: 12, consume byte: 1627
01-21 20:43:53.410   708 18792 I C2UnisocVp8Dec: drainOneOutputBuffer, pBufCtrl: 0xf27cd3f0, pBufCtrl->phyAddr: 0x20616000, frameIndex: 12
01-21 20:43:53.411   708 18792 V SimpleUnisocC2Component: processed frame #12
01-21 20:43:53.411   708 18792 V SimpleUnisocC2Component: returning this work, frameIndex: 12
01-21 20:43:53.411   708 18793 D C2UnisocVideoDecoderComponent: fetch one queue free block:0xf27d05a0,iRefCount:0
01-21 20:43:53.411   708 18793 I C2UnisocVp8Dec: resetOutBlock, fd: 45, iova: 0x20372000, mDecoderSwFlag: 0
01-21 20:43:53.412 18303 18762 I mali_gralloc: register: id=0x2c100001c89, importpid=708
01-21 20:43:53.412 18303 18762 I mali_gralloc: unregister: id=0x2c100001c89, base=0x0, importpid=18303
01-21 20:43:53.414   698  6594 I audio_hw_primary: app type:0x   5, is_voip:0, device:2, pcm:-176945824, usecase:0x   2
01-21 20:43:53.438   698  6594 I audio_hw_primary: app type:0x   5, is_voip:0, device:2, pcm:-176945824, usecase:0x   2
01-21 20:43:53.439   708 18792 V SimpleUnisocC2Component: start processing frame #13
01-21 20:43:53.440   708 18792 I VSP     : VP8DecSetCurRecPic,104,picid 13,header 0xf27d05a0
01-21 20:43:53.440   708 18792 I C2UnisocVp8Dec: setDecodeArgs, pBufCtrl: 0xf27c9640, pBufCtrl->phyAddr: 0x20768000, frameIndex: 13, timeStamp: 27818856000, inSize: 1873, inOffset: 0
01-21 20:43:53.440   708 18793 V C2UnisocVp8Dec: fetchGraphicBlock, stride: 1280, sliceHeight: 720, mDecoderSwFlag: 0
01-21 20:43:53.444   708 18792 V C2UnisocVp8Dec: VSP_bind_cb, phyAddr: 0x20768000, pOutBlockInfo: 0xf27d05a0, pBufCtrl: 0xf27c9640; iRefCount=0
01-21 20:43:53.444   708 18792 V C2UnisocVp8Dec: VSP_unbind_cb, phyAddr: 0x20616000, pOutBlockInfo: 0xf27cd6c0, pBufCtrl: 0xf27cd3f0; iRefCount=1
01-21 20:43:53.444   708 18792 I C2UnisocVp8Dec: process, decRet: 0, 4ms, dec_out.frameEffective: 1, has_pic: 1, picId: 13, consume byte: 1873
01-21 20:43:53.444   708 18792 I C2UnisocVp8Dec: drainOneOutputBuffer, pBufCtrl: 0xf27c9640, pBufCtrl->phyAddr: 0x20768000, frameIndex: 13
01-21 20:43:53.444   708 18792 V SimpleUnisocC2Component: processed frame #13
01-21 20:43:53.444   708 18792 V SimpleUnisocC2Component: returning this work, frameIndex: 13
01-21 20:43:53.445   708 18793 D C2UnisocVideoDecoderComponent: fetch one queue free block:0xf27d2d90,iRefCount:0
01-21 20:43:53.445 18303 18762 I mali_gralloc: register: id=0x2c100001c87, importpid=708
01-21 20:43:53.446 18303 18762 I mali_gralloc: unregister: id=0x2c100001c87, base=0x0, importpid=18303
01-21 20:43:53.473   708 18792 V SimpleUnisocC2Component: start processing frame #14
01-21 20:43:53.474   708 18792 I VSP     : VP8DecSetCurRecPic,104,picid 14,header 0xf27d2d90
01-21 20:43:53.474   708 18792 I C2UnisocVp8Dec: setDecodeArgs, pBufCtrl: 0xf27c5860, pBufCtrl->phyAddr: 0x20372000, frameIndex: 14, timeStamp: 27818890000, inSize: 1926, inOffset: 0
01-21 20:43:53.474   708 18793 V C2UnisocVp8Dec: fetchGraphicBlock, stride: 1280, sliceHeight: 720, mDecoderSwFlag: 0
01-21 20:43:53.474   708 18793 I C2UnisocVp8Dec: resetOutBlock, fd: 27, iova: 0x20616000, mDecoderSwFlag: 0
01-21 20:43:53.478   708 18792 V C2UnisocVp8Dec: VSP_bind_cb, phyAddr: 0x20372000, pOutBlockInfo: 0xf27d2d90, pBufCtrl: 0xf27c5860; iRefCount=0
01-21 20:43:53.478   708 18792 V C2UnisocVp8Dec: VSP_unbind_cb, phyAddr: 0x20768000, pOutBlockInfo: 0xf27d05a0, pBufCtrl: 0xf27c9640; iRefCount=1
01-21 20:43:53.478   708 18792 I C2UnisocVp8Dec: process, decRet: 0, 4ms, dec_out.frameEffective: 1, has_pic: 1, picId: 14, consume byte: 1926
01-21 20:43:53.478   708 18792 I C2UnisocVp8Dec: drainOneOutputBuffer, pBufCtrl: 0xf27c5860, pBufCtrl->phyAddr: 0x20372000, frameIndex: 14
01-21 20:43:53.478   708 18792 V SimpleUnisocC2Component: processed frame #14
01-21 20:43:53.478   708 18792 V SimpleUnisocC2Component: returning this work, frameIndex: 14
01-21 20:43:53.478   708 18793 I C2UnisocVp8Dec: resetOutBlock, fd: 29, iova: 0x20768000, mDecoderSwFlag: 0
01-21 20:43:53.479   708 18793 D C2UnisocVideoDecoderComponent: fetch one queue free block:0xf27d1290,iRefCount:0
01-21 20:43:53.480 18303 18762 I mali_gralloc: register: id=0x2c100001c88, importpid=708
01-21 20:43:53.480   698  6594 I audio_hw_primary: app type:0x   5, is_voip:0, device:2, pcm:-176945824, usecase:0x   2
01-21 20:43:53.481 18303 18762 I mali_gralloc: unregister: id=0x2c100001c88, base=0x0, importpid=18303
01-21 20:43:53.507   708 18792 V SimpleUnisocC2Component: start processing frame #15
01-21 20:43:53.507   708 18792 I VSP     : VP8DecSetCurRecPic,104,picid 15,header 0xf27d1290
01-21 20:43:53.507   708 18792 I C2UnisocVp8Dec: setDecodeArgs, pBufCtrl: 0xf27cd420, pBufCtrl->phyAddr: 0x20616000, frameIndex: 15, timeStamp: 27818923000, inSize: 2874, inOffset: 0
01-21 20:43:53.507   708 18793 V C2UnisocVp8Dec: fetchGraphicBlock, stride: 1280, sliceHeight: 720, mDecoderSwFlag: 0
01-21 20:43:53.512   708 18792 V C2UnisocVp8Dec: VSP_bind_cb, phyAddr: 0x20616000, pOutBlockInfo: 0xf27d1290, pBufCtrl: 0xf27cd420; iRefCount=0
01-21 20:43:53.512   708 18792 V C2UnisocVp8Dec: VSP_unbind_cb, phyAddr: 0x20372000, pOutBlockInfo: 0xf27d2d90, pBufCtrl: 0xf27c5860; iRefCount=1
01-21 20:43:53.512   708 18792 I C2UnisocVp8Dec: process, decRet: 0, 4ms, dec_out.frameEffective: 1, has_pic: 1, picId: 15, consume byte: 2874
01-21 20:43:53.512   708 18792 I C2UnisocVp8Dec: drainOneOutputBuffer, pBufCtrl: 0xf27cd420, pBufCtrl->phyAddr: 0x20616000, frameIndex: 15
01-21 20:43:53.512   708 18792 V SimpleUnisocC2Component: processed frame #15
01-21 20:43:53.512   708 18792 V SimpleUnisocC2Component: returning this work, frameIndex: 15
01-21 20:43:53.512   708 18793 D C2UnisocVideoDecoderComponent: fetch one queue free block:0xf27cd6c0,iRefCount:0
01-21 20:43:53.512   708 18793 I C2UnisocVp8Dec: resetOutBlock, fd: 31, iova: 0x20372000, mDecoderSwFlag: 0
01-21 20:43:53.513 18303 18762 I mali_gralloc: register: id=0x2c100001c8b, importpid=708
01-21 20:43:53.514 18303 18762 I mali_gralloc: unregister: id=0x2c100001c8b, base=0x0, importpid=18303
01-21 20:43:53.523   698  6594 I audio_hw_primary: app type:0x   5, is_voip:0, device:2, pcm:-176945824, usecase:0x   2
01-21 20:43:53.541   708 18792 V SimpleUnisocC2Component: start processing frame #16
01-21 20:43:53.541   708 18792 I VSP     : VP8DecSetCurRecPic,104,picid 16,header 0xf27cd6c0
01-21 20:43:53.541   708 18792 I C2UnisocVp8Dec: setDecodeArgs, pBufCtrl: 0xf27cd3f0, pBufCtrl->phyAddr: 0x20768000, frameIndex: 16, timeStamp: 27818957000, inSize: 1552, inOffset: 0
01-21 20:43:53.542   708 18793 V C2UnisocVp8Dec: fetchGraphicBlock, stride: 1280, sliceHeight: 720, mDecoderSwFlag: 0
01-21 20:43:53.546   708 18792 V C2UnisocVp8Dec: VSP_bind_cb, phyAddr: 0x20768000, pOutBlockInfo: 0xf27cd6c0, pBufCtrl: 0xf27cd3f0; iRefCount=0
01-21 20:43:53.546   708 18792 V C2UnisocVp8Dec: VSP_unbind_cb, phyAddr: 0x20616000, pOutBlockInfo: 0xf27d1290, pBufCtrl: 0xf27cd420; iRefCount=1
01-21 20:43:53.546   708 18792 I C2UnisocVp8Dec: process, decRet: 0, 4ms, dec_out.frameEffective: 1, has_pic: 1, picId: 16, consume byte: 1552
01-21 20:43:53.546   708 18792 I C2UnisocVp8Dec: drainOneOutputBuffer, pBufCtrl: 0xf27cd3f0, pBufCtrl->phyAddr: 0x20768000, frameIndex: 16
01-21 20:43:53.546   708 18792 V SimpleUnisocC2Component: processed frame #16
01-21 20:43:53.546   708 18792 V SimpleUnisocC2Component: returning this work, frameIndex: 16
01-21 20:43:53.547   708 18793 D C2UnisocVideoDecoderComponent: fetch one queue free block:0xf27d05a0,iRefCount:0
01-21 20:43:53.547   708 18793 I C2UnisocVp8Dec: resetOutBlock, fd: 45, iova: 0x20616000, mDecoderSwFlag: 0
