01-21 20:43:22.158  2557  2557 D BoundBrokerSvc: Loading bound service for intent: Intent { act=com.google.android.gms.chromesync.service.zeroparty.START dat=chimera-action:/... cmp=com.google.android.gms/.chimera.GmsApiService }
01-21 20:43:22.161   706   769 I mali_gralloc: register: id=0x2c100001c6b, importpid=759
01-21 20:43:22.168  2557  2557 D BoundBrokerSvc: onBind: Intent { act=com.google.android.gms.auth.api.phone.service.SmsRetrieverApiService.START dat=chimera-action:/... cmp=com.google.android.gms/.chimera.GmsApiService }
01-21 20:43:22.168  2557  2557 D BoundBrokerSvc: Loading bound service for intent: Intent { act=com.google.android.gms.auth.api.phone.service.SmsRetrieverApiService.START dat=chimera-action:/... cmp=com.google.android.gms/.chimera.GmsApiService }
01-21 20:43:22.177   706   769 I mali_gralloc: register: id=0x2c100001c69, importpid=759
01-21 20:43:22.189 18303 18347 E FrameEvents: updateAcquireFence: Did not find frame.
01-21 20:43:22.197  2103  2103 D BoundBrokerSvc: onRebind: Intent { act=com.google.android.gms.auth.aang.events.services.START dat=chimera-action:/... cmp=com.google.android.gms/.chimera.PersistentApiService }
01-21 20:43:22.203  2557 27081 I SyncManager: (REDACTED) Executing sync(type=%s%s)
01-21 20:43:22.203   705 26293 I mali_gralloc: allocate: id=2c100001c6c, hal_format=RGBA8888, mali_format=RGBA8888, afbc=SPLIT, usage=GPU_RW|BACKBUF, size=720x1420(4165632), stride=720, name=ImageReader-720x1420f22m5-18303-0
01-21 20:43:22.204 18303 18347 I mali_gralloc: register: id=0x2c100001c6c, importpid=-1
01-21 20:43:22.207 18303 18347 E FrameEvents: updateAcquireFence: Did not find frame.
01-21 20:43:22.233  1146  3730 D NetworkAdapter: UnisocOffloadUsbTetheringStatsProvider.onRequestStatsUpdate
01-21 20:43:22.234  1146  1878 D NetworkAdapter: UnisocOffloadUsbTetheringStatsProvider.pushTetherStats
01-21 20:43:22.234  1146  1878 D NetworkAdapter: Unisoc Offload UsbTethering StatsProvider getTetherStats
01-21 20:43:22.235  1146  1878 D NetworkAdapter: OFFLOAD_USB_TETHERING_PROP = 0
01-21 20:43:22.235  1146  1878 D NetworkAdapter: Unisoc Offload UsbTethering StatsProvider getTetherStats
01-21 20:43:22.235  1146  1878 D NetworkAdapter: OFFLOAD_USB_TETHERING_PROP = 0
01-21 20:43:22.235 18303 18347 E FrameEvents: updateAcquireFence: Did not find frame.
01-21 20:43:22.262 18303 18347 E FrameEvents: updateAcquireFence: Did not find frame.
01-21 20:43:22.299 18303 18347 E FrameEvents: updateAcquireFence: Did not find frame.
01-21 20:43:22.307  2557 27081 I SyncManager: (REDACTED) Executing sync(type=%s) finished in %s
01-21 20:43:22.316 18303 18347 E FrameEvents: updateAcquireFence: Did not find frame.
01-21 20:43:22.329 18303 18347 E FrameEvents: updateAcquireFence: Did not find frame.
01-21 20:43:22.342 18303 18347 E FrameEvents: updateAcquireFence: Did not find frame.
01-21 20:43:22.356 18303 18347 E FrameEvents: updateAcquireFence: Did not find frame.
01-21 20:43:22.373 18303 18347 E FrameEvents: updateAcquireFence: Did not find frame.
01-21 20:43:22.388 18303 18347 E FrameEvents: updateAcquireFence: Did not find frame.
01-21 20:43:22.407 18303 18347 E FrameEvents: updateAcquireFence: Did not find frame.
01-21 20:43:22.421 18303 18347 E FrameEvents: updateAcquireFence: Did not find frame.
01-21 20:43:22.436 18303 18347 E FrameEvents: updateAcquireFence: Did not find frame.
01-21 20:43:22.465 18303 18347 E FrameEvents: updateAcquireFence: Did not find frame.
01-21 20:43:22.483 18303 18347 E FrameEvents: updateAcquireFence: Did not find frame.
01-21 20:43:23.060  1146  1319 D InputReader: syncTouch: pointerCount 0 -> 1, touching ids 0x00000000 -> 0x80000000, hovering ids 0x00000000 -> 0x00000000, canceled ids 0x00000000
01-21 20:43:23.060  1146  1319 D InputReader: dispatchTouches action DOWN now(ns): 28037596244637
01-21 20:43:23.060  1146  1319 D InputReader: notifyMotion call dispatcher
01-21 20:43:23.062  1516  1516 D EdgeBackGestureHandler: isWithinTouchRegion: false withinRange:false
01-21 20:43:23.062  1516  1516 D EdgeBackGestureHandler: isWithinTouchRegion: false withinRange:false
01-21 20:43:23.066   746   746 D vendor.sprd.hardware.vibrator-service: Vibra::perform
01-21 20:43:23.066   746   746 D vendor.sprd.hardware.vibrator-service: vibra_on 45
01-21 20:43:23.074 18665 18665 D ip_monitor-915: 192.168.1.1 dev wlan0 lladdr f4:e8:4f:c4:30:1c STALE
01-21 20:43:23.076  1146  1319 D InputReader: syncTouch: pointerCount 1 -> 1, touching ids 0x80000000 -> 0x80000000, hovering ids 0x00000000 -> 0x00000000, canceled ids 0x00000000
01-21 20:43:23.076  1146  1319 D InputReader: dispatchTouches action MOVE now(ns): 28037612879291
01-21 20:43:23.076  1146  1319 D InputReader: notifyMotion call dispatcher
01-21 20:43:23.126  1146  1319 D InputReader: syncTouch: pointerCount 1 -> 1, touching ids 0x80000000 -> 0x80000000, hovering ids 0x00000000 -> 0x00000000, canceled ids 0x00000000
01-21 20:43:23.126  1146  1319 D InputReader: dispatchTouches action MOVE now(ns): 28037662739637
01-21 20:43:23.126  1146  1319 D InputReader: notifyMotion call dispatcher
01-21 20:43:23.128   746   746 D vendor.sprd.hardware.vibrator-service: vibra_off
01-21 20:43:23.142  1146  1319 D InputReader: syncTouch: pointerCount 1 -> 1, touching ids 0x80000000 -> 0x80000000, hovering ids 0x00000000 -> 0x00000000, canceled ids 0x00000000
01-21 20:43:23.143  1146  1319 D InputReader: dispatchTouches action MOVE now(ns): 28037679350099
01-21 20:43:23.143  1146  1319 D InputReader: notifyMotion call dispatcher
01-21 20:43:23.159  1146  1319 I InputReader: processEventsLocked: type=3 Count=3 code=57 value=-1 deviceId=4 when=28037695323000
01-21 20:43:23.160  1146  1319 D InputReader: syncTouch: pointerCount 1 -> 0, touching ids 0x80000000 -> 0x00000000, hovering ids 0x00000000 -> 0x00000000, canceled ids 0x00000000
01-21 20:43:23.160  1146  1319 D InputReader: dispatchTouches action UP now(ns): 28037696898906
01-21 20:43:23.161  1146  1319 D InputReader: notifyMotion call dispatcher
01-21 20:43:23.162  3481  3481 I ScreenTouchCollector: resetTouchPara
01-21 20:43:23.191  2813  2813 I KeyboardModeUtils: KeyboardModeUtils.getKeyboardBottomOffset():435 inch: 0.000000 ydpi: 269.372986 adjustKeyboardBottomByDisplaySize: false currentDensityDpi: 320 defaultDensityDpi: 320 keyboardBottomToScreenPx: 0 keyboardBottomToNavBarPx: -96 navBarHeight: 96
01-21 20:43:23.192  2813  2813 I BaseKeyboardSizeHelper: BaseKeyboardSizeHelper.calculateMaxKeyboardBodyHeight():73 leave 194 height for app when ime window height:1436, header height:88 and isFullscreenMode:false, so the max keyboard body height is:1154
01-21 20:43:23.192  2813  2813 I BaseKeyboardSizeHelper: BaseKeyboardSizeHelper.calculateMaxKeyboardBodyHeight():73 leave 194 height for app when ime window height:1436, header height:88 and isFullscreenMode:false, so the max keyboard body height is:1154
01-21 20:43:23.207  2813  2813 I KeyboardModeUtils: KeyboardModeUtils.getKeyboardBottomOffset():435 inch: 0.000000 ydpi: 269.372986 adjustKeyboardBottomByDisplaySize: false currentDensityDpi: 320 defaultDensityDpi: 320 keyboardBottomToScreenPx: 0 keyboardBottomToNavBarPx: -96 navBarHeight: 96
01-21 20:43:23.207  2813  2813 I BaseKeyboardSizeHelper: BaseKeyboardSizeHelper.calculateMaxKeyboardBodyHeight():73 leave 194 height for app when ime window height:1436, header height:88 and isFullscreenMode:false, so the max keyboard body height is:1154
01-21 20:43:23.207  2813  2813 I BaseKeyboardSizeHelper: BaseKeyboardSizeHelper.calculateMaxKeyboardBodyHeight():73 leave 194 height for app when ime window height:1436, header height:88 and isFullscreenMode:false, so the max keyboard body height is:1154
01-21 20:43:23.242  1146  1319 D InputReader: syncTouch: pointerCount 0 -> 1, touching ids 0x00000000 -> 0x80000000, hovering ids 0x00000000 -> 0x00000000, canceled ids 0x00000000
01-21 20:43:23.243  1146  1319 D InputReader: dispatchTouches action DOWN now(ns): 28037779142945
01-21 20:43:23.243  1146  1319 D InputReader: notifyMotion call dispatcher
01-21 20:43:23.245  1516  1516 D EdgeBackGestureHandler: isWithinTouchRegion: false withinRange:false
01-21 20:43:23.246  1516  1516 D EdgeBackGestureHandler: isWithinTouchRegion: false withinRange:false
01-21 20:43:23.248   746   746 D vendor.sprd.hardware.vibrator-service: Vibra::perform
01-21 20:43:23.248   746   746 D vendor.sprd.hardware.vibrator-service: vibra_on 45
01-21 20:43:23.258  1146  1319 D InputReader: syncTouch: pointerCount 1 -> 1, touching ids 0x80000000 -> 0x80000000, hovering ids 0x00000000 -> 0x00000000, canceled ids 0x00000000
01-21 20:43:23.259  1146  1319 D InputReader: dispatchTouches action MOVE now(ns): 28037795366829
01-21 20:43:23.259  1146  1319 D InputReader: notifyMotion call dispatcher
01-21 20:43:23.291  1146  1319 D InputReader: syncTouch: pointerCount 1 -> 1, touching ids 0x80000000 -> 0x80000000, hovering ids 0x00000000 -> 0x00000000, canceled ids 0x00000000
01-21 20:43:23.292  1146  1319 D InputReader: dispatchTouches action MOVE now(ns): 28037828404560
01-21 20:43:23.292  1146  1319 D InputReader: notifyMotion call dispatcher
01-21 20:43:23.305   746   746 D vendor.sprd.hardware.vibrator-service: vibra_off
01-21 20:43:23.308  1146  1319 D InputReader: syncTouch: pointerCount 1 -> 1, touching ids 0x80000000 -> 0x80000000, hovering ids 0x00000000 -> 0x00000000, canceled ids 0x00000000
01-21 20:43:23.308  1146  1319 D InputReader: dispatchTouches action MOVE now(ns): 28037844945829
01-21 20:43:23.309  1146  1319 D InputReader: notifyMotion call dispatcher
01-21 20:43:23.325  1146  1319 I InputReader: processEventsLocked: type=3 Count=3 code=57 value=-1 deviceId=4 when=28037861177000
01-21 20:43:23.325  1146  1319 D InputReader: syncTouch: pointerCount 1 -> 0, touching ids 0x80000000 -> 0x00000000, hovering ids 0x00000000 -> 0x00000000, canceled ids 0x00000000
01-21 20:43:23.325  1146  1319 D InputReader: dispatchTouches action UP now(ns): 28037861681406
01-21 20:43:23.325  1146  1319 D InputReader: notifyMotion call dispatcher
01-21 20:43:23.326  3481  3481 I ScreenTouchCollector: resetTouchPara
01-21 20:43:23.336  7446  9002 I PlayCommon: [248] Preparing logs for uploading
01-21 20:43:23.337  7446  9002 W PlayCommon: [248] No account for auth token provided
01-21 20:43:23.338  7446  9002 I PlayCommon: [248] Connecting to server: https://play.googleapis.com/play/log?format=raw&proto_v2=true
01-21 20:43:23.373  2813  2813 I KeyboardModeUtils: KeyboardModeUtils.getKeyboardBottomOffset():435 inch: 0.000000 ydpi: 269.372986 adjustKeyboardBottomByDisplaySize: false currentDensityDpi: 320 defaultDensityDpi: 320 keyboardBottomToScreenPx: 0 keyboardBottomToNavBarPx: -96 navBarHeight: 96
01-21 20:43:23.374  2813  2813 I BaseKeyboardSizeHelper: BaseKeyboardSizeHelper.calculateMaxKeyboardBodyHeight():73 leave 194 height for app when ime window height:1436, header height:88 and isFullscreenMode:false, so the max keyboard body height is:1154
01-21 20:43:23.374  2813  2813 I BaseKeyboardSizeHelper: BaseKeyboardSizeHelper.calculateMaxKeyboardBodyHeight():73 leave 194 height for app when ime window height:1436, header height:88 and isFullscreenMode:false, so the max keyboard body height is:1154
01-21 20:43:23.706  7446  9002 I PlayCommon: [248] Successfully uploaded logs.
01-21 20:43:23.956  1146  1319 D InputReader: syncTouch: pointerCount 0 -> 1, touching ids 0x00000000 -> 0x80000000, hovering ids 0x00000000 -> 0x00000000, canceled ids 0x00000000
01-21 20:43:23.956  1146  1319 D InputReader: dispatchTouches action DOWN now(ns): 28038492836367
01-21 20:43:23.956  1146  1319 D InputReader: notifyMotion call dispatcher
01-21 20:43:23.958  1516  1516 D EdgeBackGestureHandler: isWithinTouchRegion: false withinRange:false
01-21 20:43:23.958  1516  1516 D EdgeBackGestureHandler: isWithinTouchRegion: false withinRange:false
01-21 20:43:23.963   746   746 D vendor.sprd.hardware.vibrator-service: Vibra::perform
01-21 20:43:23.963   746   746 D vendor.sprd.hardware.vibrator-service: vibra_on 45
01-21 20:43:24.006  1146  1319 D InputReader: syncTouch: pointerCount 1 -> 1, touching ids 0x80000000 -> 0x80000000, hovering ids 0x00000000 -> 0x00000000, canceled ids 0x00000000
01-21 20:43:24.006  1146  1319 D InputReader: dispatchTouches action MOVE now(ns): 28038542426290
01-21 20:43:24.006  1146  1319 D InputReader: notifyMotion call dispatcher
01-21 20:43:24.010  1146  1319 I InputReader: processEventsLocked: type=21 Count=9 code=0 value=1 deviceId=5 when=83542236000
01-21 20:43:24.022  1146  1319 D InputReader: syncTouch: pointerCount 1 -> 1, touching ids 0x80000000 -> 0x80000000, hovering ids 0x00000000 -> 0x00000000, canceled ids 0x00000000
01-21 20:43:24.022  1146  1319 D InputReader: dispatchTouches action MOVE now(ns): 28038559011867
01-21 20:43:24.022  1146  1319 D InputReader: notifyMotion call dispatcher
01-21 20:43:24.024   746   746 D vendor.sprd.hardware.vibrator-service: vibra_off
01-21 20:43:24.039  1146  1319 I InputReader: processEventsLocked: type=3 Count=3 code=57 value=-1 deviceId=4 when=28038575260000
01-21 20:43:24.039  1146  1319 D InputReader: syncTouch: pointerCount 1 -> 0, touching ids 0x80000000 -> 0x00000000, hovering ids 0x00000000 -> 0x00000000, canceled ids 0x00000000
01-21 20:43:24.039  1146  1319 D InputReader: dispatchTouches action UP now(ns): 28038575669175
01-21 20:43:24.039  1146  1319 D InputReader: notifyMotion call dispatcher
01-21 20:43:24.040  3481  3481 I ScreenTouchCollector: resetTouchPara
01-21 20:43:24.062  2813  2813 W TooltipLifecycleManager: TooltipLifecycleManager.dismissTooltips():153 Tooltip with id SUGGESTION_VIEW_EDU_MINI_DIALOG not found in tooltipManager.
01-21 20:43:24.073  2813  2813 I KeyboardModeUtils: KeyboardModeUtils.getKeyboardBottomOffset():435 inch: 0.000000 ydpi: 269.372986 adjustKeyboardBottomByDisplaySize: false currentDensityDpi: 320 defaultDensityDpi: 320 keyboardBottomToScreenPx: 0 keyboardBottomToNavBarPx: -96 navBarHeight: 96
01-21 20:43:24.073  2813  2813 I BaseKeyboardSizeHelper: BaseKeyboardSizeHelper.calculateMaxKeyboardBodyHeight():73 leave 194 height for app when ime window height:1436, header height:88 and isFullscreenMode:false, so the max keyboard body height is:1154
01-21 20:43:24.074  2813  2813 I BaseKeyboardSizeHelper: BaseKeyboardSizeHelper.calculateMaxKeyboardBodyHeight():73 leave 194 height for app when ime window height:1436, header height:88 and isFullscreenMode:false, so the max keyboard body height is:1154
01-21 20:43:24.075 18303 18303 D InputMethodManager: showSoftInput() view=f9.u{54b477e VFE...... .F...... 0,0-720,1612 #1 aid=1073741825} flags=0 reason=SHOW_SOFT_INPUT
01-21 20:43:24.075  1146  3074 D TranWindowManagerService: hookIMEVisibleChanged(), show:true
01-21 20:43:24.085 18303 18303 D InsetsController: show(ime(), fromIme=true)
01-21 20:43:24.087  2813  2813 I KeyboardModeUtils: KeyboardModeUtils.getKeyboardBottomOffset():435 inch: 0.000000 ydpi: 269.372986 adjustKeyboardBottomByDisplaySize: false currentDensityDpi: 320 defaultDensityDpi: 320 keyboardBottomToScreenPx: 0 keyboardBottomToNavBarPx: -96 navBarHeight: 96
01-21 20:43:24.088  2813  2813 I BaseKeyboardSizeHelper: BaseKeyboardSizeHelper.calculateMaxKeyboardBodyHeight():73 leave 194 height for app when ime window height:1436, header height:88 and isFullscreenMode:false, so the max keyboard body height is:1154
01-21 20:43:24.088  2813  2813 I BaseKeyboardSizeHelper: BaseKeyboardSizeHelper.calculateMaxKeyboardBodyHeight():73 leave 194 height for app when ime window height:1436, header height:88 and isFullscreenMode:false, so the max keyboard body height is:1154
01-21 20:43:24.421  1146  1319 D InputReader: syncTouch: pointerCount 0 -> 1, touching ids 0x00000000 -> 0x80000000, hovering ids 0x00000000 -> 0x00000000, canceled ids 0x00000000
01-21 20:43:24.422  1146  1319 D InputReader: dispatchTouches action DOWN now(ns): 28038958498905
01-21 20:43:24.422  1146  1319 D InputReader: notifyMotion call dispatcher
01-21 20:43:24.425  1516  1516 D EdgeBackGestureHandler: isWithinTouchRegion: false withinRange:false
01-21 20:43:24.437  1146  1319 D InputReader: syncTouch: pointerCount 1 -> 1, touching ids 0x80000000 -> 0x80000000, hovering ids 0x00000000 -> 0x00000000, canceled ids 0x00000000
01-21 20:43:24.437  1146  1319 D InputReader: dispatchTouches action MOVE now(ns): 28038974032982
01-21 20:43:24.437  1146  1319 D InputReader: notifyMotion call dispatcher
01-21 20:43:24.454  1146  1319 D InputReader: syncTouch: pointerCount 1 -> 1, touching ids 0x80000000 -> 0x80000000, hovering ids 0x00000000 -> 0x00000000, canceled ids 0x00000000
01-21 20:43:24.454  1146  1319 D InputReader: dispatchTouches action MOVE now(ns): 28038990614675
01-21 20:43:24.454  1146  1319 D InputReader: notifyMotion call dispatcher
01-21 20:43:24.470  1146  1319 D InputReader: syncTouch: pointerCount 1 -> 1, touching ids 0x80000000 -> 0x80000000, hovering ids 0x00000000 -> 0x00000000, canceled ids 0x00000000
01-21 20:43:24.471  1146  1319 D InputReader: dispatchTouches action MOVE now(ns): 28039007208367
01-21 20:43:24.471  1146  1319 D InputReader: notifyMotion call dispatcher
01-21 20:43:24.487  1146  1319 D InputReader: syncTouch: pointerCount 1 -> 1, touching ids 0x80000000 -> 0x80000000, hovering ids 0x00000000 -> 0x00000000, canceled ids 0x00000000
01-21 20:43:24.487  1146  1319 D InputReader: dispatchTouches action MOVE now(ns): 28039023831444
01-21 20:43:24.487  1146  1319 D InputReader: notifyMotion call dispatcher
01-21 20:43:24.504  1146  1319 I InputReader: processEventsLocked: type=3 Count=3 code=57 value=-1 deviceId=4 when=28039040168000
01-21 20:43:24.504  1146  1319 D InputReader: syncTouch: pointerCount 1 -> 0, touching ids 0x80000000 -> 0x00000000, hovering ids 0x00000000 -> 0x00000000, canceled ids 0x00000000
01-21 20:43:24.505  1146  1319 D InputReader: dispatchTouches action UP now(ns): 28039041261136
01-21 20:43:24.505  1146  1319 D InputReader: notifyMotion call dispatcher
01-21 20:43:24.506  3481  3481 I ScreenTouchCollector: resetTouchPara
01-21 20:43:24.508 18303 18372 I flutter : VIEWER_LOG: User entered username: 完全. Saving and connecting.
01-21 20:43:24.510  1146  3730 I input_debug: package: com.example.appbridgenew_example isPassWordInput: false inputType: 0 mMethodMap: true isKeyguardShowing: false enable: 0 isSplitScreen: false
01-21 20:43:24.511  1146  3730 D TranWindowManagerService: hookIMEVisibleChanged(), show:true
01-21 20:43:24.511  2813  2813 I GoogleInputMethodService: GoogleInputMethodService.onStartInput():1349 onStartInput(EditorInfo{EditorInfo{packageName=com.example.appbridgenew_example, inputType=0, inputTypeString=NULL, enableLearning=false, autoCorrection=false, autoComplete=false, imeOptions=0, privateImeOptions=null, actionName=UNSPECIFIED, actionLabel=null, initialSelStart=-1, initialSelEnd=-1, initialCapsMode=0, label=null, fieldId=1, fieldName=null, extras=null, hintText=null, hintLocales=[]}}, true)
01-21 20:43:24.511  2813  2813 W SessionManager: SessionManager.beginSession():53 Try to begin an already begun session [INPUT_SESSION], end it first
01-21 20:43:24.511  2813  2813 W SessionManager: SessionManager.endSession():96 Child session [INPUT_VIEW_SESSION] is not ended while ending session [{INPUT_VIEW_SESSION=1769003001968, IME_SESSION=1769003002000, INPUT_SESSION=1769003001962}], ending it now.
01-21 20:43:24.511  2813  2813 W SessionManager: SessionManager.endSession():96 Child session [IME_SESSION] is not ended while ending session [{INPUT_VIEW_SESSION=1769003001968, IME_SESSION=1769003002000, INPUT_SESSION=1769003001962}], ending it now.
01-21 20:43:24.512  2813  2813 I Module  : DeviceLockedStatusModuleProvider$Module.updateDeviceLockedStatus():103 repeatCheckTimes = 1, locked = false
01-21 20:43:24.513  2813  2813 I GoogleInputMethodService: GoogleInputMethodService.onStartInputView():1447 onStartInputView(EditorInfo{EditorInfo{packageName=com.example.appbridgenew_example, inputType=0, inputTypeString=NULL, enableLearning=false, autoCorrection=false, autoComplete=false, imeOptions=0, privateImeOptions=null, actionName=UNSPECIFIED, actionLabel=null, initialSelStart=-1, initialSelEnd=-1, initialCapsMode=0, label=null, fieldId=1, fieldName=null, extras=null, hintText=null, hintLocales=[]}}, true)
01-21 20:43:24.513  2813  2813 I AndroidIME: AbstractIme.onDeactivate():213 AsyncChineseProcessorBasedIme.onDeactivate()
01-21 20:43:24.514  2813  2813 W SessionManager: SessionManager.endSession():88 Try to end a not begun session [IME_SESSION].
01-21 20:43:24.514  2813  8364 I AndroidIME: AbstractIme.onDeactivate():213 ProcessorBasedIme.onDeactivate()
01-21 20:43:24.514  2813  2813 W ModuleManager: ModuleManager.loadModule():572 Module oaw is not available
01-21 20:43:24.514  2813  2813 I KeyboardHeightUtil: KeyboardHeightUtil.getOemKeyboardHeightRatio():81 systemKeyboardHeightRatio:1.000000.
01-21 20:43:24.516  1146  3074 D TranWindowManagerService: hookIMEVisibleChanged(), show:false
01-21 20:43:24.520  2813  2813 I InputContextChangeTracker: InputContextChangeTracker.fixLyingSelectionRangeFromSurroundingText():1678 fixLyingSelectionRangeFromSurroundingText(): [-1, -1]([-1, -1]) -> [0, 0]([0, 0])
01-21 20:43:24.521  2813  2813 I AndroidIME: InputBundleManager.loadActiveInputBundleId():528 loadActiveInputBundleId: und-Latn-x-password-ascii, password_ascii
01-21 20:43:24.521  2813  2813 I AndroidIME: AbstractIme.onActivate():95 PasswordIme.onActivate() : EditorInfo = EditorInfo{packageName=com.example.appbridgenew_example, inputType=0, inputTypeString=NULL, enableLearning=false, autoCorrection=false, autoComplete=false, imeOptions=0, privateImeOptions=null, actionName=UNSPECIFIED, actionLabel=null, initialSelStart=-1, initialSelEnd=-1, initialCapsMode=0, label=null, fieldId=1, fieldName=null, extras=null, hintText=null, hintLocales=[]}, IncognitoMode = false, DeviceLocked = false
01-21 20:43:24.521  2813  2813 I KeyboardWrapper: KeyboardWrapper.activateKeyboard():582 activateKeyboard(): type=prime, status=INACTIVE, imeDef=nch{stringId=password_ascii, language=und-Latn-x-password-ascii, languageTag=und-Latn-x-password-ascii, processedConditions={true=true, enable_number_row=true, show_suggestion_strip=true, device=phone, enable_number_row_in_password=true, enable_pk_simulator=false}, className=com.google.android.libraries.inputmethod.ime.password.PasswordIme, label=2132019326, keyEventInterpreter=null, inlineComposing=true, autoCapital=true, announceAutoSelectedCandidate=true, statusIcon=0, indicatorIcon=0, indicatorLabel=null, displayAppCompletions=false, extraValues=nca{}, processors=nea@13e1f71, unacceptableMetaKeys=4098, languageSpecificSettings=0, asciiCapable=false, alwaysShowSuggestions=false, useAsciiPasswordKeyboard=false, keyboardGroupDef=ndj@90a5cbe, phenotypeFlagId=0, localizationLanguageTag=null, supportsInlineSuggestion=false}
01-21 20:43:24.521  2813  2813 I KeyboardManager: KeyboardManager.requestKeyboard():249 Creating keyboard prime, imeId=password_ascii, cacheKey=theme,!gsf,!pgsans,!pgsf,!use_system_font,BORDER,EXPRESSION_PAPERCUTS_V2,FLAVOR_DPI=XHDPI,IS_LIGHT,KEYBOARD_WIDTH_CATEGORY=NORMAL,KEY_BORDER_SHAPE=1,LIGHT_THEME=true,PHYSICAL_DIAGONAL=5.2898636,POPUP,SCREEN_SHORTEST_WIDTH=360,SCREEN_SHORTEST_WIDTH_NO_SCALE=360,XHDPI,bottom4dp,enable_popup_on_keypress=true,keyboard_redesign_google_sans=true,non_linear_scale,noshadow,overlay_builtin_dynamic_color_light_base.binarypb:gm3-light-fff6faff-ff236488-71806b91f64670a4c1045f9698b99510,silkpopup,use_expression_papercuts_v2_colors=true
01-21 20:43:24.522  2813  2813 I KeyboardWrapper: KeyboardWrapper.onKeyboardReady():224 onKeyboardReady(): type=prime(prime), kb=com.google.android.apps.inputmethod.latin.keyboard.LatinPasswordKeyboard@3fa0b5a
01-21 20:43:24.523  2813  2813 I KeyboardWrapper: KeyboardWrapper.doActivateKeyboard():612 doActivateKeyboard(): prime
01-21 20:43:24.528 18303 18372 I flutter : VIEWER_LOG: 📡 连接到信令服务器: wss://live-test-stai.onrender.com
01-21 20:43:24.529 18303 18372 I flutter : VIEWER_LOG: ✅ WebSocket 连接尝试已发起。
01-21 20:43:24.529 18303 18372 I flutter : Appbridgenew: emitEvent called - event: live.ready, isNovelReaderActive: false
01-21 20:43:24.530 18303 18372 I flutter : VIEWER_LOG: ⬆️ 已发送消息: register
01-21 20:43:24.530 18303 18372 I flutter : VIEWER_LOG: 👋 live.audience.register → 正在注册为观众"完全" (ID: a8f9596b)
01-21 20:43:24.530 18303 18372 I flutter : Appbridgenew: emitEvent called - event: live.audience.join, isNovelReaderActive: false
01-21 20:43:24.530 18303 18372 I flutter : VIEWER_LOG: ⬆️ 已发送消息: request-ice-servers
01-21 20:43:24.530 18303 18372 I flutter : VIEWER_LOG: ⏳ 已发送注册和ICE服务器请求。
01-21 20:43:24.531  2813  2813 I BaseKeyboardSizeHelper: BaseKeyboardSizeHelper.calculateMaxKeyboardBodyHeight():73 leave 194 height for app when ime window height:1436, header height:88 and isFullscreenMode:false, so the max keyboard body height is:1154
01-21 20:43:24.531  2813  2813 W TooltipLifecycleManager: TooltipLifecycleManager.dismissTooltips():153 Tooltip with id undo_access_point_promotion_banner not found in tooltipManager.
01-21 20:43:24.534   759   759 D SurfaceFlinger: unisoc-graphics, commit has frameMissed:2, vysncId:8716826
01-21 20:43:24.536  2813  2813 I KeyboardModeUtils: KeyboardModeUtils.getKeyboardBottomOffset():435 inch: 0.000000 ydpi: 269.372986 adjustKeyboardBottomByDisplaySize: false currentDensityDpi: 320 defaultDensityDpi: 320 keyboardBottomToScreenPx: 0 keyboardBottomToNavBarPx: -96 navBarHeight: 96
01-21 20:43:24.536  2813  2813 I BaseKeyboardSizeHelper: BaseKeyboardSizeHelper.calculateMaxKeyboardBodyHeight():73 leave 194 height for app when ime window height:1436, header height:88 and isFullscreenMode:false, so the max keyboard body height is:1154
01-21 20:43:24.536  2813  2813 I BaseKeyboardSizeHelper: BaseKeyboardSizeHelper.calculateMaxKeyboardBodyHeight():73 leave 194 height for app when ime window height:1436, header height:88 and isFullscreenMode:false, so the max keyboard body height is:1154
01-21 20:43:24.537  2813  2813 I BaseKeyboardSizeHelper: BaseKeyboardSizeHelper.calculateMaxKeyboardBodyHeight():73 leave 194 height for app when ime window height:1436, header height:88 and isFullscreenMode:false, so the max keyboard body height is:1154
01-21 20:43:24.537  2813  2813 I BaseKeyboardSizeHelper: BaseKeyboardSizeHelper.calculateMaxKeyboardBodyHeight():73 leave 194 height for app when ime window height:1436, header height:88 and isFullscreenMode:false, so the max keyboard body height is:1154
01-21 20:43:24.538  2813  2813 I GlobeKeyExtension: GlobeKeyExtension.getKeyboardInitialStates():175 
01-21 20:43:24.538  2813  2813 W Keyboard: Keyboard.getKeyboardViewHelper():604 null helper is returned: keyboardDef=ndb{processedConditions={layout_9key_split=false, enable_secondary_symbols=false, variant=qwerty, pref_enable_flick_symbols=false, language=en, deprecate_long_press_space_for_ime_picker=false, enable_number_row=true, device=phone, expressions=normal, keyboard_mode=normal, enable_pk_simulator=false}, globalConditions={global_theme_key=theme,!gsf,!pgsans,!pgsf,!use_system_font,BORDER,EXPRESSION_PAPERCUTS_V2,FLAVOR_DPI=XHDPI,IS_LIGHT,KEYBOARD_WIDTH_CATEGORY=NORMAL,KEY_BORDER_SHAPE=1,LIGHT_THEME=true,PHYSICAL_DIAGONAL=5.2898636,POPUP,SCREEN_SHORTEST_WIDTH=360,SCREEN_SHORTEST_WIDTH_NO_SCALE=360,XHDPI,bottom4dp,enable_popup_on_keypress=true,keyboard_redesign_google_sans=true,non_linear_scale,noshadow,overlay_builtin_dynamic_color_light_base.binarypb:gm3-light-fff6faff-ff236488-71806b91f64670a4c1045f9698b99510,silkpopup,use_expression_papercuts_v2_colors=true, global_locale=zh_CN, global_density_dpi=320, global_orientation=1}, className=.latin.keyboard.LatinPasswordKeyboard, resourceIds=[#0x7f1705ff, #0x7f17088c, #0x7f170882], initialStates=0, keyboardViewDefs=[ndr{direction=null, id=#0x7f0b0227, isScalable=true, layoutId=#0x7f0e02b2, type=BODY, touchable=true, defaultShow=true}, ndr{direction=LOCALE, id=#0x7f0b0227, isScalable=false, layoutId=#0x7f0e0514, type=HEADER, touchable=true, defaultShow=true}], persistentStates=0, persistentStatesPrefKey=null, popupBubbleLayoutId=#0x7f0e0602, recentKeyLayoutId=#0x0, recentKeyPopupLayoutId=#0x0, recentKeyType=null, rememberRecentKey=NONE, sessionStates=0}, type=FLOATING_CANDIDATES, helpersCreated={HEADER=mpl@cf8a673, BODY=mpl@8881930}, context.getResources().getConfiguration(): {1.0 456mcc6mnc [zh_CN] ldltr sw360dp w360dp h766dp 320dpi nrml long port finger -keyb/v/h -nav/h winConfig={ mBounds=Rect(0, 0 - 720, 1612) mAppBounds=Rect(0, 80 - 720, 1612) mMaxBounds=Rect(0, 0 - 720, 1612) mDisplayRotation=ROTATION_0 mWindowingMode=fullscreen mDisplayWindowingMode=fullscreen mActivityType=undefined mAlwaysOnTop=undefined mRotation=ROTATION_0} s.17 fontWeightAdjustment=0}
01-21 20:43:24.539  2813  2813 W Keyboard: Keyboard.getKeyboardViewHelper():604 null helper is returned: keyboardDef=ndb{processedConditions={layout_9key_split=false, enable_secondary_symbols=false, variant=qwerty, pref_enable_flick_symbols=false, language=en, deprecate_long_press_space_for_ime_picker=false, enable_number_row=true, device=phone, expressions=normal, keyboard_mode=normal, enable_pk_simulator=false}, globalConditions={global_theme_key=theme,!gsf,!pgsans,!pgsf,!use_system_font,BORDER,EXPRESSION_PAPERCUTS_V2,FLAVOR_DPI=XHDPI,IS_LIGHT,KEYBOARD_WIDTH_CATEGORY=NORMAL,KEY_BORDER_SHAPE=1,LIGHT_THEME=true,PHYSICAL_DIAGONAL=5.2898636,POPUP,SCREEN_SHORTEST_WIDTH=360,SCREEN_SHORTEST_WIDTH_NO_SCALE=360,XHDPI,bottom4dp,enable_popup_on_keypress=true,keyboard_redesign_google_sans=true,non_linear_scale,noshadow,overlay_builtin_dynamic_color_light_base.binarypb:gm3-light-fff6faff-ff236488-71806b91f64670a4c1045f9698b99510,silkpopup,use_expression_papercuts_v2_colors=true, global_locale=zh_CN, global_density_dpi=320, global_orientation=1}, className=.latin.keyboard.LatinPasswordKeyboard, resourceIds=[#0x7f1705ff, #0x7f17088c, #0x7f170882], initialStates=0, keyboardViewDefs=[ndr{direction=null, id=#0x7f0b0227, isScalable=true, layoutId=#0x7f0e02b2, type=BODY, touchable=true, defaultShow=true}, ndr{direction=LOCALE, id=#0x7f0b0227, isScalable=false, layoutId=#0x7f0e0514, type=HEADER, touchable=true, defaultShow=true}], persistentStates=0, persistentStatesPrefKey=null, popupBubbleLayoutId=#0x7f0e0602, recentKeyLayoutId=#0x0, recentKeyPopupLayoutId=#0x0, recentKeyType=null, rememberRecentKey=NONE, sessionStates=0}, type=WIDGET, helpersCreated={HEADER=mpl@cf8a673, BODY=mpl@8881930}, context.getResources().getConfiguration(): {1.0 456mcc6mnc [zh_CN] ldltr sw360dp w360dp h766dp 320dpi nrml long port finger -keyb/v/h -nav/h winConfig={ mBounds=Rect(0, 0 - 720, 1612) mAppBounds=Rect(0, 80 - 720, 1612) mMaxBounds=Rect(0, 0 - 720, 1612) mDisplayRotation=ROTATION_0 mWindowingMode=fullscreen mDisplayWindowingMode=fullscreen mActivityType=undefined mAlwaysOnTop=undefined mRotation=ROTATION_0} s.17 fontWeightAdjustment=0}
01-21 20:43:24.539  2813  2813 I BaseKeyboardSizeHelper: BaseKeyboardSizeHelper.calculateMaxKeyboardBodyHeight():73 leave 194 height for app when ime window height:1436, header height:88 and isFullscreenMode:false, so the max keyboard body height is:1154
01-21 20:43:24.542  2813  2813 I AndroidIME: InputBundleManager.startInput():358 startInput() with ndn[keyboardType=prime, payload=null]
01-21 20:43:24.542  2813  2813 I GlobeKeyExtension: GlobeKeyExtension.onDeactivate():144 
01-21 20:43:24.542  2813  2813 W TooltipLifecycleManager: TooltipLifecycleManager.dismissTooltips():153 Tooltip with id SUGGESTION_VIEW_EDU_MINI_DIALOG not found in tooltipManager.
01-21 20:43:24.543  2813  2813 I VoiceInputManagerWrapper: VoiceInputManagerWrapper.shutdown():131 shutdown()
01-21 20:43:24.544  2813  2813 I GlobeKeyExtension: GlobeKeyExtension.onActivate():120 
01-21 20:43:24.544  2813  2813 I NewLanguagePromptExtension: NewLanguagePromptExtension.onActivate():189 Not activated NewLanguagePromptExtension: not a normal text input box.
01-21 20:43:24.545  2813  2813 I HardKeyTracker: HardKeyTracker.unregisterKeySequence():221 Unregister key sequence nys{labelResId=2132020505, callback=ctw@c1be1fc, lastModifier=2, keyCodes=[56], actions=[0]}
01-21 20:43:24.545  2813  2813 I HardKeyTracker: HardKeyTracker.registerKeySequence():170 Register key sequence nys{labelResId=2132020505, callback=ctw@4e72c33, lastModifier=2, keyCodes=[56], actions=[0]}
01-21 20:43:24.545  2813  2813 I VoiceInputManagerWrapper: VoiceInputManagerWrapper.cancelShutdown():109 cancelShutdown()
01-21 20:43:24.545  2813  2813 I VoiceInputManagerWrapper: VoiceInputManagerWrapper.syncLanguagePacks():121 syncLanguagePacks()
01-21 20:43:24.545  2813  2813 I VoiceInputManager: VoiceInputManager.onKeyboardActivated():1213 onKeyboardActivated() [UD]
01-21 20:43:24.546  2813  2813 I PkModeUpdater: PkModeUpdater.onActivate():74 onActivate false true
01-21 20:43:24.546  2813  2813 I AccessoryInputModeManager: AccessoryInputModeManager.onModeStarted():321 Accessory input mode started: null
01-21 20:43:24.546  2813 13715 I SpeechFactory: SpeechRecognitionFactory.maybeScheduleAutoPackDownloadForFallback():217 maybeScheduleAutoPackDownloadForFallback()
01-21 20:43:24.546  2813  2813 W SupplementaryKeyboardsWrapper: SupplementaryKeyboardsWrapper.deactivateKeyboard():162 keyboard accessory_candidates_consumer is not activated before!
01-21 20:43:24.546  2813 13715 I FallbackOnDeviceRecognitionProvider: FallbackOnDeviceRecognitionProvider.maybeScheduleAutoPackDownload():205 maybeScheduleAutoPackDownload() for language tag zh-CN
01-21 20:43:24.549  2813  2813 I KeyboardModeUtils: KeyboardModeUtils.getKeyboardBottomOffset():435 inch: 0.000000 ydpi: 269.372986 adjustKeyboardBottomByDisplaySize: false currentDensityDpi: 320 defaultDensityDpi: 320 keyboardBottomToScreenPx: 0 keyboardBottomToNavBarPx: -96 navBarHeight: 96
01-21 20:43:24.549  2813  2813 I BaseKeyboardSizeHelper: BaseKeyboardSizeHelper.calculateMaxKeyboardBodyHeight():73 leave 194 height for app when ime window height:1436, header height:88 and isFullscreenMode:false, so the max keyboard body height is:1154
01-21 20:43:24.550  2813  2813 I BaseKeyboardSizeHelper: BaseKeyboardSizeHelper.calculateMaxKeyboardBodyHeight():73 leave 194 height for app when ime window height:1436, header height:88 and isFullscreenMode:false, so the max keyboard body height is:1154
01-21 20:43:24.550  2813  2813 I BaseKeyboardSizeHelper: BaseKeyboardSizeHelper.calculateMaxKeyboardBodyHeight():73 leave 194 height for app when ime window height:1436, header height:88 and isFullscreenMode:false, so the max keyboard body height is:1154
01-21 20:43:24.550  2813  2813 I BaseKeyboardSizeHelper: BaseKeyboardSizeHelper.calculateMaxKeyboardBodyHeight():73 leave 194 height for app when ime window height:1436, header height:88 and isFullscreenMode:false, so the max keyboard body height is:1154
01-21 20:43:24.550  2813  2813 W NormalModeController: NormalModeController.adjustKeyboardBodyHeightRatio():214 Invalid height ratio from decoder -1.000000!
01-21 20:43:24.550  2813  2813 W ExtensionWrapper: ExtensionWrapper.setExtensionViewVisibility():863 interface msq is not activate
01-21 20:43:24.552  2813  2813 I Module  : DeviceLockedStatusModuleProvider$Module.updateDeviceLockedStatus():103 repeatCheckTimes = 1, locked = false
01-21 20:43:24.552  2813  2813 I HardKeyTracker: HardKeyTracker.unregisterKeySequence():221 Unregister key sequence nys{labelResId=2132020505, callback=ctw@155b448, lastModifier=2, keyCodes=[56], actions=[0]}
01-21 20:43:24.552  2813  2813 I HardKeyTracker: HardKeyTracker.registerKeySequence():170 Register key sequence nys{labelResId=2132020505, callback=ctw@7d2dbee, lastModifier=2, keyCodes=[56], actions=[0]}
01-21 20:43:24.554  2813  2813 I VoiceImeExtension: VoiceImeExtension.shouldStartVoiceInputAutomaticallyInCurrentInputBox():384 No private IME option set to start voice input.
01-21 20:43:24.557  2813  2813 I GoogleInputMethodService: GoogleInputMethodService.onFinishInputView():1577 onFinishInputView(false)
01-21 20:43:24.557  2813  2813 I GlobeKeyExtension: GlobeKeyExtension.onDeactivate():144 
01-21 20:43:24.557  2813  2813 W TooltipLifecycleManager: TooltipLifecycleManager.dismissTooltips():153 Tooltip with id SUGGESTION_VIEW_EDU_MINI_DIALOG not found in tooltipManager.
01-21 20:43:24.558  2813  2813 I VoiceInputManagerWrapper: VoiceInputManagerWrapper.shutdown():131 shutdown()
01-21 20:43:24.558  2813  2813 I AndroidIME: AbstractIme.onDeactivate():213 PasswordIme.onDeactivate()
01-21 20:43:24.559 18303 18303 D InsetsController: show(ime(), fromIme=true)
01-21 20:43:24.560  2813  2813 I PrimesLoggerHolder: FrameMetricServiceImpl.stopAsFuture():239 Measurement not found: OnConfigurationChanged
01-21 20:43:24.564  1516  1579 D TranThreePointMenuWindow: [ThreePointMenuMiddle] hideByStatusBar => false
01-21 20:43:24.576  1516  1579 D TranThreePointMenuWindow: [ThreePointMenuMiddle] hideByStatusBar => false
01-21 20:43:24.582  1146  1146 D GameModeHelperService: onImeWindowVisibleChanged false
01-21 20:43:24.581  1146  1146 W binder:1146_A: type=1400 audit(0.0:35972): avc: denied { read } for name="u:object_r:vendor_default_prop:s0" dev="tmpfs" ino=19796 scontext=u:r:system_server:s0 tcontext=u:object_r:vendor_default_prop:s0 tclass=file permissive=0
01-21 20:43:24.585  1146  1857 W libc    : Access denied finding property "persist.vendor.dbg.disable.art"
01-21 20:43:24.594  2813  2813 D VRI[InputMethod]: performTraversals relayoutWindow: maybeSyncSeqId=-1 ,mSyncSeqId=0 ,relayoutResult=1
01-21 20:43:24.597  2813  2813 I KeyboardModeUtils: KeyboardModeUtils.getKeyboardBottomOffset():435 inch: 0.000000 ydpi: 269.372986 adjustKeyboardBottomByDisplaySize: false currentDensityDpi: 320 defaultDensityDpi: 320 keyboardBottomToScreenPx: 0 keyboardBottomToNavBarPx: -96 navBarHeight: 96
01-21 20:43:24.597  2813  2813 I BaseKeyboardSizeHelper: BaseKeyboardSizeHelper.calculateMaxKeyboardBodyHeight():73 leave 194 height for app when ime window height:1436, header height:88 and isFullscreenMode:false, so the max keyboard body height is:1154
01-21 20:43:24.597  2813  2813 I BaseKeyboardSizeHelper: BaseKeyboardSizeHelper.calculateMaxKeyboardBodyHeight():73 leave 194 height for app when ime window height:1436, header height:88 and isFullscreenMode:false, so the max keyboard body height is:1154
01-21 20:43:24.597  2813  2813 I WindowMetricsNotification: WindowMetricsNotification.notifyWithWindow():166 
01-21 20:43:24.597  2813  2813 I WindowMetricsNotification: WindowMetricsNotification.notify():159 pze[bounds=Rect(0, 80 - 720, 1612), insets=Rect(0, 0 - 0, 96), densityDpi=320, smallestScreenWidthDp=360, displayWidth=720, displayHeight=1612, xdpi=268.941, ydpi=269.373, isTrustable=true, displayId=0]; DisplayMetrics{density=2.0, width=720, height=1612, scaledDensity=2.0, xdpi=268.941, ydpi=269.373}
01-21 20:43:24.606  1146  1857 D CompatibilityChangeReporter: Compat change id reported: 161145287; UID 10318; state: DISABLED
01-21 20:43:24.610 18303 18676 E FilePhenotypeFlags: Config package com.google.android.gms.clearcut_client#com.example.appbridgenew_example cannot use FILE backing without declarative registration. See go/phenotype-android-integration#phenotype for more information. This will lead to stale flags.
01-21 20:43:24.610  1516  1579 D TranThreePointMenuWindow: [ThreePointMenuMiddle] hideByStatusBar => false
01-21 20:43:24.621  1146  3074 D WindowManager: finishDrawing: syncSeqId=0, postDrawTransaction=android.view.SurfaceControl$Transaction@e7b049, mSyncState=0, mDrawState=4, hasSyncHandlers=false, mClientWasDrawingForSync=false, win=Window{ba90d14 u0 InputMethod}-[Surface(name=*Title#6126)/@0xc7cbb3e]
01-21 20:43:24.621  1146  3074 D WindowManager: finishDrawingLocked: mDrawState=4 ,mLastHidden=false ,mShownAlpha=1.0 ,mLastAlpha=1.0 ,postDrawTransaction=android.view.SurfaceControl$Transaction@e7b049 ,mWin=Window{ba90d14 u0 InputMethod}-[Surface(name=*Title#6126)/@0xc7cbb3e]
01-21 20:43:24.621  1146  3074 D WindowManager: finishDrawingLocked: syncTransaction=android.view.SurfaceControl$Transaction@3723c3f ,mSyncTransaction=android.view.SurfaceControl$Transaction@8507606 ,mWin=Window{ba90d14 u0 InputMethod}-[Surface(name=*Title#6126)/@0xc7cbb3e]
01-21 20:43:24.622  2813  2813 I GoogleInputMethodService: GoogleInputMethodService$1.onKeyboardViewShown():323 onKeyboardViewShown: keyboardType=prime, keyboardViewType=HEADER keyboardView=com.google.android.libraries.inputmethod.widgets.SoftKeyboardView{5c925a1 V.E...... ........ 0,0-720,88}
01-21 20:43:24.623  2813  2813 I BaseKeyboardSizeHelper: BaseKeyboardSizeHelper.calculateMaxKeyboardBodyHeight():73 leave 194 height for app when ime window height:1436, header height:88 and isFullscreenMode:false, so the max keyboard body height is:1154
01-21 20:43:24.627  2813  2813 I GoogleInputMethodService: GoogleInputMethodService$1.onKeyboardViewShown():323 onKeyboardViewShown: keyboardType=prime, keyboardViewType=BODY keyboardView=com.google.android.libraries.inputmethod.widgets.SoftKeyboardView{4a3ec8 V.E...... ........ 0,0-720,504}
01-21 20:43:24.627  2813  2813 I BaseKeyboardSizeHelper: BaseKeyboardSizeHelper.calculateMaxKeyboardBodyHeight():73 leave 194 height for app when ime window height:1436, header height:88 and isFullscreenMode:false, so the max keyboard body height is:1154
01-21 20:43:24.627  2813  2813 I GlobeKeyExtension: GlobeKeyExtension$1.onKeyboardViewShown():72 maybeDisableLanguageSwitchKeyPref when the keyboard is shown
01-21 20:43:24.628  2813  2813 I GlobeKeyExtension: GlobeKeyExtension.maybeDisableLanguageSwitchKeyPref():200 maybeDisableLanguageSwitchKeyPref hasGlobeKeyBeenDisabled: false, shouldDisableLanguageSwitchKey: false
01-21 20:43:24.628  2813  2813 I NewLanguagePromptExtension: NewLanguagePromptExtension$1.onKeyboardViewShown():88 Not show new language banner: not prime keyboard, or the extension not activated.
01-21 20:43:24.631  2813  2813 I KeyboardModeUtils: KeyboardModeUtils.getKeyboardBottomOffset():435 inch: 0.000000 ydpi: 269.372986 adjustKeyboardBottomByDisplaySize: false currentDensityDpi: 320 defaultDensityDpi: 320 keyboardBottomToScreenPx: 0 keyboardBottomToNavBarPx: -96 navBarHeight: 96
01-21 20:43:24.631  2813  2813 I BaseKeyboardSizeHelper: BaseKeyboardSizeHelper.calculateMaxKeyboardBodyHeight():73 leave 194 height for app when ime window height:1436, header height:88 and isFullscreenMode:false, so the max keyboard body height is:1154
01-21 20:43:24.635   759   759 I Layer   : fillInputInfo layer:InputMethod#6126, visible=0 (hasInputInfo:1, isHidden:1, alpha:0.000000, mActiveBuffer:2), parent:ba90d14 InputMethod#106, parenthidden:1
01-21 20:43:24.635   706   769 I mali_gralloc: unregister: id=0x2c100001c68, base=0x0, importpid=706
01-21 20:43:24.636   706   769 I mali_gralloc: unregister: id=0x2c100001c69, base=0x0, importpid=706
01-21 20:43:24.636   706   769 I mali_gralloc: unregister: id=0x2c100001c6b, base=0x0, importpid=706
01-21 20:43:24.636   706   769 I mali_gralloc: unregister: id=0x2c100001c6a, base=0x0, importpid=706
01-21 20:43:24.637  2813  2813 I BaseKeyboardSizeHelper: BaseKeyboardSizeHelper.calculateMaxKeyboardBodyHeight():73 leave 194 height for app when ime window height:1436, header height:88 and isFullscreenMode:false, so the max keyboard body height is:1154
01-21 20:43:24.662 18303 18347 E FrameEvents: updateAcquireFence: Did not find frame.
01-21 20:43:24.673 18303 18676 E FilePhenotypeFlags: Config package com.google.android.gms.clearcut_client#com.example.appbridgenew_example cannot use FILE backing without declarative registration. See go/phenotype-android-integration#phenotype for more information. This will lead to stale flags.
01-21 20:43:24.674 18303 18676 E FilePhenotypeFlags: Config package com.google.android.gms.clearcut_client#com.example.appbridgenew_example cannot use FILE backing without declarative registration. See go/phenotype-android-integration#phenotype for more information. This will lead to stale flags.
01-21 20:43:24.679 18303 18347 E FrameEvents: updateAcquireFence: Did not find frame.
01-21 20:43:24.684   759   759 I Layer   : fillInputInfo layer:InputMethod#6126, visible=1 (hasInputInfo:1, isHidden:0, alpha:1.000000, mActiveBuffer:2), parent:ba90d14 InputMethod#106, parenthidden:0
01-21 20:43:24.686   706   769 I mali_gralloc: register: id=0x2c100001c69, importpid=759
01-21 20:43:24.698 18303 18347 E FrameEvents: updateAcquireFence: Did not find frame.
01-21 20:43:24.702   706   769 I mali_gralloc: register: id=0x2c100001c68, importpid=759
01-21 20:43:24.718   706   769 I mali_gralloc: register: id=0x2c100001c6a, importpid=759
01-21 20:43:24.732 18303 18347 E FrameEvents: updateAcquireFence: Did not find frame.
01-21 20:43:24.735   706   769 I mali_gralloc: register: id=0x2c100001c6b, importpid=759
01-21 20:43:24.781 18303 18347 E FrameEvents: updateAcquireFence: Did not find frame.
01-21 20:43:24.809 18303 18347 E FrameEvents: updateAcquireFence: Did not find frame.
01-21 20:43:24.831 18303 18347 E FrameEvents: updateAcquireFence: Did not find frame.
01-21 20:43:24.851 18303 18347 E FrameEvents: updateAcquireFence: Did not find frame.
01-21 20:43:24.868 18303 18347 E FrameEvents: updateAcquireFence: Did not find frame.
01-21 20:43:24.911 18303 18347 E FrameEvents: updateAcquireFence: Did not find frame.
01-21 20:43:24.918  1146  1857 D TranWindowManagerService: hookIMEVisibleChanged(), show:false
01-21 20:43:24.937 18303 18347 E FrameEvents: updateAcquireFence: Did not find frame.
01-21 20:43:24.950   759   759 I Layer   : fillInputInfo layer:InputMethod#6126, visible=0 (hasInputInfo:1, isHidden:1, alpha:1.000000, mActiveBuffer:2), parent:ba90d14 InputMethod#106, parenthidden:1
01-21 20:43:24.952   706   769 I mali_gralloc: unregister: id=0x2c100001c68, base=0x0, importpid=706
01-21 20:43:24.952   706   769 I mali_gralloc: unregister: id=0x2c100001c69, base=0x0, importpid=706
01-21 20:43:24.952   706   769 I mali_gralloc: unregister: id=0x2c100001c6b, base=0x0, importpid=706
01-21 20:43:24.952   706   769 I mali_gralloc: unregister: id=0x2c100001c6a, base=0x0, importpid=706
01-21 20:43:24.958 18303 18347 E FrameEvents: updateAcquireFence: Did not find frame.
01-21 20:43:24.976 18303 18347 E FrameEvents: updateAcquireFence: Did not find frame.
01-21 20:43:24.992 18303 18347 E FrameEvents: updateAcquireFence: Did not find frame.
01-21 20:43:25.008 18303 18347 E FrameEvents: updateAcquireFence: Did not find frame.
01-21 20:43:25.432  2813  2813 W TooltipLifecycleManager: TooltipLifecycleManager.dismissTooltips():153 Tooltip with id undo_access_point_promotion_banner not found in tooltipManager.
01-21 20:43:25.436  2813  3795 I mali_gralloc: unregister: id=0x2c100001c68, base=0x0, importpid=2813
01-21 20:43:25.437  2813  3795 I mali_gralloc: unregister: id=0x2c100001c6a, base=0x0, importpid=2813
01-21 20:43:25.437  1146  1146 W binder:1146_1C: type=1400 audit(0.0:35973): avc: denied { read } for name="u:object_r:vendor_default_prop:s0" dev="tmpfs" ino=19796 scontext=u:r:system_server:s0 tcontext=u:object_r:vendor_default_prop:s0 tclass=file permissive=0
01-21 20:43:25.441  1146  3413 W libc    : Access denied finding property "persist.vendor.dbg.disable.art"
01-21 20:43:25.445  1516  1579 D TranThreePointMenuWindow: [ThreePointMenuMiddle] hideByStatusBar => false
01-21 20:43:25.449   759   806 I mali_gralloc: unregister: id=0x2c100001c68, base=0x0, importpid=759
01-21 20:43:25.450  2813  2813 D VRI[InputMethod]: performTraversals relayoutWindow: maybeSyncSeqId=-1 ,mSyncSeqId=0 ,relayoutResult=2
01-21 20:43:25.452  2813  2813 I mali_gralloc: unregister: id=0x2c100001c69, base=0x0, importpid=2813
01-21 20:43:25.453  2813  2813 I mali_gralloc: unregister: id=0x2c100001c6b, base=0x0, importpid=2813
01-21 20:43:25.454  2813  2813 I KeyboardModeUtils: KeyboardModeUtils.getKeyboardBottomOffset():435 inch: 0.000000 ydpi: 269.372986 adjustKeyboardBottomByDisplaySize: false currentDensityDpi: 320 defaultDensityDpi: 320 keyboardBottomToScreenPx: 0 keyboardBottomToNavBarPx: -96 navBarHeight: 96
01-21 20:43:25.454  2813  2813 I BaseKeyboardSizeHelper: BaseKeyboardSizeHelper.calculateMaxKeyboardBodyHeight():73 leave 194 height for app when ime window height:1436, header height:88 and isFullscreenMode:false, so the max keyboard body height is:1154
01-21 20:43:25.454  2813  2813 I BaseKeyboardSizeHelper: BaseKeyboardSizeHelper.calculateMaxKeyboardBodyHeight():73 leave 194 height for app when ime window height:1436, header height:88 and isFullscreenMode:false, so the max keyboard body height is:1154
01-21 20:43:25.458  1516  1579 D TranThreePointMenuWindow: [ThreePointMenuMiddle] hideByStatusBar => false
01-21 20:43:25.465   759   806 I mali_gralloc: unregister: id=0x2c100001c6a, base=0x0, importpid=759
01-21 20:43:25.465   759   806 I mali_gralloc: unregister: id=0x2c100001c6b, base=0x0, importpid=759
01-21 20:43:25.470   759   806 I mali_gralloc: unregister: id=0x2c100001c69, base=0x0, importpid=759
01-21 20:43:25.519  1146  1222 D AppOps  : PNForegroundeval-evalMode-op:27 ,mode: 4 ,capability: 0
01-21 20:43:25.519  2862  2874 I dxli    : (REDACTED) appOpsListener %s %s
01-21 20:43:25.519  2862  2874 I dxli    : (REDACTED) Ignoring irrelevant audio permission changes for package %s
01-21 20:43:25.663 18303 18372 I flutter : VIEWER_LOG: 📩 收到原始信令消息: {"type":"registered","payload":{"userId":"a8f9596b-1611-4d66-bd70-544c56e59b3c","iceServers":[{"urls":"turn:free.expressturn.com:3478","username":"000000002083731046","credential":"TdVAt2sxiCAHykqamrJw3NtQkUw="},{"urls":"turn:free.expressturn.com:3478","username":"000000002083647736","credential":"4rrveXxVAGyhGl7lorJasxF1aZ4="},{"urls":"stun:stun.l.google.com:19302"}]}}
01-21 20:43:25.663 18303 18372 I flutter : VIEWER_LOG: 📩 收到信令消息: registered
01-21 20:43:25.664 18303 18372 I flutter : VIEWER_LOG: ✍️  用户注册成功。
01-21 20:43:25.664 18303 18372 I flutter : Appbridgenew: emitEvent called - event: live.audience.join, isNovelReaderActive: false
