01-21 20:43:40.295   708 18764 V C2UnisocVp8Dec: fetchGraphicBlock, stride: 640, sliceHeight: 368, mDecoderSwFlag: 0
01-21 20:43:40.297   708 18763 V C2UnisocVp8Dec: VSP_bind_cb, phyAddr: 0x20277000, pOutBlockInfo: 0xf27cea10, pBufCtrl: 0xf27ce410; iRefCount=0
01-21 20:43:40.297   708 18763 V C2UnisocVp8Dec: VSP_unbind_cb, phyAddr: 0x203d3000, pOutBlockInfo: 0xf27cd570, pBufCtrl: 0xf27d0ff0; iRefCount=1
01-21 20:43:40.297   708 18763 I C2UnisocVp8Dec: process, decRet: 0, 1ms, dec_out.frameEffective: 1, has_pic: 1, picId: 256, consume byte: 377
01-21 20:43:40.297   708 18763 I C2UnisocVp8Dec: drainOneOutputBuffer, pBufCtrl: 0xf27ce410, pBufCtrl->phyAddr: 0x20277000, frameIndex: 256
01-21 20:43:40.297   708 18764 D C2UnisocVideoDecoderComponent: fetch one queue free block:0xf27d13e0,iRefCount:0
01-21 20:43:40.297   708 18763 V SimpleUnisocC2Component: processed frame #256
01-21 20:43:40.297   708 18763 V SimpleUnisocC2Component: returning this work, frameIndex: 256
01-21 20:43:40.298 18303 18762 I mali_gralloc: register: id=0x2c100001c7a, importpid=708
01-21 20:43:40.298 18303 18762 I mali_gralloc: unregister: id=0x2c100001c7a, base=0x0, importpid=18303
01-21 20:43:40.324   698  6594 I audio_hw_primary: app type:0x   5, is_voip:0, device:2, pcm:-176945824, usecase:0x   2
01-21 20:43:40.330   708 18763 V SimpleUnisocC2Component: start processing frame #257
01-21 20:43:40.330   708 18763 I VSP     : VP8DecSetCurRecPic,104,picid 257,header 0xf27d13e0
01-21 20:43:40.330   708 18763 I C2UnisocVp8Dec: setDecodeArgs, pBufCtrl: 0xf27c95e0, pBufCtrl->phyAddr: 0x202ce000, frameIndex: 257, timeStamp: 27805849000, inSize: 376, inOffset: 0
01-21 20:43:40.330   708 18764 V C2UnisocVp8Dec: fetchGraphicBlock, stride: 640, sliceHeight: 368, mDecoderSwFlag: 0
01-21 20:43:40.331   708 18764 I C2UnisocVp8Dec: resetOutBlock, fd: 25, iova: 0x203d3000, mDecoderSwFlag: 0
01-21 20:43:40.332   708 18763 V C2UnisocVp8Dec: VSP_bind_cb, phyAddr: 0x202ce000, pOutBlockInfo: 0xf27d13e0, pBufCtrl: 0xf27c95e0; iRefCount=0
01-21 20:43:40.332   708 18763 V C2UnisocVp8Dec: VSP_unbind_cb, phyAddr: 0x20277000, pOutBlockInfo: 0xf27cea10, pBufCtrl: 0xf27ce410; iRefCount=1
01-21 20:43:40.332   708 18763 I C2UnisocVp8Dec: process, decRet: 0, 1ms, dec_out.frameEffective: 1, has_pic: 1, picId: 257, consume byte: 376
01-21 20:43:40.332   708 18763 I C2UnisocVp8Dec: drainOneOutputBuffer, pBufCtrl: 0xf27c95e0, pBufCtrl->phyAddr: 0x202ce000, frameIndex: 257
01-21 20:43:40.332   708 18763 V SimpleUnisocC2Component: processed frame #257
01-21 20:43:40.332   708 18763 V SimpleUnisocC2Component: returning this work, frameIndex: 257
01-21 20:43:40.333   708 18764 I C2UnisocVp8Dec: resetOutBlock, fd: 41, iova: 0x20277000, mDecoderSwFlag: 0
01-21 20:43:40.333   708 18764 D C2UnisocVideoDecoderComponent: fetch one queue free block:0xf27c4ed0,iRefCount:0
01-21 20:43:40.333 18303 18762 I mali_gralloc: register: id=0x2c100001c73, importpid=708
01-21 20:43:40.334 18303 18762 I mali_gralloc: unregister: id=0x2c100001c73, base=0x0, importpid=18303
01-21 20:43:40.364   708 18763 V SimpleUnisocC2Component: start processing frame #258
01-21 20:43:40.364   708 18763 I VSP     : VP8DecSetCurRecPic,104,picid 258,header 0xf27c4ed0
01-21 20:43:40.364   708 18763 I C2UnisocVp8Dec: setDecodeArgs, pBufCtrl: 0xf27d09f0, pBufCtrl->phyAddr: 0x20277000, frameIndex: 258, timeStamp: 27805884000, inSize: 354, inOffset: 0
01-21 20:43:40.364   708 18764 V C2UnisocVp8Dec: fetchGraphicBlock, stride: 640, sliceHeight: 368, mDecoderSwFlag: 0
01-21 20:43:40.366   708 18763 V C2UnisocVp8Dec: VSP_bind_cb, phyAddr: 0x20277000, pOutBlockInfo: 0xf27c4ed0, pBufCtrl: 0xf27d09f0; iRefCount=0
01-21 20:43:40.366   708 18763 V C2UnisocVp8Dec: VSP_unbind_cb, phyAddr: 0x202ce000, pOutBlockInfo: 0xf27d13e0, pBufCtrl: 0xf27c95e0; iRefCount=1
01-21 20:43:40.367   708 18763 I C2UnisocVp8Dec: process, decRet: 0, 2ms, dec_out.frameEffective: 1, has_pic: 1, picId: 258, consume byte: 354
01-21 20:43:40.367   708 18763 I C2UnisocVp8Dec: drainOneOutputBuffer, pBufCtrl: 0xf27d09f0, pBufCtrl->phyAddr: 0x20277000, frameIndex: 258
01-21 20:43:40.367   708 18764 D C2UnisocVideoDecoderComponent: fetch one queue free block:0xf27cd570,iRefCount:0
01-21 20:43:40.367   708 18764 I C2UnisocVp8Dec: resetOutBlock, fd: 42, iova: 0x202ce000, mDecoderSwFlag: 0
01-21 20:43:40.367   708 18763 V SimpleUnisocC2Component: processed frame #258
01-21 20:43:40.367   708 18763 V SimpleUnisocC2Component: returning this work, frameIndex: 258
01-21 20:43:40.368 18303 18762 I mali_gralloc: register: id=0x2c100001c77, importpid=708
01-21 20:43:40.368   698  6594 I audio_hw_primary: app type:0x   5, is_voip:0, device:2, pcm:-176945824, usecase:0x   2
01-21 20:43:40.369 18303 18762 I mali_gralloc: unregister: id=0x2c100001c77, base=0x0, importpid=18303
01-21 20:43:40.382  1146  1674 V AlarmManager: set(PendingIntent{e5dc7e1: PendingIntentRecord{9dad906 android broadcastIntent}}) : type=3 listener=null listenerTag=null workSource=null callingPackage=android callingUid=1000 triggerAtTime=47924572 win=225000 tElapsed=47924572 maxElapsed=48149572 interval=0 flags=0x8
01-21 20:43:40.382  1146  1674 D AlarmManager: Add alarm packageName=android, type=3, when=47924572, tag=null, callingUid=1000, callingPackage=android
01-21 20:43:40.383  1146  1674 D AlarmManagerService: set alarm to kernel: 47755.774000000, type=2 
01-21 20:43:40.384  1146  1674 D AlarmManagerService: set alarm to kernel: 47644.190000000, type=3 
01-21 20:43:40.384  1146  1674 D AlarmManagerService: set alarm to kernel: 47755.774000000, type=2 
01-21 20:43:40.384  1146  1674 D AlarmManagerService: set alarm to kernel: 47644.190000000, type=3 
01-21 20:43:40.397   708 18763 V SimpleUnisocC2Component: start processing frame #259
01-21 20:43:40.397   708 18763 I VSP     : VP8DecSetCurRecPic,104,picid 259,header 0xf27cd570
01-21 20:43:40.397   708 18763 I C2UnisocVp8Dec: setDecodeArgs, pBufCtrl: 0xf27d0ff0, pBufCtrl->phyAddr: 0x203d3000, frameIndex: 259, timeStamp: 27805917000, inSize: 394, inOffset: 0
01-21 20:43:40.398   708 18764 V C2UnisocVp8Dec: fetchGraphicBlock, stride: 640, sliceHeight: 368, mDecoderSwFlag: 0
01-21 20:43:40.399   708 18763 V C2UnisocVp8Dec: VSP_bind_cb, phyAddr: 0x203d3000, pOutBlockInfo: 0xf27cd570, pBufCtrl: 0xf27d0ff0; iRefCount=0
01-21 20:43:40.399   708 18763 V C2UnisocVp8Dec: VSP_unbind_cb, phyAddr: 0x20277000, pOutBlockInfo: 0xf27c4ed0, pBufCtrl: 0xf27d09f0; iRefCount=1
01-21 20:43:40.399   708 18763 I C2UnisocVp8Dec: process, decRet: 0, 1ms, dec_out.frameEffective: 1, has_pic: 1, picId: 259, consume byte: 394
01-21 20:43:40.399   708 18763 I C2UnisocVp8Dec: drainOneOutputBuffer, pBufCtrl: 0xf27d0ff0, pBufCtrl->phyAddr: 0x203d3000, frameIndex: 259
01-21 20:43:40.400   708 18764 D C2UnisocVideoDecoderComponent: fetch one queue free block:0xf27cea10,iRefCount:0
01-21 20:43:40.400   708 18764 I C2UnisocVp8Dec: resetOutBlock, fd: 43, iova: 0x20277000, mDecoderSwFlag: 0
01-21 20:43:40.400   708 18763 V SimpleUnisocC2Component: processed frame #259
01-21 20:43:40.400   708 18763 V SimpleUnisocC2Component: returning this work, frameIndex: 259
01-21 20:43:40.400 18303 18762 I mali_gralloc: register: id=0x2c100001c7a, importpid=708
01-21 20:43:40.401 18303 18762 I mali_gralloc: unregister: id=0x2c100001c7a, base=0x0, importpid=18303
01-21 20:43:40.404   752   752 D TimeCheck: tranIsTimeoutMax boolVal = 0 
01-21 20:43:40.404   752 10203 D TimeCheck: tranIsTimeoutMax boolVal = 0 
01-21 20:43:40.411   698  6594 I audio_hw_primary: app type:0x   5, is_voip:0, device:2, pcm:-176945824, usecase:0x   2
01-21 20:43:40.422  1146  1177 E UnisocWatchdog: WDT_Monitor: writeWDTMonitor duration=50,shutdowning=false
01-21 20:43:40.422  1146  1177 E UnisocWatchdog: UnisocWatchdogImpl sendMessage:0
01-21 20:43:40.423  1146  1270 E UnisocWatchdog: UNISOCWATCHDOG_MESSAGE_TIMER30 trigger
01-21 20:43:40.448   708 18763 V SimpleUnisocC2Component: start processing frame #260
01-21 20:43:40.448   708 18763 I VSP     : VP8DecSetCurRecPic,104,picid 260,header 0xf27cea10
01-21 20:43:40.448   708 18763 I C2UnisocVp8Dec: setDecodeArgs, pBufCtrl: 0xf27ce410, pBufCtrl->phyAddr: 0x202ce000, frameIndex: 260, timeStamp: 27805951000, inSize: 354, inOffset: 0
01-21 20:43:40.449   708 18764 V C2UnisocVp8Dec: fetchGraphicBlock, stride: 640, sliceHeight: 368, mDecoderSwFlag: 0
01-21 20:43:40.450   708 18763 V C2UnisocVp8Dec: VSP_bind_cb, phyAddr: 0x202ce000, pOutBlockInfo: 0xf27cea10, pBufCtrl: 0xf27ce410; iRefCount=0
01-21 20:43:40.450   708 18763 V C2UnisocVp8Dec: VSP_unbind_cb, phyAddr: 0x203d3000, pOutBlockInfo: 0xf27cd570, pBufCtrl: 0xf27d0ff0; iRefCount=1
01-21 20:43:40.450   708 18763 I C2UnisocVp8Dec: process, decRet: 0, 1ms, dec_out.frameEffective: 1, has_pic: 1, picId: 260, consume byte: 354
01-21 20:43:40.450   708 18763 I C2UnisocVp8Dec: drainOneOutputBuffer, pBufCtrl: 0xf27ce410, pBufCtrl->phyAddr: 0x202ce000, frameIndex: 260
01-21 20:43:40.450   708 18764 D C2UnisocVideoDecoderComponent: fetch one queue free block:0xf27d13e0,iRefCount:0
01-21 20:43:40.450   708 18763 V SimpleUnisocC2Component: processed frame #260
01-21 20:43:40.450   708 18763 V SimpleUnisocC2Component: returning this work, frameIndex: 260
01-21 20:43:40.451 18303 18762 I mali_gralloc: register: id=0x2c100001c73, importpid=708
01-21 20:43:40.452 18303 18762 I mali_gralloc: unregister: id=0x2c100001c73, base=0x0, importpid=18303
01-21 20:43:40.454   698  6594 I audio_hw_primary: app type:0x   5, is_voip:0, device:2, pcm:-176945824, usecase:0x   2
01-21 20:43:40.478   698  6594 I audio_hw_primary: app type:0x   5, is_voip:0, device:2, pcm:-176945824, usecase:0x   2
01-21 20:43:40.483   708 18763 V SimpleUnisocC2Component: start processing frame #261
01-21 20:43:40.483   708 18763 I VSP     : VP8DecSetCurRecPic,104,picid 261,header 0xf27d13e0
01-21 20:43:40.483   708 18763 I C2UnisocVp8Dec: setDecodeArgs, pBufCtrl: 0xf27c95e0, pBufCtrl->phyAddr: 0x20277000, frameIndex: 261, timeStamp: 27805985000, inSize: 344, inOffset: 0
01-21 20:43:40.483   708 18764 V C2UnisocVp8Dec: fetchGraphicBlock, stride: 640, sliceHeight: 368, mDecoderSwFlag: 0
01-21 20:43:40.484   708 18764 I C2UnisocVp8Dec: resetOutBlock, fd: 25, iova: 0x203d3000, mDecoderSwFlag: 0
01-21 20:43:40.485   708 18763 V C2UnisocVp8Dec: VSP_bind_cb, phyAddr: 0x20277000, pOutBlockInfo: 0xf27d13e0, pBufCtrl: 0xf27c95e0; iRefCount=0
01-21 20:43:40.485   708 18763 V C2UnisocVp8Dec: VSP_unbind_cb, phyAddr: 0x202ce000, pOutBlockInfo: 0xf27cea10, pBufCtrl: 0xf27ce410; iRefCount=1
01-21 20:43:40.485   708 18763 I C2UnisocVp8Dec: process, decRet: 0, 1ms, dec_out.frameEffective: 1, has_pic: 1, picId: 261, consume byte: 344
01-21 20:43:40.485   708 18763 I C2UnisocVp8Dec: drainOneOutputBuffer, pBufCtrl: 0xf27c95e0, pBufCtrl->phyAddr: 0x20277000, frameIndex: 261
01-21 20:43:40.485   708 18764 I C2UnisocVp8Dec: resetOutBlock, fd: 41, iova: 0x202ce000, mDecoderSwFlag: 0
01-21 20:43:40.485   708 18763 V SimpleUnisocC2Component: processed frame #261
01-21 20:43:40.485   708 18763 V SimpleUnisocC2Component: returning this work, frameIndex: 261
01-21 20:43:40.485   708 18764 D C2UnisocVideoDecoderComponent: fetch one queue free block:0xf27c4ed0,iRefCount:0
01-21 20:43:40.486 18303 18762 I mali_gralloc: register: id=0x2c100001c77, importpid=708
01-21 20:43:40.486 18303 18762 I mali_gralloc: unregister: id=0x2c100001c77, base=0x0, importpid=18303
01-21 20:43:40.514   708 18763 V SimpleUnisocC2Component: start processing frame #262
01-21 20:43:40.515   708 18763 I VSP     : VP8DecSetCurRecPic,104,picid 262,header 0xf27c4ed0
01-21 20:43:40.515   708 18763 I C2UnisocVp8Dec: setDecodeArgs, pBufCtrl: 0xf27d09f0, pBufCtrl->phyAddr: 0x202ce000, frameIndex: 262, timeStamp: 27806018000, inSize: 344, inOffset: 0
01-21 20:43:40.515   708 18764 V C2UnisocVp8Dec: fetchGraphicBlock, stride: 640, sliceHeight: 368, mDecoderSwFlag: 0
01-21 20:43:40.517   708 18763 V C2UnisocVp8Dec: VSP_bind_cb, phyAddr: 0x202ce000, pOutBlockInfo: 0xf27c4ed0, pBufCtrl: 0xf27d09f0; iRefCount=0
01-21 20:43:40.517   708 18763 V C2UnisocVp8Dec: VSP_unbind_cb, phyAddr: 0x20277000, pOutBlockInfo: 0xf27d13e0, pBufCtrl: 0xf27c95e0; iRefCount=1
01-21 20:43:40.517   708 18763 I C2UnisocVp8Dec: process, decRet: 0, 2ms, dec_out.frameEffective: 1, has_pic: 1, picId: 262, consume byte: 344
01-21 20:43:40.517   708 18763 I C2UnisocVp8Dec: drainOneOutputBuffer, pBufCtrl: 0xf27d09f0, pBufCtrl->phyAddr: 0x202ce000, frameIndex: 262
01-21 20:43:40.517   708 18763 V SimpleUnisocC2Component: processed frame #262
01-21 20:43:40.517   708 18763 V SimpleUnisocC2Component: returning this work, frameIndex: 262
01-21 20:43:40.517   708 18764 D C2UnisocVideoDecoderComponent: fetch one queue free block:0xf27cd570,iRefCount:0
01-21 20:43:40.517   708 18764 I C2UnisocVp8Dec: resetOutBlock, fd: 42, iova: 0x20277000, mDecoderSwFlag: 0
01-21 20:43:40.518 18303 18762 I mali_gralloc: register: id=0x2c100001c7a, importpid=708
01-21 20:43:40.518 18303 18762 I mali_gralloc: unregister: id=0x2c100001c7a, base=0x0, importpid=18303
01-21 20:43:40.521   698  6594 I audio_hw_primary: app type:0x   5, is_voip:0, device:2, pcm:-176945824, usecase:0x   2
01-21 20:43:40.549   708 18763 V SimpleUnisocC2Component: start processing frame #263
01-21 20:43:40.549   708 18763 I VSP     : VP8DecSetCurRecPic,104,picid 263,header 0xf27cd570
01-21 20:43:40.549   708 18763 I C2UnisocVp8Dec: setDecodeArgs, pBufCtrl: 0xf27d0ff0, pBufCtrl->phyAddr: 0x203d3000, frameIndex: 263, timeStamp: 27806051000, inSize: 6386, inOffset: 0
01-21 20:43:40.549   708 18764 V C2UnisocVp8Dec: fetchGraphicBlock, stride: 640, sliceHeight: 368, mDecoderSwFlag: 0
01-21 20:43:40.552   708 18763 V C2UnisocVp8Dec: VSP_bind_cb, phyAddr: 0x203d3000, pOutBlockInfo: 0xf27cd570, pBufCtrl: 0xf27d0ff0; iRefCount=0
01-21 20:43:40.552   708 18763 V C2UnisocVp8Dec: VSP_unbind_cb, phyAddr: 0x202ce000, pOutBlockInfo: 0xf27c4ed0, pBufCtrl: 0xf27d09f0; iRefCount=1
01-21 20:43:40.552   708 18763 I C2UnisocVp8Dec: process, decRet: 0, 2ms, dec_out.frameEffective: 1, has_pic: 1, picId: 263, consume byte: 6386
01-21 20:43:40.552   708 18763 I C2UnisocVp8Dec: drainOneOutputBuffer, pBufCtrl: 0xf27d0ff0, pBufCtrl->phyAddr: 0x203d3000, frameIndex: 263
01-21 20:43:40.552   708 18763 V SimpleUnisocC2Component: processed frame #263
01-21 20:43:40.552   708 18763 V SimpleUnisocC2Component: returning this work, frameIndex: 263
01-21 20:43:40.552   708 18764 D C2UnisocVideoDecoderComponent: fetch one queue free block:0xf27cea10,iRefCount:0
01-21 20:43:40.552   708 18764 I C2UnisocVp8Dec: resetOutBlock, fd: 43, iova: 0x202ce000, mDecoderSwFlag: 0
01-21 20:43:40.553 18303 18762 I mali_gralloc: register: id=0x2c100001c73, importpid=708
01-21 20:43:40.553 18303 18762 I mali_gralloc: unregister: id=0x2c100001c73, base=0x0, importpid=18303
01-21 20:43:40.565   698  6594 I audio_hw_primary: app type:0x   5, is_voip:0, device:2, pcm:-176945824, usecase:0x   2
01-21 20:43:40.582   708 18763 V SimpleUnisocC2Component: start processing frame #264
01-21 20:43:40.582   708 18763 I VSP     : VP8DecSetCurRecPic,104,picid 264,header 0xf27cea10
01-21 20:43:40.582   708 18763 I C2UnisocVp8Dec: setDecodeArgs, pBufCtrl: 0xf27ce410, pBufCtrl->phyAddr: 0x20277000, frameIndex: 264, timeStamp: 27806085000, inSize: 531, inOffset: 0
01-21 20:43:40.582   708 18764 V C2UnisocVp8Dec: fetchGraphicBlock, stride: 640, sliceHeight: 368, mDecoderSwFlag: 0
01-21 20:43:40.584   708 18763 V C2UnisocVp8Dec: VSP_bind_cb, phyAddr: 0x20277000, pOutBlockInfo: 0xf27cea10, pBufCtrl: 0xf27ce410; iRefCount=0
01-21 20:43:40.584   708 18763 V C2UnisocVp8Dec: VSP_unbind_cb, phyAddr: 0x203d3000, pOutBlockInfo: 0xf27cd570, pBufCtrl: 0xf27d0ff0; iRefCount=1
01-21 20:43:40.584   708 18763 I C2UnisocVp8Dec: process, decRet: 0, 2ms, dec_out.frameEffective: 1, has_pic: 1, picId: 264, consume byte: 531
01-21 20:43:40.584   708 18763 I C2UnisocVp8Dec: drainOneOutputBuffer, pBufCtrl: 0xf27ce410, pBufCtrl->phyAddr: 0x20277000, frameIndex: 264
01-21 20:43:40.584   708 18763 V SimpleUnisocC2Component: processed frame #264
01-21 20:43:40.584   708 18763 V SimpleUnisocC2Component: returning this work, frameIndex: 264
01-21 20:43:40.584   708 18764 D C2UnisocVideoDecoderComponent: fetch one queue free block:0xf27d13e0,iRefCount:0
01-21 20:43:40.585 18303 18762 I mali_gralloc: register: id=0x2c100001c77, importpid=708
01-21 20:43:40.585 18303 18762 I mali_gralloc: unregister: id=0x2c100001c77, base=0x0, importpid=18303
01-21 20:43:40.608   698  6594 I audio_hw_primary: app type:0x   5, is_voip:0, device:2, pcm:-176945824, usecase:0x   2
01-21 20:43:40.615   708 18763 V SimpleUnisocC2Component: start processing frame #265
01-21 20:43:40.616   708 18763 I VSP     : VP8DecSetCurRecPic,104,picid 265,header 0xf27d13e0
01-21 20:43:40.616   708 18763 I C2UnisocVp8Dec: setDecodeArgs, pBufCtrl: 0xf27c95e0, pBufCtrl->phyAddr: 0x202ce000, frameIndex: 265, timeStamp: 27806119000, inSize: 230, inOffset: 0
01-21 20:43:40.616   708 18764 V C2UnisocVp8Dec: fetchGraphicBlock, stride: 640, sliceHeight: 368, mDecoderSwFlag: 0
01-21 20:43:40.616   708 18764 I C2UnisocVp8Dec: resetOutBlock, fd: 25, iova: 0x203d3000, mDecoderSwFlag: 0
01-21 20:43:40.617   708 18763 V C2UnisocVp8Dec: VSP_bind_cb, phyAddr: 0x202ce000, pOutBlockInfo: 0xf27d13e0, pBufCtrl: 0xf27c95e0; iRefCount=0
01-21 20:43:40.617   708 18763 V C2UnisocVp8Dec: VSP_unbind_cb, phyAddr: 0x20277000, pOutBlockInfo: 0xf27cea10, pBufCtrl: 0xf27ce410; iRefCount=1
01-21 20:43:40.618   708 18763 I C2UnisocVp8Dec: process, decRet: 0, 1ms, dec_out.frameEffective: 1, has_pic: 1, picId: 265, consume byte: 230
01-21 20:43:40.618   708 18763 I C2UnisocVp8Dec: drainOneOutputBuffer, pBufCtrl: 0xf27c95e0, pBufCtrl->phyAddr: 0x202ce000, frameIndex: 265
01-21 20:43:40.618   708 18763 V SimpleUnisocC2Component: processed frame #265
01-21 20:43:40.618   708 18763 V SimpleUnisocC2Component: returning this work, frameIndex: 265
01-21 20:43:40.618   708 18764 I C2UnisocVp8Dec: resetOutBlock, fd: 41, iova: 0x20277000, mDecoderSwFlag: 0
01-21 20:43:40.618   708 18764 D C2UnisocVideoDecoderComponent: fetch one queue free block:0xf27c4ed0,iRefCount:0
01-21 20:43:40.619 18303 18762 I mali_gralloc: register: id=0x2c100001c7a, importpid=708
01-21 20:43:40.619 18303 18762 I mali_gralloc: unregister: id=0x2c100001c7a, base=0x0, importpid=18303
01-21 20:43:40.649   708 18763 V SimpleUnisocC2Component: start processing frame #266
01-21 20:43:40.649   708 18763 I VSP     : VP8DecSetCurRecPic,104,picid 266,header 0xf27c4ed0
01-21 20:43:40.649   708 18763 I C2UnisocVp8Dec: setDecodeArgs, pBufCtrl: 0xf27d09f0, pBufCtrl->phyAddr: 0x20277000, frameIndex: 266, timeStamp: 27806153000, inSize: 172, inOffset: 0
01-21 20:43:40.650   708 18764 V C2UnisocVp8Dec: fetchGraphicBlock, stride: 640, sliceHeight: 368, mDecoderSwFlag: 0
01-21 20:43:40.650   698  6594 I audio_hw_primary: app type:0x   5, is_voip:0, device:2, pcm:-176945824, usecase:0x   2
01-21 20:43:40.651   708 18763 V C2UnisocVp8Dec: VSP_bind_cb, phyAddr: 0x20277000, pOutBlockInfo: 0xf27c4ed0, pBufCtrl: 0xf27d09f0; iRefCount=0
01-21 20:43:40.651   708 18763 V C2UnisocVp8Dec: VSP_unbind_cb, phyAddr: 0x202ce000, pOutBlockInfo: 0xf27d13e0, pBufCtrl: 0xf27c95e0; iRefCount=1
01-21 20:43:40.651   708 18763 I C2UnisocVp8Dec: process, decRet: 0, 1ms, dec_out.frameEffective: 1, has_pic: 1, picId: 266, consume byte: 172
01-21 20:43:40.651   708 18763 I C2UnisocVp8Dec: drainOneOutputBuffer, pBufCtrl: 0xf27d09f0, pBufCtrl->phyAddr: 0x20277000, frameIndex: 266
01-21 20:43:40.651   708 18763 V SimpleUnisocC2Component: processed frame #266
01-21 20:43:40.651   708 18763 V SimpleUnisocC2Component: returning this work, frameIndex: 266
01-21 20:43:40.652   708 18764 D C2UnisocVideoDecoderComponent: fetch one queue free block:0xf27cd570,iRefCount:0
01-21 20:43:40.652   708 18764 I C2UnisocVp8Dec: resetOutBlock, fd: 42, iova: 0x202ce000, mDecoderSwFlag: 0
01-21 20:43:40.652 18303 18762 I mali_gralloc: register: id=0x2c100001c73, importpid=708
01-21 20:43:40.653 18303 18762 I mali_gralloc: unregister: id=0x2c100001c73, base=0x0, importpid=18303
01-21 20:43:40.683   708 18763 V SimpleUnisocC2Component: start processing frame #267
01-21 20:43:40.683   708 18763 I VSP     : VP8DecSetCurRecPic,104,picid 267,header 0xf27cd570
01-21 20:43:40.683   708 18763 I C2UnisocVp8Dec: setDecodeArgs, pBufCtrl: 0xf27d0ff0, pBufCtrl->phyAddr: 0x203d3000, frameIndex: 267, timeStamp: 27806186000, inSize: 163, inOffset: 0
01-21 20:43:40.683   708 18764 V C2UnisocVp8Dec: fetchGraphicBlock, stride: 640, sliceHeight: 368, mDecoderSwFlag: 0
01-21 20:43:40.685   708 18763 V C2UnisocVp8Dec: VSP_bind_cb, phyAddr: 0x203d3000, pOutBlockInfo: 0xf27cd570, pBufCtrl: 0xf27d0ff0; iRefCount=0
01-21 20:43:40.685   708 18763 V C2UnisocVp8Dec: VSP_unbind_cb, phyAddr: 0x20277000, pOutBlockInfo: 0xf27c4ed0, pBufCtrl: 0xf27d09f0; iRefCount=1
01-21 20:43:40.685   708 18763 I C2UnisocVp8Dec: process, decRet: 0, 2ms, dec_out.frameEffective: 1, has_pic: 1, picId: 267, consume byte: 163
01-21 20:43:40.685   708 18763 I C2UnisocVp8Dec: drainOneOutputBuffer, pBufCtrl: 0xf27d0ff0, pBufCtrl->phyAddr: 0x203d3000, frameIndex: 267
01-21 20:43:40.685   708 18763 V SimpleUnisocC2Component: processed frame #267
01-21 20:43:40.685   708 18763 V SimpleUnisocC2Component: returning this work, frameIndex: 267
01-21 20:43:40.685   708 18764 D C2UnisocVideoDecoderComponent: fetch one queue free block:0xf27cea10,iRefCount:0
01-21 20:43:40.685   708 18764 I C2UnisocVp8Dec: resetOutBlock, fd: 43, iova: 0x20277000, mDecoderSwFlag: 0
01-21 20:43:40.686 18303 18762 I mali_gralloc: register: id=0x2c100001c77, importpid=708
01-21 20:43:40.686 18303 18762 I mali_gralloc: unregister: id=0x2c100001c77, base=0x0, importpid=18303
01-21 20:43:40.694   698  6594 I audio_hw_primary: app type:0x   5, is_voip:0, device:2, pcm:-176945824, usecase:0x   2
01-21 20:43:40.716   708 18763 V SimpleUnisocC2Component: start processing frame #268
01-21 20:43:40.717   708 18763 I VSP     : VP8DecSetCurRecPic,104,picid 268,header 0xf27cea10
01-21 20:43:40.717   708 18763 I C2UnisocVp8Dec: setDecodeArgs, pBufCtrl: 0xf27ce410, pBufCtrl->phyAddr: 0x202ce000, frameIndex: 268, timeStamp: 27806220000, inSize: 4050, inOffset: 0
01-21 20:43:40.717   708 18764 V C2UnisocVp8Dec: fetchGraphicBlock, stride: 640, sliceHeight: 368, mDecoderSwFlag: 0
01-21 20:43:40.718   698  6594 I audio_hw_primary: app type:0x   5, is_voip:0, device:2, pcm:-176945824, usecase:0x   2
01-21 20:43:40.719   708 18763 V C2UnisocVp8Dec: VSP_bind_cb, phyAddr: 0x202ce000, pOutBlockInfo: 0xf27cea10, pBufCtrl: 0xf27ce410; iRefCount=0
01-21 20:43:40.719   708 18763 V C2UnisocVp8Dec: VSP_unbind_cb, phyAddr: 0x203d3000, pOutBlockInfo: 0xf27cd570, pBufCtrl: 0xf27d0ff0; iRefCount=1
01-21 20:43:40.719   708 18763 I C2UnisocVp8Dec: process, decRet: 0, 2ms, dec_out.frameEffective: 1, has_pic: 1, picId: 268, consume byte: 4050
01-21 20:43:40.719   708 18763 I C2UnisocVp8Dec: drainOneOutputBuffer, pBufCtrl: 0xf27ce410, pBufCtrl->phyAddr: 0x202ce000, frameIndex: 268
01-21 20:43:40.719   708 18764 D C2UnisocVideoDecoderComponent: fetch one queue free block:0xf27d13e0,iRefCount:0
01-21 20:43:40.719   708 18763 V SimpleUnisocC2Component: processed frame #268
01-21 20:43:40.719   708 18763 V SimpleUnisocC2Component: returning this work, frameIndex: 268
01-21 20:43:40.720 18303 18762 I mali_gralloc: register: id=0x2c100001c7a, importpid=708
01-21 20:43:40.720 18303 18762 I mali_gralloc: unregister: id=0x2c100001c7a, base=0x0, importpid=18303
01-21 20:43:40.749   708 18763 V SimpleUnisocC2Component: start processing frame #269
01-21 20:43:40.750   708 18763 I VSP     : VP8DecSetCurRecPic,104,picid 269,header 0xf27d13e0
01-21 20:43:40.750   708 18763 I C2UnisocVp8Dec: setDecodeArgs, pBufCtrl: 0xf27c95e0, pBufCtrl->phyAddr: 0x20277000, frameIndex: 269, timeStamp: 27806253000, inSize: 469, inOffset: 0
01-21 20:43:40.750   708 18764 V C2UnisocVp8Dec: fetchGraphicBlock, stride: 640, sliceHeight: 368, mDecoderSwFlag: 0
01-21 20:43:40.751   708 18764 I C2UnisocVp8Dec: resetOutBlock, fd: 25, iova: 0x203d3000, mDecoderSwFlag: 0
01-21 20:43:40.752   708 18763 V C2UnisocVp8Dec: VSP_bind_cb, phyAddr: 0x20277000, pOutBlockInfo: 0xf27d13e0, pBufCtrl: 0xf27c95e0; iRefCount=0
01-21 20:43:40.752   708 18763 V C2UnisocVp8Dec: VSP_unbind_cb, phyAddr: 0x202ce000, pOutBlockInfo: 0xf27cea10, pBufCtrl: 0xf27ce410; iRefCount=1
01-21 20:43:40.752   708 18763 I C2UnisocVp8Dec: process, decRet: 0, 2ms, dec_out.frameEffective: 1, has_pic: 1, picId: 269, consume byte: 469
01-21 20:43:40.752   708 18763 I C2UnisocVp8Dec: drainOneOutputBuffer, pBufCtrl: 0xf27c95e0, pBufCtrl->phyAddr: 0x20277000, frameIndex: 269
01-21 20:43:40.752   708 18763 V SimpleUnisocC2Component: processed frame #269
01-21 20:43:40.752   708 18763 V SimpleUnisocC2Component: returning this work, frameIndex: 269
01-21 20:43:40.752   708 18764 I C2UnisocVp8Dec: resetOutBlock, fd: 41, iova: 0x202ce000, mDecoderSwFlag: 0
01-21 20:43:40.752   708 18764 D C2UnisocVideoDecoderComponent: fetch one queue free block:0xf27c4ed0,iRefCount:0
01-21 20:43:40.754 18303 18762 I mali_gralloc: register: id=0x2c100001c73, importpid=708
01-21 20:43:40.755 18303 18762 I mali_gralloc: unregister: id=0x2c100001c73, base=0x0, importpid=18303
01-21 20:43:40.761   698  6594 I audio_hw_primary: app type:0x   5, is_voip:0, device:2, pcm:-176945824, usecase:0x   2
01-21 20:43:40.784   708 18763 V SimpleUnisocC2Component: start processing frame #270
01-21 20:43:40.784   708 18763 I VSP     : VP8DecSetCurRecPic,104,picid 270,header 0xf27c4ed0
01-21 20:43:40.784   708 18763 I C2UnisocVp8Dec: setDecodeArgs, pBufCtrl: 0xf27d09f0, pBufCtrl->phyAddr: 0x202ce000, frameIndex: 270, timeStamp: 27806287000, inSize: 256, inOffset: 0
01-21 20:43:40.784   708 18764 V C2UnisocVp8Dec: fetchGraphicBlock, stride: 640, sliceHeight: 368, mDecoderSwFlag: 0
01-21 20:43:40.786   708 18763 V C2UnisocVp8Dec: VSP_bind_cb, phyAddr: 0x202ce000, pOutBlockInfo: 0xf27c4ed0, pBufCtrl: 0xf27d09f0; iRefCount=0
01-21 20:43:40.786   708 18763 V C2UnisocVp8Dec: VSP_unbind_cb, phyAddr: 0x20277000, pOutBlockInfo: 0xf27d13e0, pBufCtrl: 0xf27c95e0; iRefCount=1
01-21 20:43:40.786   708 18763 I C2UnisocVp8Dec: process, decRet: 0, 1ms, dec_out.frameEffective: 1, has_pic: 1, picId: 270, consume byte: 256
01-21 20:43:40.786   708 18763 I C2UnisocVp8Dec: drainOneOutputBuffer, pBufCtrl: 0xf27d09f0, pBufCtrl->phyAddr: 0x202ce000, frameIndex: 270
01-21 20:43:40.786   708 18764 D C2UnisocVideoDecoderComponent: fetch one queue free block:0xf27cd570,iRefCount:0
01-21 20:43:40.786   708 18764 I C2UnisocVp8Dec: resetOutBlock, fd: 42, iova: 0x20277000, mDecoderSwFlag: 0
01-21 20:43:40.786   708 18763 V SimpleUnisocC2Component: processed frame #270
01-21 20:43:40.786   708 18763 V SimpleUnisocC2Component: returning this work, frameIndex: 270
01-21 20:43:40.787 18303 18762 I mali_gralloc: register: id=0x2c100001c77, importpid=708
01-21 20:43:40.787 18303 18762 I mali_gralloc: unregister: id=0x2c100001c77, base=0x0, importpid=18303
01-21 20:43:40.805   698  6594 I audio_hw_primary: app type:0x   5, is_voip:0, device:2, pcm:-176945824, usecase:0x   2
01-21 20:43:40.817   708 18763 V SimpleUnisocC2Component: start processing frame #271
01-21 20:43:40.818   708 18763 I VSP     : VP8DecSetCurRecPic,104,picid 271,header 0xf27cd570
01-21 20:43:40.818   708 18763 I C2UnisocVp8Dec: setDecodeArgs, pBufCtrl: 0xf27d0ff0, pBufCtrl->phyAddr: 0x203d3000, frameIndex: 271, timeStamp: 27806321000, inSize: 215, inOffset: 0
01-21 20:43:40.818   708 18764 V C2UnisocVp8Dec: fetchGraphicBlock, stride: 640, sliceHeight: 368, mDecoderSwFlag: 0
01-21 20:43:40.819   708 18763 V C2UnisocVp8Dec: VSP_bind_cb, phyAddr: 0x203d3000, pOutBlockInfo: 0xf27cd570, pBufCtrl: 0xf27d0ff0; iRefCount=0
01-21 20:43:40.820   708 18763 V C2UnisocVp8Dec: VSP_unbind_cb, phyAddr: 0x202ce000, pOutBlockInfo: 0xf27c4ed0, pBufCtrl: 0xf27d09f0; iRefCount=1
01-21 20:43:40.820   708 18763 I C2UnisocVp8Dec: process, decRet: 0, 1ms, dec_out.frameEffective: 1, has_pic: 1, picId: 271, consume byte: 215
01-21 20:43:40.820   708 18763 I C2UnisocVp8Dec: drainOneOutputBuffer, pBufCtrl: 0xf27d0ff0, pBufCtrl->phyAddr: 0x203d3000, frameIndex: 271
01-21 20:43:40.820   708 18764 D C2UnisocVideoDecoderComponent: fetch one queue free block:0xf27cea10,iRefCount:0
01-21 20:43:40.820   708 18763 V SimpleUnisocC2Component: processed frame #271
01-21 20:43:40.820   708 18763 V SimpleUnisocC2Component: returning this work, frameIndex: 271
01-21 20:43:40.820   708 18764 I C2UnisocVp8Dec: resetOutBlock, fd: 43, iova: 0x202ce000, mDecoderSwFlag: 0
01-21 20:43:40.821 18303 18762 I mali_gralloc: register: id=0x2c100001c7a, importpid=708
01-21 20:43:40.821 18303 18762 I mali_gralloc: unregister: id=0x2c100001c7a, base=0x0, importpid=18303
01-21 20:43:40.848   698  6594 I audio_hw_primary: app type:0x   5, is_voip:0, device:2, pcm:-176945824, usecase:0x   2
01-21 20:43:40.852   708 18763 V SimpleUnisocC2Component: start processing frame #272
01-21 20:43:40.852   708 18763 I VSP     : VP8DecSetCurRecPic,104,picid 272,header 0xf27cea10
01-21 20:43:40.852   708 18763 I C2UnisocVp8Dec: setDecodeArgs, pBufCtrl: 0xf27ce410, pBufCtrl->phyAddr: 0x20277000, frameIndex: 272, timeStamp: 27806355000, inSize: 196, inOffset: 0
01-21 20:43:40.852   708 18764 V C2UnisocVp8Dec: fetchGraphicBlock, stride: 640, sliceHeight: 368, mDecoderSwFlag: 0
01-21 20:43:40.854   708 18763 V C2UnisocVp8Dec: VSP_bind_cb, phyAddr: 0x20277000, pOutBlockInfo: 0xf27cea10, pBufCtrl: 0xf27ce410; iRefCount=0
01-21 20:43:40.854   708 18763 V C2UnisocVp8Dec: VSP_unbind_cb, phyAddr: 0x203d3000, pOutBlockInfo: 0xf27cd570, pBufCtrl: 0xf27d0ff0; iRefCount=1
01-21 20:43:40.854   708 18763 I C2UnisocVp8Dec: process, decRet: 0, 1ms, dec_out.frameEffective: 1, has_pic: 1, picId: 272, consume byte: 196
01-21 20:43:40.854   708 18763 I C2UnisocVp8Dec: drainOneOutputBuffer, pBufCtrl: 0xf27ce410, pBufCtrl->phyAddr: 0x20277000, frameIndex: 272
01-21 20:43:40.854   708 18764 D C2UnisocVideoDecoderComponent: fetch one queue free block:0xf27d13e0,iRefCount:0
01-21 20:43:40.854   708 18763 V SimpleUnisocC2Component: processed frame #272
01-21 20:43:40.854   708 18763 V SimpleUnisocC2Component: returning this work, frameIndex: 272
01-21 20:43:40.855 18303 18762 I mali_gralloc: register: id=0x2c100001c73, importpid=708
01-21 20:43:40.856 18303 18762 I mali_gralloc: unregister: id=0x2c100001c73, base=0x0, importpid=18303
01-21 20:43:40.885   708 18763 V SimpleUnisocC2Component: start processing frame #273
01-21 20:43:40.885   708 18763 I VSP     : VP8DecSetCurRecPic,104,picid 273,header 0xf27d13e0
01-21 20:43:40.885   708 18763 I C2UnisocVp8Dec: setDecodeArgs, pBufCtrl: 0xf27c95e0, pBufCtrl->phyAddr: 0x202ce000, frameIndex: 273, timeStamp: 27806389000, inSize: 197, inOffset: 0
01-21 20:43:40.886   708 18764 V C2UnisocVp8Dec: fetchGraphicBlock, stride: 640, sliceHeight: 368, mDecoderSwFlag: 0
01-21 20:43:40.886   708 18764 I C2UnisocVp8Dec: resetOutBlock, fd: 25, iova: 0x203d3000, mDecoderSwFlag: 0
01-21 20:43:40.887   708 18763 V C2UnisocVp8Dec: VSP_bind_cb, phyAddr: 0x202ce000, pOutBlockInfo: 0xf27d13e0, pBufCtrl: 0xf27c95e0; iRefCount=0
01-21 20:43:40.887   708 18763 V C2UnisocVp8Dec: VSP_unbind_cb, phyAddr: 0x20277000, pOutBlockInfo: 0xf27cea10, pBufCtrl: 0xf27ce410; iRefCount=1
01-21 20:43:40.887   708 18763 I C2UnisocVp8Dec: process, decRet: 0, 1ms, dec_out.frameEffective: 1, has_pic: 1, picId: 273, consume byte: 197
01-21 20:43:40.887   708 18763 I C2UnisocVp8Dec: drainOneOutputBuffer, pBufCtrl: 0xf27c95e0, pBufCtrl->phyAddr: 0x202ce000, frameIndex: 273
01-21 20:43:40.888   708 18764 I C2UnisocVp8Dec: resetOutBlock, fd: 41, iova: 0x20277000, mDecoderSwFlag: 0
01-21 20:43:40.888   708 18763 V SimpleUnisocC2Component: processed frame #273
01-21 20:43:40.888   708 18763 V SimpleUnisocC2Component: returning this work, frameIndex: 273
01-21 20:43:40.888   708 18764 D C2UnisocVideoDecoderComponent: fetch one queue free block:0xf27c4ed0,iRefCount:0
01-21 20:43:40.888 18303 18762 I mali_gralloc: register: id=0x2c100001c77, importpid=708
01-21 20:43:40.889 18303 18762 I mali_gralloc: unregister: id=0x2c100001c77, base=0x0, importpid=18303
01-21 20:43:40.890   698  6594 I audio_hw_primary: app type:0x   5, is_voip:0, device:2, pcm:-176945824, usecase:0x   2
01-21 20:43:40.918   708 18763 V SimpleUnisocC2Component: start processing frame #274
01-21 20:43:40.919   708 18763 I VSP     : VP8DecSetCurRecPic,104,picid 274,header 0xf27c4ed0
01-21 20:43:40.919   708 18763 I C2UnisocVp8Dec: setDecodeArgs, pBufCtrl: 0xf27d09f0, pBufCtrl->phyAddr: 0x20277000, frameIndex: 274, timeStamp: 27806423000, inSize: 194, inOffset: 0
01-21 20:43:40.919   708 18764 V C2UnisocVp8Dec: fetchGraphicBlock, stride: 640, sliceHeight: 368, mDecoderSwFlag: 0
01-21 20:43:40.921   708 18763 V C2UnisocVp8Dec: VSP_bind_cb, phyAddr: 0x20277000, pOutBlockInfo: 0xf27c4ed0, pBufCtrl: 0xf27d09f0; iRefCount=0
01-21 20:43:40.921   708 18763 V C2UnisocVp8Dec: VSP_unbind_cb, phyAddr: 0x202ce000, pOutBlockInfo: 0xf27d13e0, pBufCtrl: 0xf27c95e0; iRefCount=1
01-21 20:43:40.921   708 18763 I C2UnisocVp8Dec: process, decRet: 0, 1ms, dec_out.frameEffective: 1, has_pic: 1, picId: 274, consume byte: 194
01-21 20:43:40.921   708 18763 I C2UnisocVp8Dec: drainOneOutputBuffer, pBufCtrl: 0xf27d09f0, pBufCtrl->phyAddr: 0x20277000, frameIndex: 274
01-21 20:43:40.921   708 18763 V SimpleUnisocC2Component: processed frame #274
01-21 20:43:40.921   708 18763 V SimpleUnisocC2Component: returning this work, frameIndex: 274
01-21 20:43:40.921   708 18764 D C2UnisocVideoDecoderComponent: fetch one queue free block:0xf27cd570,iRefCount:0
01-21 20:43:40.921   708 18764 I C2UnisocVp8Dec: resetOutBlock, fd: 42, iova: 0x202ce000, mDecoderSwFlag: 0
01-21 20:43:40.922 18303 18762 I mali_gralloc: register: id=0x2c100001c7a, importpid=708
01-21 20:43:40.922 18303 18762 I mali_gralloc: unregister: id=0x2c100001c7a, base=0x0, importpid=18303
01-21 20:43:40.933   698  6594 I audio_hw_primary: app type:0x   5, is_voip:0, device:2, pcm:-176945824, usecase:0x   2
01-21 20:43:40.952   708 18763 V SimpleUnisocC2Component: start processing frame #275
01-21 20:43:40.953   708 18763 I VSP     : VP8DecSetCurRecPic,104,picid 275,header 0xf27cd570
01-21 20:43:40.953   708 18763 I C2UnisocVp8Dec: setDecodeArgs, pBufCtrl: 0xf27d0ff0, pBufCtrl->phyAddr: 0x203d3000, frameIndex: 275, timeStamp: 27806457000, inSize: 197, inOffset: 0
01-21 20:43:40.953   708 18764 V C2UnisocVp8Dec: fetchGraphicBlock, stride: 640, sliceHeight: 368, mDecoderSwFlag: 0
01-21 20:43:40.954   708 18763 V C2UnisocVp8Dec: VSP_bind_cb, phyAddr: 0x203d3000, pOutBlockInfo: 0xf27cd570, pBufCtrl: 0xf27d0ff0; iRefCount=0
01-21 20:43:40.954   708 18763 V C2UnisocVp8Dec: VSP_unbind_cb, phyAddr: 0x20277000, pOutBlockInfo: 0xf27c4ed0, pBufCtrl: 0xf27d09f0; iRefCount=1
01-21 20:43:40.954   708 18763 I C2UnisocVp8Dec: process, decRet: 0, 1ms, dec_out.frameEffective: 1, has_pic: 1, picId: 275, consume byte: 197
01-21 20:43:40.954   708 18763 I C2UnisocVp8Dec: drainOneOutputBuffer, pBufCtrl: 0xf27d0ff0, pBufCtrl->phyAddr: 0x203d3000, frameIndex: 275
01-21 20:43:40.955   708 18764 D C2UnisocVideoDecoderComponent: fetch one queue free block:0xf27cea10,iRefCount:0
01-21 20:43:40.955   708 18764 I C2UnisocVp8Dec: resetOutBlock, fd: 43, iova: 0x20277000, mDecoderSwFlag: 0
01-21 20:43:40.955   708 18763 V SimpleUnisocC2Component: processed frame #275
01-21 20:43:40.955   708 18763 V SimpleUnisocC2Component: returning this work, frameIndex: 275
01-21 20:43:40.955 18303 18762 I mali_gralloc: register: id=0x2c100001c73, importpid=708
01-21 20:43:40.956 18303 18762 I mali_gralloc: unregister: id=0x2c100001c73, base=0x0, importpid=18303
01-21 20:43:40.957   698  6594 I audio_hw_primary: app type:0x   5, is_voip:0, device:2, pcm:-176945824, usecase:0x   2
01-21 20:43:40.986   708 18763 V SimpleUnisocC2Component: start processing frame #276
01-21 20:43:40.986   708 18763 I VSP     : VP8DecSetCurRecPic,104,picid 276,header 0xf27cea10
01-21 20:43:40.986   708 18763 I C2UnisocVp8Dec: setDecodeArgs, pBufCtrl: 0xf27ce410, pBufCtrl->phyAddr: 0x202ce000, frameIndex: 276, timeStamp: 27806490000, inSize: 194, inOffset: 0
01-21 20:43:40.986   708 18764 V C2UnisocVp8Dec: fetchGraphicBlock, stride: 640, sliceHeight: 368, mDecoderSwFlag: 0
01-21 20:43:40.988   708 18763 V C2UnisocVp8Dec: VSP_bind_cb, phyAddr: 0x202ce000, pOutBlockInfo: 0xf27cea10, pBufCtrl: 0xf27ce410; iRefCount=0
01-21 20:43:40.988   708 18763 V C2UnisocVp8Dec: VSP_unbind_cb, phyAddr: 0x203d3000, pOutBlockInfo: 0xf27cd570, pBufCtrl: 0xf27d0ff0; iRefCount=1
01-21 20:43:40.988   708 18763 I C2UnisocVp8Dec: process, decRet: 0, 1ms, dec_out.frameEffective: 1, has_pic: 1, picId: 276, consume byte: 194
01-21 20:43:40.988   708 18763 I C2UnisocVp8Dec: drainOneOutputBuffer, pBufCtrl: 0xf27ce410, pBufCtrl->phyAddr: 0x202ce000, frameIndex: 276
01-21 20:43:40.988   708 18764 D C2UnisocVideoDecoderComponent: fetch one queue free block:0xf27d13e0,iRefCount:0
01-21 20:43:40.988   708 18763 V SimpleUnisocC2Component: processed frame #276
01-21 20:43:40.988   708 18763 V SimpleUnisocC2Component: returning this work, frameIndex: 276
01-21 20:43:40.989 18303 18762 I mali_gralloc: register: id=0x2c100001c77, importpid=708
01-21 20:43:40.989 18303 18762 I mali_gralloc: unregister: id=0x2c100001c77, base=0x0, importpid=18303
01-21 20:43:41.000   698  6594 I audio_hw_primary: app type:0x   5, is_voip:0, device:2, pcm:-176945824, usecase:0x   2
01-21 20:43:41.001  2103  2103 W ThreadPoolForeg: type=1400 audit(0.0:35984): avc: denied { write } for name="traced_producer" dev="tmpfs" ino=23470 scontext=u:r:gmscore_app:s0:c512,c768 tcontext=u:object_r:traced_producer_socket:s0 tclass=sock_file permissive=0 app=com.google.android.gms
01-21 20:43:41.020   708 18763 V SimpleUnisocC2Component: start processing frame #277
01-21 20:43:41.020   708 18763 I VSP     : VP8DecSetCurRecPic,104,picid 277,header 0xf27d13e0
01-21 20:43:41.020   708 18763 I C2UnisocVp8Dec: setDecodeArgs, pBufCtrl: 0xf27c95e0, pBufCtrl->phyAddr: 0x20277000, frameIndex: 277, timeStamp: 27806525000, inSize: 197, inOffset: 0
01-21 20:43:41.020   708 18764 V C2UnisocVp8Dec: fetchGraphicBlock, stride: 640, sliceHeight: 368, mDecoderSwFlag: 0
01-21 20:43:41.021   708 18764 I C2UnisocVp8Dec: resetOutBlock, fd: 25, iova: 0x203d3000, mDecoderSwFlag: 0
01-21 20:43:41.022   708 18763 V C2UnisocVp8Dec: VSP_bind_cb, phyAddr: 0x20277000, pOutBlockInfo: 0xf27d13e0, pBufCtrl: 0xf27c95e0; iRefCount=0
01-21 20:43:41.022   708 18763 V C2UnisocVp8Dec: VSP_unbind_cb, phyAddr: 0x202ce000, pOutBlockInfo: 0xf27cea10, pBufCtrl: 0xf27ce410; iRefCount=1
01-21 20:43:41.022   708 18763 I C2UnisocVp8Dec: process, decRet: 0, 2ms, dec_out.frameEffective: 1, has_pic: 1, picId: 277, consume byte: 197
01-21 20:43:41.023   708 18763 I C2UnisocVp8Dec: drainOneOutputBuffer, pBufCtrl: 0xf27c95e0, pBufCtrl->phyAddr: 0x20277000, frameIndex: 277
01-21 20:43:41.023   708 18764 I C2UnisocVp8Dec: resetOutBlock, fd: 41, iova: 0x202ce000, mDecoderSwFlag: 0
01-21 20:43:41.023   708 18763 V SimpleUnisocC2Component: processed frame #277
01-21 20:43:41.023   708 18763 V SimpleUnisocC2Component: returning this work, frameIndex: 277
01-21 20:43:41.023   708 18764 D C2UnisocVideoDecoderComponent: fetch one queue free block:0xf27c4ed0,iRefCount:0
01-21 20:43:41.024 18303 18762 I mali_gralloc: register: id=0x2c100001c7a, importpid=708
01-21 20:43:41.024 18303 18762 I mali_gralloc: unregister: id=0x2c100001c7a, base=0x0, importpid=18303
01-21 20:43:41.043   698  6594 I audio_hw_primary: app type:0x   5, is_voip:0, device:2, pcm:-176945824, usecase:0x   2
01-21 20:43:41.053   708 18763 V SimpleUnisocC2Component: start processing frame #278
01-21 20:43:41.053   708 18763 I VSP     : VP8DecSetCurRecPic,104,picid 278,header 0xf27c4ed0
01-21 20:43:41.053   708 18763 I C2UnisocVp8Dec: setDecodeArgs, pBufCtrl: 0xf27d09f0, pBufCtrl->phyAddr: 0x202ce000, frameIndex: 278, timeStamp: 27806558000, inSize: 5017, inOffset: 0
01-21 20:43:41.053   708 18764 V C2UnisocVp8Dec: fetchGraphicBlock, stride: 640, sliceHeight: 368, mDecoderSwFlag: 0
01-21 20:43:41.056   708 18763 V C2UnisocVp8Dec: VSP_bind_cb, phyAddr: 0x202ce000, pOutBlockInfo: 0xf27c4ed0, pBufCtrl: 0xf27d09f0; iRefCount=0
01-21 20:43:41.056   708 18763 V C2UnisocVp8Dec: VSP_unbind_cb, phyAddr: 0x20277000, pOutBlockInfo: 0xf27d13e0, pBufCtrl: 0xf27c95e0; iRefCount=1
01-21 20:43:41.056   708 18763 I C2UnisocVp8Dec: process, decRet: 0, 2ms, dec_out.frameEffective: 1, has_pic: 1, picId: 278, consume byte: 5017
01-21 20:43:41.056   708 18763 I C2UnisocVp8Dec: drainOneOutputBuffer, pBufCtrl: 0xf27d09f0, pBufCtrl->phyAddr: 0x202ce000, frameIndex: 278
01-21 20:43:41.057   708 18764 D C2UnisocVideoDecoderComponent: fetch one queue free block:0xf27cd570,iRefCount:0
01-21 20:43:41.057   708 18764 I C2UnisocVp8Dec: resetOutBlock, fd: 42, iova: 0x20277000, mDecoderSwFlag: 0
01-21 20:43:41.057   708 18763 V SimpleUnisocC2Component: processed frame #278
01-21 20:43:41.057   708 18763 V SimpleUnisocC2Component: returning this work, frameIndex: 278
01-21 20:43:41.058 18303 18762 I mali_gralloc: register: id=0x2c100001c73, importpid=708
01-21 20:43:41.058 18303 18762 I mali_gralloc: unregister: id=0x2c100001c73, base=0x0, importpid=18303
01-21 20:43:41.086   698  6594 I audio_hw_primary: app type:0x   5, is_voip:0, device:2, pcm:-176945824, usecase:0x   2
01-21 20:43:41.087   708 18763 V SimpleUnisocC2Component: start processing frame #279
01-21 20:43:41.088   708 18763 I VSP     : VP8DecSetCurRecPic,104,picid 279,header 0xf27cd570
01-21 20:43:41.088   708 18763 I C2UnisocVp8Dec: setDecodeArgs, pBufCtrl: 0xf27d0ff0, pBufCtrl->phyAddr: 0x203d3000, frameIndex: 279, timeStamp: 27806592000, inSize: 450, inOffset: 0
01-21 20:43:41.088   708 18764 V C2UnisocVp8Dec: fetchGraphicBlock, stride: 640, sliceHeight: 368, mDecoderSwFlag: 0
01-21 20:43:41.089   708 18763 V C2UnisocVp8Dec: VSP_bind_cb, phyAddr: 0x203d3000, pOutBlockInfo: 0xf27cd570, pBufCtrl: 0xf27d0ff0; iRefCount=0
01-21 20:43:41.089   708 18763 V C2UnisocVp8Dec: VSP_unbind_cb, phyAddr: 0x202ce000, pOutBlockInfo: 0xf27c4ed0, pBufCtrl: 0xf27d09f0; iRefCount=1
01-21 20:43:41.089   708 18763 I C2UnisocVp8Dec: process, decRet: 0, 1ms, dec_out.frameEffective: 1, has_pic: 1, picId: 279, consume byte: 450
01-21 20:43:41.089   708 18763 I C2UnisocVp8Dec: drainOneOutputBuffer, pBufCtrl: 0xf27d0ff0, pBufCtrl->phyAddr: 0x203d3000, frameIndex: 279
01-21 20:43:41.090   708 18763 V SimpleUnisocC2Component: processed frame #279
01-21 20:43:41.090   708 18764 D C2UnisocVideoDecoderComponent: fetch one queue free block:0xf27cea10,iRefCount:0
01-21 20:43:41.090   708 18763 V SimpleUnisocC2Component: returning this work, frameIndex: 279
01-21 20:43:41.090   708 18764 I C2UnisocVp8Dec: resetOutBlock, fd: 43, iova: 0x202ce000, mDecoderSwFlag: 0
01-21 20:43:41.090 18303 18762 I mali_gralloc: register: id=0x2c100001c77, importpid=708
01-21 20:43:41.090 18303 18762 I mali_gralloc: unregister: id=0x2c100001c77, base=0x0, importpid=18303
01-21 20:43:41.122   708 18763 V SimpleUnisocC2Component: start processing frame #280
01-21 20:43:41.122   708 18763 I VSP     : VP8DecSetCurRecPic,104,picid 280,header 0xf27cea10
01-21 20:43:41.122   708 18763 I C2UnisocVp8Dec: setDecodeArgs, pBufCtrl: 0xf27ce410, pBufCtrl->phyAddr: 0x20277000, frameIndex: 280, timeStamp: 27806627000, inSize: 190, inOffset: 0
01-21 20:43:41.123   708 18764 V C2UnisocVp8Dec: fetchGraphicBlock, stride: 640, sliceHeight: 368, mDecoderSwFlag: 0
01-21 20:43:41.124   708 18763 V C2UnisocVp8Dec: VSP_bind_cb, phyAddr: 0x20277000, pOutBlockInfo: 0xf27cea10, pBufCtrl: 0xf27ce410; iRefCount=0
01-21 20:43:41.124   708 18763 V C2UnisocVp8Dec: VSP_unbind_cb, phyAddr: 0x2037c000, pOutBlockInfo: 0xf27ccb20, pBufCtrl: 0xf27d1680; iRefCount=1
01-21 20:43:41.124   708 18763 V C2UnisocVp8Dec: VSP_unbind_cb, phyAddr: 0x203d3000, pOutBlockInfo: 0xf27cd570, pBufCtrl: 0xf27d0ff0; iRefCount=1
01-21 20:43:41.124   708 18763 I C2UnisocVp8Dec: process, decRet: 0, 2ms, dec_out.frameEffective: 1, has_pic: 1, picId: 280, consume byte: 190
01-21 20:43:41.124   708 18763 I C2UnisocVp8Dec: drainOneOutputBuffer, pBufCtrl: 0xf27ce410, pBufCtrl->phyAddr: 0x20277000, frameIndex: 280
01-21 20:43:41.125   708 18764 D C2UnisocVideoDecoderComponent: fetch one queue free block:0xf27d13e0,iRefCount:0
01-21 20:43:41.125   708 18763 V SimpleUnisocC2Component: processed frame #280
01-21 20:43:41.125   708 18763 V SimpleUnisocC2Component: returning this work, frameIndex: 280
01-21 20:43:41.126 18303 18762 I mali_gralloc: register: id=0x2c100001c7a, importpid=708
01-21 20:43:41.126 18303 18762 I mali_gralloc: unregister: id=0x2c100001c7a, base=0x0, importpid=18303
01-21 20:43:41.129   698  6594 I audio_hw_primary: app type:0x   5, is_voip:0, device:2, pcm:-176945824, usecase:0x   2
01-21 20:43:41.157   708 18763 V SimpleUnisocC2Component: start processing frame #281
01-21 20:43:41.157   708 18763 I VSP     : VP8DecSetCurRecPic,104,picid 281,header 0xf27d13e0
01-21 20:43:41.157   708 18763 I C2UnisocVp8Dec: setDecodeArgs, pBufCtrl: 0xf27c95e0, pBufCtrl->phyAddr: 0x202ce000, frameIndex: 281, timeStamp: 27806661000, inSize: 183, inOffset: 0
01-21 20:43:41.157   708 18764 V C2UnisocVp8Dec: fetchGraphicBlock, stride: 640, sliceHeight: 368, mDecoderSwFlag: 0
01-21 20:43:41.158   708 18764 I C2UnisocVp8Dec: resetOutBlock, fd: 25, iova: 0x203d3000, mDecoderSwFlag: 0
01-21 20:43:41.159   708 18763 V C2UnisocVp8Dec: VSP_bind_cb, phyAddr: 0x202ce000, pOutBlockInfo: 0xf27d13e0, pBufCtrl: 0xf27c95e0; iRefCount=0
01-21 20:43:41.159   708 18763 I C2UnisocVp8Dec: process, decRet: 0, 1ms, dec_out.frameEffective: 1, has_pic: 1, picId: 281, consume byte: 183
01-21 20:43:41.159   708 18763 I C2UnisocVp8Dec: drainOneOutputBuffer, pBufCtrl: 0xf27c95e0, pBufCtrl->phyAddr: 0x202ce000, frameIndex: 281
01-21 20:43:41.159   708 18764 I C2UnisocVp8Dec: resetOutBlock, fd: 25, iova: 0x2037c000, mDecoderSwFlag: 0
01-21 20:43:41.159   708 18763 V SimpleUnisocC2Component: processed frame #281
01-21 20:43:41.159   708 18763 V SimpleUnisocC2Component: returning this work, frameIndex: 281
01-21 20:43:41.160   708 18764 D C2UnisocVideoDecoderComponent: fetch one queue free block:0xf27c4ed0,iRefCount:0
01-21 20:43:41.161 18303 18762 I mali_gralloc: register: id=0x2c100001c73, importpid=708
01-21 20:43:41.161 18303 18762 I mali_gralloc: unregister: id=0x2c100001c73, base=0x0, importpid=18303
01-21 20:43:41.172   698  6594 I audio_hw_primary: app type:0x   5, is_voip:0, device:2, pcm:-176945824, usecase:0x   2
01-21 20:43:41.191   708 18763 V SimpleUnisocC2Component: start processing frame #282
01-21 20:43:41.192   708 18763 I VSP     : VP8DecSetCurRecPic,104,picid 282,header 0xf27c4ed0
01-21 20:43:41.192   708 18764 V C2UnisocVp8Dec: fetchGraphicBlock, stride: 640, sliceHeight: 368, mDecoderSwFlag: 0
01-21 20:43:41.192   708 18763 I C2UnisocVp8Dec: setDecodeArgs, pBufCtrl: 0xf27d09f0, pBufCtrl->phyAddr: 0x2037c000, frameIndex: 282, timeStamp: 27806695000, inSize: 310, inOffset: 0
01-21 20:43:41.193   708 18763 V C2UnisocVp8Dec: VSP_bind_cb, phyAddr: 0x2037c000, pOutBlockInfo: 0xf27c4ed0, pBufCtrl: 0xf27d09f0; iRefCount=0
01-21 20:43:41.193   708 18763 V C2UnisocVp8Dec: VSP_unbind_cb, phyAddr: 0x202ce000, pOutBlockInfo: 0xf27d13e0, pBufCtrl: 0xf27c95e0; iRefCount=1
01-21 20:43:41.193   708 18763 I C2UnisocVp8Dec: process, decRet: 0, 1ms, dec_out.frameEffective: 1, has_pic: 1, picId: 282, consume byte: 310
01-21 20:43:41.193   708 18763 I C2UnisocVp8Dec: drainOneOutputBuffer, pBufCtrl: 0xf27d09f0, pBufCtrl->phyAddr: 0x2037c000, frameIndex: 282
01-21 20:43:41.194   708 18764 D C2UnisocVideoDecoderComponent: fetch one queue free block:0xf27cd570,iRefCount:0
01-21 20:43:41.194   708 18764 I C2UnisocVp8Dec: resetOutBlock, fd: 42, iova: 0x202ce000, mDecoderSwFlag: 0
01-21 20:43:41.194   708 18763 V SimpleUnisocC2Component: processed frame #282
01-21 20:43:41.194   708 18763 V SimpleUnisocC2Component: returning this work, frameIndex: 282
01-21 20:43:41.195 18303 18762 I mali_gralloc: register: id=0x2c100001c77, importpid=708
01-21 20:43:41.195 18303 18762 I mali_gralloc: unregister: id=0x2c100001c77, base=0x0, importpid=18303
01-21 20:43:41.197   698  6594 I audio_hw_primary: app type:0x   5, is_voip:0, device:2, pcm:-176945824, usecase:0x   2
01-21 20:43:41.225   708 18763 V SimpleUnisocC2Component: start processing frame #283
01-21 20:43:41.226   708 18763 I VSP     : VP8DecSetCurRecPic,104,picid 283,header 0xf27cd570
01-21 20:43:41.226   708 18763 I C2UnisocVp8Dec: setDecodeArgs, pBufCtrl: 0xf27d0ff0, pBufCtrl->phyAddr: 0x203d3000, frameIndex: 283, timeStamp: 27806730000, inSize: 5128, inOffset: 0
01-21 20:43:41.226   708 18764 V C2UnisocVp8Dec: fetchGraphicBlock, stride: 640, sliceHeight: 368, mDecoderSwFlag: 0
01-21 20:43:41.228   708 18763 V C2UnisocVp8Dec: VSP_bind_cb, phyAddr: 0x203d3000, pOutBlockInfo: 0xf27cd570, pBufCtrl: 0xf27d0ff0; iRefCount=0
01-21 20:43:41.228   708 18763 V C2UnisocVp8Dec: VSP_unbind_cb, phyAddr: 0x2037c000, pOutBlockInfo: 0xf27c4ed0, pBufCtrl: 0xf27d09f0; iRefCount=1
01-21 20:43:41.228   708 18763 I C2UnisocVp8Dec: process, decRet: 0, 2ms, dec_out.frameEffective: 1, has_pic: 1, picId: 283, consume byte: 5128
01-21 20:43:41.228   708 18763 I C2UnisocVp8Dec: drainOneOutputBuffer, pBufCtrl: 0xf27d0ff0, pBufCtrl->phyAddr: 0x203d3000, frameIndex: 283
01-21 20:43:41.228   708 18763 V SimpleUnisocC2Component: processed frame #283
01-21 20:43:41.228   708 18763 V SimpleUnisocC2Component: returning this work, frameIndex: 283
01-21 20:43:41.228   708 18764 I C2UnisocVideoDecoderComponent: this buffer fd:41,block:0xf27cea10,address:0x20277000,iRefCount:1, is still in bind
01-21 20:43:41.229   708 18764 I C2UnisocVp8Dec: resetOutBlock, fd: 42, iova: 0x20277000, mDecoderSwFlag: 0
01-21 20:43:41.229   708 18764 V C2UnisocVp8Dec: fetchGraphicBlock, stride: 640, sliceHeight: 368, mDecoderSwFlag: 0
01-21 20:43:41.229 18303 18762 I mali_gralloc: register: id=0x2c100001c75, importpid=708
