01-21 20:43:49.423   708 18776 I C2UnisocVp8Dec: process, decRet: 0, 3ms, dec_out.frameEffective: 1, has_pic: 1, picId: 132, consume byte: 245
01-21 20:43:49.423   708 18776 I C2UnisocVp8Dec: drainOneOutputBuffer, pBufCtrl: 0xf27cf580, pBufCtrl->phyAddr: 0x20460000, frameIndex: 132
01-21 20:43:49.423   708 18776 V SimpleUnisocC2Component: processed frame #132
01-21 20:43:49.423   708 18776 V SimpleUnisocC2Component: returning this work, frameIndex: 132
01-21 20:43:49.423   708 18777 D C2UnisocVideoDecoderComponent: fetch one queue free block:0xf27d01b0,iRefCount:0
01-21 20:43:49.424 18303 18762 I mali_gralloc: register: id=0x2c100001c80, importpid=708
01-21 20:43:49.424 18303 18762 I mali_gralloc: unregister: id=0x2c100001c80, base=0x0, importpid=18303
01-21 20:43:49.447   698  6594 I audio_hw_primary: app type:0x   5, is_voip:0, device:2, pcm:-176945824, usecase:0x   2
01-21 20:43:49.452   708 18776 V SimpleUnisocC2Component: start processing frame #133
01-21 20:43:49.452   708 18776 I VSP     : VP8DecSetCurRecPic,104,picid 133,header 0xf27d01b0
01-21 20:43:49.452   708 18777 V C2UnisocVp8Dec: fetchGraphicBlock, stride: 960, sliceHeight: 544, mDecoderSwFlag: 0
01-21 20:43:49.452   708 18776 I C2UnisocVp8Dec: setDecodeArgs, pBufCtrl: 0xf27cd9f0, pBufCtrl->phyAddr: 0x203a0000, frameIndex: 133, timeStamp: 27814885000, inSize: 245, inOffset: 0
01-21 20:43:49.453   708 18777 I C2UnisocVp8Dec: resetOutBlock, fd: 26, iova: 0x205e0000, mDecoderSwFlag: 0
01-21 20:43:49.455   708 18776 V C2UnisocVp8Dec: VSP_bind_cb, phyAddr: 0x203a0000, pOutBlockInfo: 0xf27d01b0, pBufCtrl: 0xf27cd9f0; iRefCount=0
01-21 20:43:49.455   708 18776 V C2UnisocVp8Dec: VSP_unbind_cb, phyAddr: 0x20460000, pOutBlockInfo: 0xf27cebf0, pBufCtrl: 0xf27cf580; iRefCount=1
01-21 20:43:49.456   708 18776 I C2UnisocVp8Dec: process, decRet: 0, 3ms, dec_out.frameEffective: 1, has_pic: 1, picId: 133, consume byte: 245
01-21 20:43:49.456   708 18776 I C2UnisocVp8Dec: drainOneOutputBuffer, pBufCtrl: 0xf27cd9f0, pBufCtrl->phyAddr: 0x203a0000, frameIndex: 133
01-21 20:43:49.456   708 18776 V SimpleUnisocC2Component: processed frame #133
01-21 20:43:49.456   708 18776 V SimpleUnisocC2Component: returning this work, frameIndex: 133
01-21 20:43:49.456   708 18777 I C2UnisocVp8Dec: resetOutBlock, fd: 28, iova: 0x20460000, mDecoderSwFlag: 0
01-21 20:43:49.456   708 18777 D C2UnisocVideoDecoderComponent: fetch one queue free block:0xf27d1e60,iRefCount:0
01-21 20:43:49.457 18303 18762 I mali_gralloc: register: id=0x2c100001c83, importpid=708
01-21 20:43:49.457 18303 18762 I mali_gralloc: unregister: id=0x2c100001c83, base=0x0, importpid=18303
01-21 20:43:49.487   708 18776 V SimpleUnisocC2Component: start processing frame #134
01-21 20:43:49.487   708 18776 I VSP     : VP8DecSetCurRecPic,104,picid 134,header 0xf27d1e60
01-21 20:43:49.487   708 18776 I C2UnisocVp8Dec: setDecodeArgs, pBufCtrl: 0xf27ccf10, pBufCtrl->phyAddr: 0x20460000, frameIndex: 134, timeStamp: 27814919000, inSize: 242, inOffset: 0
01-21 20:43:49.487   708 18777 V C2UnisocVp8Dec: fetchGraphicBlock, stride: 960, sliceHeight: 544, mDecoderSwFlag: 0
01-21 20:43:49.490   708 18776 V C2UnisocVp8Dec: VSP_bind_cb, phyAddr: 0x20460000, pOutBlockInfo: 0xf27d1e60, pBufCtrl: 0xf27ccf10; iRefCount=0
01-21 20:43:49.491   708 18776 V C2UnisocVp8Dec: VSP_unbind_cb, phyAddr: 0x203a0000, pOutBlockInfo: 0xf27d01b0, pBufCtrl: 0xf27cd9f0; iRefCount=1
01-21 20:43:49.491   708 18776 I C2UnisocVp8Dec: process, decRet: 0, 3ms, dec_out.frameEffective: 1, has_pic: 1, picId: 134, consume byte: 242
01-21 20:43:49.491   708 18776 I C2UnisocVp8Dec: drainOneOutputBuffer, pBufCtrl: 0xf27ccf10, pBufCtrl->phyAddr: 0x20460000, frameIndex: 134
01-21 20:43:49.491   708 18776 V SimpleUnisocC2Component: processed frame #134
01-21 20:43:49.491   708 18776 V SimpleUnisocC2Component: returning this work, frameIndex: 134
01-21 20:43:49.491   708 18777 D C2UnisocVideoDecoderComponent: fetch one queue free block:0xf27cd960,iRefCount:0
01-21 20:43:49.491   708 18777 I C2UnisocVp8Dec: resetOutBlock, fd: 29, iova: 0x203a0000, mDecoderSwFlag: 0
01-21 20:43:49.492 18303 18762 I mali_gralloc: register: id=0x2c100001c7d, importpid=708
01-21 20:43:49.492 18303 18762 I mali_gralloc: unregister: id=0x2c100001c7d, base=0x0, importpid=18303
01-21 20:43:49.493   698  6594 I audio_hw_primary: app type:0x   5, is_voip:0, device:2, pcm:-176945824, usecase:0x   2
01-21 20:43:49.521   708 18776 V SimpleUnisocC2Component: start processing frame #135
01-21 20:43:49.521   708 18776 I VSP     : VP8DecSetCurRecPic,104,picid 135,header 0xf27cd960
01-21 20:43:49.521   708 18776 I C2UnisocVp8Dec: setDecodeArgs, pBufCtrl: 0xf27cf430, pBufCtrl->phyAddr: 0x205e0000, frameIndex: 135, timeStamp: 27814953000, inSize: 244, inOffset: 0
01-21 20:43:49.522   708 18777 V C2UnisocVp8Dec: fetchGraphicBlock, stride: 960, sliceHeight: 544, mDecoderSwFlag: 0
01-21 20:43:49.525   708 18776 V C2UnisocVp8Dec: VSP_bind_cb, phyAddr: 0x205e0000, pOutBlockInfo: 0xf27cd960, pBufCtrl: 0xf27cf430; iRefCount=0
01-21 20:43:49.525   708 18776 V C2UnisocVp8Dec: VSP_unbind_cb, phyAddr: 0x20460000, pOutBlockInfo: 0xf27d1e60, pBufCtrl: 0xf27ccf10; iRefCount=1
01-21 20:43:49.525   708 18776 I C2UnisocVp8Dec: process, decRet: 0, 3ms, dec_out.frameEffective: 1, has_pic: 1, picId: 135, consume byte: 244
01-21 20:43:49.525   708 18776 I C2UnisocVp8Dec: drainOneOutputBuffer, pBufCtrl: 0xf27cf430, pBufCtrl->phyAddr: 0x205e0000, frameIndex: 135
01-21 20:43:49.525   708 18776 V SimpleUnisocC2Component: processed frame #135
01-21 20:43:49.525   708 18777 D C2UnisocVideoDecoderComponent: fetch one queue free block:0xf27cebf0,iRefCount:0
01-21 20:43:49.525   708 18776 V SimpleUnisocC2Component: returning this work, frameIndex: 135
01-21 20:43:49.525   708 18777 I C2UnisocVp8Dec: resetOutBlock, fd: 43, iova: 0x20460000, mDecoderSwFlag: 0
01-21 20:43:49.526 18303 18762 I mali_gralloc: register: id=0x2c100001c80, importpid=708
01-21 20:43:49.526 18303 18762 I mali_gralloc: unregister: id=0x2c100001c80, base=0x0, importpid=18303
01-21 20:43:49.535   698  6594 I audio_hw_primary: app type:0x   5, is_voip:0, device:2, pcm:-176945824, usecase:0x   2
01-21 20:43:49.556   708 18776 V SimpleUnisocC2Component: start processing frame #136
01-21 20:43:49.556   708 18776 I VSP     : VP8DecSetCurRecPic,104,picid 136,header 0xf27cebf0
01-21 20:43:49.556   708 18776 I C2UnisocVp8Dec: setDecodeArgs, pBufCtrl: 0xf27cf580, pBufCtrl->phyAddr: 0x203a0000, frameIndex: 136, timeStamp: 27814987000, inSize: 245, inOffset: 0
01-21 20:43:49.556   708 18777 V C2UnisocVp8Dec: fetchGraphicBlock, stride: 960, sliceHeight: 544, mDecoderSwFlag: 0
01-21 20:43:49.559   698  6594 I audio_hw_primary: app type:0x   5, is_voip:0, device:2, pcm:-176945824, usecase:0x   2
01-21 20:43:49.559   708 18776 V C2UnisocVp8Dec: VSP_bind_cb, phyAddr: 0x203a0000, pOutBlockInfo: 0xf27cebf0, pBufCtrl: 0xf27cf580; iRefCount=0
01-21 20:43:49.559   708 18776 V C2UnisocVp8Dec: VSP_unbind_cb, phyAddr: 0x205e0000, pOutBlockInfo: 0xf27cd960, pBufCtrl: 0xf27cf430; iRefCount=1
01-21 20:43:49.559   708 18776 I C2UnisocVp8Dec: process, decRet: 0, 3ms, dec_out.frameEffective: 1, has_pic: 1, picId: 136, consume byte: 245
01-21 20:43:49.559   708 18776 I C2UnisocVp8Dec: drainOneOutputBuffer, pBufCtrl: 0xf27cf580, pBufCtrl->phyAddr: 0x203a0000, frameIndex: 136
01-21 20:43:49.560   708 18777 D C2UnisocVideoDecoderComponent: fetch one queue free block:0xf27d01b0,iRefCount:0
01-21 20:43:49.560   708 18776 V SimpleUnisocC2Component: processed frame #136
01-21 20:43:49.560   708 18776 V SimpleUnisocC2Component: returning this work, frameIndex: 136
01-21 20:43:49.560 18303 18762 I mali_gralloc: register: id=0x2c100001c83, importpid=708
01-21 20:43:49.561 18303 18762 I mali_gralloc: unregister: id=0x2c100001c83, base=0x0, importpid=18303
01-21 20:43:49.589   708 18776 V SimpleUnisocC2Component: start processing frame #137
01-21 20:43:49.590   708 18776 I VSP     : VP8DecSetCurRecPic,104,picid 137,header 0xf27d01b0
01-21 20:43:49.590   708 18776 I C2UnisocVp8Dec: setDecodeArgs, pBufCtrl: 0xf27cd9f0, pBufCtrl->phyAddr: 0x20460000, frameIndex: 137, timeStamp: 27815022000, inSize: 241, inOffset: 0
01-21 20:43:49.590   708 18777 V C2UnisocVp8Dec: fetchGraphicBlock, stride: 960, sliceHeight: 544, mDecoderSwFlag: 0
01-21 20:43:49.591   708 18777 I C2UnisocVp8Dec: resetOutBlock, fd: 26, iova: 0x205e0000, mDecoderSwFlag: 0
01-21 20:43:49.593   708 18776 V C2UnisocVp8Dec: VSP_bind_cb, phyAddr: 0x20460000, pOutBlockInfo: 0xf27d01b0, pBufCtrl: 0xf27cd9f0; iRefCount=0
01-21 20:43:49.593   708 18776 V C2UnisocVp8Dec: VSP_unbind_cb, phyAddr: 0x203a0000, pOutBlockInfo: 0xf27cebf0, pBufCtrl: 0xf27cf580; iRefCount=1
01-21 20:43:49.593   708 18776 I C2UnisocVp8Dec: process, decRet: 0, 3ms, dec_out.frameEffective: 1, has_pic: 1, picId: 137, consume byte: 241
01-21 20:43:49.593   708 18776 I C2UnisocVp8Dec: drainOneOutputBuffer, pBufCtrl: 0xf27cd9f0, pBufCtrl->phyAddr: 0x20460000, frameIndex: 137
01-21 20:43:49.593   708 18776 V SimpleUnisocC2Component: processed frame #137
01-21 20:43:49.593   708 18776 V SimpleUnisocC2Component: returning this work, frameIndex: 137
01-21 20:43:49.594   708 18777 I C2UnisocVp8Dec: resetOutBlock, fd: 28, iova: 0x203a0000, mDecoderSwFlag: 0
01-21 20:43:49.594   708 18777 D C2UnisocVideoDecoderComponent: fetch one queue free block:0xf27d1e60,iRefCount:0
01-21 20:43:49.594 18303 18762 I mali_gralloc: register: id=0x2c100001c7d, importpid=708
01-21 20:43:49.594 18303 18762 I mali_gralloc: unregister: id=0x2c100001c7d, base=0x0, importpid=18303
01-21 20:43:49.602   698  6594 I audio_hw_primary: app type:0x   5, is_voip:0, device:2, pcm:-176945824, usecase:0x   2
01-21 20:43:49.624   708 18776 V SimpleUnisocC2Component: start processing frame #138
01-21 20:43:49.624   708 18776 I VSP     : VP8DecSetCurRecPic,104,picid 138,header 0xf27d1e60
01-21 20:43:49.624   708 18776 I C2UnisocVp8Dec: setDecodeArgs, pBufCtrl: 0xf27ccf10, pBufCtrl->phyAddr: 0x203a0000, frameIndex: 138, timeStamp: 27815056000, inSize: 9062, inOffset: 0
01-21 20:43:49.624   708 18777 V C2UnisocVp8Dec: fetchGraphicBlock, stride: 960, sliceHeight: 544, mDecoderSwFlag: 0
01-21 20:43:49.629   708 18776 V C2UnisocVp8Dec: VSP_bind_cb, phyAddr: 0x203a0000, pOutBlockInfo: 0xf27d1e60, pBufCtrl: 0xf27ccf10; iRefCount=0
01-21 20:43:49.629   708 18776 V C2UnisocVp8Dec: VSP_unbind_cb, phyAddr: 0x20460000, pOutBlockInfo: 0xf27d01b0, pBufCtrl: 0xf27cd9f0; iRefCount=1
01-21 20:43:49.629   708 18776 I C2UnisocVp8Dec: process, decRet: 0, 4ms, dec_out.frameEffective: 1, has_pic: 1, picId: 138, consume byte: 9062
01-21 20:43:49.629   708 18776 I C2UnisocVp8Dec: drainOneOutputBuffer, pBufCtrl: 0xf27ccf10, pBufCtrl->phyAddr: 0x203a0000, frameIndex: 138
01-21 20:43:49.629   708 18777 D C2UnisocVideoDecoderComponent: fetch one queue free block:0xf27cd960,iRefCount:0
01-21 20:43:49.629   708 18777 I C2UnisocVp8Dec: resetOutBlock, fd: 29, iova: 0x20460000, mDecoderSwFlag: 0
01-21 20:43:49.629   708 18776 V SimpleUnisocC2Component: processed frame #138
01-21 20:43:49.629   708 18776 V SimpleUnisocC2Component: returning this work, frameIndex: 138
01-21 20:43:49.630 18303 18762 I mali_gralloc: register: id=0x2c100001c80, importpid=708
01-21 20:43:49.630 18303 18762 I mali_gralloc: unregister: id=0x2c100001c80, base=0x0, importpid=18303
01-21 20:43:49.646   698  6594 I audio_hw_primary: app type:0x   5, is_voip:0, device:2, pcm:-176945824, usecase:0x   2
01-21 20:43:49.659   708 18776 V SimpleUnisocC2Component: start processing frame #139
01-21 20:43:49.660   708 18776 I VSP     : VP8DecSetCurRecPic,104,picid 139,header 0xf27cd960
01-21 20:43:49.660   708 18776 I C2UnisocVp8Dec: setDecodeArgs, pBufCtrl: 0xf27cf430, pBufCtrl->phyAddr: 0x205e0000, frameIndex: 139, timeStamp: 27815091000, inSize: 1260, inOffset: 0
01-21 20:43:49.660   708 18777 V C2UnisocVp8Dec: fetchGraphicBlock, stride: 960, sliceHeight: 544, mDecoderSwFlag: 0
01-21 20:43:49.663   708 18776 V C2UnisocVp8Dec: VSP_bind_cb, phyAddr: 0x205e0000, pOutBlockInfo: 0xf27cd960, pBufCtrl: 0xf27cf430; iRefCount=0
01-21 20:43:49.663   708 18776 V C2UnisocVp8Dec: VSP_unbind_cb, phyAddr: 0x203a0000, pOutBlockInfo: 0xf27d1e60, pBufCtrl: 0xf27ccf10; iRefCount=1
01-21 20:43:49.663   708 18776 I C2UnisocVp8Dec: process, decRet: 0, 3ms, dec_out.frameEffective: 1, has_pic: 1, picId: 139, consume byte: 1260
01-21 20:43:49.663   708 18776 I C2UnisocVp8Dec: drainOneOutputBuffer, pBufCtrl: 0xf27cf430, pBufCtrl->phyAddr: 0x205e0000, frameIndex: 139
01-21 20:43:49.663   708 18777 D C2UnisocVideoDecoderComponent: fetch one queue free block:0xf27cebf0,iRefCount:0
01-21 20:43:49.663   708 18777 I C2UnisocVp8Dec: resetOutBlock, fd: 43, iova: 0x203a0000, mDecoderSwFlag: 0
01-21 20:43:49.663   708 18776 V SimpleUnisocC2Component: processed frame #139
01-21 20:43:49.663   708 18776 V SimpleUnisocC2Component: returning this work, frameIndex: 139
01-21 20:43:49.664 18303 18762 I mali_gralloc: register: id=0x2c100001c83, importpid=708
01-21 20:43:49.665 18303 18762 I mali_gralloc: unregister: id=0x2c100001c83, base=0x0, importpid=18303
01-21 20:43:49.666  1146  1857 W ProcessStats: Tracking association SourceState{3a5abeb com.google.android.googlequicksearchbox:interactor/10110 BTopFgs #80072} whose proc state 2 is better than process ProcessState{d6c9325 com.google.android.gms.persistent/10109 pkg=com.google.android.gms} proc state 3 (340 skipped)
01-21 20:43:49.688   698  6594 I audio_hw_primary: app type:0x   5, is_voip:0, device:2, pcm:-176945824, usecase:0x   2
01-21 20:43:49.693   708 18776 V SimpleUnisocC2Component: start processing frame #140
01-21 20:43:49.694   708 18776 I VSP     : VP8DecSetCurRecPic,104,picid 140,header 0xf27cebf0
01-21 20:43:49.694   708 18776 I C2UnisocVp8Dec: setDecodeArgs, pBufCtrl: 0xf27cf580, pBufCtrl->phyAddr: 0x20460000, frameIndex: 140, timeStamp: 27815125000, inSize: 217, inOffset: 0
01-21 20:43:49.694   708 18777 V C2UnisocVp8Dec: fetchGraphicBlock, stride: 960, sliceHeight: 544, mDecoderSwFlag: 0
01-21 20:43:49.697   708 18776 V C2UnisocVp8Dec: VSP_bind_cb, phyAddr: 0x20460000, pOutBlockInfo: 0xf27cebf0, pBufCtrl: 0xf27cf580; iRefCount=0
01-21 20:43:49.697   708 18776 V C2UnisocVp8Dec: VSP_unbind_cb, phyAddr: 0x205e0000, pOutBlockInfo: 0xf27cd960, pBufCtrl: 0xf27cf430; iRefCount=1
01-21 20:43:49.697   708 18776 I C2UnisocVp8Dec: process, decRet: 0, 3ms, dec_out.frameEffective: 1, has_pic: 1, picId: 140, consume byte: 217
01-21 20:43:49.697   708 18776 I C2UnisocVp8Dec: drainOneOutputBuffer, pBufCtrl: 0xf27cf580, pBufCtrl->phyAddr: 0x20460000, frameIndex: 140
01-21 20:43:49.697   708 18777 D C2UnisocVideoDecoderComponent: fetch one queue free block:0xf27d01b0,iRefCount:0
01-21 20:43:49.697   708 18776 V SimpleUnisocC2Component: processed frame #140
01-21 20:43:49.697   708 18776 V SimpleUnisocC2Component: returning this work, frameIndex: 140
01-21 20:43:49.698 18303 18762 I mali_gralloc: register: id=0x2c100001c7d, importpid=708
01-21 20:43:49.699 18303 18762 I mali_gralloc: unregister: id=0x2c100001c7d, base=0x0, importpid=18303
01-21 20:43:49.725   708 18776 V SimpleUnisocC2Component: start processing frame #141
01-21 20:43:49.725   708 18776 I VSP     : VP8DecSetCurRecPic,104,picid 141,header 0xf27d01b0
01-21 20:43:49.725   708 18776 I C2UnisocVp8Dec: setDecodeArgs, pBufCtrl: 0xf27cd9f0, pBufCtrl->phyAddr: 0x203a0000, frameIndex: 141, timeStamp: 27815158000, inSize: 246, inOffset: 0
01-21 20:43:49.726   708 18777 V C2UnisocVp8Dec: fetchGraphicBlock, stride: 960, sliceHeight: 544, mDecoderSwFlag: 0
01-21 20:43:49.727   708 18777 I C2UnisocVp8Dec: resetOutBlock, fd: 26, iova: 0x205e0000, mDecoderSwFlag: 0
01-21 20:43:49.729   708 18776 V C2UnisocVp8Dec: VSP_bind_cb, phyAddr: 0x203a0000, pOutBlockInfo: 0xf27d01b0, pBufCtrl: 0xf27cd9f0; iRefCount=0
01-21 20:43:49.729   708 18776 V C2UnisocVp8Dec: VSP_unbind_cb, phyAddr: 0x20460000, pOutBlockInfo: 0xf27cebf0, pBufCtrl: 0xf27cf580; iRefCount=1
01-21 20:43:49.729   708 18776 I C2UnisocVp8Dec: process, decRet: 0, 3ms, dec_out.frameEffective: 1, has_pic: 1, picId: 141, consume byte: 246
01-21 20:43:49.729   708 18776 I C2UnisocVp8Dec: drainOneOutputBuffer, pBufCtrl: 0xf27cd9f0, pBufCtrl->phyAddr: 0x203a0000, frameIndex: 141
01-21 20:43:49.729   708 18776 V SimpleUnisocC2Component: processed frame #141
01-21 20:43:49.729   708 18776 V SimpleUnisocC2Component: returning this work, frameIndex: 141
01-21 20:43:49.729   708 18777 I C2UnisocVp8Dec: resetOutBlock, fd: 28, iova: 0x20460000, mDecoderSwFlag: 0
01-21 20:43:49.730   708 18777 D C2UnisocVideoDecoderComponent: fetch one queue free block:0xf27d1e60,iRefCount:0
01-21 20:43:49.730 18303 18762 I mali_gralloc: register: id=0x2c100001c80, importpid=708
01-21 20:43:49.731 18303 18762 I mali_gralloc: unregister: id=0x2c100001c80, base=0x0, importpid=18303
01-21 20:43:49.731   698  6594 I audio_hw_primary: app type:0x   5, is_voip:0, device:2, pcm:-176945824, usecase:0x   2
01-21 20:43:49.760   708 18776 V SimpleUnisocC2Component: start processing frame #142
01-21 20:43:49.760   708 18776 I VSP     : VP8DecSetCurRecPic,104,picid 142,header 0xf27d1e60
01-21 20:43:49.760   708 18776 I C2UnisocVp8Dec: setDecodeArgs, pBufCtrl: 0xf27ccf10, pBufCtrl->phyAddr: 0x20460000, frameIndex: 142, timeStamp: 27815193000, inSize: 207, inOffset: 0
01-21 20:43:49.760   708 18777 V C2UnisocVp8Dec: fetchGraphicBlock, stride: 960, sliceHeight: 544, mDecoderSwFlag: 0
01-21 20:43:49.763   708 18776 V C2UnisocVp8Dec: VSP_bind_cb, phyAddr: 0x20460000, pOutBlockInfo: 0xf27d1e60, pBufCtrl: 0xf27ccf10; iRefCount=0
01-21 20:43:49.763   708 18776 V C2UnisocVp8Dec: VSP_unbind_cb, phyAddr: 0x203a0000, pOutBlockInfo: 0xf27d01b0, pBufCtrl: 0xf27cd9f0; iRefCount=1
01-21 20:43:49.764   708 18776 I C2UnisocVp8Dec: process, decRet: 0, 3ms, dec_out.frameEffective: 1, has_pic: 1, picId: 142, consume byte: 207
01-21 20:43:49.764   708 18776 I C2UnisocVp8Dec: drainOneOutputBuffer, pBufCtrl: 0xf27ccf10, pBufCtrl->phyAddr: 0x20460000, frameIndex: 142
01-21 20:43:49.764   708 18776 V SimpleUnisocC2Component: processed frame #142
01-21 20:43:49.764   708 18776 V SimpleUnisocC2Component: returning this work, frameIndex: 142
01-21 20:43:49.764   708 18777 D C2UnisocVideoDecoderComponent: fetch one queue free block:0xf27cd960,iRefCount:0
01-21 20:43:49.764   708 18777 I C2UnisocVp8Dec: resetOutBlock, fd: 29, iova: 0x203a0000, mDecoderSwFlag: 0
01-21 20:43:49.765 18303 18762 I mali_gralloc: register: id=0x2c100001c83, importpid=708
01-21 20:43:49.766 18303 18762 I mali_gralloc: unregister: id=0x2c100001c83, base=0x0, importpid=18303
01-21 20:43:49.774   698  6594 I audio_hw_primary: app type:0x   5, is_voip:0, device:2, pcm:-176945824, usecase:0x   2
01-21 20:43:49.780 18303 18694 I org.webrtc.Logging: EglRenderer: Duration: 4001 ms. Frames received: 118. Dropped: 0. Rendered: 118. Render fps: 29.5. Average render time: 3678 us. Average swapBuffer time: 1912 us.
01-21 20:43:49.795   708 18776 V SimpleUnisocC2Component: start processing frame #143
01-21 20:43:49.795   708 18776 I VSP     : VP8DecSetCurRecPic,104,picid 143,header 0xf27cd960
01-21 20:43:49.795   708 18776 I C2UnisocVp8Dec: setDecodeArgs, pBufCtrl: 0xf27cf430, pBufCtrl->phyAddr: 0x205e0000, frameIndex: 143, timeStamp: 27815227000, inSize: 6735, inOffset: 0
01-21 20:43:49.795   708 18777 V C2UnisocVp8Dec: fetchGraphicBlock, stride: 960, sliceHeight: 544, mDecoderSwFlag: 0
01-21 20:43:49.798   698  6594 I audio_hw_primary: app type:0x   5, is_voip:0, device:2, pcm:-176945824, usecase:0x   2
01-21 20:43:49.799   708 18776 V C2UnisocVp8Dec: VSP_bind_cb, phyAddr: 0x205e0000, pOutBlockInfo: 0xf27cd960, pBufCtrl: 0xf27cf430; iRefCount=0
01-21 20:43:49.799   708 18776 V C2UnisocVp8Dec: VSP_unbind_cb, phyAddr: 0x20460000, pOutBlockInfo: 0xf27d1e60, pBufCtrl: 0xf27ccf10; iRefCount=1
01-21 20:43:49.799   708 18776 I C2UnisocVp8Dec: process, decRet: 0, 4ms, dec_out.frameEffective: 1, has_pic: 1, picId: 143, consume byte: 6735
01-21 20:43:49.799   708 18776 I C2UnisocVp8Dec: drainOneOutputBuffer, pBufCtrl: 0xf27cf430, pBufCtrl->phyAddr: 0x205e0000, frameIndex: 143
01-21 20:43:49.800   708 18777 D C2UnisocVideoDecoderComponent: fetch one queue free block:0xf27cebf0,iRefCount:0
01-21 20:43:49.800   708 18776 V SimpleUnisocC2Component: processed frame #143
01-21 20:43:49.800   708 18776 V SimpleUnisocC2Component: returning this work, frameIndex: 143
01-21 20:43:49.800   708 18777 I C2UnisocVp8Dec: resetOutBlock, fd: 43, iova: 0x20460000, mDecoderSwFlag: 0
01-21 20:43:49.800 18303 18762 I mali_gralloc: register: id=0x2c100001c7d, importpid=708
01-21 20:43:49.801 18303 18762 I mali_gralloc: unregister: id=0x2c100001c7d, base=0x0, importpid=18303
01-21 20:43:49.830   708 18776 V SimpleUnisocC2Component: start processing frame #144
01-21 20:43:49.830   708 18776 I VSP     : VP8DecSetCurRecPic,104,picid 144,header 0xf27cebf0
01-21 20:43:49.830   708 18776 I C2UnisocVp8Dec: setDecodeArgs, pBufCtrl: 0xf27cf580, pBufCtrl->phyAddr: 0x203a0000, frameIndex: 144, timeStamp: 27815261000, inSize: 1046, inOffset: 0
01-21 20:43:49.830   708 18777 V C2UnisocVp8Dec: fetchGraphicBlock, stride: 960, sliceHeight: 544, mDecoderSwFlag: 0
01-21 20:43:49.834   708 18776 V C2UnisocVp8Dec: VSP_bind_cb, phyAddr: 0x203a0000, pOutBlockInfo: 0xf27cebf0, pBufCtrl: 0xf27cf580; iRefCount=0
01-21 20:43:49.834   708 18776 V C2UnisocVp8Dec: VSP_unbind_cb, phyAddr: 0x205e0000, pOutBlockInfo: 0xf27cd960, pBufCtrl: 0xf27cf430; iRefCount=1
01-21 20:43:49.834   708 18776 I C2UnisocVp8Dec: process, decRet: 0, 3ms, dec_out.frameEffective: 1, has_pic: 1, picId: 144, consume byte: 1046
01-21 20:43:49.834   708 18776 I C2UnisocVp8Dec: drainOneOutputBuffer, pBufCtrl: 0xf27cf580, pBufCtrl->phyAddr: 0x203a0000, frameIndex: 144
01-21 20:43:49.834   708 18776 V SimpleUnisocC2Component: processed frame #144
01-21 20:43:49.834   708 18777 D C2UnisocVideoDecoderComponent: fetch one queue free block:0xf27d01b0,iRefCount:0
01-21 20:43:49.834   708 18776 V SimpleUnisocC2Component: returning this work, frameIndex: 144
01-21 20:43:49.835 18303 18762 I mali_gralloc: register: id=0x2c100001c80, importpid=708
01-21 20:43:49.836 18303 18762 I mali_gralloc: unregister: id=0x2c100001c80, base=0x0, importpid=18303
01-21 20:43:49.841   698  6594 I audio_hw_primary: app type:0x   5, is_voip:0, device:2, pcm:-176945824, usecase:0x   2
01-21 20:43:49.861   708 18776 V SimpleUnisocC2Component: start processing frame #145
01-21 20:43:49.862   708 18776 I VSP     : VP8DecSetCurRecPic,104,picid 145,header 0xf27d01b0
01-21 20:43:49.862   708 18776 I C2UnisocVp8Dec: setDecodeArgs, pBufCtrl: 0xf27cd9f0, pBufCtrl->phyAddr: 0x20460000, frameIndex: 145, timeStamp: 27815294000, inSize: 234, inOffset: 0
01-21 20:43:49.862   708 18777 V C2UnisocVp8Dec: fetchGraphicBlock, stride: 960, sliceHeight: 544, mDecoderSwFlag: 0
01-21 20:43:49.863   708 18777 I C2UnisocVp8Dec: resetOutBlock, fd: 26, iova: 0x205e0000, mDecoderSwFlag: 0
01-21 20:43:49.865   708 18776 V C2UnisocVp8Dec: VSP_bind_cb, phyAddr: 0x20460000, pOutBlockInfo: 0xf27d01b0, pBufCtrl: 0xf27cd9f0; iRefCount=0
01-21 20:43:49.865   708 18776 V C2UnisocVp8Dec: VSP_unbind_cb, phyAddr: 0x203a0000, pOutBlockInfo: 0xf27cebf0, pBufCtrl: 0xf27cf580; iRefCount=1
01-21 20:43:49.865   708 18776 I C2UnisocVp8Dec: process, decRet: 0, 3ms, dec_out.frameEffective: 1, has_pic: 1, picId: 145, consume byte: 234
01-21 20:43:49.865   708 18776 I C2UnisocVp8Dec: drainOneOutputBuffer, pBufCtrl: 0xf27cd9f0, pBufCtrl->phyAddr: 0x20460000, frameIndex: 145
01-21 20:43:49.866   708 18777 I C2UnisocVp8Dec: resetOutBlock, fd: 28, iova: 0x203a0000, mDecoderSwFlag: 0
01-21 20:43:49.866   708 18776 V SimpleUnisocC2Component: processed frame #145
01-21 20:43:49.866   708 18776 V SimpleUnisocC2Component: returning this work, frameIndex: 145
01-21 20:43:49.866   708 18777 D C2UnisocVideoDecoderComponent: fetch one queue free block:0xf27d1e60,iRefCount:0
01-21 20:43:49.867 18303 18762 I mali_gralloc: register: id=0x2c100001c83, importpid=708
01-21 20:43:49.867 18303 18762 I mali_gralloc: unregister: id=0x2c100001c83, base=0x0, importpid=18303
01-21 20:43:49.885   698  6594 I audio_hw_primary: app type:0x   5, is_voip:0, device:2, pcm:-176945824, usecase:0x   2
01-21 20:43:49.896   708 18776 V SimpleUnisocC2Component: start processing frame #146
01-21 20:43:49.896   708 18776 I VSP     : VP8DecSetCurRecPic,104,picid 146,header 0xf27d1e60
01-21 20:43:49.896   708 18776 I C2UnisocVp8Dec: setDecodeArgs, pBufCtrl: 0xf27ccf10, pBufCtrl->phyAddr: 0x203a0000, frameIndex: 146, timeStamp: 27815328000, inSize: 220, inOffset: 0
01-21 20:43:49.896   708 18777 V C2UnisocVp8Dec: fetchGraphicBlock, stride: 960, sliceHeight: 544, mDecoderSwFlag: 0
01-21 20:43:49.899   708 18776 V C2UnisocVp8Dec: VSP_bind_cb, phyAddr: 0x203a0000, pOutBlockInfo: 0xf27d1e60, pBufCtrl: 0xf27ccf10; iRefCount=0
01-21 20:43:49.900   708 18776 V C2UnisocVp8Dec: VSP_unbind_cb, phyAddr: 0x20460000, pOutBlockInfo: 0xf27d01b0, pBufCtrl: 0xf27cd9f0; iRefCount=1
01-21 20:43:49.900   708 18776 I C2UnisocVp8Dec: process, decRet: 0, 3ms, dec_out.frameEffective: 1, has_pic: 1, picId: 146, consume byte: 220
01-21 20:43:49.900   708 18776 I C2UnisocVp8Dec: drainOneOutputBuffer, pBufCtrl: 0xf27ccf10, pBufCtrl->phyAddr: 0x203a0000, frameIndex: 146
01-21 20:43:49.900   708 18777 D C2UnisocVideoDecoderComponent: fetch one queue free block:0xf27cd960,iRefCount:0
01-21 20:43:49.900   708 18776 V SimpleUnisocC2Component: processed frame #146
01-21 20:43:49.900   708 18777 I C2UnisocVp8Dec: resetOutBlock, fd: 29, iova: 0x20460000, mDecoderSwFlag: 0
01-21 20:43:49.900   708 18776 V SimpleUnisocC2Component: returning this work, frameIndex: 146
01-21 20:43:49.902 18303 18762 I mali_gralloc: register: id=0x2c100001c7d, importpid=708
01-21 20:43:49.902 18303 18762 I mali_gralloc: unregister: id=0x2c100001c7d, base=0x0, importpid=18303
01-21 20:43:49.928   708 18776 V SimpleUnisocC2Component: start processing frame #147
01-21 20:43:49.928   698  6594 I audio_hw_primary: app type:0x   5, is_voip:0, device:2, pcm:-176945824, usecase:0x   2
01-21 20:43:49.929   708 18776 I VSP     : VP8DecSetCurRecPic,104,picid 147,header 0xf27cd960
01-21 20:43:49.929   708 18776 I C2UnisocVp8Dec: setDecodeArgs, pBufCtrl: 0xf27cf430, pBufCtrl->phyAddr: 0x205e0000, frameIndex: 147, timeStamp: 27815361000, inSize: 220, inOffset: 0
01-21 20:43:49.929   708 18777 V C2UnisocVp8Dec: fetchGraphicBlock, stride: 960, sliceHeight: 544, mDecoderSwFlag: 0
01-21 20:43:49.932   708 18776 V C2UnisocVp8Dec: VSP_bind_cb, phyAddr: 0x205e0000, pOutBlockInfo: 0xf27cd960, pBufCtrl: 0xf27cf430; iRefCount=0
01-21 20:43:49.932   708 18776 V C2UnisocVp8Dec: VSP_unbind_cb, phyAddr: 0x203a0000, pOutBlockInfo: 0xf27d1e60, pBufCtrl: 0xf27ccf10; iRefCount=1
01-21 20:43:49.932   708 18776 I C2UnisocVp8Dec: process, decRet: 0, 3ms, dec_out.frameEffective: 1, has_pic: 1, picId: 147, consume byte: 220
01-21 20:43:49.933   708 18776 I C2UnisocVp8Dec: drainOneOutputBuffer, pBufCtrl: 0xf27cf430, pBufCtrl->phyAddr: 0x205e0000, frameIndex: 147
01-21 20:43:49.933   708 18776 V SimpleUnisocC2Component: processed frame #147
01-21 20:43:49.933   708 18776 V SimpleUnisocC2Component: returning this work, frameIndex: 147
01-21 20:43:49.933   708 18777 D C2UnisocVideoDecoderComponent: fetch one queue free block:0xf27cebf0,iRefCount:0
01-21 20:43:49.933   708 18777 I C2UnisocVp8Dec: resetOutBlock, fd: 43, iova: 0x203a0000, mDecoderSwFlag: 0
01-21 20:43:49.934 18303 18762 I mali_gralloc: register: id=0x2c100001c80, importpid=708
01-21 20:43:49.934 18303 18762 I mali_gralloc: unregister: id=0x2c100001c80, base=0x0, importpid=18303
01-21 20:43:49.963   708 18776 V SimpleUnisocC2Component: start processing frame #148
01-21 20:43:49.963   708 18776 I VSP     : VP8DecSetCurRecPic,104,picid 148,header 0xf27cebf0
01-21 20:43:49.963   708 18776 I C2UnisocVp8Dec: setDecodeArgs, pBufCtrl: 0xf27cf580, pBufCtrl->phyAddr: 0x20460000, frameIndex: 148, timeStamp: 27815395000, inSize: 221, inOffset: 0
01-21 20:43:49.964   708 18777 V C2UnisocVp8Dec: fetchGraphicBlock, stride: 960, sliceHeight: 544, mDecoderSwFlag: 0
01-21 20:43:49.967   708 18776 V C2UnisocVp8Dec: VSP_bind_cb, phyAddr: 0x20460000, pOutBlockInfo: 0xf27cebf0, pBufCtrl: 0xf27cf580; iRefCount=0
01-21 20:43:49.967   708 18776 V C2UnisocVp8Dec: VSP_unbind_cb, phyAddr: 0x205e0000, pOutBlockInfo: 0xf27cd960, pBufCtrl: 0xf27cf430; iRefCount=1
01-21 20:43:49.967   708 18776 I C2UnisocVp8Dec: process, decRet: 0, 3ms, dec_out.frameEffective: 1, has_pic: 1, picId: 148, consume byte: 221
01-21 20:43:49.967   708 18776 I C2UnisocVp8Dec: drainOneOutputBuffer, pBufCtrl: 0xf27cf580, pBufCtrl->phyAddr: 0x20460000, frameIndex: 148
01-21 20:43:49.967   708 18776 V SimpleUnisocC2Component: processed frame #148
01-21 20:43:49.967   708 18776 V SimpleUnisocC2Component: returning this work, frameIndex: 148
01-21 20:43:49.967   708 18777 D C2UnisocVideoDecoderComponent: fetch one queue free block:0xf27d01b0,iRefCount:0
01-21 20:43:49.968 18303 18762 I mali_gralloc: register: id=0x2c100001c83, importpid=708
01-21 20:43:49.968 18303 18762 I mali_gralloc: unregister: id=0x2c100001c83, base=0x0, importpid=18303
01-21 20:43:49.971   698  6594 I audio_hw_primary: app type:0x   5, is_voip:0, device:2, pcm:-176945824, usecase:0x   2
01-21 20:43:49.996   708 18776 V SimpleUnisocC2Component: start processing frame #149
01-21 20:43:49.996   708 18776 I VSP     : VP8DecSetCurRecPic,104,picid 149,header 0xf27d01b0
01-21 20:43:49.996   708 18776 I C2UnisocVp8Dec: setDecodeArgs, pBufCtrl: 0xf27cd9f0, pBufCtrl->phyAddr: 0x203a0000, frameIndex: 149, timeStamp: 27815429000, inSize: 217, inOffset: 0
01-21 20:43:49.997   708 18777 V C2UnisocVp8Dec: fetchGraphicBlock, stride: 960, sliceHeight: 544, mDecoderSwFlag: 0
01-21 20:43:49.997   708 18777 I C2UnisocVp8Dec: resetOutBlock, fd: 26, iova: 0x205e0000, mDecoderSwFlag: 0
01-21 20:43:49.999 18303 18761 D BufferPoolAccessor2.0: bufferpool2 0xb400007d24698618 : 0(0 size) total buffers - 0(0 size) used buffers - 0/4 (recycle/alloc) - 4/391 (fetch/transfer)
01-21 20:43:49.999 18303 18761 D BufferPoolAccessor2.0: evictor expired: 1, evicted: 1
01-21 20:43:49.999   708 18776 V C2UnisocVp8Dec: VSP_bind_cb, phyAddr: 0x203a0000, pOutBlockInfo: 0xf27d01b0, pBufCtrl: 0xf27cd9f0; iRefCount=0
01-21 20:43:49.999   708 18776 V C2UnisocVp8Dec: VSP_unbind_cb, phyAddr: 0x20460000, pOutBlockInfo: 0xf27cebf0, pBufCtrl: 0xf27cf580; iRefCount=1
01-21 20:43:49.999   708 18776 I C2UnisocVp8Dec: process, decRet: 0, 3ms, dec_out.frameEffective: 1, has_pic: 1, picId: 149, consume byte: 217
01-21 20:43:49.999   708 18776 I C2UnisocVp8Dec: drainOneOutputBuffer, pBufCtrl: 0xf27cd9f0, pBufCtrl->phyAddr: 0x203a0000, frameIndex: 149
01-21 20:43:50.000   708 18777 I C2UnisocVp8Dec: resetOutBlock, fd: 28, iova: 0x20460000, mDecoderSwFlag: 0
01-21 20:43:50.000   708 18776 V SimpleUnisocC2Component: processed frame #149
01-21 20:43:50.000   708 18776 V SimpleUnisocC2Component: returning this work, frameIndex: 149
01-21 20:43:50.000   708 18777 D C2UnisocVideoDecoderComponent: fetch one queue free block:0xf27d1e60,iRefCount:0
01-21 20:43:50.000 18303 18762 I mali_gralloc: register: id=0x2c100001c7d, importpid=708
01-21 20:43:50.000 18303 18762 I mali_gralloc: unregister: id=0x2c100001c7d, base=0x0, importpid=18303
01-21 20:43:50.015   698  6594 I audio_hw_primary: app type:0x   5, is_voip:0, device:2, pcm:-176945824, usecase:0x   2
01-21 20:43:50.031   708 18776 V SimpleUnisocC2Component: start processing frame #150
01-21 20:43:50.031   708 18776 I VSP     : VP8DecSetCurRecPic,104,picid 150,header 0xf27d1e60
01-21 20:43:50.031   708 18776 I C2UnisocVp8Dec: setDecodeArgs, pBufCtrl: 0xf27ccf10, pBufCtrl->phyAddr: 0x20460000, frameIndex: 150, timeStamp: 27815462000, inSize: 219, inOffset: 0
01-21 20:43:50.031   708 18777 V C2UnisocVp8Dec: fetchGraphicBlock, stride: 960, sliceHeight: 544, mDecoderSwFlag: 0
01-21 20:43:50.034   708 18776 V C2UnisocVp8Dec: VSP_bind_cb, phyAddr: 0x20460000, pOutBlockInfo: 0xf27d1e60, pBufCtrl: 0xf27ccf10; iRefCount=0
01-21 20:43:50.034   708 18776 V C2UnisocVp8Dec: VSP_unbind_cb, phyAddr: 0x203a0000, pOutBlockInfo: 0xf27d01b0, pBufCtrl: 0xf27cd9f0; iRefCount=1
01-21 20:43:50.035   708 18776 I C2UnisocVp8Dec: process, decRet: 0, 3ms, dec_out.frameEffective: 1, has_pic: 1, picId: 150, consume byte: 219
01-21 20:43:50.035   708 18776 I C2UnisocVp8Dec: drainOneOutputBuffer, pBufCtrl: 0xf27ccf10, pBufCtrl->phyAddr: 0x20460000, frameIndex: 150
01-21 20:43:50.035   708 18776 V SimpleUnisocC2Component: processed frame #150
01-21 20:43:50.035   708 18776 V SimpleUnisocC2Component: returning this work, frameIndex: 150
01-21 20:43:50.035   708 18777 D C2UnisocVideoDecoderComponent: fetch one queue free block:0xf27cd960,iRefCount:0
01-21 20:43:50.035   708 18777 I C2UnisocVp8Dec: resetOutBlock, fd: 29, iova: 0x203a0000, mDecoderSwFlag: 0
01-21 20:43:50.036 18303 18762 I mali_gralloc: register: id=0x2c100001c80, importpid=708
01-21 20:43:50.036 18303 18762 I mali_gralloc: unregister: id=0x2c100001c80, base=0x0, importpid=18303
01-21 20:43:50.038   698  6594 I audio_hw_primary: app type:0x   5, is_voip:0, device:2, pcm:-176945824, usecase:0x   2
01-21 20:43:50.063   708 18776 V SimpleUnisocC2Component: start processing frame #151
01-21 20:43:50.064   708 18776 I VSP     : VP8DecSetCurRecPic,104,picid 151,header 0xf27cd960
01-21 20:43:50.064   708 18776 I C2UnisocVp8Dec: setDecodeArgs, pBufCtrl: 0xf27cf430, pBufCtrl->phyAddr: 0x205e0000, frameIndex: 151, timeStamp: 27815496000, inSize: 218, inOffset: 0
01-21 20:43:50.064   708 18777 V C2UnisocVp8Dec: fetchGraphicBlock, stride: 960, sliceHeight: 544, mDecoderSwFlag: 0
01-21 20:43:50.067   708 18776 V C2UnisocVp8Dec: VSP_bind_cb, phyAddr: 0x205e0000, pOutBlockInfo: 0xf27cd960, pBufCtrl: 0xf27cf430; iRefCount=0
01-21 20:43:50.067   708 18776 V C2UnisocVp8Dec: VSP_unbind_cb, phyAddr: 0x20460000, pOutBlockInfo: 0xf27d1e60, pBufCtrl: 0xf27ccf10; iRefCount=1
01-21 20:43:50.067   708 18776 I C2UnisocVp8Dec: process, decRet: 0, 3ms, dec_out.frameEffective: 1, has_pic: 1, picId: 151, consume byte: 218
01-21 20:43:50.067   708 18776 I C2UnisocVp8Dec: drainOneOutputBuffer, pBufCtrl: 0xf27cf430, pBufCtrl->phyAddr: 0x205e0000, frameIndex: 151
01-21 20:43:50.068   708 18776 V SimpleUnisocC2Component: processed frame #151
01-21 20:43:50.068   708 18776 V SimpleUnisocC2Component: returning this work, frameIndex: 151
01-21 20:43:50.068   708 18777 D C2UnisocVideoDecoderComponent: fetch one queue free block:0xf27cebf0,iRefCount:0
01-21 20:43:50.068   708 18777 I C2UnisocVp8Dec: resetOutBlock, fd: 43, iova: 0x20460000, mDecoderSwFlag: 0
01-21 20:43:50.069 18303 18762 I mali_gralloc: register: id=0x2c100001c83, importpid=708
01-21 20:43:50.069 18303 18762 I mali_gralloc: unregister: id=0x2c100001c83, base=0x0, importpid=18303
01-21 20:43:50.081   698  6594 I audio_hw_primary: app type:0x   5, is_voip:0, device:2, pcm:-176945824, usecase:0x   2
01-21 20:43:50.096   708 18776 V SimpleUnisocC2Component: start processing frame #152
01-21 20:43:50.096   708 18776 I VSP     : VP8DecSetCurRecPic,104,picid 152,header 0xf27cebf0
01-21 20:43:50.096   708 18776 I C2UnisocVp8Dec: setDecodeArgs, pBufCtrl: 0xf27cf580, pBufCtrl->phyAddr: 0x203a0000, frameIndex: 152, timeStamp: 27815529000, inSize: 6239, inOffset: 0
01-21 20:43:50.096   708 18777 V C2UnisocVp8Dec: fetchGraphicBlock, stride: 960, sliceHeight: 544, mDecoderSwFlag: 0
01-21 20:43:50.100   708 18776 V C2UnisocVp8Dec: VSP_bind_cb, phyAddr: 0x203a0000, pOutBlockInfo: 0xf27cebf0, pBufCtrl: 0xf27cf580; iRefCount=0
01-21 20:43:50.100   708 18776 V C2UnisocVp8Dec: VSP_unbind_cb, phyAddr: 0x205e0000, pOutBlockInfo: 0xf27cd960, pBufCtrl: 0xf27cf430; iRefCount=1
01-21 20:43:50.100   708 18776 I C2UnisocVp8Dec: process, decRet: 0, 3ms, dec_out.frameEffective: 1, has_pic: 1, picId: 152, consume byte: 6239
01-21 20:43:50.100   708 18776 I C2UnisocVp8Dec: drainOneOutputBuffer, pBufCtrl: 0xf27cf580, pBufCtrl->phyAddr: 0x203a0000, frameIndex: 152
01-21 20:43:50.100   708 18777 D C2UnisocVideoDecoderComponent: fetch one queue free block:0xf27d01b0,iRefCount:0
01-21 20:43:50.100   708 18776 V SimpleUnisocC2Component: processed frame #152
01-21 20:43:50.100   708 18776 V SimpleUnisocC2Component: returning this work, frameIndex: 152
01-21 20:43:50.102 18303 18762 I mali_gralloc: register: id=0x2c100001c7d, importpid=708
01-21 20:43:50.102 18303 18762 I mali_gralloc: unregister: id=0x2c100001c7d, base=0x0, importpid=18303
01-21 20:43:50.124   698  6594 I audio_hw_primary: app type:0x   5, is_voip:0, device:2, pcm:-176945824, usecase:0x   2
01-21 20:43:50.130   708 18776 V SimpleUnisocC2Component: start processing frame #153
01-21 20:43:50.130   708 18776 I VSP     : VP8DecSetCurRecPic,104,picid 153,header 0xf27d01b0
01-21 20:43:50.130   708 18776 I C2UnisocVp8Dec: setDecodeArgs, pBufCtrl: 0xf27cd9f0, pBufCtrl->phyAddr: 0x20460000, frameIndex: 153, timeStamp: 27815563000, inSize: 632, inOffset: 0
01-21 20:43:50.130   708 18777 V C2UnisocVp8Dec: fetchGraphicBlock, stride: 960, sliceHeight: 544, mDecoderSwFlag: 0
01-21 20:43:50.131   708 18777 I C2UnisocVp8Dec: resetOutBlock, fd: 26, iova: 0x205e0000, mDecoderSwFlag: 0
01-21 20:43:50.134   708 18776 V C2UnisocVp8Dec: VSP_bind_cb, phyAddr: 0x20460000, pOutBlockInfo: 0xf27d01b0, pBufCtrl: 0xf27cd9f0; iRefCount=0
01-21 20:43:50.134   708 18776 V C2UnisocVp8Dec: VSP_unbind_cb, phyAddr: 0x203a0000, pOutBlockInfo: 0xf27cebf0, pBufCtrl: 0xf27cf580; iRefCount=1
01-21 20:43:50.134   708 18776 I C2UnisocVp8Dec: process, decRet: 0, 3ms, dec_out.frameEffective: 1, has_pic: 1, picId: 153, consume byte: 632
01-21 20:43:50.134   708 18776 I C2UnisocVp8Dec: drainOneOutputBuffer, pBufCtrl: 0xf27cd9f0, pBufCtrl->phyAddr: 0x20460000, frameIndex: 153
01-21 20:43:50.134   708 18776 V SimpleUnisocC2Component: processed frame #153
01-21 20:43:50.134   708 18777 I C2UnisocVp8Dec: resetOutBlock, fd: 28, iova: 0x203a0000, mDecoderSwFlag: 0
01-21 20:43:50.134   708 18776 V SimpleUnisocC2Component: returning this work, frameIndex: 153
01-21 20:43:50.135   708 18777 D C2UnisocVideoDecoderComponent: fetch one queue free block:0xf27d1e60,iRefCount:0
01-21 20:43:50.135 18303 18762 I mali_gralloc: register: id=0x2c100001c80, importpid=708
01-21 20:43:50.136 18303 18762 I mali_gralloc: unregister: id=0x2c100001c80, base=0x0, importpid=18303
01-21 20:43:50.165 18303 18774 D BufferPoolAccessor2.0: bufferpool2 0xb400007d246a3f18 : 4(4194304 size) total buffers - 4(4194304 size) used buffers - 0/4 (recycle/alloc) - 4/155 (fetch/transfer)
01-21 20:43:50.166   708 18776 V SimpleUnisocC2Component: start processing frame #154
01-21 20:43:50.166   708 18776 I VSP     : VP8DecSetCurRecPic,104,picid 154,header 0xf27d1e60
01-21 20:43:50.166   708 18776 I C2UnisocVp8Dec: setDecodeArgs, pBufCtrl: 0xf27ccf10, pBufCtrl->phyAddr: 0x203a0000, frameIndex: 154, timeStamp: 27815597000, inSize: 201, inOffset: 0
01-21 20:43:50.166   708 18777 V C2UnisocVp8Dec: fetchGraphicBlock, stride: 960, sliceHeight: 544, mDecoderSwFlag: 0
01-21 20:43:50.167   698  6594 I audio_hw_primary: app type:0x   5, is_voip:0, device:2, pcm:-176945824, usecase:0x   2
01-21 20:43:50.169   708 18776 V C2UnisocVp8Dec: VSP_bind_cb, phyAddr: 0x203a0000, pOutBlockInfo: 0xf27d1e60, pBufCtrl: 0xf27ccf10; iRefCount=0
01-21 20:43:50.169   708 18776 V C2UnisocVp8Dec: VSP_unbind_cb, phyAddr: 0x20460000, pOutBlockInfo: 0xf27d01b0, pBufCtrl: 0xf27cd9f0; iRefCount=1
01-21 20:43:50.169   708 18776 I C2UnisocVp8Dec: process, decRet: 0, 3ms, dec_out.frameEffective: 1, has_pic: 1, picId: 154, consume byte: 201
01-21 20:43:50.169   708 18776 I C2UnisocVp8Dec: drainOneOutputBuffer, pBufCtrl: 0xf27ccf10, pBufCtrl->phyAddr: 0x203a0000, frameIndex: 154
01-21 20:43:50.170   708 18776 V SimpleUnisocC2Component: processed frame #154
01-21 20:43:50.170   708 18776 V SimpleUnisocC2Component: returning this work, frameIndex: 154
01-21 20:43:50.170   708 18777 D C2UnisocVideoDecoderComponent: fetch one queue free block:0xf27cd960,iRefCount:0
01-21 20:43:50.170   708 18777 I C2UnisocVp8Dec: resetOutBlock, fd: 29, iova: 0x20460000, mDecoderSwFlag: 0
01-21 20:43:50.171 18303 18762 I mali_gralloc: register: id=0x2c100001c83, importpid=708
01-21 20:43:50.171 18303 18762 I mali_gralloc: unregister: id=0x2c100001c83, base=0x0, importpid=18303
01-21 20:43:50.199   708 18776 V SimpleUnisocC2Component: start processing frame #155
01-21 20:43:50.199   708 18776 I VSP     : VP8DecSetCurRecPic,104,picid 155,header 0xf27cd960
01-21 20:43:50.199   708 18776 I C2UnisocVp8Dec: setDecodeArgs, pBufCtrl: 0xf27cf430, pBufCtrl->phyAddr: 0x205e0000, frameIndex: 155, timeStamp: 27815631000, inSize: 184, inOffset: 0
01-21 20:43:50.200   708 18777 V C2UnisocVp8Dec: fetchGraphicBlock, stride: 960, sliceHeight: 544, mDecoderSwFlag: 0
01-21 20:43:50.203   708 18776 V C2UnisocVp8Dec: VSP_bind_cb, phyAddr: 0x205e0000, pOutBlockInfo: 0xf27cd960, pBufCtrl: 0xf27cf430; iRefCount=0
01-21 20:43:50.203   708 18776 V C2UnisocVp8Dec: VSP_unbind_cb, phyAddr: 0x203a0000, pOutBlockInfo: 0xf27d1e60, pBufCtrl: 0xf27ccf10; iRefCount=1
01-21 20:43:50.203   708 18776 I C2UnisocVp8Dec: process, decRet: 0, 3ms, dec_out.frameEffective: 1, has_pic: 1, picId: 155, consume byte: 184
01-21 20:43:50.203   708 18776 I C2UnisocVp8Dec: drainOneOutputBuffer, pBufCtrl: 0xf27cf430, pBufCtrl->phyAddr: 0x205e0000, frameIndex: 155
01-21 20:43:50.203   708 18776 V SimpleUnisocC2Component: processed frame #155
01-21 20:43:50.204   708 18777 D C2UnisocVideoDecoderComponent: fetch one queue free block:0xf27cebf0,iRefCount:0
01-21 20:43:50.204   708 18776 V SimpleUnisocC2Component: returning this work, frameIndex: 155
01-21 20:43:50.204   708 18777 I C2UnisocVp8Dec: resetOutBlock, fd: 43, iova: 0x203a0000, mDecoderSwFlag: 0
01-21 20:43:50.205 18303 18762 I mali_gralloc: register: id=0x2c100001c7d, importpid=708
01-21 20:43:50.205 18303 18762 I mali_gralloc: unregister: id=0x2c100001c7d, base=0x0, importpid=18303
01-21 20:43:50.210   698  6594 I audio_hw_primary: app type:0x   5, is_voip:0, device:2, pcm:-176945824, usecase:0x   2
01-21 20:43:50.232   708 18776 V SimpleUnisocC2Component: start processing frame #156
01-21 20:43:50.232   708 18776 I VSP     : VP8DecSetCurRecPic,104,picid 156,header 0xf27cebf0
01-21 20:43:50.232   708 18776 I C2UnisocVp8Dec: setDecodeArgs, pBufCtrl: 0xf27cf580, pBufCtrl->phyAddr: 0x20460000, frameIndex: 156, timeStamp: 27815664000, inSize: 180, inOffset: 0
01-21 20:43:50.233   708 18777 V C2UnisocVp8Dec: fetchGraphicBlock, stride: 960, sliceHeight: 544, mDecoderSwFlag: 0
01-21 20:43:50.236   708 18776 V C2UnisocVp8Dec: VSP_bind_cb, phyAddr: 0x20460000, pOutBlockInfo: 0xf27cebf0, pBufCtrl: 0xf27cf580; iRefCount=0
01-21 20:43:50.236   708 18776 V C2UnisocVp8Dec: VSP_unbind_cb, phyAddr: 0x205e0000, pOutBlockInfo: 0xf27cd960, pBufCtrl: 0xf27cf430; iRefCount=1
01-21 20:43:50.236   708 18776 I C2UnisocVp8Dec: process, decRet: 0, 3ms, dec_out.frameEffective: 1, has_pic: 1, picId: 156, consume byte: 180
01-21 20:43:50.236   708 18776 I C2UnisocVp8Dec: drainOneOutputBuffer, pBufCtrl: 0xf27cf580, pBufCtrl->phyAddr: 0x20460000, frameIndex: 156
01-21 20:43:50.236   708 18776 V SimpleUnisocC2Component: processed frame #156
01-21 20:43:50.236   708 18776 V SimpleUnisocC2Component: returning this work, frameIndex: 156
01-21 20:43:50.236   708 18777 D C2UnisocVideoDecoderComponent: fetch one queue free block:0xf27d01b0,iRefCount:0
01-21 20:43:50.237 18303 18762 I mali_gralloc: register: id=0x2c100001c80, importpid=708
01-21 20:43:50.237 18303 18762 I mali_gralloc: unregister: id=0x2c100001c80, base=0x0, importpid=18303
01-21 20:43:50.253   698  6594 I audio_hw_primary: app type:0x   5, is_voip:0, device:2, pcm:-176945824, usecase:0x   2
01-21 20:43:50.266   708 18776 V SimpleUnisocC2Component: start processing frame #157
01-21 20:43:50.266   708 18776 I VSP     : VP8DecSetCurRecPic,104,picid 157,header 0xf27d01b0
01-21 20:43:50.266   708 18776 I C2UnisocVp8Dec: setDecodeArgs, pBufCtrl: 0xf27cd9f0, pBufCtrl->phyAddr: 0x203a0000, frameIndex: 157, timeStamp: 27815699000, inSize: 178, inOffset: 0
01-21 20:43:50.266   708 18777 V C2UnisocVp8Dec: fetchGraphicBlock, stride: 960, sliceHeight: 544, mDecoderSwFlag: 0
01-21 20:43:50.267   708 18777 I C2UnisocVp8Dec: resetOutBlock, fd: 26, iova: 0x205e0000, mDecoderSwFlag: 0
01-21 20:43:50.269   708 18776 V C2UnisocVp8Dec: VSP_bind_cb, phyAddr: 0x203a0000, pOutBlockInfo: 0xf27d01b0, pBufCtrl: 0xf27cd9f0; iRefCount=0
01-21 20:43:50.270   708 18776 V C2UnisocVp8Dec: VSP_unbind_cb, phyAddr: 0x20460000, pOutBlockInfo: 0xf27cebf0, pBufCtrl: 0xf27cf580; iRefCount=1
01-21 20:43:50.270   708 18776 I C2UnisocVp8Dec: process, decRet: 0, 3ms, dec_out.frameEffective: 1, has_pic: 1, picId: 157, consume byte: 178
01-21 20:43:50.270   708 18776 I C2UnisocVp8Dec: drainOneOutputBuffer, pBufCtrl: 0xf27cd9f0, pBufCtrl->phyAddr: 0x203a0000, frameIndex: 157
01-21 20:43:50.270   708 18777 I C2UnisocVp8Dec: resetOutBlock, fd: 28, iova: 0x20460000, mDecoderSwFlag: 0
01-21 20:43:50.270   708 18776 V SimpleUnisocC2Component: processed frame #157
01-21 20:43:50.270   708 18776 V SimpleUnisocC2Component: returning this work, frameIndex: 157
01-21 20:43:50.270   708 18777 D C2UnisocVideoDecoderComponent: fetch one queue free block:0xf27d1e60,iRefCount:0
01-21 20:43:50.271 18303 18762 I mali_gralloc: register: id=0x2c100001c83, importpid=708
01-21 20:43:50.271 18303 18762 I mali_gralloc: unregister: id=0x2c100001c83, base=0x0, importpid=18303
01-21 20:43:50.296   698  6594 I audio_hw_primary: app type:0x   5, is_voip:0, device:2, pcm:-176945824, usecase:0x   2
01-21 20:43:50.300   708 18776 V SimpleUnisocC2Component: start processing frame #158
01-21 20:43:50.300   708 18776 I VSP     : VP8DecSetCurRecPic,104,picid 158,header 0xf27d1e60
01-21 20:43:50.300   708 18776 I C2UnisocVp8Dec: setDecodeArgs, pBufCtrl: 0xf27ccf10, pBufCtrl->phyAddr: 0x20460000, frameIndex: 158, timeStamp: 27815732000, inSize: 6507, inOffset: 0
01-21 20:43:50.300   708 18777 V C2UnisocVp8Dec: fetchGraphicBlock, stride: 960, sliceHeight: 544, mDecoderSwFlag: 0
01-21 20:43:50.304   708 18776 V C2UnisocVp8Dec: VSP_bind_cb, phyAddr: 0x20460000, pOutBlockInfo: 0xf27d1e60, pBufCtrl: 0xf27ccf10; iRefCount=0
01-21 20:43:50.304   708 18776 V C2UnisocVp8Dec: VSP_unbind_cb, phyAddr: 0x203a0000, pOutBlockInfo: 0xf27d01b0, pBufCtrl: 0xf27cd9f0; iRefCount=1
01-21 20:43:50.304   708 18776 I C2UnisocVp8Dec: process, decRet: 0, 3ms, dec_out.frameEffective: 1, has_pic: 1, picId: 158, consume byte: 6507
01-21 20:43:50.304   708 18776 I C2UnisocVp8Dec: drainOneOutputBuffer, pBufCtrl: 0xf27ccf10, pBufCtrl->phyAddr: 0x20460000, frameIndex: 158
01-21 20:43:50.304   708 18777 D C2UnisocVideoDecoderComponent: fetch one queue free block:0xf27cd960,iRefCount:0
01-21 20:43:50.304   708 18776 V SimpleUnisocC2Component: processed frame #158
01-21 20:43:50.304   708 18776 V SimpleUnisocC2Component: returning this work, frameIndex: 158
01-21 20:43:50.304   708 18777 I C2UnisocVp8Dec: resetOutBlock, fd: 29, iova: 0x203a0000, mDecoderSwFlag: 0
01-21 20:43:50.305 18303 18762 I mali_gralloc: register: id=0x2c100001c7d, importpid=708
01-21 20:43:50.306 18303 18762 I mali_gralloc: unregister: id=0x2c100001c7d, base=0x0, importpid=18303
01-21 20:43:50.320   698  6594 I audio_hw_primary: app type:0x   5, is_voip:0, device:2, pcm:-176945824, usecase:0x   2
01-21 20:43:50.335   708 18776 V SimpleUnisocC2Component: start processing frame #159
01-21 20:43:50.335   708 18776 I VSP     : VP8DecSetCurRecPic,104,picid 159,header 0xf27cd960
01-21 20:43:50.335   708 18776 I C2UnisocVp8Dec: setDecodeArgs, pBufCtrl: 0xf27cf430, pBufCtrl->phyAddr: 0x205e0000, frameIndex: 159, timeStamp: 27815766000, inSize: 1214, inOffset: 0
01-21 20:43:50.335   708 18777 V C2UnisocVp8Dec: fetchGraphicBlock, stride: 960, sliceHeight: 544, mDecoderSwFlag: 0
01-21 20:43:50.339   708 18776 V C2UnisocVp8Dec: VSP_bind_cb, phyAddr: 0x205e0000, pOutBlockInfo: 0xf27cd960, pBufCtrl: 0xf27cf430; iRefCount=0
01-21 20:43:50.339   708 18776 V C2UnisocVp8Dec: VSP_unbind_cb, phyAddr: 0x20460000, pOutBlockInfo: 0xf27d1e60, pBufCtrl: 0xf27ccf10; iRefCount=1
01-21 20:43:50.339   708 18776 I C2UnisocVp8Dec: process, decRet: 0, 3ms, dec_out.frameEffective: 1, has_pic: 1, picId: 159, consume byte: 1214
01-21 20:43:50.339   708 18776 I C2UnisocVp8Dec: drainOneOutputBuffer, pBufCtrl: 0xf27cf430, pBufCtrl->phyAddr: 0x205e0000, frameIndex: 159
01-21 20:43:50.339   708 18776 V SimpleUnisocC2Component: processed frame #159
01-21 20:43:50.339   708 18776 V SimpleUnisocC2Component: returning this work, frameIndex: 159
01-21 20:43:50.339   708 18777 D C2UnisocVideoDecoderComponent: fetch one queue free block:0xf27cebf0,iRefCount:0
01-21 20:43:50.339   708 18777 I C2UnisocVp8Dec: resetOutBlock, fd: 43, iova: 0x20460000, mDecoderSwFlag: 0
01-21 20:43:50.340 18303 18762 I mali_gralloc: register: id=0x2c100001c80, importpid=708
01-21 20:43:50.340 18303 18762 I mali_gralloc: unregister: id=0x2c100001c80, base=0x0, importpid=18303
01-21 20:43:50.363   698  6594 I audio_hw_primary: app type:0x   5, is_voip:0, device:2, pcm:-176945824, usecase:0x   2
01-21 20:43:50.366   708 18776 V SimpleUnisocC2Component: start processing frame #160
01-21 20:43:50.367   708 18776 I VSP     : VP8DecSetCurRecPic,104,picid 160,header 0xf27cebf0
01-21 20:43:50.367   708 18776 I C2UnisocVp8Dec: setDecodeArgs, pBufCtrl: 0xf27cf580, pBufCtrl->phyAddr: 0x203a0000, frameIndex: 160, timeStamp: 27815799000, inSize: 254, inOffset: 0
01-21 20:43:50.367   708 18777 V C2UnisocVp8Dec: fetchGraphicBlock, stride: 960, sliceHeight: 544, mDecoderSwFlag: 0
01-21 20:43:50.370   708 18776 V C2UnisocVp8Dec: VSP_bind_cb, phyAddr: 0x203a0000, pOutBlockInfo: 0xf27cebf0, pBufCtrl: 0xf27cf580; iRefCount=0
01-21 20:43:50.370   708 18776 V C2UnisocVp8Dec: VSP_unbind_cb, phyAddr: 0x20520000, pOutBlockInfo: 0xf27c6790, pBufCtrl: 0xf27d0780; iRefCount=1
01-21 20:43:50.370   708 18776 V C2UnisocVp8Dec: VSP_unbind_cb, phyAddr: 0x205e0000, pOutBlockInfo: 0xf27cd960, pBufCtrl: 0xf27cf430; iRefCount=1
