01-21 20:43:06.107 18303 18493 D TranCamManagerExt: filterCameraIDLocked: id=39
01-21 20:43:06.107 18303 18493 I CameraManagerGlobal: onTorchStatusChangedLocked id:39 ignore callback
01-21 20:43:06.107 18303 18493 D TranCamManagerExt: filterCameraIDLocked: id=42
01-21 20:43:06.107 18303 18493 I CameraManagerGlobal: onTorchStatusChangedLocked id:42 ignore callback
01-21 20:43:06.107 18303 18493 D TranCamManagerExt: filterCameraIDLocked: id=46
01-21 20:43:06.107 18303 18493 I CameraManagerGlobal: onTorchStatusChangedLocked id:46 ignore callback
01-21 20:43:06.107 18303 18493 D TranCamManagerExt: filterCameraIDLocked: id=47
01-21 20:43:06.107 18303 18493 I CameraManagerGlobal: onTorchStatusChangedLocked id:47 ignore callback
01-21 20:43:06.107 18303 18493 D TranCamManagerExt: filterCameraIDLocked: id=48
01-21 20:43:06.107 18303 18493 I CameraManagerGlobal: onTorchStatusChangedLocked id:48 ignore callback
01-21 20:43:06.107 18303 18493 D TranCamManagerExt: filterCameraIDLocked: id=51
01-21 20:43:06.107 18303 18493 I CameraManagerGlobal: onTorchStatusChangedLocked id:51 ignore callback
01-21 20:43:06.107 18303 18493 D TranCamManagerExt: filterCameraIDLocked: id=54
01-21 20:43:06.107 18303 18493 I CameraManagerGlobal: onTorchStatusChangedLocked id:54 ignore callback
01-21 20:43:06.113 18303 18303 D CompatibilityChangeReporter: Compat change id reported: 171228096; UID 10318; state: ENABLED
01-21 20:43:06.121  1146  3074 D BroadcastQueue: Add broadcast <BroadcastRecord{261c6c9 u-1 android.net.conn.CONNECTIVITY_CHANGE}> into [parallel | background], pending size 0
01-21 20:43:06.122  1146  1200 W BroadcastQueue: Exported Denial: sending Intent { act=android.net.conn.CONNECTIVITY_CHANGE flg=0x4200010 (has extras) }, action: android.net.conn.CONNECTIVITY_CHANGE from null (uid=-1) due to receiver ProcessRecord{1177b0 18350:com.google.android.youtube/u0a139} (uid 10139) not specifying RECEIVER_EXPORTED
01-21 20:43:06.122  1146  1200 D BroadcastQueue: Done with parallel broadcast [background] [BroadcastRecord{261c6c9 u-1 android.net.conn.CONNECTIVITY_CHANGE}]
01-21 20:43:06.123  1146  3413 D ConnectivityService: requestNetwork for uid/pid:10318/18303 activeRequest: null callbackRequest: 2649 [NetworkRequest [ REQUEST id=2650, [ Capabilities: INTERNET&NOT_RESTRICTED&TRUSTED&NOT_VCN_MANAGED Uid: 10318 RequestorUid: 10318 RequestorPkg: com.example.appbridgenew_example UnderlyingNetworks: Null] ]] callback flags: 0 order: 2147483647 isUidTracked: false declaredMethods: AVAIL|LOST|NC|LP
01-21 20:43:06.128  1146  1340 D WifiNetworkFactory: got request NetworkRequest [ REQUEST id=2650, [ Capabilities: INTERNET&NOT_RESTRICTED&TRUSTED&NOT_VCN_MANAGED Uid: 10318 RequestorUid: 10318 RequestorPkg: com.example.appbridgenew_example UnderlyingNetworks: Null] ]
01-21 20:43:06.128  1146  1340 D UntrustedWifiNetworkFactory: got request NetworkRequest [ REQUEST id=2650, [ Capabilities: INTERNET&NOT_RESTRICTED&TRUSTED&NOT_VCN_MANAGED Uid: 10318 RequestorUid: 10318 RequestorPkg: com.example.appbridgenew_example UnderlyingNetworks: Null] ]
01-21 20:43:06.128  1146  1340 D OemPaidWifiNetworkFactory: got request NetworkRequest [ REQUEST id=2650, [ Capabilities: INTERNET&NOT_RESTRICTED&TRUSTED&NOT_VCN_MANAGED Uid: 10318 RequestorUid: 10318 RequestorPkg: com.example.appbridgenew_example UnderlyingNetworks: Null] ]
01-21 20:43:06.128  1146  1340 D MultiInternetWifiNetworkFactory: got request NetworkRequest [ REQUEST id=2650, [ Capabilities: INTERNET&NOT_RESTRICTED&TRUSTED&NOT_VCN_MANAGED Uid: 10318 RequestorUid: 10318 RequestorPkg: com.example.appbridgenew_example UnderlyingNetworks: Null] ]
01-21 20:43:06.128  1146  3063 D ConnectivityService: requestNetwork for uid/pid:10139/18350 activeRequest: null callbackRequest: 2651 [NetworkRequest [ REQUEST id=2652, [ Capabilities: INTERNET&NOT_RESTRICTED&TRUSTED&NOT_VCN_MANAGED Uid: 10139 RequestorUid: 10139 RequestorPkg: com.google.android.youtube UnderlyingNetworks: Null] ]] callback flags: 0 order: 2147483647 isUidTracked: false declaredMethods: AVAIL|LOST
01-21 20:43:06.128  1146  1349 D ConnectivityService: NetReassign [2650 : null → 110] [c 0] [a 1] [i 3]
01-21 20:43:06.129  1146  3074 D CompatibilityChangeReporter: Compat change id reported: 319212206; UID 10318; state: DISABLED
01-21 20:43:06.129 18350 18485 D TranClassInfo: instance successfully. com.transsion.hubcore.view.TranViewImpl@a26087b from com.transsion.hubcore.view.ITranView
01-21 20:43:06.131 18350 18485 D os.SingleLiceFactory: using android.view.IViewLice$DefaultImpl@826ca83 instead of com.transsion.dragdrop.DragDropLiceFactory  from android.view.IViewLice
01-21 20:43:06.131 18350 18485 D os.LiceInfo: instance successfully. com.transsion.view.ViewLice@a8d0248 from android.view.IViewLice
01-21 20:43:06.142  2557  2557 D BoundBrokerSvc: onBind: Intent { act=com.google.android.gms.potokens.service.START dat=chimera-action:/... cmp=com.google.android.gms/.chimera.GmsApiService }
01-21 20:43:06.142  2557  2557 D BoundBrokerSvc: Loading bound service for intent: Intent { act=com.google.android.gms.potokens.service.START dat=chimera-action:/... cmp=com.google.android.gms/.chimera.GmsApiService }
01-21 20:43:06.145  1146  1340 D WifiNetworkFactory: got request NetworkRequest [ REQUEST id=2652, [ Capabilities: INTERNET&NOT_RESTRICTED&TRUSTED&NOT_VCN_MANAGED Uid: 10139 RequestorUid: 10139 RequestorPkg: com.google.android.youtube UnderlyingNetworks: Null] ]
01-21 20:43:06.145  1146  1340 D UntrustedWifiNetworkFactory: got request NetworkRequest [ REQUEST id=2652, [ Capabilities: INTERNET&NOT_RESTRICTED&TRUSTED&NOT_VCN_MANAGED Uid: 10139 RequestorUid: 10139 RequestorPkg: com.google.android.youtube UnderlyingNetworks: Null] ]
01-21 20:43:06.146  1146  3074 D BroadcastQueue: Add broadcast <BroadcastRecord{418ca6 u-1 android.intent.action.BATTERY_CHANGED}> into [parallel | background], pending size 0
01-21 20:43:06.147  1146  1349 D ConnectivityService: NetReassign [2652 : null → 110] [c 2] [a 7] [i 8]
01-21 20:43:06.148  1146  1200 D BroadcastQueue: Done with parallel broadcast [background] [BroadcastRecord{418ca6 u-1 android.intent.action.BATTERY_CHANGED}]
01-21 20:43:06.148  1146  1340 D OemPaidWifiNetworkFactory: got request NetworkRequest [ REQUEST id=2652, [ Capabilities: INTERNET&NOT_RESTRICTED&TRUSTED&NOT_VCN_MANAGED Uid: 10139 RequestorUid: 10139 RequestorPkg: com.google.android.youtube UnderlyingNetworks: Null] ]
01-21 20:43:06.148  1146  1340 D MultiInternetWifiNetworkFactory: got request NetworkRequest [ REQUEST id=2652, [ Capabilities: INTERNET&NOT_RESTRICTED&TRUSTED&NOT_VCN_MANAGED Uid: 10139 RequestorUid: 10139 RequestorPkg: com.google.android.youtube UnderlyingNetworks: Null] ]
01-21 20:43:06.155  1146  1349 D ConnectivityService: NetReassign [no changes] [c 1] [a 2] [i 4]
01-21 20:43:06.170  1146  1241 V PackageManager: Sending package changed: package=com.example.appbridgenew_example components=[com.example.appbridgenew_example, androidx.work.impl.background.systemjob.SystemJobService]
01-21 20:43:06.173  1146  1241 D BroadcastQueue: Add broadcast <BroadcastRecord{e088bdf u0 android.intent.action.PACKAGE_CHANGED}> into [parallel | background], pending size 0
01-21 20:43:06.173  1146  1241 D BroadcastQueue: Add broadcast <BroadcastRecord{1bbb02c u0 android.intent.action.PACKAGE_CHANGED}> into [ordered | background], pending size 0
01-21 20:43:06.178  1146  1291 D CompatibilityChangeReporter: Compat change id reported: 218533173; UID 10318; state: ENABLED
01-21 20:43:06.181  1146  1146 D AppSearchAppsIndexerManagerS: userid in package receiver: 10318
01-21 20:43:06.183  1146  2883 W libc    : Access denied finding property "ro.bootimage.build.fingerprint"
01-21 20:43:06.185  1146  1146 D Griffin/StateProvider: Package changed: android.intent.action.PACKAGE_CHANGED, pkg = com.example.appbridgenew_example
01-21 20:43:06.194  1146  1146 I DefaultDialerCache: mPreviousDefaultDialer = com.sh.smart.caller, currentDefaultDialer = com.sh.smart.caller
01-21 20:43:06.194  1146  1319 I InputReader: Reconfiguring input devices, changes=KEYBOARD_LAYOUTS | 
01-21 20:43:06.194  1146  1146 I Telecom : DefaultDialerCache: Refreshing default dialer for user 0: now com.sh.smart.caller: DDC.oR@DQ4
01-21 20:43:06.197  1146  1303 I RoleService: Granting default roles...
01-21 20:43:06.200  4079  4079 D Kolun.Api:  get y44 from cache
01-21 20:43:06.200  4079  4079 I Kolun.EventBusImpl:  dispatchEvent: com.transsion.kolun.assistant.common.components.event.PackageChangeEvent@bf1f68f
01-21 20:43:06.200  4079  4079 D Kolun.Api:  get ez3 from cache
01-21 20:43:06.201  4079  4079 D Kolun.Api:  get CardInterfaceImpl from cache
01-21 20:43:06.201  3168  3905 D PackageReceiver1: PackageReceiver received uri: package:com.example.appbridgenew_example, action: android.intent.action.PACKAGE_CHANGED
01-21 20:43:06.201  3168  3905 D PackageReceiver1: PackageReceiver received pkgName com.example.appbridgenew_example
01-21 20:43:06.201  3168  3905 I SmartPanel_PackageReceiver1: packageChange: com.example.appbridgenew_example, name: com.example.appbridgenew_example
01-21 20:43:06.202 10444 10444 D TranSettingsHomepageActivity: PackageReceiver onReceive intent: Intent { act=android.intent.action.PACKAGE_CHANGED dat=package: flg=0x5000010 (has extras) } packName:com.example.appbridgenew_example
01-21 20:43:06.202  3168  3905 I SmartPanel_PackageReceiver1: packageRemove pkgName = com.example.appbridgenew_example, enabled: true
01-21 20:43:06.202  3168  3905 D GameModeManager: packageChanged pkgName: com.example.appbridgenew_example, isChangeDb:false, isDbRemove: false, isPkgAdd:true
01-21 20:43:06.202  3168  3905 D SmartPanelManger: onPackageChanged pkgName: com.example.appbridgenew_example, isChangeDb:false, isDbRemove: false, isPkgAdd:true
01-21 20:43:06.202  1146  1200 D BroadcastQueue: Done with parallel broadcast [background] [BroadcastRecord{e088bdf u0 android.intent.action.PACKAGE_CHANGED}]
01-21 20:43:06.203 10444 10444 D TranSettingsHomepageActivity: com.example.appbridgenew_example is not system app
01-21 20:43:06.204  4079  4429 I Kolun.WidgetEventRegister:  onBusEvent:PackageChangedEvent, packageName: com.example.appbridgenew_example, actionType: android.intent.action.PACKAGE_CHANGED
01-21 20:43:06.204  4079  4429 I Kolun.WidgetManager:  dispatchWidgetEvent com.transsion.kolun.assistant.common.components.event.PackageChangeEvent inited true mMultiUserSwitched false
01-21 20:43:06.204  4079  4429 I Kolun.BaseWidget:  refreshOnPackageChange event com.example.appbridgenew_example type android.intent.action.PACKAGE_CHANGED
01-21 20:43:06.204  4079  4429 D Kolun.AppWidgetPresenter:  AppWidgetEventHandle event com.transsion.kolun.assistant.common.components.event.PackageChangeEvent@bf1f68f
01-21 20:43:06.204 17929 18007 I Bugle   : BroadcastReceiverAsyncWorkTracker: Acknowledging broadcast of czxj@f409628
01-21 20:43:06.206  4079  4429 I Kolun.BaseWidget:  refreshOnPackageChange event com.example.appbridgenew_example type android.intent.action.PACKAGE_CHANGED
01-21 20:43:06.206  4079  4429 I Kolun.BaseWidget:  refreshOnPackageChange event com.example.appbridgenew_example type android.intent.action.PACKAGE_CHANGED
01-21 20:43:06.214 18303 18544 W cr_media: BLUETOOTH_CONNECT permission is missing.
01-21 20:43:06.215 18303 18544 W cr_media: getBluetoothAdapter() requires BLUETOOTH permission
01-21 20:43:06.215 18303 18544 W cr_media: registerBluetoothIntentsIfNeeded: Requires BLUETOOTH permission
01-21 20:43:06.221  4079  4429 I Kolun.CommonUtil:  checkAppInstalled error: com.afmobi.boomplayer
01-21 20:43:06.224  4079  4429 I Kolun.BaseWidget:  refreshOnPackageChange event com.example.appbridgenew_example type android.intent.action.PACKAGE_CHANGED
01-21 20:43:06.223  3168  3905 W TranVersion: THUBCore No support Call!!! method version = 33181, >>> ThubCore vserion = 33121
01-21 20:43:06.223  3168  3905 W TranVersion:  mthod version must <= ThubCore version.
01-21 20:43:06.223  3168  3905 W TranVersion:  ---java.lang.Throwable
01-21 20:43:06.223  3168  3905 W TranVersion: #com.transsion.hubsdk.common.version.TranVersion.isIntegratedThubCore[77]
01-21 20:43:06.223  3168  3905 W TranVersion: #com.transsion.hubsdk.api.os.TranSystemProperties.getService[0]
01-21 20:43:06.223  3168  3905 W TranVersion: #com.transsion.hubsdk.api.os.TranSystemProperties.get[1]
01-21 20:43:06.223  3168  3905 W TranVersion: #n9.e.j[5]
01-21 20:43:06.224  3168  3905 I TranSystemProperties: TranAospSystemProperties
01-21 20:43:06.224  1873  1935 D ItelLauncher: Launcher.Model-mAllAppsList.updatePackage com.example.appbridgenew_example
01-21 20:43:06.225  3168  3905 W TranVersion: THUBCore No support Call!!! method version = 33181, >>> ThubCore vserion = 33121
01-21 20:43:06.225  3168  3905 W TranVersion:  mthod version must <= ThubCore version.
01-21 20:43:06.225  3168  3905 W TranVersion:  ---java.lang.Throwable
01-21 20:43:06.225  3168  3905 W TranVersion: #com.transsion.hubsdk.common.version.TranVersion.isIntegratedThubCore[77]
01-21 20:43:06.225  3168  3905 W TranVersion: #com.transsion.hubsdk.api.os.TranSystemProperties.getService[0]
01-21 20:43:06.225  3168  3905 W TranVersion: #com.transsion.hubsdk.api.os.TranSystemProperties.get[1]
01-21 20:43:06.225  3168  3905 W TranVersion: #n9.e.j[5]
01-21 20:43:06.225  3168  3905 I TranSystemProperties: TranAospSystemProperties
01-21 20:43:06.225  3168  3905 I SmartPanel_SmartPanelBeanHelper: oobe = CN, DefaultAppShortcutList = [screen_shot, screen_record, com.whatsapp, com.facebook.katana, com.google.android.youtube, com.instagram.android, com.zaz.translate, com.android.chrome, com.transsion.notebook, com.transsion.calculator, lock_screen, com.transsion.filemanagerx, com.gallery20, com.transsion.smartmessage, com.transsion.phoenix, com.transsion.camera/selfie, com.afmobi.boomplayer]
01-21 20:43:06.226  3481 17871 W PkgChangeInfoCollector: onPkgChange skip change
01-21 20:43:06.227  4079  4429 I Kolun.CommonUtil:  checkAppInstalled error: com.afmobi.boomplayer
01-21 20:43:06.227  4079  4429 I Kolun.BaseWidget:  refreshOnPackageChange event com.example.appbridgenew_example type android.intent.action.PACKAGE_CHANGED
01-21 20:43:06.227  4079  4429 I Kolun.BaseWidget:  refreshOnPackageChange event com.example.appbridgenew_example type android.intent.action.PACKAGE_CHANGED
01-21 20:43:06.227  4079  4429 I Kolun.BaseWidget:  refreshOnPackageChange event com.example.appbridgenew_example type android.intent.action.PACKAGE_CHANGED
01-21 20:43:06.227  4079  4429 I Kolun.BaseWidget:  refreshOnPackageChange event com.example.appbridgenew_example type android.intent.action.PACKAGE_CHANGED
01-21 20:43:06.227  4079  4429 I Kolun.BaseWidget:  refreshOnPackageChange event com.example.appbridgenew_example type android.intent.action.PACKAGE_CHANGED
01-21 20:43:06.227  4079  4429 I Kolun.BaseWidget:  refreshOnPackageChange event com.example.appbridgenew_example type android.intent.action.PACKAGE_CHANGED
01-21 20:43:06.227  4079  4429 I Kolun.WidgetEventRegister:  onBusEvent:WigAppChangeEvent, package : com.example.appbridgenew_example type android.intent.action.PACKAGE_CHANGED
01-21 20:43:06.227  4079  4429 I Kolun.WidgetManager:  dispatchWidgetEvent com.transsion.kolun.assistant.common.components.event.PackageChangeEvent inited true mMultiUserSwitched false
01-21 20:43:06.227  4079  4429 I Kolun.BaseWidget:  refreshOnPackageChange event com.example.appbridgenew_example type android.intent.action.PACKAGE_CHANGED
01-21 20:43:06.227  4079  4429 D Kolun.AppWidgetPresenter:  AppWidgetEventHandle event com.transsion.kolun.assistant.common.components.event.PackageChangeEvent@bf1f68f
01-21 20:43:06.227  4079  4429 I Kolun.BaseWidget:  refreshOnPackageChange event com.example.appbridgenew_example type android.intent.action.PACKAGE_CHANGED
01-21 20:43:06.227  4079  4429 I Kolun.BaseWidget:  refreshOnPackageChange event com.example.appbridgenew_example type android.intent.action.PACKAGE_CHANGED
01-21 20:43:06.227  3168  3905 D AppHelper: updateAppItemWhenPackageChange: PanelItemInfo{ PackageName: com.example.appbridgenew_example, Label: appbridgenew, Type: 2, added: true, Id: null}
01-21 20:43:06.227  3168  3905 D SmartPanelPresenter1: doCheckAndAddAppOrShortcut pkgName = com.example.appbridgenew_example, packageChange = true
01-21 20:43:06.228  3168  3905 I SmartPanel_SmartPanelPresenter1: doCheckAndAddAppOrShortcut canAddFlow = true, isTwinApp = false,isShortcut = false, xunhui game= false, freeeform = false
01-21 20:43:06.231  4079  4429 I Kolun.CommonUtil:  checkAppInstalled error: com.afmobi.boomplayer
01-21 20:43:06.232  4079  4429 I Kolun.BaseWidget:  refreshOnPackageChange event com.example.appbridgenew_example type android.intent.action.PACKAGE_CHANGED
01-21 20:43:06.233  4079  4429 I Kolun.CommonUtil:  checkAppInstalled error: com.afmobi.boomplayer
01-21 20:43:06.233  4079  4429 I Kolun.BaseWidget:  refreshOnPackageChange event com.example.appbridgenew_example type android.intent.action.PACKAGE_CHANGED
01-21 20:43:06.233  4079  4429 I Kolun.BaseWidget:  refreshOnPackageChange event com.example.appbridgenew_example type android.intent.action.PACKAGE_CHANGED
01-21 20:43:06.233  4079  4429 I Kolun.BaseWidget:  refreshOnPackageChange event com.example.appbridgenew_example type android.intent.action.PACKAGE_CHANGED
01-21 20:43:06.233  4079  4429 I Kolun.BaseWidget:  refreshOnPackageChange event com.example.appbridgenew_example type android.intent.action.PACKAGE_CHANGED
01-21 20:43:06.233  1146  2049 V AlarmManager: set(PendingIntent{9da935f: PendingIntentRecord{571e1ac com.google.android.gms/com.google.android.gms.container startService}}) : type=3 listener=null listenerTag=null workSource=null callingPackage=com.google.android.gms callingUid=10109 triggerAtTime=315407590423 win=3600000 tElapsed=315407590423 maxElapsed=315411190423 interval=0 flags=0x0
01-21 20:43:06.233  4079  4429 I Kolun.BaseWidget:  refreshOnPackageChange event com.example.appbridgenew_example type android.intent.action.PACKAGE_CHANGED
01-21 20:43:06.233  4079  4429 I Kolun.BaseWidget:  refreshOnPackageChange event com.example.appbridgenew_example type android.intent.action.PACKAGE_CHANGED
01-21 20:43:06.233  4079  4429 D Kolun.KolunAppManager:  PackageChangeEvent actionType = android.intent.action.PACKAGE_CHANGED pkgName = com.example.appbridgenew_example
01-21 20:43:06.233  4079  4429 D Kolun.OcrAppManager:  actionType=android.intent.action.PACKAGE_CHANGED  pkgName=com.example.appbridgenew_example
01-21 20:43:06.233  4079  4429 I Kolun.OcrAppManager:  onAppChange actionType = android.intent.action.PACKAGE_CHANGED, supportCount = 37, notSupportCount = 21, mInstalledApps size = 58
01-21 20:43:06.236  1873  1935 D Launcher.Utilities: createBadgedIconBitmap: normal icon, user = UserHandle{0}, myUserHandle = UserHandle{0}
01-21 20:43:06.238  1146  1180 W WindowMagnificationMgr: requestConnection duplicated request: connect=false, mConnectionState=DISCONNECTED
01-21 20:43:06.240   752 10203 D TimeCheck: tranIsTimeoutMax boolVal = 0 
01-21 20:43:06.243 12715 12727 I PermissionControllerServiceImpl: Updating user sensitive for uid 10318
01-21 20:43:06.243  7446  7446 I Finsky  : [2] ahkp - Received: android.intent.action.PACKAGE_CHANGED, [MrSiPENMbB2CRPQtlp2P64CcyUnQG_l1YL78Sg-Ywwk]
01-21 20:43:06.245 18303 18579 D vulkan  : searching for layers in '/data/app/~~cLWcIhh1zp-T3gqOCCTgnw==/com.example.appbridgenew_example-ZXXAMSTuK7U_JYV1YkUX1g==/lib/arm64'
01-21 20:43:06.246 18303 18579 D vulkan  : searching for layers in '/data/app/~~cLWcIhh1zp-T3gqOCCTgnw==/com.example.appbridgenew_example-ZXXAMSTuK7U_JYV1YkUX1g==/base.apk!/lib/arm64-v8a'
01-21 20:43:06.253  3168  3905 D SmartPanelPresenter1: updateAppData pkgName: com.example.appbridgenew_example isAddTo:true
01-21 20:43:06.253 18535 18569 I cr_LibraryLoader: Successfully loaded native library
01-21 20:43:06.254  1146  2049 D AlarmManager: Add alarm packageName=com.google.android.gms, type=3, when=315407590423, tag=null, callingUid=10109, callingPackage=com.google.android.gms
01-21 20:43:06.255  1146  2049 D AlarmManagerService: set alarm to kernel: 47755.774000000, type=2 
01-21 20:43:06.255 18535 18569 I cr_CachingUmaRecorder: Flushed 2 samples from 2 histograms, 0 samples were dropped.
01-21 20:43:06.255  1146  2049 D AlarmManagerService: set alarm to kernel: 47597.317000000, type=3 
01-21 20:43:06.264  7446  7446 I Finsky  : [2] AIM: AppInfoCacheUpdater -> invalidating apps: [com.example.appbridgenew_example]
01-21 20:43:06.264  7446  7446 I Finsky  : [2] AIM: AppInfoManager-Perf > getApps > called for 1 apps
01-21 20:43:06.265  1516  1656 I mali_gralloc: unregister: id=0x2c100001c59, base=0x0, importpid=1516
01-21 20:43:06.266  7446  7532 I Finsky  : [159] RECEIVER_PACKAGE_MONITOR#logWorkEndAndFinishGoAsync: SUCCESS
01-21 20:43:06.261  1146  1146 W binder:1146_1A: type=1400 audit(0.0:35966): avc: denied { read } for name="u:object_r:vendor_default_prop:s0" dev="tmpfs" ino=19796 scontext=u:r:system_server:s0 tcontext=u:object_r:vendor_default_prop:s0 tclass=file permissive=0
01-21 20:43:06.267  7446  7553 I Finsky  : [172] AIM: AppInfoManager-Perf > OnDeviceAppInfo > cacheHitCount=0, cacheMissCount=1. Missed  in cache (limit 10) : [com.example.appbridgenew_example]
01-21 20:43:06.267  1516 10963 I mali_gralloc: unregister: id=0x2c100001c5b, base=0x0, importpid=1516
01-21 20:43:06.267  7446  7553 I Finsky  : [172] AIM: Got app ownership map. App counts: . Unique apps: 0
01-21 20:43:06.267  7446  7553 E Finsky  : [172] [Counters] attempted to use a non-positive increment for: 4752
01-21 20:43:06.268  7446  7580 I Finsky  : [179] AIM: AppInfoManager-Perf > OnDeviceAppInfo > cacheHitCount=1, cacheMissCount=0. Missed  in cache (limit 10) : []
01-21 20:43:06.268  1146  3139 W libc    : Access denied finding property "persist.vendor.dbg.disable.art"
01-21 20:43:06.268 18535 18569 W chromium: [WARNING:content/app/android/content_main_android.cc:82] android_setCpu already initialized
01-21 20:43:06.268  7446  7580 I Finsky  : [179] AIM: Got app ownership map. App counts: . Unique apps: 0
01-21 20:43:06.268  7446  7580 E Finsky  : [179] [Counters] attempted to use a non-positive increment for: 4752
01-21 20:43:06.268  7446  7580 E Finsky  : [179] [Counters] attempted to use a non-positive increment for: 4753
01-21 20:43:06.272  1146  3139 V WindowState: toString mSurfaceNameCache=-[Surface(name=*Title#6109)/@0x1a5f9ab] mLastTitle=Splash Screen com.example.appbridgenew_example title=Splash Screen com.example.appbridgenew_example
01-21 20:43:06.274   759   806 I mali_gralloc: unregister: id=0x2c100001c59, base=0x0, importpid=759
01-21 20:43:06.275  7446  7553 E Finsky  : [172] [Counters] attempted to use a non-positive increment for: 4753
01-21 20:43:06.275  7446  7580 I Finsky  : [179] AIM: AppInfoManager-Perf > ItemModel > CacheSize=54, cacheHitCount=0, cacheMissCount=0, total appsWithNoServerDataCount=0. Missed  in cache (limit 10) : []
01-21 20:43:06.276  1450  6065 D TranDataExpressController: [handleMessage] what: 2003
01-21 20:43:06.278  1516 10963 I mali_gralloc: unregister: id=0x2c100001c5a, base=0x0, importpid=1516
01-21 20:43:06.280  1516  1619 D VRI[appbridgenew_example]: performTraversals relayoutWindow: maybeSyncSeqId=-1 ,mSyncSeqId=0 ,relayoutResult=2
01-21 20:43:06.281  1516  1619 I mali_gralloc: unregister: id=0x2c100001c58, base=0x0, importpid=1516
01-21 20:43:06.282  1146  3139 D CoreBackPreview: Window{9a7361c u0 Splash Screen com.example.appbridgenew_example EXITING}-[Surface(name=*Title#6109)/@0x1a5f9ab]: Setting back callback null
01-21 20:43:06.283  1146  3136 W InputManager-JNI: Input channel object '9a7361c Splash Screen com.example.appbridgenew_example (client)' was disposed without first being removed with the input manager!
01-21 20:43:06.285   759   806 I mali_gralloc: unregister: id=0x2c100001c5b, base=0x0, importpid=759
01-21 20:43:06.295  1450  6065 D TranDataExpressController: [checkFgAppType] topPkgName = com.example.appbridgenew_example, mForegroundPackage = com.transsion.itel.launcher, windowMode = 1
01-21 20:43:06.296  3168  6471 D SmartEventManager: dispatchEvent event: SmartEvent(action=activity_stop, topClassName=com.android.quickstep.src.com.android.launcher3.uioverrides.QuickstepLauncher, topPackageName=com.transsion.itel.launcher, extras=null)
01-21 20:43:06.296  3168  6471 I SmartPanel_ModeManager: ASP pkgName: com.transsion.itel.launcher  className = com.android.quickstep.src.com.android.launcher3.uioverrides.QuickstepLauncher
01-21 20:43:06.297 14067 14067 I Finsky:background: [2] ahkf - Received: android.intent.action.PACKAGE_CHANGED, [MrSiPENMbB2CRPQtlp2P64CcyUnQG_l1YL78Sg-Ywwk]
01-21 20:43:06.297  1450  6065 D TranDataExpressController: [checkFgAppType] mFgUid = 10318
01-21 20:43:06.297  1450  6065 D TranDataExpressController: [updateMeetingApp] start mState: IDLE
01-21 20:43:06.297  1450  6065 D TranDataExpressController: [pollActiveMeeting] current mState: IDLE
01-21 20:43:06.297  1450  6065 D TranDataExpressController: [pollActiveMeeting] mActiveAudioUids is empty
01-21 20:43:06.297  1450  6065 D TranDataExpressController: [updateMeetingApp] latest mState: IDLE
01-21 20:43:06.297  1450  6065 D TranDataExpressController: [checkFgAppType] mState = IDLE
01-21 20:43:06.298  7446  7577 I Finsky  : [177] AIM: AppInfoManager-Perf > ItemModel > CacheSize=54, cacheHitCount=0, cacheMissCount=0, total appsWithNoServerDataCount=0. Missed  in cache (limit 10) : []
01-21 20:43:06.299  1873  1873 D SharedPreferencesPolicy: checkFinishers msg.what :159,msg.obj:android.app.servertransaction.ClientTransaction@19586934
01-21 20:43:06.300  3168  6471 W TranVersion: THUBCore No support Call!!! method version = 33141, >>> ThubCore vserion = 33121
01-21 20:43:06.300  3168  6471 W TranVersion:  mthod version must <= ThubCore version.
01-21 20:43:06.300  3168  6471 W TranVersion:  ---java.lang.Throwable
01-21 20:43:06.300  3168  6471 W TranVersion: #com.transsion.hubsdk.common.version.TranVersion.isIntegratedThubCore[77]
01-21 20:43:06.300  3168  6471 W TranVersion: #com.transsion.hubsdk.api.app.TranActivityManager.getService[0]
01-21 20:43:06.300  3168  6471 W TranVersion: #com.transsion.hubsdk.api.app.TranActivityManager.getRealActivity[4]
01-21 20:43:06.300  3168  6471 W TranVersion: #n9.e.getRealActivity[2]
01-21 20:43:06.300  3168  6471 I TranActivityManager: TranAospActivityManager
01-21 20:43:06.300  3168  6471 I THubApi : isTheMainScreen classname: com.example.appbridgenew_example.MainActivity  pkg:com.example.appbridgenew_example
01-21 20:43:06.300  3168  6471 W TranVersion: THUBCore No support Call!!! method version = 33141, >>> ThubCore vserion = 33121
01-21 20:43:06.300  3168  6471 W TranVersion:  mthod version must <= ThubCore version.
01-21 20:43:06.300  3168  6471 W TranVersion:  ---java.lang.Throwable
01-21 20:43:06.300  3168  6471 W TranVersion: #com.transsion.hubsdk.common.version.TranVersion.isIntegratedThubCore[77]
01-21 20:43:06.300  3168  6471 W TranVersion: #com.transsion.hubsdk.api.app.TranActivityTaskManager.getService[0]
01-21 20:43:06.300  3168  6471 W TranVersion: #com.transsion.hubsdk.api.app.TranActivityTaskManager.isTheMainScreen[2]
01-21 20:43:06.300  3168  6471 W TranVersion: #n9.e.C[35]
01-21 20:43:06.300  3168  6471 I TranActivityTaskManager: TranAospActivityTaskManager
01-21 20:43:06.304  3168  6471 D Game_Utils: getTopPkgNew = com.example.appbridgenew_example.MainActivity, com.example.appbridgenew_example
01-21 20:43:06.307   759   759 D SurfaceFlinger: unisoc-graphics, commit has frameMissed:1, vysncId:8705204
01-21 20:43:06.307  3168  6471 W TranVersion: THUBCore No support Call!!! method version = 33141, >>> ThubCore vserion = 33121
01-21 20:43:06.307  3168  6471 W TranVersion:  mthod version must <= ThubCore version.
01-21 20:43:06.307  3168  6471 W TranVersion:  ---java.lang.Throwable
01-21 20:43:06.307  3168  6471 W TranVersion: #com.transsion.hubsdk.common.version.TranVersion.isIntegratedThubCore[77]
01-21 20:43:06.307  3168  6471 W TranVersion: #com.transsion.hubsdk.api.app.TranActivityManager.getService[0]
01-21 20:43:06.307  3168  6471 W TranVersion: #com.transsion.hubsdk.api.app.TranActivityManager.getRealActivity[4]
01-21 20:43:06.307  3168  6471 W TranVersion: #n9.e.getRealActivity[2]
01-21 20:43:06.307  3168  6471 I TranActivityManager: TranAospActivityManager
01-21 20:43:06.307 14067 18158 I Finsky:background: [231] Wrote row to frosting DB: 5195
01-21 20:43:06.307  3168  6471 I THubApi : isTheMainScreen classname: com.example.appbridgenew_example.MainActivity  pkg:com.example.appbridgenew_example
01-21 20:43:06.308   706   769 D SPRDHWComposer: HWCDisplay::get_display_attribute <520>: config = 0
01-21 20:43:06.308   706   769 D SPRDHWComposer: SprdDrm:: getActiveConfig: 1
01-21 20:43:06.308   706   769 D SPRDHWComposer: HWCDisplay::get_display_attribute <520>: config = 1
01-21 20:43:06.309   706   769 D SPRDHWComposer: SprdDrm:: getActiveConfig: 1
01-21 20:43:06.309   706   769 D SPRDHWComposer: HWCDisplay::get_display_attribute <520>: config = 0
01-21 20:43:06.309   706   769 I SPRDHWComposer: SprdDrm:: setActiveConfig: 0, DisplayType:0
01-21 20:43:06.309   706   769 I SPRDHWComposer: Create blob_id: 96
01-21 20:43:06.310  3168  6471 W TranVersion: THUBCore No support Call!!! method version = 33141, >>> ThubCore vserion = 33121
01-21 20:43:06.310  3168  6471 W TranVersion:  mthod version must <= ThubCore version.
01-21 20:43:06.310  3168  6471 W TranVersion:  ---java.lang.Throwable
01-21 20:43:06.310  3168  6471 W TranVersion: #com.transsion.hubsdk.common.version.TranVersion.isIntegratedThubCore[77]
01-21 20:43:06.310  3168  6471 W TranVersion: #com.transsion.hubsdk.api.app.TranActivityTaskManager.getService[0]
01-21 20:43:06.310  3168  6471 W TranVersion: #com.transsion.hubsdk.api.app.TranActivityTaskManager.isTheMainScreen[2]
01-21 20:43:06.310  3168  6471 W TranVersion: #n9.e.C[35]
01-21 20:43:06.310  3168  6471 I TranActivityTaskManager: TranAospActivityTaskManager
01-21 20:43:06.312 14067 18158 I Finsky:background: [231] Wrote row to frosting DB: 5196
01-21 20:43:06.312 14067 14118 I Finsky:background: [178] RECEIVER_PACKAGE_MONITOR_BACKGROUND#logWorkEndAndFinishGoAsync: SUCCESS
01-21 20:43:06.314  1450  1450 D CarrierSvcBindHelper: onPackageModified: com.example.appbridgenew_example
01-21 20:43:06.315  1450  1450 D CarrierSvcBindHelper: No carrier app for: 0
01-21 20:43:06.316  1450  1450 D CarrierSvcBindHelper: No carrier app for: 1
01-21 20:43:06.316  1450  1450 D CarrierSvcBindHelper: onPackageModified: com.example.appbridgenew_example
01-21 20:43:06.316  1146  3074 D HolaSettings: getAppHidden() pkgName=com.transsion.letswitch, userId=0, ps=PackageSetting name=com.transsion.letswitch, mUserState={0=PackageUserState hidden=0, enabledComponents=null, disabledComponents={com.transsion.letswitch.upgrade.UpgradeService}}
01-21 20:43:06.316  1450  1450 D CarrierSvcBindHelper: No carrier app for: 0
01-21 20:43:06.317   759   865 W VSyncPredictor: VSyncPredictor::setPeriod current period =16666667
01-21 20:43:06.317  1450  1450 D CarrierSvcBindHelper: No carrier app for: 1
01-21 20:43:06.321 13354 13354 I KolunCardManager_template: removeStub => KolunCardStub{mDisplayState=KolunDisplayState{state=COMPACT, orientation=VERTICAL}, mClientModuleRes=ClientModuleRes{moduleName='com.transsion.itel.launcher', lightRes=com.transsion.kolun.cardtemplate.style.CardStyleRes@de604236, darkRes=null}}
01-21 20:43:06.324  3168  6471 D Game_Utils: getTopPkgNew = com.example.appbridgenew_example.MainActivity, com.example.appbridgenew_example
01-21 20:43:06.324 18303 18303 D CompatibilityChangeReporter: Compat change id reported: 193247900; UID 10318; state: ENABLED
01-21 20:43:06.326  1146  1174 I DisplayDeviceRepository: Display device changed: DisplayDeviceInfo{"内置屏幕": uniqueId="local:0", 720 x 1612, modeId 1, defaultModeId 1, supportedModes [{id=1, width=720, height=1612, fps=60.0, alternativeRefreshRates=[90.0]}, {id=2, width=720, height=1612, fps=90.0, alternativeRefreshRates=[60.0]}], colorMode 0, supportedColorModes [0], hdrCapabilities HdrCapabilities{mSupportedHdrTypes=[], mMaxLuminance=500.0, mMaxAverageLuminance=500.0, mMinLuminance=0.0}, allmSupported false, gameContentTypeSupported false, density 320, 268.941 x 269.373 dpi, appVsyncOff 1000000, presDeadline 16666667, cutout DisplayCutout{insets=Rect(0, 80 - 0, 0) waterfall=Insets{left=0, top=0, right=0, bottom=0} boundingRect={Bounds=[Rect(0, 0 - 0, 0), Rect(312, 0 - 408, 80), Rect(0, 0 - 0, 0), Rect(0, 0 - 0, 0)]} cutoutPathParserInfo={CutoutPathParserInfo{displayWidth=720 displayHeight=1612 physicalDisplayWidth=720 physicalDisplayHeight=1612 density={2.0} cutoutSpec={M -24,0 L -24,40 L 24,40 L 24,0 Z @dp} rotation={0} scale={1.0} physicalPixelDisplaySizeRatio={1.0}}}}, touch INTERNAL, rotation 0, type INTERNAL, address {port=0}, deviceProductInfo null, state ON, frameRateOverride , brightnessMinimum 0.0, brightnessMaximum 1.0, brightnessDefault 0.096576735, FLAG_ALLOWED_TO_BE_DEFAULT_DISPLAY, FLAG_ROTATES_WITH_CONTENT, FLAG_SECURE, FLAG_SUPPORTS_PROTECTED_BUFFERS, installOrientation 0}
01-21 20:43:06.325 18303 18303 W idgenew_example: type=1400 audit(0.0:35967): avc: denied { read } for name="u:object_r:unipnp_prop:s0" dev="tmpfs" ino=19775 scontext=u:r:untrusted_app:s0:c62,c257,c512,c768 tcontext=u:object_r:unipnp_prop:s0 tclass=file permissive=0 app=com.example.appbridgenew_example
01-21 20:43:06.325 18303 18303 W idgenew_example: type=1400 audit(0.0:35968): avc: denied { read } for name="u:object_r:unipnp_prop:s0" dev="tmpfs" ino=19775 scontext=u:r:untrusted_app:s0:c62,c257,c512,c768 tcontext=u:object_r:unipnp_prop:s0 tclass=file permissive=0 app=com.example.appbridgenew_example
01-21 20:43:06.329 18303 18303 W libc    : Access denied finding property "persist.unipnp.debug"
01-21 20:43:06.329  1450  1450 D ImsResolver: maybeAddedImsService, packageName: com.example.appbridgenew_example
01-21 20:43:06.329 18303 18303 W libc    : Access denied finding property "persist.unipnp.debug"
01-21 20:43:06.330 14067 14127 I Finsky:background: [185] RECEIVER_ENGAGE_PACKAGE_CHANGED#logWorkEndAndFinishGoAsync: SKIPPED_PRECONDITIONS_UNMET
01-21 20:43:06.330 13354 13354 D SharedPreferencesPolicy: checkFinishers msg.what :122,msg.obj:BindServiceData{token=android.os.BinderProxy@6b042 intent=Intent { act=com.scene.zeroscreen.overlay.service.OverlayScreenService cmp=com.transsion.itel.launcher/com.scene.zeroscreen.overlay.service.OverlayScreenService (has extras) }}
01-21 20:43:06.331 13354 13354 D SharedPreferencesPolicy: checkFinishers msg.what :116,msg.obj:android.os.BinderProxy@6b042
01-21 20:43:06.331 13354 13354 D SharedPreferencesPolicy: sWork:[]
01-21 20:43:06.331  1146  3063 D os.permission.PermissionInfo: checkPermission 10169:android.permission.INTERACT_ACROSS_USERS_FULL:true
01-21 20:43:06.331  1146  3063 I os.permission: Grant permission: android.permission.INTERACT_ACROSS_USERS_FULL to uid: 10169
01-21 20:43:06.333 13354 13354 D SharedPreferencesPolicy: checkFinishers msg.what :119,msg.obj:android.app.ActivityThread$ContextCleanupInfo@82fadf2
01-21 20:43:06.334 18535 18569 W chromium: [WARNING:content/child/runtime_features.cc:561] Fenced frames cannot be enabled in this configuration. Use --enable-features=FencedFrames instead.
01-21 20:43:06.337 18535 18569 W chromium: [WARNING:content/child/runtime_features.cc:586] Topics cannot be enabled in this configuration. Use --enable-features=BrowsingTopics in addition.
01-21 20:43:06.337 18535 18569 W chromium: [WARNING:content/child/runtime_features.cc:607] SharedStorage cannot be enabled in this configuration. Use --enable-features=SharedStorageAPI in addition.
01-21 20:43:06.339  3168  6471 W TranVersion: THUBCore No support Call!!! method version = 33141, >>> ThubCore vserion = 33121
01-21 20:43:06.339  3168  6471 W TranVersion:  mthod version must <= ThubCore version.
01-21 20:43:06.339  3168  6471 W TranVersion:  ---java.lang.Throwable
01-21 20:43:06.339  3168  6471 W TranVersion: #com.transsion.hubsdk.common.version.TranVersion.isIntegratedThubCore[77]
01-21 20:43:06.339  3168  6471 W TranVersion: #com.transsion.hubsdk.api.app.TranActivityManager.getService[0]
01-21 20:43:06.339  3168  6471 W TranVersion: #com.transsion.hubsdk.api.app.TranActivityManager.getRealActivity[4]
01-21 20:43:06.339  3168  6471 W TranVersion: #n9.e.getRealActivity[2]
01-21 20:43:06.342  1146  3076 D CompatibilityChangeReporter: Compat change id reported: 214016041; UID 10318; state: ENABLED
01-21 20:43:06.342  1146  3076 D TranWindowManagerService: hookIMEVisibleChanged(), show:false
01-21 20:43:06.342  1146  3076 I input_debug: package: com.example.appbridgenew_example isPassWordInput: false inputType: 0 mMethodMap: true isKeyguardShowing: false enable: 0 isSplitScreen: false
01-21 20:43:06.350  3168  7128 D AppDataRepository: com.sh.smart.caller is duplicated uid = 0
01-21 20:43:06.351   759   759 D SurfaceFlinger: unisoc-graphics, commit has frameMissed:1, vysncId:8705263
01-21 20:43:06.352  3168  6471 I TranActivityManager: TranAospActivityManager
01-21 20:43:06.352  3168  6471 W TranVersion: THUBCore No support Call!!! method version = 33141, >>> ThubCore vserion = 33121
01-21 20:43:06.352  3168  6471 W TranVersion:  mthod version must <= ThubCore version.
01-21 20:43:06.352  3168  6471 W TranVersion:  ---java.lang.Throwable
01-21 20:43:06.352  3168  6471 W TranVersion: #com.transsion.hubsdk.common.version.TranVersion.isIntegratedThubCore[77]
01-21 20:43:06.352  3168  6471 W TranVersion: #com.transsion.hubsdk.api.app.TranActivityManager.getService[0]
01-21 20:43:06.352  3168  6471 W TranVersion: #com.transsion.hubsdk.api.app.TranActivityManager.isVisible[4]
01-21 20:43:06.352  3168  6471 W TranVersion: #n9.e.M[2]
01-21 20:43:06.352  3168  6471 I TranActivityManager: TranAospActivityManager
01-21 20:43:06.353  3168  6471 D GameModeManager: handlerActivityStart isResume = true  pkgName = com.transsion.common.smartutils.util.s0$b@d60d8c6.packageName
01-21 20:43:06.354  3168  3168 I SmartPanel_GameModeManager: checkAndHandleAPP cursor: count = 0
01-21 20:43:06.354  3168  3168 D BarrageWindowManager: closeFloatWindow
01-21 20:43:06.354  3168  3168 D BarrageWindow: close barrage
01-21 20:43:06.354  3168  6471 I SmartPanel_ModeManager: ASP pkgName: com.transsion.itel.launcher  className = com.android.quickstep.src.com.android.launcher3.uioverrides.QuickstepLauncher
01-21 20:43:06.362  2813  2813 I GoogleInputMethodService: GoogleInputMethodService.onFinishInput():2092 
01-21 20:43:06.363  2813  2813 I Module  : DeviceLockedStatusModuleProvider$Module.updateDeviceLockedStatus():103 repeatCheckTimes = 0, locked = false
01-21 20:43:06.364  2813  2813 I GoogleInputMethodService: GoogleInputMethodService.onStartInput():1349 onStartInput(EditorInfo{EditorInfo{packageName=com.example.appbridgenew_example, inputType=0, inputTypeString=NULL, enableLearning=false, autoCorrection=false, autoComplete=false, imeOptions=0, privateImeOptions=null, actionName=UNSPECIFIED, actionLabel=null, initialSelStart=-1, initialSelEnd=-1, initialCapsMode=0, label=null, fieldId=-1, fieldName=null, extras=null, hintText=null, hintLocales=[]}}, false)
01-21 20:43:06.365  2813  2813 I Module  : DeviceLockedStatusModuleProvider$Module.updateDeviceLockedStatus():103 repeatCheckTimes = 1, locked = false
01-21 20:43:06.365  1146  1146 D Griffin/StateProvider: androidVersion>=R, get default Dialer:com.sh.smart.caller
01-21 20:43:06.366  3168  6471 W TranVersion: THUBCore No support Call!!! method version = 33141, >>> ThubCore vserion = 33121
01-21 20:43:06.366  3168  6471 W TranVersion:  mthod version must <= ThubCore version.
01-21 20:43:06.366  3168  6471 W TranVersion:  ---java.lang.Throwable
01-21 20:43:06.366  3168  6471 W TranVersion: #com.transsion.hubsdk.common.version.TranVersion.isIntegratedThubCore[77]
01-21 20:43:06.366  3168  6471 W TranVersion: #com.transsion.hubsdk.api.app.TranActivityManager.getService[0]
01-21 20:43:06.366  3168  6471 W TranVersion: #com.transsion.hubsdk.api.app.TranActivityManager.getRealActivity[4]
01-21 20:43:06.366  3168  6471 W TranVersion: #n9.e.getRealActivity[2]
01-21 20:43:06.366  3168  6471 I TranActivityManager: TranAospActivityManager
01-21 20:43:06.366  3168  6471 I THubApi : isTheMainScreen classname: com.example.appbridgenew_example.MainActivity  pkg:com.example.appbridgenew_example
01-21 20:43:06.368  3168  6471 W TranVersion: THUBCore No support Call!!! method version = 33141, >>> ThubCore vserion = 33121
01-21 20:43:06.368  3168  6471 W TranVersion:  mthod version must <= ThubCore version.
01-21 20:43:06.368  3168  6471 W TranVersion:  ---java.lang.Throwable
01-21 20:43:06.368  3168  6471 W TranVersion: #com.transsion.hubsdk.common.version.TranVersion.isIntegratedThubCore[77]
01-21 20:43:06.368  3168  6471 W TranVersion: #com.transsion.hubsdk.api.app.TranActivityTaskManager.getService[0]
01-21 20:43:06.368  3168  6471 W TranVersion: #com.transsion.hubsdk.api.app.TranActivityTaskManager.isTheMainScreen[2]
01-21 20:43:06.368  3168  6471 W TranVersion: #n9.e.C[35]
01-21 20:43:06.368  3168  6471 I TranActivityTaskManager: TranAospActivityTaskManager
01-21 20:43:06.368  1146  1146 D Griffin/StateProvider: get default mms:com.google.android.apps.messaging
01-21 20:43:06.369   759   806 I mali_gralloc: unregister: id=0x2c100001c5a, base=0x0, importpid=759
01-21 20:43:06.370   706   769 I mali_gralloc: register: id=0x2c100001c5c, importpid=759
01-21 20:43:06.373  1146  3730 D UnisocOomAdjuster: Skipped update freeze state for 13296
01-21 20:43:06.384   759   806 I mali_gralloc: unregister: id=0x2c100001c40, base=0x0, importpid=759
01-21 20:43:06.387 12715 18581 E RoleControllerServiceImpl: Default/fallback role holder package doesn't qualify for the role, package: com.google.android.gms.supervision, role: android.app.role.SYSTEM_SUPERVISION, user: 0
01-21 20:43:06.390   759   806 I mali_gralloc: unregister: id=0x2c100001c44, base=0x0, importpid=759
01-21 20:43:06.393  2103  3604 I FontLog : (REDACTED) Received query %s, URI %s
01-21 20:43:06.393  2103  3604 I FontLog : (REDACTED) Query [%s] resolved to %s
01-21 20:43:06.393  3168  6471 D Game_Utils: getTopPkgNew = com.example.appbridgenew_example.MainActivity, com.example.appbridgenew_example
01-21 20:43:06.394  1146  3429 D DevicePolicyManager: simAccounts size:1
01-21 20:43:06.396  2103  3604 I FontLog : (REDACTED) Fetch %s end status %s
01-21 20:43:06.396  1146  1146 D Griffin/StateProvider: androidVersion>=R, get default Dialer:com.sh.smart.caller
01-21 20:43:06.402 12715 18581 W SignedPackage: Package doesn't have required signing certificate: com.google.android.apps.work.clouddpc
01-21 20:43:06.405  2103  2114 I FontLog : (REDACTED) Pulling font file for id = %d, cache size = %d
01-21 20:43:06.410  3168  6471 W TranVersion: THUBCore No support Call!!! method version = 33141, >>> ThubCore vserion = 33121
01-21 20:43:06.410  3168  6471 W TranVersion:  mthod version must <= ThubCore version.
01-21 20:43:06.410  3168  6471 W TranVersion:  ---java.lang.Throwable
01-21 20:43:06.410  3168  6471 W TranVersion: #com.transsion.hubsdk.common.version.TranVersion.isIntegratedThubCore[77]
01-21 20:43:06.410  3168  6471 W TranVersion: #com.transsion.hubsdk.api.app.TranActivityManager.getService[0]
01-21 20:43:06.410  3168  6471 W TranVersion: #com.transsion.hubsdk.api.app.TranActivityManager.getRealActivity[4]
01-21 20:43:06.410  3168  6471 W TranVersion: #n9.e.getRealActivity[2]
01-21 20:43:06.410  3168  6471 I TranActivityManager: TranAospActivityManager
01-21 20:43:06.411  3168  6471 W TranVersion: THUBCore No support Call!!! method version = 33141, >>> ThubCore vserion = 33121
01-21 20:43:06.411  3168  6471 W TranVersion:  mthod version must <= ThubCore version.
01-21 20:43:06.411  3168  6471 W TranVersion:  ---java.lang.Throwable
01-21 20:43:06.411  3168  6471 W TranVersion: #com.transsion.hubsdk.common.version.TranVersion.isIntegratedThubCore[77]
01-21 20:43:06.411  3168  6471 W TranVersion: #com.transsion.hubsdk.api.app.TranActivityManager.getService[0]
01-21 20:43:06.411  3168  6471 W TranVersion: #com.transsion.hubsdk.api.app.TranActivityManager.isVisible[4]
01-21 20:43:06.411  3168  6471 W TranVersion: #n9.e.M[2]
01-21 20:43:06.411  3168  6471 I TranActivityManager: TranAospActivityManager
01-21 20:43:06.411  3168  6471 D VideoAssistantManager: handlerVideoStart isResume = true  currentPackage =   pkgName = com.transsion.common.smartutils.util.s0$b@36cd087.packageName
01-21 20:43:06.412  3168  3168 I SmartPanel_SmartPanelPresenter1: hasLoadData true  data size = 12
01-21 20:43:06.412  3168  3168 D PanelController: checkCanShow canShow: true
01-21 20:43:06.415  3168  3168 W TranVersion: THUBCore No support Call!!! method version = 33141, >>> ThubCore vserion = 33121
01-21 20:43:06.415  3168  3168 W TranVersion:  mthod version must <= ThubCore version.
01-21 20:43:06.415  3168  3168 W TranVersion:  ---java.lang.Throwable
01-21 20:43:06.415  3168  3168 W TranVersion: #com.transsion.hubsdk.common.version.TranVersion.isIntegratedThubCore[77]
01-21 20:43:06.415  3168  3168 W TranVersion: #com.transsion.hubsdk.api.app.TranActivityManager.getService[0]
01-21 20:43:06.415  3168  3168 W TranVersion: #com.transsion.hubsdk.api.app.TranActivityManager.getTopActivityType[2]
01-21 20:43:06.415  3168  3168 W TranVersion: #n9.e.getTopActivityType[2]
01-21 20:43:06.415  3168  3168 I TranActivityManager: TranAospActivityManager
01-21 20:43:06.415  3168  3168 W TranVersion: THUBCore No support Call!!! method version = 33141, >>> ThubCore vserion = 33121
01-21 20:43:06.415  3168  3168 W TranVersion:  mthod version must <= ThubCore version.
01-21 20:43:06.415  3168  3168 W TranVersion:  ---java.lang.Throwable
01-21 20:43:06.415  3168  3168 W TranVersion: #com.transsion.hubsdk.common.version.TranVersion.isIntegratedThubCore[77]
01-21 20:43:06.415  3168  3168 W TranVersion: #com.transsion.hubsdk.api.app.TranActivityManager.getService[0]
01-21 20:43:06.415  3168  3168 W TranVersion: #com.transsion.hubsdk.api.app.TranActivityManager.getTopActivityType[2]
01-21 20:43:06.415  3168  3168 W TranVersion: #n9.e.getTopActivityType[2]
01-21 20:43:06.415  3168  3168 I TranActivityManager: TranAospActivityManager
01-21 20:43:06.416  3168  3168 W TranVersion: THUBCore No support Call!!! method version = 33141, >>> ThubCore vserion = 33121
01-21 20:43:06.416  3168  3168 W TranVersion:  mthod version must <= ThubCore version.
01-21 20:43:06.416  3168  3168 W TranVersion:  ---java.lang.Throwable
01-21 20:43:06.416  3168  3168 W TranVersion: #com.transsion.hubsdk.common.version.TranVersion.isIntegratedThubCore[77]
01-21 20:43:06.416  3168  3168 W TranVersion: #com.transsion.hubsdk.api.provider.TranSettings.getService[0]
01-21 20:43:06.416  3168  3168 W TranVersion: #com.transsion.hubsdk.api.provider.TranSettings.getSecureIntForUser[1]
01-21 20:43:06.416  3168  3168 W TranVersion: #n9.e.q[0]
01-21 20:43:06.416  3168  3168 I TranSettings: TranAospSettings
01-21 20:43:06.416  3168  3168 I SmartPanel_VideoDataRepository: checkVideoApp curosr: count = 0
01-21 20:43:06.416  2103  2114 I FontLog : (REDACTED) Pulling font file for id = %d, cache size = %d
01-21 20:43:06.419  4079  4463 I Kolun.ThemeManager:  SettingObserver AppList not changed 
01-21 20:43:06.420  1146  1146 D Griffin/StateProvider: get default mms:com.google.android.apps.messaging
01-21 20:43:06.421  1146  1146 D Griffin/ComponentManager: Limit start proc:com.google.android.apps.translate for 3rd-normal-service caller=system/1146,Intent { cmp=com.google.android.apps.translate/androidx.work.impl.background.systemjob.SystemJobService }
01-21 20:43:06.421  1146  1146 W ActivityManager: Unable to launch app com.google.android.apps.translate/10298 for service Intent { cmp=com.google.android.apps.translate/androidx.work.impl.background.systemjob.SystemJobService }: AutoStart Limit
01-21 20:43:06.422  1146  1146 D ActivityManager: isGriffinSupport  bringUpServiceLocked and unbindServiceLockedIntent { cmp=com.google.android.apps.translate/androidx.work.impl.background.systemjob.SystemJobService }
01-21 20:43:06.422  1146  1146 W ActivityManager: Unbind failed: could not find connection for android.app.LoadedApk$ServiceDispatcher$InnerConnection@8b68871
01-21 20:43:06.424  1146  1146 E JobScheduler.Concurrency: Error executing JobStatus{ebd329e #u0a298/127 com.google.android.apps.translate/androidx.work.impl.background.systemjob.SystemJobService u=0 s=10298 TIME=-9h11m7s329ms:none NET READY}
01-21 20:43:06.431  1146  1146 D Griffin/StateProvider: androidVersion>=R, get default Dialer:com.sh.smart.caller
01-21 20:43:06.433  3168  3905 D AppHelper: updateAppItemWhenPackageChange: PanelItemInfo{ PackageName: com.example.appbridgenew_example, Label: appbridgenew, Type: 2, added: true, Id: null}
01-21 20:43:06.433  3168  3905 D SmartPanelPresenter1: updateAppData panelItemInfo:PanelItemInfo{ PackageName: com.example.appbridgenew_example, Label: appbridgenew, Type: 2, added: true, Id: null}
01-21 20:43:06.435   705 26293 I mali_gralloc: allocate: id=2c100001c61, hal_format=RGBA8888, mali_format=RGBA8888, afbc=SPLIT, usage=GPU_RW|BACKBUF, size=720x1420(4165632), stride=720, name=ImageReader-720x1420f22m5-18303-0
01-21 20:43:06.436 18303 18347 I mali_gralloc: register: id=0x2c100001c61, importpid=-1
01-21 20:43:06.446  2103  2114 I FontLog : (REDACTED) Received query %s, URI %s
01-21 20:43:06.446  2103  2114 I FontLog : (REDACTED) Query [%s] resolved to %s
01-21 20:43:06.449  2103  2114 I FontLog : (REDACTED) Font PFD returned from cache for %s
01-21 20:43:06.450  2103  2114 I FontLog : (REDACTED) Fetch %s end status %s
01-21 20:43:06.452   706   769 I mali_gralloc: unregister: id=0x2c100001c58, base=0x0, importpid=706
01-21 20:43:06.452   706   769 I mali_gralloc: unregister: id=0x2c100001c5a, base=0x0, importpid=706
01-21 20:43:06.453   706   769 I mali_gralloc: unregister: id=0x2c100001c5b, base=0x0, importpid=706
