01-21 20:43:33.265   708 18764 I C2UnisocVp8Dec: resetOutBlock, fd: 25, iova: 0x203d3000, mDecoderSwFlag: 0
01-21 20:43:33.266   708 18763 V C2UnisocVp8Dec: VSP_bind_cb, phyAddr: 0x202ce000, pOutBlockInfo: 0xf27d13e0, pBufCtrl: 0xf27c95e0; iRefCount=0
01-21 20:43:33.266   708 18763 V C2UnisocVp8Dec: VSP_unbind_cb, phyAddr: 0x20277000, pOutBlockInfo: 0xf27cea10, pBufCtrl: 0xf27ce410; iRefCount=1
01-21 20:43:33.266   708 18763 I C2UnisocVp8Dec: process, decRet: 0, 1ms, dec_out.frameEffective: 1, has_pic: 1, picId: 58, consume byte: 286
01-21 20:43:33.266   708 18763 I C2UnisocVp8Dec: drainOneOutputBuffer, pBufCtrl: 0xf27c95e0, pBufCtrl->phyAddr: 0x202ce000, frameIndex: 58
01-21 20:43:33.266   708 18764 I C2UnisocVp8Dec: resetOutBlock, fd: 37, iova: 0x20277000, mDecoderSwFlag: 0
01-21 20:43:33.266   708 18763 V SimpleUnisocC2Component: processed frame #58
01-21 20:43:33.266   708 18763 V SimpleUnisocC2Component: returning this work, frameIndex: 58
01-21 20:43:33.266   708 18764 D C2UnisocVideoDecoderComponent: fetch one queue free block:0xf27c4ed0,iRefCount:0
01-21 20:43:33.268 18303 18762 I mali_gralloc: register: id=0x2c100001c7a, importpid=708
01-21 20:43:33.268 18303 18762 I mali_gralloc: unregister: id=0x2c100001c7a, base=0x0, importpid=18303
01-21 20:43:33.293   698  6594 I audio_hw_primary: app type:0x   5, is_voip:0, device:2, pcm:-176945824, usecase:0x   2
01-21 20:43:33.297   708 18763 V SimpleUnisocC2Component: start processing frame #59
01-21 20:43:33.297   708 18763 I VSP     : VP8DecSetCurRecPic,104,picid 59,header 0xf27c4ed0
01-21 20:43:33.297   708 18763 I C2UnisocVp8Dec: setDecodeArgs, pBufCtrl: 0xf27d09f0, pBufCtrl->phyAddr: 0x20277000, frameIndex: 59, timeStamp: 27798871000, inSize: 266, inOffset: 0
01-21 20:43:33.297   708 18764 V C2UnisocVp8Dec: fetchGraphicBlock, stride: 640, sliceHeight: 368, mDecoderSwFlag: 0
01-21 20:43:33.299   708 18763 V C2UnisocVp8Dec: VSP_bind_cb, phyAddr: 0x20277000, pOutBlockInfo: 0xf27c4ed0, pBufCtrl: 0xf27d09f0; iRefCount=0
01-21 20:43:33.299   708 18763 V C2UnisocVp8Dec: VSP_unbind_cb, phyAddr: 0x202ce000, pOutBlockInfo: 0xf27d13e0, pBufCtrl: 0xf27c95e0; iRefCount=1
01-21 20:43:33.299   708 18763 I C2UnisocVp8Dec: process, decRet: 0, 1ms, dec_out.frameEffective: 1, has_pic: 1, picId: 59, consume byte: 266
01-21 20:43:33.299   708 18763 I C2UnisocVp8Dec: drainOneOutputBuffer, pBufCtrl: 0xf27d09f0, pBufCtrl->phyAddr: 0x20277000, frameIndex: 59
01-21 20:43:33.299   708 18764 D C2UnisocVideoDecoderComponent: fetch one queue free block:0xf27ccb20,iRefCount:0
01-21 20:43:33.299   708 18764 I C2UnisocVp8Dec: resetOutBlock, fd: 41, iova: 0x202ce000, mDecoderSwFlag: 0
01-21 20:43:33.299   708 18763 V SimpleUnisocC2Component: processed frame #59
01-21 20:43:33.299   708 18763 V SimpleUnisocC2Component: returning this work, frameIndex: 59
01-21 20:43:33.300 18303 18762 I mali_gralloc: register: id=0x2c100001c77, importpid=708
01-21 20:43:33.300 18303 18762 I mali_gralloc: unregister: id=0x2c100001c77, base=0x0, importpid=18303
01-21 20:43:33.317   698  6594 I audio_hw_primary: app type:0x   5, is_voip:0, device:2, pcm:-176945824, usecase:0x   2
01-21 20:43:33.331   708 18763 V SimpleUnisocC2Component: start processing frame #60
01-21 20:43:33.331   708 18763 I VSP     : VP8DecSetCurRecPic,104,picid 60,header 0xf27ccb20
01-21 20:43:33.331   708 18763 I C2UnisocVp8Dec: setDecodeArgs, pBufCtrl: 0xf27d1680, pBufCtrl->phyAddr: 0x203d3000, frameIndex: 60, timeStamp: 27798905000, inSize: 257, inOffset: 0
01-21 20:43:33.331   708 18764 V C2UnisocVp8Dec: fetchGraphicBlock, stride: 640, sliceHeight: 368, mDecoderSwFlag: 0
01-21 20:43:33.333   708 18763 V C2UnisocVp8Dec: VSP_bind_cb, phyAddr: 0x203d3000, pOutBlockInfo: 0xf27ccb20, pBufCtrl: 0xf27d1680; iRefCount=0
01-21 20:43:33.333   708 18763 V C2UnisocVp8Dec: VSP_unbind_cb, phyAddr: 0x20277000, pOutBlockInfo: 0xf27c4ed0, pBufCtrl: 0xf27d09f0; iRefCount=1
01-21 20:43:33.333   708 18763 I C2UnisocVp8Dec: process, decRet: 0, 1ms, dec_out.frameEffective: 1, has_pic: 1, picId: 60, consume byte: 257
01-21 20:43:33.333   708 18763 I C2UnisocVp8Dec: drainOneOutputBuffer, pBufCtrl: 0xf27d1680, pBufCtrl->phyAddr: 0x203d3000, frameIndex: 60
01-21 20:43:33.333   708 18763 V SimpleUnisocC2Component: processed frame #60
01-21 20:43:33.333   708 18763 V SimpleUnisocC2Component: returning this work, frameIndex: 60
01-21 20:43:33.333   708 18764 D C2UnisocVideoDecoderComponent: fetch one queue free block:0xf27cea10,iRefCount:0
01-21 20:43:33.333   708 18764 I C2UnisocVp8Dec: resetOutBlock, fd: 44, iova: 0x20277000, mDecoderSwFlag: 0
01-21 20:43:33.334 18303 18762 I mali_gralloc: register: id=0x2c100001c75, importpid=708
01-21 20:43:33.334 18303 18762 I mali_gralloc: unregister: id=0x2c100001c75, base=0x0, importpid=18303
01-21 20:43:33.360   698  6594 I audio_hw_primary: app type:0x   5, is_voip:0, device:2, pcm:-176945824, usecase:0x   2
01-21 20:43:33.363   708 18763 V SimpleUnisocC2Component: start processing frame #61
01-21 20:43:33.364   708 18763 I VSP     : VP8DecSetCurRecPic,104,picid 61,header 0xf27cea10
01-21 20:43:33.364   708 18763 I C2UnisocVp8Dec: setDecodeArgs, pBufCtrl: 0xf27ce410, pBufCtrl->phyAddr: 0x202ce000, frameIndex: 61, timeStamp: 27798938000, inSize: 238, inOffset: 0
01-21 20:43:33.364   708 18764 V C2UnisocVp8Dec: fetchGraphicBlock, stride: 640, sliceHeight: 368, mDecoderSwFlag: 0
01-21 20:43:33.366   708 18763 V C2UnisocVp8Dec: VSP_bind_cb, phyAddr: 0x202ce000, pOutBlockInfo: 0xf27cea10, pBufCtrl: 0xf27ce410; iRefCount=0
01-21 20:43:33.366   708 18763 V C2UnisocVp8Dec: VSP_unbind_cb, phyAddr: 0x203d3000, pOutBlockInfo: 0xf27ccb20, pBufCtrl: 0xf27d1680; iRefCount=1
01-21 20:43:33.366   708 18763 I C2UnisocVp8Dec: process, decRet: 0, 1ms, dec_out.frameEffective: 1, has_pic: 1, picId: 61, consume byte: 238
01-21 20:43:33.366   708 18763 I C2UnisocVp8Dec: drainOneOutputBuffer, pBufCtrl: 0xf27ce410, pBufCtrl->phyAddr: 0x202ce000, frameIndex: 61
01-21 20:43:33.366   708 18764 D C2UnisocVideoDecoderComponent: fetch one queue free block:0xf27d13e0,iRefCount:0
01-21 20:43:33.366   708 18763 V SimpleUnisocC2Component: processed frame #61
01-21 20:43:33.366   708 18763 V SimpleUnisocC2Component: returning this work, frameIndex: 61
01-21 20:43:33.367 18303 18762 I mali_gralloc: register: id=0x2c100001c7a, importpid=708
01-21 20:43:33.367 18303 18762 I mali_gralloc: unregister: id=0x2c100001c7a, base=0x0, importpid=18303
01-21 20:43:33.399   708 18763 V SimpleUnisocC2Component: start processing frame #62
01-21 20:43:33.399   708 18763 I VSP     : VP8DecSetCurRecPic,104,picid 62,header 0xf27d13e0
01-21 20:43:33.399   708 18763 I C2UnisocVp8Dec: setDecodeArgs, pBufCtrl: 0xf27c95e0, pBufCtrl->phyAddr: 0x20277000, frameIndex: 62, timeStamp: 27798972000, inSize: 231, inOffset: 0
01-21 20:43:33.399   708 18764 V C2UnisocVp8Dec: fetchGraphicBlock, stride: 640, sliceHeight: 368, mDecoderSwFlag: 0
01-21 20:43:33.400   708 18764 I C2UnisocVp8Dec: resetOutBlock, fd: 25, iova: 0x203d3000, mDecoderSwFlag: 0
01-21 20:43:33.401   708 18763 V C2UnisocVp8Dec: VSP_bind_cb, phyAddr: 0x20277000, pOutBlockInfo: 0xf27d13e0, pBufCtrl: 0xf27c95e0; iRefCount=0
01-21 20:43:33.401   708 18763 V C2UnisocVp8Dec: VSP_unbind_cb, phyAddr: 0x202ce000, pOutBlockInfo: 0xf27cea10, pBufCtrl: 0xf27ce410; iRefCount=1
01-21 20:43:33.401   708 18763 I C2UnisocVp8Dec: process, decRet: 0, 1ms, dec_out.frameEffective: 1, has_pic: 1, picId: 62, consume byte: 231
01-21 20:43:33.401   708 18763 I C2UnisocVp8Dec: drainOneOutputBuffer, pBufCtrl: 0xf27c95e0, pBufCtrl->phyAddr: 0x20277000, frameIndex: 62
01-21 20:43:33.401   708 18763 V SimpleUnisocC2Component: processed frame #62
01-21 20:43:33.401   708 18763 V SimpleUnisocC2Component: returning this work, frameIndex: 62
01-21 20:43:33.401   708 18764 I C2UnisocVp8Dec: resetOutBlock, fd: 37, iova: 0x202ce000, mDecoderSwFlag: 0
01-21 20:43:33.402   708 18764 D C2UnisocVideoDecoderComponent: fetch one queue free block:0xf27c4ed0,iRefCount:0
01-21 20:43:33.402 18303 18762 I mali_gralloc: register: id=0x2c100001c77, importpid=708
01-21 20:43:33.402 18303 18762 I mali_gralloc: unregister: id=0x2c100001c77, base=0x0, importpid=18303
01-21 20:43:33.404   698  6594 I audio_hw_primary: app type:0x   5, is_voip:0, device:2, pcm:-176945824, usecase:0x   2
01-21 20:43:33.431   708 18763 V SimpleUnisocC2Component: start processing frame #63
01-21 20:43:33.431   708 18763 I VSP     : VP8DecSetCurRecPic,104,picid 63,header 0xf27c4ed0
01-21 20:43:33.431   708 18763 I C2UnisocVp8Dec: setDecodeArgs, pBufCtrl: 0xf27d09f0, pBufCtrl->phyAddr: 0x202ce000, frameIndex: 63, timeStamp: 27799005000, inSize: 224, inOffset: 0
01-21 20:43:33.431   708 18764 V C2UnisocVp8Dec: fetchGraphicBlock, stride: 640, sliceHeight: 368, mDecoderSwFlag: 0
01-21 20:43:33.433   708 18763 V C2UnisocVp8Dec: VSP_bind_cb, phyAddr: 0x202ce000, pOutBlockInfo: 0xf27c4ed0, pBufCtrl: 0xf27d09f0; iRefCount=0
01-21 20:43:33.433   708 18763 V C2UnisocVp8Dec: VSP_unbind_cb, phyAddr: 0x20277000, pOutBlockInfo: 0xf27d13e0, pBufCtrl: 0xf27c95e0; iRefCount=1
01-21 20:43:33.433   708 18763 I C2UnisocVp8Dec: process, decRet: 0, 2ms, dec_out.frameEffective: 1, has_pic: 1, picId: 63, consume byte: 224
01-21 20:43:33.433   708 18763 I C2UnisocVp8Dec: drainOneOutputBuffer, pBufCtrl: 0xf27d09f0, pBufCtrl->phyAddr: 0x202ce000, frameIndex: 63
01-21 20:43:33.433   708 18764 D C2UnisocVideoDecoderComponent: fetch one queue free block:0xf27ccb20,iRefCount:0
01-21 20:43:33.434   708 18764 I C2UnisocVp8Dec: resetOutBlock, fd: 41, iova: 0x20277000, mDecoderSwFlag: 0
01-21 20:43:33.434   708 18763 V SimpleUnisocC2Component: processed frame #63
01-21 20:43:33.434   708 18763 V SimpleUnisocC2Component: returning this work, frameIndex: 63
01-21 20:43:33.434 18303 18762 I mali_gralloc: register: id=0x2c100001c75, importpid=708
01-21 20:43:33.435 18303 18762 I mali_gralloc: unregister: id=0x2c100001c75, base=0x0, importpid=18303
01-21 20:43:33.447   698  6594 I audio_hw_primary: app type:0x   5, is_voip:0, device:2, pcm:-176945824, usecase:0x   2
01-21 20:43:33.490   698  6594 I audio_hw_primary: app type:0x   5, is_voip:0, device:2, pcm:-176945824, usecase:0x   2
01-21 20:43:33.492   708 18763 V SimpleUnisocC2Component: start processing frame #64
01-21 20:43:33.492   708 18763 I VSP     : VP8DecSetCurRecPic,104,picid 64,header 0xf27ccb20
01-21 20:43:33.492   708 18763 I C2UnisocVp8Dec: setDecodeArgs, pBufCtrl: 0xf27d1680, pBufCtrl->phyAddr: 0x203d3000, frameIndex: 64, timeStamp: 27799039000, inSize: 6446, inOffset: 0
01-21 20:43:33.492   708 18764 V C2UnisocVp8Dec: fetchGraphicBlock, stride: 640, sliceHeight: 368, mDecoderSwFlag: 0
01-21 20:43:33.494   708 18763 V C2UnisocVp8Dec: VSP_bind_cb, phyAddr: 0x203d3000, pOutBlockInfo: 0xf27ccb20, pBufCtrl: 0xf27d1680; iRefCount=0
01-21 20:43:33.494   708 18763 V C2UnisocVp8Dec: VSP_unbind_cb, phyAddr: 0x202ce000, pOutBlockInfo: 0xf27c4ed0, pBufCtrl: 0xf27d09f0; iRefCount=1
01-21 20:43:33.494   708 18763 I C2UnisocVp8Dec: process, decRet: 0, 2ms, dec_out.frameEffective: 1, has_pic: 1, picId: 64, consume byte: 6446
01-21 20:43:33.494   708 18763 I C2UnisocVp8Dec: drainOneOutputBuffer, pBufCtrl: 0xf27d1680, pBufCtrl->phyAddr: 0x203d3000, frameIndex: 64
01-21 20:43:33.495   708 18763 V SimpleUnisocC2Component: processed frame #64
01-21 20:43:33.495   708 18763 V SimpleUnisocC2Component: returning this work, frameIndex: 64
01-21 20:43:33.495   708 18764 D C2UnisocVideoDecoderComponent: fetch one queue free block:0xf27cea10,iRefCount:0
01-21 20:43:33.495   708 18764 I C2UnisocVp8Dec: resetOutBlock, fd: 44, iova: 0x202ce000, mDecoderSwFlag: 0
01-21 20:43:33.496 18303 18762 I mali_gralloc: register: id=0x2c100001c7a, importpid=708
01-21 20:43:33.496 18303 18762 I mali_gralloc: unregister: id=0x2c100001c7a, base=0x0, importpid=18303
01-21 20:43:33.509   708 18763 V SimpleUnisocC2Component: start processing frame #65
01-21 20:43:33.509   708 18763 I VSP     : VP8DecSetCurRecPic,104,picid 65,header 0xf27cea10
01-21 20:43:33.509   708 18763 I C2UnisocVp8Dec: setDecodeArgs, pBufCtrl: 0xf27ce410, pBufCtrl->phyAddr: 0x20277000, frameIndex: 65, timeStamp: 27799073000, inSize: 547, inOffset: 0
01-21 20:43:33.509   708 18764 V C2UnisocVp8Dec: fetchGraphicBlock, stride: 640, sliceHeight: 368, mDecoderSwFlag: 0
01-21 20:43:33.511   708 18763 V C2UnisocVp8Dec: VSP_bind_cb, phyAddr: 0x20277000, pOutBlockInfo: 0xf27cea10, pBufCtrl: 0xf27ce410; iRefCount=0
01-21 20:43:33.511   708 18763 V C2UnisocVp8Dec: VSP_unbind_cb, phyAddr: 0x203d3000, pOutBlockInfo: 0xf27ccb20, pBufCtrl: 0xf27d1680; iRefCount=1
01-21 20:43:33.511   708 18763 I C2UnisocVp8Dec: process, decRet: 0, 1ms, dec_out.frameEffective: 1, has_pic: 1, picId: 65, consume byte: 547
01-21 20:43:33.511   708 18763 I C2UnisocVp8Dec: drainOneOutputBuffer, pBufCtrl: 0xf27ce410, pBufCtrl->phyAddr: 0x20277000, frameIndex: 65
01-21 20:43:33.511   708 18764 D C2UnisocVideoDecoderComponent: fetch one queue free block:0xf27d13e0,iRefCount:0
01-21 20:43:33.512   708 18763 V SimpleUnisocC2Component: processed frame #65
01-21 20:43:33.512   708 18763 V SimpleUnisocC2Component: returning this work, frameIndex: 65
01-21 20:43:33.512 18303 18762 I mali_gralloc: register: id=0x2c100001c77, importpid=708
01-21 20:43:33.513 18303 18762 I mali_gralloc: unregister: id=0x2c100001c77, base=0x0, importpid=18303
01-21 20:43:33.533   698  6594 I audio_hw_primary: app type:0x   5, is_voip:0, device:2, pcm:-176945824, usecase:0x   2
01-21 20:43:33.545   708 18763 V SimpleUnisocC2Component: start processing frame #66
01-21 20:43:33.545   708 18763 I VSP     : VP8DecSetCurRecPic,104,picid 66,header 0xf27d13e0
01-21 20:43:33.545   708 18763 I C2UnisocVp8Dec: setDecodeArgs, pBufCtrl: 0xf27c95e0, pBufCtrl->phyAddr: 0x202ce000, frameIndex: 66, timeStamp: 27799107000, inSize: 236, inOffset: 0
01-21 20:43:33.545   708 18764 V C2UnisocVp8Dec: fetchGraphicBlock, stride: 640, sliceHeight: 368, mDecoderSwFlag: 0
01-21 20:43:33.546   708 18764 I C2UnisocVp8Dec: resetOutBlock, fd: 25, iova: 0x203d3000, mDecoderSwFlag: 0
01-21 20:43:33.546   708 18763 V C2UnisocVp8Dec: VSP_bind_cb, phyAddr: 0x202ce000, pOutBlockInfo: 0xf27d13e0, pBufCtrl: 0xf27c95e0; iRefCount=0
01-21 20:43:33.546   708 18763 V C2UnisocVp8Dec: VSP_unbind_cb, phyAddr: 0x20277000, pOutBlockInfo: 0xf27cea10, pBufCtrl: 0xf27ce410; iRefCount=1
01-21 20:43:33.547   708 18763 I C2UnisocVp8Dec: process, decRet: 0, 1ms, dec_out.frameEffective: 1, has_pic: 1, picId: 66, consume byte: 236
01-21 20:43:33.547   708 18763 I C2UnisocVp8Dec: drainOneOutputBuffer, pBufCtrl: 0xf27c95e0, pBufCtrl->phyAddr: 0x202ce000, frameIndex: 66
01-21 20:43:33.547   708 18763 V SimpleUnisocC2Component: processed frame #66
01-21 20:43:33.547   708 18763 V SimpleUnisocC2Component: returning this work, frameIndex: 66
01-21 20:43:33.547   708 18764 I C2UnisocVp8Dec: resetOutBlock, fd: 37, iova: 0x20277000, mDecoderSwFlag: 0
01-21 20:43:33.547   708 18764 D C2UnisocVideoDecoderComponent: fetch one queue free block:0xf27c4ed0,iRefCount:0
01-21 20:43:33.548 18303 18762 I mali_gralloc: register: id=0x2c100001c75, importpid=708
01-21 20:43:33.548 18303 18762 I mali_gralloc: unregister: id=0x2c100001c75, base=0x0, importpid=18303
01-21 20:43:33.557   698  6594 I audio_hw_primary: app type:0x   5, is_voip:0, device:2, pcm:-176945824, usecase:0x   2
01-21 20:43:33.578   708 18763 V SimpleUnisocC2Component: start processing frame #67
01-21 20:43:33.578   708 18763 I VSP     : VP8DecSetCurRecPic,104,picid 67,header 0xf27c4ed0
01-21 20:43:33.578   708 18763 I C2UnisocVp8Dec: setDecodeArgs, pBufCtrl: 0xf27d09f0, pBufCtrl->phyAddr: 0x20277000, frameIndex: 67, timeStamp: 27799141000, inSize: 177, inOffset: 0
01-21 20:43:33.578   708 18764 V C2UnisocVp8Dec: fetchGraphicBlock, stride: 640, sliceHeight: 368, mDecoderSwFlag: 0
01-21 20:43:33.580   708 18763 V C2UnisocVp8Dec: VSP_bind_cb, phyAddr: 0x20277000, pOutBlockInfo: 0xf27c4ed0, pBufCtrl: 0xf27d09f0; iRefCount=0
01-21 20:43:33.580   708 18763 V C2UnisocVp8Dec: VSP_unbind_cb, phyAddr: 0x202ce000, pOutBlockInfo: 0xf27d13e0, pBufCtrl: 0xf27c95e0; iRefCount=1
01-21 20:43:33.580   708 18763 I C2UnisocVp8Dec: process, decRet: 0, 1ms, dec_out.frameEffective: 1, has_pic: 1, picId: 67, consume byte: 177
01-21 20:43:33.580   708 18763 I C2UnisocVp8Dec: drainOneOutputBuffer, pBufCtrl: 0xf27d09f0, pBufCtrl->phyAddr: 0x20277000, frameIndex: 67
01-21 20:43:33.580   708 18764 D C2UnisocVideoDecoderComponent: fetch one queue free block:0xf27ccb20,iRefCount:0
01-21 20:43:33.580   708 18764 I C2UnisocVp8Dec: resetOutBlock, fd: 41, iova: 0x202ce000, mDecoderSwFlag: 0
01-21 20:43:33.580   708 18763 V SimpleUnisocC2Component: processed frame #67
01-21 20:43:33.580   708 18763 V SimpleUnisocC2Component: returning this work, frameIndex: 67
01-21 20:43:33.581 18303 18762 I mali_gralloc: register: id=0x2c100001c7a, importpid=708
01-21 20:43:33.582 18303 18762 I mali_gralloc: unregister: id=0x2c100001c7a, base=0x0, importpid=18303
01-21 20:43:33.600   698  6594 I audio_hw_primary: app type:0x   5, is_voip:0, device:2, pcm:-176945824, usecase:0x   2
01-21 20:43:33.611   708 18763 V SimpleUnisocC2Component: start processing frame #68
01-21 20:43:33.611   708 18763 I VSP     : VP8DecSetCurRecPic,104,picid 68,header 0xf27ccb20
01-21 20:43:33.611   708 18763 I C2UnisocVp8Dec: setDecodeArgs, pBufCtrl: 0xf27d1680, pBufCtrl->phyAddr: 0x203d3000, frameIndex: 68, timeStamp: 27799175000, inSize: 167, inOffset: 0
01-21 20:43:33.611   708 18764 V C2UnisocVp8Dec: fetchGraphicBlock, stride: 640, sliceHeight: 368, mDecoderSwFlag: 0
01-21 20:43:33.613   708 18763 V C2UnisocVp8Dec: VSP_bind_cb, phyAddr: 0x203d3000, pOutBlockInfo: 0xf27ccb20, pBufCtrl: 0xf27d1680; iRefCount=0
01-21 20:43:33.613   708 18763 V C2UnisocVp8Dec: VSP_unbind_cb, phyAddr: 0x20277000, pOutBlockInfo: 0xf27c4ed0, pBufCtrl: 0xf27d09f0; iRefCount=1
01-21 20:43:33.613   708 18763 I C2UnisocVp8Dec: process, decRet: 0, 1ms, dec_out.frameEffective: 1, has_pic: 1, picId: 68, consume byte: 167
01-21 20:43:33.613   708 18763 I C2UnisocVp8Dec: drainOneOutputBuffer, pBufCtrl: 0xf27d1680, pBufCtrl->phyAddr: 0x203d3000, frameIndex: 68
01-21 20:43:33.613   708 18764 D C2UnisocVideoDecoderComponent: fetch one queue free block:0xf27cea10,iRefCount:0
01-21 20:43:33.613   708 18764 I C2UnisocVp8Dec: resetOutBlock, fd: 44, iova: 0x20277000, mDecoderSwFlag: 0
01-21 20:43:33.613   708 18763 V SimpleUnisocC2Component: processed frame #68
01-21 20:43:33.613   708 18763 V SimpleUnisocC2Component: returning this work, frameIndex: 68
01-21 20:43:33.614 18303 18762 I mali_gralloc: register: id=0x2c100001c77, importpid=708
01-21 20:43:33.615 18303 18762 I mali_gralloc: unregister: id=0x2c100001c77, base=0x0, importpid=18303
01-21 20:43:33.643   708 18763 V SimpleUnisocC2Component: start processing frame #69
01-21 20:43:33.643   708 18763 I VSP     : VP8DecSetCurRecPic,104,picid 69,header 0xf27cea10
01-21 20:43:33.643   708 18763 I C2UnisocVp8Dec: setDecodeArgs, pBufCtrl: 0xf27ce410, pBufCtrl->phyAddr: 0x202ce000, frameIndex: 69, timeStamp: 27799208000, inSize: 169, inOffset: 0
01-21 20:43:33.643   708 18764 V C2UnisocVp8Dec: fetchGraphicBlock, stride: 640, sliceHeight: 368, mDecoderSwFlag: 0
01-21 20:43:33.643   698  6594 I audio_hw_primary: app type:0x   5, is_voip:0, device:2, pcm:-176945824, usecase:0x   2
01-21 20:43:33.644   708 18763 V C2UnisocVp8Dec: VSP_bind_cb, phyAddr: 0x202ce000, pOutBlockInfo: 0xf27cea10, pBufCtrl: 0xf27ce410; iRefCount=0
01-21 20:43:33.645   708 18763 V C2UnisocVp8Dec: VSP_unbind_cb, phyAddr: 0x203d3000, pOutBlockInfo: 0xf27ccb20, pBufCtrl: 0xf27d1680; iRefCount=1
01-21 20:43:33.645   708 18763 I C2UnisocVp8Dec: process, decRet: 0, 1ms, dec_out.frameEffective: 1, has_pic: 1, picId: 69, consume byte: 169
01-21 20:43:33.645   708 18763 I C2UnisocVp8Dec: drainOneOutputBuffer, pBufCtrl: 0xf27ce410, pBufCtrl->phyAddr: 0x202ce000, frameIndex: 69
01-21 20:43:33.645   708 18764 D C2UnisocVideoDecoderComponent: fetch one queue free block:0xf27d13e0,iRefCount:0
01-21 20:43:33.645   708 18763 V SimpleUnisocC2Component: processed frame #69
01-21 20:43:33.645   708 18763 V SimpleUnisocC2Component: returning this work, frameIndex: 69
01-21 20:43:33.646 18303 18762 I mali_gralloc: register: id=0x2c100001c75, importpid=708
01-21 20:43:33.646 18303 18762 I mali_gralloc: unregister: id=0x2c100001c75, base=0x0, importpid=18303
01-21 20:43:33.679   708 18763 V SimpleUnisocC2Component: start processing frame #70
01-21 20:43:33.679   708 18763 I VSP     : VP8DecSetCurRecPic,104,picid 70,header 0xf27d13e0
01-21 20:43:33.679   708 18763 I C2UnisocVp8Dec: setDecodeArgs, pBufCtrl: 0xf27c95e0, pBufCtrl->phyAddr: 0x20277000, frameIndex: 70, timeStamp: 27799242000, inSize: 4049, inOffset: 0
01-21 20:43:33.679   708 18764 V C2UnisocVp8Dec: fetchGraphicBlock, stride: 640, sliceHeight: 368, mDecoderSwFlag: 0
01-21 20:43:33.680   708 18764 I C2UnisocVp8Dec: resetOutBlock, fd: 25, iova: 0x203d3000, mDecoderSwFlag: 0
01-21 20:43:33.681   708 18763 V C2UnisocVp8Dec: VSP_bind_cb, phyAddr: 0x20277000, pOutBlockInfo: 0xf27d13e0, pBufCtrl: 0xf27c95e0; iRefCount=0
01-21 20:43:33.681   708 18763 V C2UnisocVp8Dec: VSP_unbind_cb, phyAddr: 0x202ce000, pOutBlockInfo: 0xf27cea10, pBufCtrl: 0xf27ce410; iRefCount=1
01-21 20:43:33.681   708 18763 I C2UnisocVp8Dec: process, decRet: 0, 2ms, dec_out.frameEffective: 1, has_pic: 1, picId: 70, consume byte: 4049
01-21 20:43:33.681   708 18763 I C2UnisocVp8Dec: drainOneOutputBuffer, pBufCtrl: 0xf27c95e0, pBufCtrl->phyAddr: 0x20277000, frameIndex: 70
01-21 20:43:33.682   708 18764 I C2UnisocVp8Dec: resetOutBlock, fd: 37, iova: 0x202ce000, mDecoderSwFlag: 0
01-21 20:43:33.682   708 18763 V SimpleUnisocC2Component: processed frame #70
01-21 20:43:33.682   708 18763 V SimpleUnisocC2Component: returning this work, frameIndex: 70
01-21 20:43:33.682   708 18764 D C2UnisocVideoDecoderComponent: fetch one queue free block:0xf27c4ed0,iRefCount:0
01-21 20:43:33.682 18303 18762 I mali_gralloc: register: id=0x2c100001c7a, importpid=708
01-21 20:43:33.682 18303 18762 I mali_gralloc: unregister: id=0x2c100001c7a, base=0x0, importpid=18303
01-21 20:43:33.686   698  6594 I audio_hw_primary: app type:0x   5, is_voip:0, device:2, pcm:-176945824, usecase:0x   2
01-21 20:43:33.712   708 18763 V SimpleUnisocC2Component: start processing frame #71
01-21 20:43:33.712   708 18763 I VSP     : VP8DecSetCurRecPic,104,picid 71,header 0xf27c4ed0
01-21 20:43:33.712   708 18763 I C2UnisocVp8Dec: setDecodeArgs, pBufCtrl: 0xf27d09f0, pBufCtrl->phyAddr: 0x202ce000, frameIndex: 71, timeStamp: 27799276000, inSize: 484, inOffset: 0
01-21 20:43:33.712   708 18764 V C2UnisocVp8Dec: fetchGraphicBlock, stride: 640, sliceHeight: 368, mDecoderSwFlag: 0
01-21 20:43:33.714   708 18763 V C2UnisocVp8Dec: VSP_bind_cb, phyAddr: 0x202ce000, pOutBlockInfo: 0xf27c4ed0, pBufCtrl: 0xf27d09f0; iRefCount=0
01-21 20:43:33.714   708 18763 V C2UnisocVp8Dec: VSP_unbind_cb, phyAddr: 0x20277000, pOutBlockInfo: 0xf27d13e0, pBufCtrl: 0xf27c95e0; iRefCount=1
01-21 20:43:33.714   708 18763 I C2UnisocVp8Dec: process, decRet: 0, 1ms, dec_out.frameEffective: 1, has_pic: 1, picId: 71, consume byte: 484
01-21 20:43:33.714   708 18763 I C2UnisocVp8Dec: drainOneOutputBuffer, pBufCtrl: 0xf27d09f0, pBufCtrl->phyAddr: 0x202ce000, frameIndex: 71
01-21 20:43:33.714   708 18763 V SimpleUnisocC2Component: processed frame #71
01-21 20:43:33.714   708 18763 V SimpleUnisocC2Component: returning this work, frameIndex: 71
01-21 20:43:33.714   708 18764 D C2UnisocVideoDecoderComponent: fetch one queue free block:0xf27ccb20,iRefCount:0
01-21 20:43:33.714   708 18764 I C2UnisocVp8Dec: resetOutBlock, fd: 41, iova: 0x20277000, mDecoderSwFlag: 0
01-21 20:43:33.715 18303 18762 I mali_gralloc: register: id=0x2c100001c77, importpid=708
01-21 20:43:33.716 18303 18762 I mali_gralloc: unregister: id=0x2c100001c77, base=0x0, importpid=18303
01-21 20:43:33.729   698  6594 I audio_hw_primary: app type:0x   5, is_voip:0, device:2, pcm:-176945824, usecase:0x   2
01-21 20:43:33.747   708 18763 V SimpleUnisocC2Component: start processing frame #72
01-21 20:43:33.748   708 18763 I VSP     : VP8DecSetCurRecPic,104,picid 72,header 0xf27ccb20
01-21 20:43:33.748   708 18763 I C2UnisocVp8Dec: setDecodeArgs, pBufCtrl: 0xf27d1680, pBufCtrl->phyAddr: 0x203d3000, frameIndex: 72, timeStamp: 27799310000, inSize: 252, inOffset: 0
01-21 20:43:33.748   708 18764 V C2UnisocVp8Dec: fetchGraphicBlock, stride: 640, sliceHeight: 368, mDecoderSwFlag: 0
01-21 20:43:33.749   708 18763 V C2UnisocVp8Dec: VSP_bind_cb, phyAddr: 0x203d3000, pOutBlockInfo: 0xf27ccb20, pBufCtrl: 0xf27d1680; iRefCount=0
01-21 20:43:33.749   708 18763 V C2UnisocVp8Dec: VSP_unbind_cb, phyAddr: 0x202ce000, pOutBlockInfo: 0xf27c4ed0, pBufCtrl: 0xf27d09f0; iRefCount=1
01-21 20:43:33.749   708 18763 I C2UnisocVp8Dec: process, decRet: 0, 1ms, dec_out.frameEffective: 1, has_pic: 1, picId: 72, consume byte: 252
01-21 20:43:33.750   708 18763 I C2UnisocVp8Dec: drainOneOutputBuffer, pBufCtrl: 0xf27d1680, pBufCtrl->phyAddr: 0x203d3000, frameIndex: 72
01-21 20:43:33.750   708 18763 V SimpleUnisocC2Component: processed frame #72
01-21 20:43:33.750   708 18763 V SimpleUnisocC2Component: returning this work, frameIndex: 72
01-21 20:43:33.750   708 18764 D C2UnisocVideoDecoderComponent: fetch one queue free block:0xf27cea10,iRefCount:0
01-21 20:43:33.750   708 18764 I C2UnisocVp8Dec: resetOutBlock, fd: 44, iova: 0x202ce000, mDecoderSwFlag: 0
01-21 20:43:33.751 18303 18762 I mali_gralloc: register: id=0x2c100001c75, importpid=708
01-21 20:43:33.751 18303 18762 I mali_gralloc: unregister: id=0x2c100001c75, base=0x0, importpid=18303
01-21 20:43:33.772   698  6594 I audio_hw_primary: app type:0x   5, is_voip:0, device:2, pcm:-176945824, usecase:0x   2
01-21 20:43:33.774 18303 18694 I org.webrtc.Logging: EglRenderer: Duration: 4000 ms. Frames received: 71. Dropped: 0. Rendered: 71. Render fps: 17.7. Average render time: 3616 us. Average swapBuffer time: 1845 us.
01-21 20:43:33.779   708 18763 V SimpleUnisocC2Component: start processing frame #73
01-21 20:43:33.779   708 18763 I VSP     : VP8DecSetCurRecPic,104,picid 73,header 0xf27cea10
01-21 20:43:33.779   708 18763 I C2UnisocVp8Dec: setDecodeArgs, pBufCtrl: 0xf27ce410, pBufCtrl->phyAddr: 0x20277000, frameIndex: 73, timeStamp: 27799343000, inSize: 221, inOffset: 0
01-21 20:43:33.779   708 18764 V C2UnisocVp8Dec: fetchGraphicBlock, stride: 640, sliceHeight: 368, mDecoderSwFlag: 0
01-21 20:43:33.780   708 18763 V C2UnisocVp8Dec: VSP_bind_cb, phyAddr: 0x20277000, pOutBlockInfo: 0xf27cea10, pBufCtrl: 0xf27ce410; iRefCount=0
01-21 20:43:33.780   708 18763 V C2UnisocVp8Dec: VSP_unbind_cb, phyAddr: 0x203d3000, pOutBlockInfo: 0xf27ccb20, pBufCtrl: 0xf27d1680; iRefCount=1
01-21 20:43:33.780   708 18763 I C2UnisocVp8Dec: process, decRet: 0, 1ms, dec_out.frameEffective: 1, has_pic: 1, picId: 73, consume byte: 221
01-21 20:43:33.781   708 18763 I C2UnisocVp8Dec: drainOneOutputBuffer, pBufCtrl: 0xf27ce410, pBufCtrl->phyAddr: 0x20277000, frameIndex: 73
01-21 20:43:33.781   708 18764 D C2UnisocVideoDecoderComponent: fetch one queue free block:0xf27d13e0,iRefCount:0
01-21 20:43:33.781   708 18763 V SimpleUnisocC2Component: processed frame #73
01-21 20:43:33.781   708 18763 V SimpleUnisocC2Component: returning this work, frameIndex: 73
01-21 20:43:33.782 18303 18762 I mali_gralloc: register: id=0x2c100001c7a, importpid=708
01-21 20:43:33.782 18303 18762 I mali_gralloc: unregister: id=0x2c100001c7a, base=0x0, importpid=18303
01-21 20:43:33.813   708 18763 V SimpleUnisocC2Component: start processing frame #74
01-21 20:43:33.814   708 18763 I VSP     : VP8DecSetCurRecPic,104,picid 74,header 0xf27d13e0
01-21 20:43:33.814   708 18763 I C2UnisocVp8Dec: setDecodeArgs, pBufCtrl: 0xf27c95e0, pBufCtrl->phyAddr: 0x202ce000, frameIndex: 74, timeStamp: 27799377000, inSize: 209, inOffset: 0
01-21 20:43:33.814   708 18764 V C2UnisocVp8Dec: fetchGraphicBlock, stride: 640, sliceHeight: 368, mDecoderSwFlag: 0
01-21 20:43:33.814   708 18764 I C2UnisocVp8Dec: resetOutBlock, fd: 25, iova: 0x203d3000, mDecoderSwFlag: 0
01-21 20:43:33.815   698  6594 I audio_hw_primary: app type:0x   5, is_voip:0, device:2, pcm:-176945824, usecase:0x   2
01-21 20:43:33.815   708 18763 V C2UnisocVp8Dec: VSP_bind_cb, phyAddr: 0x202ce000, pOutBlockInfo: 0xf27d13e0, pBufCtrl: 0xf27c95e0; iRefCount=0
01-21 20:43:33.815   708 18763 V C2UnisocVp8Dec: VSP_unbind_cb, phyAddr: 0x20277000, pOutBlockInfo: 0xf27cea10, pBufCtrl: 0xf27ce410; iRefCount=1
01-21 20:43:33.815   708 18763 I C2UnisocVp8Dec: process, decRet: 0, 1ms, dec_out.frameEffective: 1, has_pic: 1, picId: 74, consume byte: 209
01-21 20:43:33.816   708 18763 I C2UnisocVp8Dec: drainOneOutputBuffer, pBufCtrl: 0xf27c95e0, pBufCtrl->phyAddr: 0x202ce000, frameIndex: 74
01-21 20:43:33.816   708 18763 V SimpleUnisocC2Component: processed frame #74
01-21 20:43:33.816   708 18763 V SimpleUnisocC2Component: returning this work, frameIndex: 74
01-21 20:43:33.816   708 18764 I C2UnisocVp8Dec: resetOutBlock, fd: 37, iova: 0x20277000, mDecoderSwFlag: 0
01-21 20:43:33.816   708 18764 D C2UnisocVideoDecoderComponent: fetch one queue free block:0xf27c4ed0,iRefCount:0
01-21 20:43:33.816 18303 18762 I mali_gralloc: register: id=0x2c100001c77, importpid=708
01-21 20:43:33.817 18303 18762 I mali_gralloc: unregister: id=0x2c100001c77, base=0x0, importpid=18303
01-21 20:43:33.838   698  6594 I audio_hw_primary: app type:0x   5, is_voip:0, device:2, pcm:-176945824, usecase:0x   2
01-21 20:43:33.846   708 18763 V SimpleUnisocC2Component: start processing frame #75
01-21 20:43:33.846   708 18763 I VSP     : VP8DecSetCurRecPic,104,picid 75,header 0xf27c4ed0
01-21 20:43:33.846   708 18763 I C2UnisocVp8Dec: setDecodeArgs, pBufCtrl: 0xf27d09f0, pBufCtrl->phyAddr: 0x20277000, frameIndex: 75, timeStamp: 27799411000, inSize: 210, inOffset: 0
01-21 20:43:33.846   708 18764 V C2UnisocVp8Dec: fetchGraphicBlock, stride: 640, sliceHeight: 368, mDecoderSwFlag: 0
01-21 20:43:33.848   708 18763 V C2UnisocVp8Dec: VSP_bind_cb, phyAddr: 0x20277000, pOutBlockInfo: 0xf27c4ed0, pBufCtrl: 0xf27d09f0; iRefCount=0
01-21 20:43:33.848   708 18763 V C2UnisocVp8Dec: VSP_unbind_cb, phyAddr: 0x202ce000, pOutBlockInfo: 0xf27d13e0, pBufCtrl: 0xf27c95e0; iRefCount=1
01-21 20:43:33.848   708 18763 I C2UnisocVp8Dec: process, decRet: 0, 1ms, dec_out.frameEffective: 1, has_pic: 1, picId: 75, consume byte: 210
01-21 20:43:33.848   708 18763 I C2UnisocVp8Dec: drainOneOutputBuffer, pBufCtrl: 0xf27d09f0, pBufCtrl->phyAddr: 0x20277000, frameIndex: 75
01-21 20:43:33.848   708 18764 D C2UnisocVideoDecoderComponent: fetch one queue free block:0xf27ccb20,iRefCount:0
01-21 20:43:33.848   708 18764 I C2UnisocVp8Dec: resetOutBlock, fd: 41, iova: 0x202ce000, mDecoderSwFlag: 0
01-21 20:43:33.848   708 18763 V SimpleUnisocC2Component: processed frame #75
01-21 20:43:33.848   708 18763 V SimpleUnisocC2Component: returning this work, frameIndex: 75
01-21 20:43:33.850 18303 18762 I mali_gralloc: register: id=0x2c100001c75, importpid=708
01-21 20:43:33.850 18303 18762 I mali_gralloc: unregister: id=0x2c100001c75, base=0x0, importpid=18303
01-21 20:43:33.881   708 18763 V SimpleUnisocC2Component: start processing frame #76
01-21 20:43:33.881   698  6594 I audio_hw_primary: app type:0x   5, is_voip:0, device:2, pcm:-176945824, usecase:0x   2
01-21 20:43:33.882   708 18763 I VSP     : VP8DecSetCurRecPic,104,picid 76,header 0xf27ccb20
01-21 20:43:33.882   708 18763 I C2UnisocVp8Dec: setDecodeArgs, pBufCtrl: 0xf27d1680, pBufCtrl->phyAddr: 0x203d3000, frameIndex: 76, timeStamp: 27799445000, inSize: 209, inOffset: 0
01-21 20:43:33.882   708 18764 V C2UnisocVp8Dec: fetchGraphicBlock, stride: 640, sliceHeight: 368, mDecoderSwFlag: 0
01-21 20:43:33.884   708 18763 V C2UnisocVp8Dec: VSP_bind_cb, phyAddr: 0x203d3000, pOutBlockInfo: 0xf27ccb20, pBufCtrl: 0xf27d1680; iRefCount=0
01-21 20:43:33.884   708 18763 V C2UnisocVp8Dec: VSP_unbind_cb, phyAddr: 0x20277000, pOutBlockInfo: 0xf27c4ed0, pBufCtrl: 0xf27d09f0; iRefCount=1
01-21 20:43:33.884   708 18763 I C2UnisocVp8Dec: process, decRet: 0, 2ms, dec_out.frameEffective: 1, has_pic: 1, picId: 76, consume byte: 209
01-21 20:43:33.884   708 18763 I C2UnisocVp8Dec: drainOneOutputBuffer, pBufCtrl: 0xf27d1680, pBufCtrl->phyAddr: 0x203d3000, frameIndex: 76
01-21 20:43:33.884   708 18763 V SimpleUnisocC2Component: processed frame #76
01-21 20:43:33.884   708 18763 V SimpleUnisocC2Component: returning this work, frameIndex: 76
01-21 20:43:33.884   708 18764 D C2UnisocVideoDecoderComponent: fetch one queue free block:0xf27cea10,iRefCount:0
01-21 20:43:33.884   708 18764 I C2UnisocVp8Dec: resetOutBlock, fd: 44, iova: 0x20277000, mDecoderSwFlag: 0
01-21 20:43:33.885 18303 18762 I mali_gralloc: register: id=0x2c100001c7a, importpid=708
01-21 20:43:33.885 18303 18762 I mali_gralloc: unregister: id=0x2c100001c7a, base=0x0, importpid=18303
01-21 20:43:33.916   708 18763 V SimpleUnisocC2Component: start processing frame #77
01-21 20:43:33.916   708 18763 I VSP     : VP8DecSetCurRecPic,104,picid 77,header 0xf27cea10
01-21 20:43:33.916   708 18763 I C2UnisocVp8Dec: setDecodeArgs, pBufCtrl: 0xf27ce410, pBufCtrl->phyAddr: 0x202ce000, frameIndex: 77, timeStamp: 27799480000, inSize: 208, inOffset: 0
01-21 20:43:33.916   708 18764 V C2UnisocVp8Dec: fetchGraphicBlock, stride: 640, sliceHeight: 368, mDecoderSwFlag: 0
01-21 20:43:33.918   708 18763 V C2UnisocVp8Dec: VSP_bind_cb, phyAddr: 0x202ce000, pOutBlockInfo: 0xf27cea10, pBufCtrl: 0xf27ce410; iRefCount=0
01-21 20:43:33.918   708 18763 V C2UnisocVp8Dec: VSP_unbind_cb, phyAddr: 0x203d3000, pOutBlockInfo: 0xf27ccb20, pBufCtrl: 0xf27d1680; iRefCount=1
01-21 20:43:33.918   708 18763 I C2UnisocVp8Dec: process, decRet: 0, 1ms, dec_out.frameEffective: 1, has_pic: 1, picId: 77, consume byte: 208
01-21 20:43:33.918   708 18763 I C2UnisocVp8Dec: drainOneOutputBuffer, pBufCtrl: 0xf27ce410, pBufCtrl->phyAddr: 0x202ce000, frameIndex: 77
01-21 20:43:33.918   708 18763 V SimpleUnisocC2Component: processed frame #77
01-21 20:43:33.918   708 18763 V SimpleUnisocC2Component: returning this work, frameIndex: 77
01-21 20:43:33.918   708 18764 D C2UnisocVideoDecoderComponent: fetch one queue free block:0xf27d13e0,iRefCount:0
01-21 20:43:33.919 18303 18762 I mali_gralloc: register: id=0x2c100001c77, importpid=708
01-21 20:43:33.920 18303 18762 I mali_gralloc: unregister: id=0x2c100001c77, base=0x0, importpid=18303
01-21 20:43:33.924   698  6594 I audio_hw_primary: app type:0x   5, is_voip:0, device:2, pcm:-176945824, usecase:0x   2
01-21 20:43:33.950   708 18763 V SimpleUnisocC2Component: start processing frame #78
01-21 20:43:33.950   708 18763 I VSP     : VP8DecSetCurRecPic,104,picid 78,header 0xf27d13e0
01-21 20:43:33.950   708 18763 I C2UnisocVp8Dec: setDecodeArgs, pBufCtrl: 0xf27c95e0, pBufCtrl->phyAddr: 0x20277000, frameIndex: 78, timeStamp: 27799513000, inSize: 208, inOffset: 0
01-21 20:43:33.950   708 18764 V C2UnisocVp8Dec: fetchGraphicBlock, stride: 640, sliceHeight: 368, mDecoderSwFlag: 0
01-21 20:43:33.951   708 18764 I C2UnisocVp8Dec: resetOutBlock, fd: 25, iova: 0x203d3000, mDecoderSwFlag: 0
01-21 20:43:33.952   708 18763 V C2UnisocVp8Dec: VSP_bind_cb, phyAddr: 0x20277000, pOutBlockInfo: 0xf27d13e0, pBufCtrl: 0xf27c95e0; iRefCount=0
01-21 20:43:33.952   708 18763 V C2UnisocVp8Dec: VSP_unbind_cb, phyAddr: 0x202ce000, pOutBlockInfo: 0xf27cea10, pBufCtrl: 0xf27ce410; iRefCount=1
01-21 20:43:33.952   708 18763 I C2UnisocVp8Dec: process, decRet: 0, 1ms, dec_out.frameEffective: 1, has_pic: 1, picId: 78, consume byte: 208
01-21 20:43:33.952   708 18763 I C2UnisocVp8Dec: drainOneOutputBuffer, pBufCtrl: 0xf27c95e0, pBufCtrl->phyAddr: 0x20277000, frameIndex: 78
01-21 20:43:33.952   708 18763 V SimpleUnisocC2Component: processed frame #78
01-21 20:43:33.952   708 18763 V SimpleUnisocC2Component: returning this work, frameIndex: 78
01-21 20:43:33.952   708 18764 I C2UnisocVp8Dec: resetOutBlock, fd: 37, iova: 0x202ce000, mDecoderSwFlag: 0
01-21 20:43:33.952   708 18764 D C2UnisocVideoDecoderComponent: fetch one queue free block:0xf27c4ed0,iRefCount:0
01-21 20:43:33.953 18303 18762 I mali_gralloc: register: id=0x2c100001c75, importpid=708
01-21 20:43:33.953 18303 18762 I mali_gralloc: unregister: id=0x2c100001c75, base=0x0, importpid=18303
01-21 20:43:33.967   698  6594 I audio_hw_primary: app type:0x   5, is_voip:0, device:2, pcm:-176945824, usecase:0x   2
01-21 20:43:33.987   708 18763 V SimpleUnisocC2Component: start processing frame #79
01-21 20:43:33.987   708 18763 I VSP     : VP8DecSetCurRecPic,104,picid 79,header 0xf27c4ed0
01-21 20:43:33.987   708 18763 I C2UnisocVp8Dec: setDecodeArgs, pBufCtrl: 0xf27d09f0, pBufCtrl->phyAddr: 0x202ce000, frameIndex: 79, timeStamp: 27799549000, inSize: 5059, inOffset: 0
01-21 20:43:33.987   708 18764 V C2UnisocVp8Dec: fetchGraphicBlock, stride: 640, sliceHeight: 368, mDecoderSwFlag: 0
01-21 20:43:33.989   708 18763 V C2UnisocVp8Dec: VSP_bind_cb, phyAddr: 0x202ce000, pOutBlockInfo: 0xf27c4ed0, pBufCtrl: 0xf27d09f0; iRefCount=0
01-21 20:43:33.989   708 18763 V C2UnisocVp8Dec: VSP_unbind_cb, phyAddr: 0x20277000, pOutBlockInfo: 0xf27d13e0, pBufCtrl: 0xf27c95e0; iRefCount=1
01-21 20:43:33.989   708 18763 I C2UnisocVp8Dec: process, decRet: 0, 2ms, dec_out.frameEffective: 1, has_pic: 1, picId: 79, consume byte: 5059
01-21 20:43:33.989   708 18763 I C2UnisocVp8Dec: drainOneOutputBuffer, pBufCtrl: 0xf27d09f0, pBufCtrl->phyAddr: 0x202ce000, frameIndex: 79
01-21 20:43:33.990   708 18763 V SimpleUnisocC2Component: processed frame #79
01-21 20:43:33.990   708 18763 V SimpleUnisocC2Component: returning this work, frameIndex: 79
01-21 20:43:33.990   708 18764 D C2UnisocVideoDecoderComponent: fetch one queue free block:0xf27ccb20,iRefCount:0
01-21 20:43:33.990   708 18764 I C2UnisocVp8Dec: resetOutBlock, fd: 41, iova: 0x20277000, mDecoderSwFlag: 0
01-21 20:43:33.990 18303 18762 I mali_gralloc: register: id=0x2c100001c7a, importpid=708
01-21 20:43:33.991 18303 18762 I mali_gralloc: unregister: id=0x2c100001c7a, base=0x0, importpid=18303
01-21 20:43:34.012   698  6594 I audio_hw_primary: app type:0x   5, is_voip:0, device:2, pcm:-176945824, usecase:0x   2
01-21 20:43:34.017   708 18763 V SimpleUnisocC2Component: start processing frame #80
01-21 20:43:34.017   708 18763 I VSP     : VP8DecSetCurRecPic,104,picid 80,header 0xf27ccb20
01-21 20:43:34.017   708 18763 I C2UnisocVp8Dec: setDecodeArgs, pBufCtrl: 0xf27d1680, pBufCtrl->phyAddr: 0x203d3000, frameIndex: 80, timeStamp: 27799582000, inSize: 478, inOffset: 0
01-21 20:43:34.017   708 18764 V C2UnisocVp8Dec: fetchGraphicBlock, stride: 640, sliceHeight: 368, mDecoderSwFlag: 0
01-21 20:43:34.019   708 18763 V C2UnisocVp8Dec: VSP_bind_cb, phyAddr: 0x203d3000, pOutBlockInfo: 0xf27ccb20, pBufCtrl: 0xf27d1680; iRefCount=0
01-21 20:43:34.019   708 18763 V C2UnisocVp8Dec: VSP_unbind_cb, phyAddr: 0x2037c000, pOutBlockInfo: 0xf27cd570, pBufCtrl: 0xf27d0ff0; iRefCount=1
01-21 20:43:34.019   708 18763 V C2UnisocVp8Dec: VSP_unbind_cb, phyAddr: 0x202ce000, pOutBlockInfo: 0xf27c4ed0, pBufCtrl: 0xf27d09f0; iRefCount=1
01-21 20:43:34.019   708 18763 I C2UnisocVp8Dec: process, decRet: 0, 1ms, dec_out.frameEffective: 1, has_pic: 1, picId: 80, consume byte: 478
01-21 20:43:34.019   708 18763 I C2UnisocVp8Dec: drainOneOutputBuffer, pBufCtrl: 0xf27d1680, pBufCtrl->phyAddr: 0x203d3000, frameIndex: 80
01-21 20:43:34.020   708 18764 D C2UnisocVideoDecoderComponent: fetch one queue free block:0xf27cea10,iRefCount:0
01-21 20:43:34.020   708 18764 I C2UnisocVp8Dec: resetOutBlock, fd: 44, iova: 0x202ce000, mDecoderSwFlag: 0
01-21 20:43:34.020   708 18763 V SimpleUnisocC2Component: processed frame #80
01-21 20:43:34.020   708 18763 V SimpleUnisocC2Component: returning this work, frameIndex: 80
01-21 20:43:34.021 18303 18762 I mali_gralloc: register: id=0x2c100001c77, importpid=708
01-21 20:43:34.021 18303 18762 I mali_gralloc: unregister: id=0x2c100001c77, base=0x0, importpid=18303
01-21 20:43:34.052   708 18763 V SimpleUnisocC2Component: start processing frame #81
01-21 20:43:34.052   708 18763 I VSP     : VP8DecSetCurRecPic,104,picid 81,header 0xf27cea10
01-21 20:43:34.052   708 18763 I C2UnisocVp8Dec: setDecodeArgs, pBufCtrl: 0xf27ce410, pBufCtrl->phyAddr: 0x20277000, frameIndex: 81, timeStamp: 27799616000, inSize: 188, inOffset: 0
01-21 20:43:34.052   708 18764 V C2UnisocVp8Dec: fetchGraphicBlock, stride: 640, sliceHeight: 368, mDecoderSwFlag: 0
01-21 20:43:34.053   708 18764 I C2UnisocVp8Dec: resetOutBlock, fd: 24, iova: 0x2037c000, mDecoderSwFlag: 0
01-21 20:43:34.054   708 18763 V C2UnisocVp8Dec: VSP_bind_cb, phyAddr: 0x20277000, pOutBlockInfo: 0xf27cea10, pBufCtrl: 0xf27ce410; iRefCount=0
01-21 20:43:34.054   708 18763 I C2UnisocVp8Dec: process, decRet: 0, 1ms, dec_out.frameEffective: 1, has_pic: 1, picId: 81, consume byte: 188
01-21 20:43:34.054   708 18763 I C2UnisocVp8Dec: drainOneOutputBuffer, pBufCtrl: 0xf27ce410, pBufCtrl->phyAddr: 0x20277000, frameIndex: 81
01-21 20:43:34.054   708 18763 V SimpleUnisocC2Component: processed frame #81
01-21 20:43:34.054   708 18763 V SimpleUnisocC2Component: returning this work, frameIndex: 81
01-21 20:43:34.055   708 18764 D C2UnisocVideoDecoderComponent: fetch one queue free block:0xf27d13e0,iRefCount:0
01-21 20:43:34.055 18303 18762 I mali_gralloc: register: id=0x2c100001c75, importpid=708
01-21 20:43:34.055 18303 18762 I mali_gralloc: unregister: id=0x2c100001c75, base=0x0, importpid=18303
01-21 20:43:34.055   698  6594 I audio_hw_primary: app type:0x   5, is_voip:0, device:2, pcm:-176945824, usecase:0x   2
01-21 20:43:34.078   698  6594 I audio_hw_primary: app type:0x   5, is_voip:0, device:2, pcm:-176945824, usecase:0x   2
01-21 20:43:34.084   708 18763 V SimpleUnisocC2Component: start processing frame #82
01-21 20:43:34.084   708 18763 I VSP     : VP8DecSetCurRecPic,104,picid 82,header 0xf27d13e0
01-21 20:43:34.084   708 18763 I C2UnisocVp8Dec: setDecodeArgs, pBufCtrl: 0xf27c95e0, pBufCtrl->phyAddr: 0x202ce000, frameIndex: 82, timeStamp: 27799649000, inSize: 180, inOffset: 0
01-21 20:43:34.085   708 18764 V C2UnisocVp8Dec: fetchGraphicBlock, stride: 640, sliceHeight: 368, mDecoderSwFlag: 0
01-21 20:43:34.086   708 18763 V C2UnisocVp8Dec: VSP_bind_cb, phyAddr: 0x202ce000, pOutBlockInfo: 0xf27d13e0, pBufCtrl: 0xf27c95e0; iRefCount=0
01-21 20:43:34.086   708 18763 V C2UnisocVp8Dec: VSP_unbind_cb, phyAddr: 0x20277000, pOutBlockInfo: 0xf27cea10, pBufCtrl: 0xf27ce410; iRefCount=1
01-21 20:43:34.086   708 18763 I C2UnisocVp8Dec: process, decRet: 0, 1ms, dec_out.frameEffective: 1, has_pic: 1, picId: 82, consume byte: 180
01-21 20:43:34.086   708 18763 I C2UnisocVp8Dec: drainOneOutputBuffer, pBufCtrl: 0xf27c95e0, pBufCtrl->phyAddr: 0x202ce000, frameIndex: 82
01-21 20:43:34.086   708 18764 D C2UnisocVideoDecoderComponent: fetch one queue free block:0xf27cd570,iRefCount:0
01-21 20:43:34.086   708 18764 I C2UnisocVp8Dec: resetOutBlock, fd: 37, iova: 0x20277000, mDecoderSwFlag: 0
01-21 20:43:34.086   708 18763 V SimpleUnisocC2Component: processed frame #82
01-21 20:43:34.087   708 18763 V SimpleUnisocC2Component: returning this work, frameIndex: 82
01-21 20:43:34.088 18303 18762 I mali_gralloc: register: id=0x2c100001c7a, importpid=708
01-21 20:43:34.088 18303 18762 I mali_gralloc: unregister: id=0x2c100001c7a, base=0x0, importpid=18303
01-21 20:43:34.119   708 18763 V SimpleUnisocC2Component: start processing frame #83
01-21 20:43:34.119   708 18763 I VSP     : VP8DecSetCurRecPic,104,picid 83,header 0xf27cd570
01-21 20:43:34.119   708 18763 I C2UnisocVp8Dec: setDecodeArgs, pBufCtrl: 0xf27d0ff0, pBufCtrl->phyAddr: 0x2037c000, frameIndex: 83, timeStamp: 27799683000, inSize: 325, inOffset: 0
01-21 20:43:34.119   708 18764 V C2UnisocVp8Dec: fetchGraphicBlock, stride: 640, sliceHeight: 368, mDecoderSwFlag: 0
01-21 20:43:34.121   708 18763 V C2UnisocVp8Dec: VSP_bind_cb, phyAddr: 0x2037c000, pOutBlockInfo: 0xf27cd570, pBufCtrl: 0xf27d0ff0; iRefCount=0
01-21 20:43:34.121   708 18763 V C2UnisocVp8Dec: VSP_unbind_cb, phyAddr: 0x202ce000, pOutBlockInfo: 0xf27d13e0, pBufCtrl: 0xf27c95e0; iRefCount=1
01-21 20:43:34.121   708 18763 I C2UnisocVp8Dec: process, decRet: 0, 1ms, dec_out.frameEffective: 1, has_pic: 1, picId: 83, consume byte: 325
01-21 20:43:34.121   708 18763 I C2UnisocVp8Dec: drainOneOutputBuffer, pBufCtrl: 0xf27d0ff0, pBufCtrl->phyAddr: 0x2037c000, frameIndex: 83
01-21 20:43:34.121   708 18763 V SimpleUnisocC2Component: processed frame #83
01-21 20:43:34.121   708 18763 V SimpleUnisocC2Component: returning this work, frameIndex: 83
01-21 20:43:34.121   708 18764 I C2UnisocVideoDecoderComponent: this buffer fd:25,block:0xf27ccb20,address:0x203d3000,iRefCount:1, is still in bind
01-21 20:43:34.121   708 18764 I C2UnisocVp8Dec: resetOutBlock, fd: 37, iova: 0x203d3000, mDecoderSwFlag: 0
01-21 20:43:34.121   708 18764 V C2UnisocVp8Dec: fetchGraphicBlock, stride: 640, sliceHeight: 368, mDecoderSwFlag: 0
01-21 20:43:34.122   698  6594 I audio_hw_primary: app type:0x   5, is_voip:0, device:2, pcm:-176945824, usecase:0x   2
01-21 20:43:34.123   708 18764 D C2UnisocVideoDecoderComponent: fetch one queue free block:0xf27cea10,iRefCount:0
01-21 20:43:34.123   708 18764 I C2UnisocVp8Dec: resetOutBlock, fd: 41, iova: 0x202ce000, mDecoderSwFlag: 0
01-21 20:43:34.124 18303 18762 I mali_gralloc: register: id=0x2c100001c73, importpid=708
01-21 20:43:34.124 18303 18762 I mali_gralloc: unregister: id=0x2c100001c73, base=0x0, importpid=18303
01-21 20:43:34.152   708 18763 V SimpleUnisocC2Component: start processing frame #84
01-21 20:43:34.152   708 18763 I VSP     : VP8DecSetCurRecPic,104,picid 84,header 0xf27cea10
01-21 20:43:34.152   708 18763 I C2UnisocVp8Dec: setDecodeArgs, pBufCtrl: 0xf27ce410, pBufCtrl->phyAddr: 0x20277000, frameIndex: 84, timeStamp: 27799717000, inSize: 305, inOffset: 0
01-21 20:43:34.153   708 18764 V C2UnisocVp8Dec: fetchGraphicBlock, stride: 640, sliceHeight: 368, mDecoderSwFlag: 0
01-21 20:43:34.154   708 18763 V C2UnisocVp8Dec: VSP_bind_cb, phyAddr: 0x20277000, pOutBlockInfo: 0xf27cea10, pBufCtrl: 0xf27ce410; iRefCount=0
01-21 20:43:34.154   708 18763 V C2UnisocVp8Dec: VSP_unbind_cb, phyAddr: 0x2037c000, pOutBlockInfo: 0xf27cd570, pBufCtrl: 0xf27d0ff0; iRefCount=1
01-21 20:43:34.154   708 18763 I C2UnisocVp8Dec: process, decRet: 0, 1ms, dec_out.frameEffective: 1, has_pic: 1, picId: 84, consume byte: 305
01-21 20:43:34.154   708 18763 I C2UnisocVp8Dec: drainOneOutputBuffer, pBufCtrl: 0xf27ce410, pBufCtrl->phyAddr: 0x20277000, frameIndex: 84
01-21 20:43:34.154   708 18764 D C2UnisocVideoDecoderComponent: fetch one queue free block:0xf27d13e0,iRefCount:0
01-21 20:43:34.154   708 18763 V SimpleUnisocC2Component: processed frame #84
01-21 20:43:34.154   708 18763 V SimpleUnisocC2Component: returning this work, frameIndex: 84
01-21 20:43:34.156 18303 18762 I mali_gralloc: register: id=0x2c100001c75, importpid=708
01-21 20:43:34.156 18303 18762 I mali_gralloc: unregister: id=0x2c100001c75, base=0x0, importpid=18303
01-21 20:43:34.156 18535 18551 W ocessService0:0: userfaultfd: MOVE ioctl seems unsupported: Connection timed out
01-21 20:43:34.166   698  6594 I audio_hw_primary: app type:0x   5, is_voip:0, device:2, pcm:-176945824, usecase:0x   2
01-21 20:43:34.187   708 18763 V SimpleUnisocC2Component: start processing frame #85
01-21 20:43:34.188   708 18763 I VSP     : VP8DecSetCurRecPic,104,picid 85,header 0xf27d13e0
01-21 20:43:34.188   708 18763 I C2UnisocVp8Dec: setDecodeArgs, pBufCtrl: 0xf27c95e0, pBufCtrl->phyAddr: 0x202ce000, frameIndex: 85, timeStamp: 27799751000, inSize: 5154, inOffset: 0
01-21 20:43:34.188   708 18764 V C2UnisocVp8Dec: fetchGraphicBlock, stride: 640, sliceHeight: 368, mDecoderSwFlag: 0
01-21 20:43:34.188   708 18764 I C2UnisocVp8Dec: resetOutBlock, fd: 42, iova: 0x2037c000, mDecoderSwFlag: 0
01-21 20:43:34.190   708 18763 V C2UnisocVp8Dec: VSP_bind_cb, phyAddr: 0x202ce000, pOutBlockInfo: 0xf27d13e0, pBufCtrl: 0xf27c95e0; iRefCount=0
01-21 20:43:34.190   708 18763 V C2UnisocVp8Dec: VSP_unbind_cb, phyAddr: 0x20277000, pOutBlockInfo: 0xf27cea10, pBufCtrl: 0xf27ce410; iRefCount=1
01-21 20:43:34.190   708 18763 I C2UnisocVp8Dec: process, decRet: 0, 2ms, dec_out.frameEffective: 1, has_pic: 1, picId: 85, consume byte: 5154
01-21 20:43:34.190   708 18763 I C2UnisocVp8Dec: drainOneOutputBuffer, pBufCtrl: 0xf27c95e0, pBufCtrl->phyAddr: 0x202ce000, frameIndex: 85
01-21 20:43:34.190   708 18764 I C2UnisocVp8Dec: resetOutBlock, fd: 14, iova: 0x20277000, mDecoderSwFlag: 0
01-21 20:43:34.190   708 18763 V SimpleUnisocC2Component: processed frame #85
01-21 20:43:34.190   708 18763 V SimpleUnisocC2Component: returning this work, frameIndex: 85
01-21 20:43:34.190   708 18764 D C2UnisocVideoDecoderComponent: fetch one queue free block:0xf27c4ed0,iRefCount:0
01-21 20:43:34.191 18303 18762 I mali_gralloc: register: id=0x2c100001c7a, importpid=708
01-21 20:43:34.191 18303 18762 I mali_gralloc: unregister: id=0x2c100001c7a, base=0x0, importpid=18303
01-21 20:43:34.210   698  6594 I audio_hw_primary: app type:0x   5, is_voip:0, device:2, pcm:-176945824, usecase:0x   2
01-21 20:43:34.222   708 18763 V SimpleUnisocC2Component: start processing frame #86
01-21 20:43:34.223   708 18763 I VSP     : VP8DecSetCurRecPic,104,picid 86,header 0xf27c4ed0
01-21 20:43:34.223   708 18763 I C2UnisocVp8Dec: setDecodeArgs, pBufCtrl: 0xf27d09f0, pBufCtrl->phyAddr: 0x20277000, frameIndex: 86, timeStamp: 27799785000, inSize: 676, inOffset: 0
01-21 20:43:34.223   708 18764 V C2UnisocVp8Dec: fetchGraphicBlock, stride: 640, sliceHeight: 368, mDecoderSwFlag: 0
01-21 20:43:34.224   708 18763 V C2UnisocVp8Dec: VSP_bind_cb, phyAddr: 0x20277000, pOutBlockInfo: 0xf27c4ed0, pBufCtrl: 0xf27d09f0; iRefCount=0
01-21 20:43:34.225   708 18763 V C2UnisocVp8Dec: VSP_unbind_cb, phyAddr: 0x202ce000, pOutBlockInfo: 0xf27d13e0, pBufCtrl: 0xf27c95e0; iRefCount=1
01-21 20:43:34.225   708 18763 I C2UnisocVp8Dec: process, decRet: 0, 1ms, dec_out.frameEffective: 1, has_pic: 1, picId: 86, consume byte: 676
