01-21 20:43:39.302 18303 18762 I mali_gralloc: register: id=0x2c100001c73, importpid=708
01-21 20:43:39.302 18303 18762 I mali_gralloc: unregister: id=0x2c100001c73, base=0x0, importpid=18303
01-21 20:43:39.317   698  6594 I audio_hw_primary: app type:0x   5, is_voip:0, device:2, pcm:-176945824, usecase:0x   2
01-21 20:43:39.333   708 18763 V SimpleUnisocC2Component: start processing frame #228
01-21 20:43:39.333   708 18763 I VSP     : VP8DecSetCurRecPic,104,picid 228,header 0xf27ccb20
01-21 20:43:39.333   708 18763 I C2UnisocVp8Dec: setDecodeArgs, pBufCtrl: 0xf27d1680, pBufCtrl->phyAddr: 0x2037c000, frameIndex: 228, timeStamp: 27804872000, inSize: 204, inOffset: 0
01-21 20:43:39.333   708 18764 V C2UnisocVp8Dec: fetchGraphicBlock, stride: 640, sliceHeight: 368, mDecoderSwFlag: 0
01-21 20:43:39.335   708 18763 V C2UnisocVp8Dec: VSP_bind_cb, phyAddr: 0x2037c000, pOutBlockInfo: 0xf27ccb20, pBufCtrl: 0xf27d1680; iRefCount=0
01-21 20:43:39.335   708 18763 V C2UnisocVp8Dec: VSP_unbind_cb, phyAddr: 0x202ce000, pOutBlockInfo: 0xf27c4ed0, pBufCtrl: 0xf27d09f0; iRefCount=1
01-21 20:43:39.335   708 18763 I C2UnisocVp8Dec: process, decRet: 0, 1ms, dec_out.frameEffective: 1, has_pic: 1, picId: 228, consume byte: 204
01-21 20:43:39.335   708 18763 I C2UnisocVp8Dec: drainOneOutputBuffer, pBufCtrl: 0xf27d1680, pBufCtrl->phyAddr: 0x2037c000, frameIndex: 228
01-21 20:43:39.335   708 18764 D C2UnisocVideoDecoderComponent: fetch one queue free block:0xf27cea10,iRefCount:0
01-21 20:43:39.335   708 18764 I C2UnisocVp8Dec: resetOutBlock, fd: 44, iova: 0x202ce000, mDecoderSwFlag: 0
01-21 20:43:39.335   708 18763 V SimpleUnisocC2Component: processed frame #228
01-21 20:43:39.335   708 18763 V SimpleUnisocC2Component: returning this work, frameIndex: 228
01-21 20:43:39.336 18303 18762 I mali_gralloc: register: id=0x2c100001c75, importpid=708
01-21 20:43:39.337 18303 18762 I mali_gralloc: unregister: id=0x2c100001c75, base=0x0, importpid=18303
01-21 20:43:39.361   698  6594 I audio_hw_primary: app type:0x   5, is_voip:0, device:2, pcm:-176945824, usecase:0x   2
01-21 20:43:39.368   708 18763 V SimpleUnisocC2Component: start processing frame #229
01-21 20:43:39.368   708 18763 I VSP     : VP8DecSetCurRecPic,104,picid 229,header 0xf27cea10
01-21 20:43:39.368   708 18763 I C2UnisocVp8Dec: setDecodeArgs, pBufCtrl: 0xf27ce410, pBufCtrl->phyAddr: 0x20277000, frameIndex: 229, timeStamp: 27804906000, inSize: 192, inOffset: 0
01-21 20:43:39.368   708 18764 V C2UnisocVp8Dec: fetchGraphicBlock, stride: 640, sliceHeight: 368, mDecoderSwFlag: 0
01-21 20:43:39.370   708 18763 V C2UnisocVp8Dec: VSP_bind_cb, phyAddr: 0x20277000, pOutBlockInfo: 0xf27cea10, pBufCtrl: 0xf27ce410; iRefCount=0
01-21 20:43:39.370   708 18763 V C2UnisocVp8Dec: VSP_unbind_cb, phyAddr: 0x2037c000, pOutBlockInfo: 0xf27ccb20, pBufCtrl: 0xf27d1680; iRefCount=1
01-21 20:43:39.370   708 18763 I C2UnisocVp8Dec: process, decRet: 0, 1ms, dec_out.frameEffective: 1, has_pic: 1, picId: 229, consume byte: 192
01-21 20:43:39.370   708 18763 I C2UnisocVp8Dec: drainOneOutputBuffer, pBufCtrl: 0xf27ce410, pBufCtrl->phyAddr: 0x20277000, frameIndex: 229
01-21 20:43:39.370   708 18764 D C2UnisocVideoDecoderComponent: fetch one queue free block:0xf27d13e0,iRefCount:0
01-21 20:43:39.371   708 18763 V SimpleUnisocC2Component: processed frame #229
01-21 20:43:39.371   708 18763 V SimpleUnisocC2Component: returning this work, frameIndex: 229
01-21 20:43:39.371 18303 18762 I mali_gralloc: register: id=0x2c100001c7a, importpid=708
01-21 20:43:39.372 18303 18762 I mali_gralloc: unregister: id=0x2c100001c7a, base=0x0, importpid=18303
01-21 20:43:39.400   708 18763 V SimpleUnisocC2Component: start processing frame #230
01-21 20:43:39.401   708 18763 I VSP     : VP8DecSetCurRecPic,104,picid 230,header 0xf27d13e0
01-21 20:43:39.401   708 18763 I C2UnisocVp8Dec: setDecodeArgs, pBufCtrl: 0xf27c95e0, pBufCtrl->phyAddr: 0x202ce000, frameIndex: 230, timeStamp: 27804939000, inSize: 186, inOffset: 0
01-21 20:43:39.401   708 18764 V C2UnisocVp8Dec: fetchGraphicBlock, stride: 640, sliceHeight: 368, mDecoderSwFlag: 0
01-21 20:43:39.402   708 18764 I C2UnisocVp8Dec: resetOutBlock, fd: 25, iova: 0x2037c000, mDecoderSwFlag: 0
01-21 20:43:39.402   708 18763 V C2UnisocVp8Dec: VSP_bind_cb, phyAddr: 0x202ce000, pOutBlockInfo: 0xf27d13e0, pBufCtrl: 0xf27c95e0; iRefCount=0
01-21 20:43:39.402   708 18763 V C2UnisocVp8Dec: VSP_unbind_cb, phyAddr: 0x20277000, pOutBlockInfo: 0xf27cea10, pBufCtrl: 0xf27ce410; iRefCount=1
01-21 20:43:39.402   708 18763 I C2UnisocVp8Dec: process, decRet: 0, 1ms, dec_out.frameEffective: 1, has_pic: 1, picId: 230, consume byte: 186
01-21 20:43:39.402   708 18763 I C2UnisocVp8Dec: drainOneOutputBuffer, pBufCtrl: 0xf27c95e0, pBufCtrl->phyAddr: 0x202ce000, frameIndex: 230
01-21 20:43:39.403   708 18764 I C2UnisocVp8Dec: resetOutBlock, fd: 37, iova: 0x20277000, mDecoderSwFlag: 0
01-21 20:43:39.403   708 18763 V SimpleUnisocC2Component: processed frame #230
01-21 20:43:39.403   708 18763 V SimpleUnisocC2Component: returning this work, frameIndex: 230
01-21 20:43:39.403   708 18764 D C2UnisocVideoDecoderComponent: fetch one queue free block:0xf27c4ed0,iRefCount:0
01-21 20:43:39.403 18303 18762 I mali_gralloc: register: id=0x2c100001c73, importpid=708
01-21 20:43:39.404 18303 18762 I mali_gralloc: unregister: id=0x2c100001c73, base=0x0, importpid=18303
01-21 20:43:39.406   698  6594 I audio_hw_primary: app type:0x   5, is_voip:0, device:2, pcm:-176945824, usecase:0x   2
01-21 20:43:39.449   698  6594 I audio_hw_primary: app type:0x   5, is_voip:0, device:2, pcm:-176945824, usecase:0x   2
01-21 20:43:39.453   708 18763 V SimpleUnisocC2Component: start processing frame #231
01-21 20:43:39.454   708 18763 I VSP     : VP8DecSetCurRecPic,104,picid 231,header 0xf27c4ed0
01-21 20:43:39.454   708 18763 I C2UnisocVp8Dec: setDecodeArgs, pBufCtrl: 0xf27d09f0, pBufCtrl->phyAddr: 0x20277000, frameIndex: 231, timeStamp: 27804973000, inSize: 184, inOffset: 0
01-21 20:43:39.454   708 18764 V C2UnisocVp8Dec: fetchGraphicBlock, stride: 640, sliceHeight: 368, mDecoderSwFlag: 0
01-21 20:43:39.456   708 18763 V C2UnisocVp8Dec: VSP_bind_cb, phyAddr: 0x20277000, pOutBlockInfo: 0xf27c4ed0, pBufCtrl: 0xf27d09f0; iRefCount=0
01-21 20:43:39.456   708 18763 V C2UnisocVp8Dec: VSP_unbind_cb, phyAddr: 0x202ce000, pOutBlockInfo: 0xf27d13e0, pBufCtrl: 0xf27c95e0; iRefCount=1
01-21 20:43:39.456   708 18763 I C2UnisocVp8Dec: process, decRet: 0, 2ms, dec_out.frameEffective: 1, has_pic: 1, picId: 231, consume byte: 184
01-21 20:43:39.456   708 18763 I C2UnisocVp8Dec: drainOneOutputBuffer, pBufCtrl: 0xf27d09f0, pBufCtrl->phyAddr: 0x20277000, frameIndex: 231
01-21 20:43:39.456   708 18764 D C2UnisocVideoDecoderComponent: fetch one queue free block:0xf27ccb20,iRefCount:0
01-21 20:43:39.456   708 18764 I C2UnisocVp8Dec: resetOutBlock, fd: 42, iova: 0x202ce000, mDecoderSwFlag: 0
01-21 20:43:39.456   708 18763 V SimpleUnisocC2Component: processed frame #231
01-21 20:43:39.456   708 18763 V SimpleUnisocC2Component: returning this work, frameIndex: 231
01-21 20:43:39.457 18303 18762 I mali_gralloc: register: id=0x2c100001c75, importpid=708
01-21 20:43:39.457 18303 18762 I mali_gralloc: unregister: id=0x2c100001c75, base=0x0, importpid=18303
01-21 20:43:39.487   708 18763 V SimpleUnisocC2Component: start processing frame #232
01-21 20:43:39.487   708 18763 I VSP     : VP8DecSetCurRecPic,104,picid 232,header 0xf27ccb20
01-21 20:43:39.487   708 18763 I C2UnisocVp8Dec: setDecodeArgs, pBufCtrl: 0xf27d1680, pBufCtrl->phyAddr: 0x2037c000, frameIndex: 232, timeStamp: 27805006000, inSize: 184, inOffset: 0
01-21 20:43:39.487   708 18764 V C2UnisocVp8Dec: fetchGraphicBlock, stride: 640, sliceHeight: 368, mDecoderSwFlag: 0
01-21 20:43:39.489   708 18763 V C2UnisocVp8Dec: VSP_bind_cb, phyAddr: 0x2037c000, pOutBlockInfo: 0xf27ccb20, pBufCtrl: 0xf27d1680; iRefCount=0
01-21 20:43:39.489   708 18763 V C2UnisocVp8Dec: VSP_unbind_cb, phyAddr: 0x20277000, pOutBlockInfo: 0xf27c4ed0, pBufCtrl: 0xf27d09f0; iRefCount=1
01-21 20:43:39.489   708 18763 I C2UnisocVp8Dec: process, decRet: 0, 2ms, dec_out.frameEffective: 1, has_pic: 1, picId: 232, consume byte: 184
01-21 20:43:39.489   708 18763 I C2UnisocVp8Dec: drainOneOutputBuffer, pBufCtrl: 0xf27d1680, pBufCtrl->phyAddr: 0x2037c000, frameIndex: 232
01-21 20:43:39.489   708 18764 D C2UnisocVideoDecoderComponent: fetch one queue free block:0xf27cea10,iRefCount:0
01-21 20:43:39.490   708 18764 I C2UnisocVp8Dec: resetOutBlock, fd: 44, iova: 0x20277000, mDecoderSwFlag: 0
01-21 20:43:39.490   708 18763 V SimpleUnisocC2Component: processed frame #232
01-21 20:43:39.490   708 18763 V SimpleUnisocC2Component: returning this work, frameIndex: 232
01-21 20:43:39.490 18303 18762 I mali_gralloc: register: id=0x2c100001c7a, importpid=708
01-21 20:43:39.490 18303 18762 I mali_gralloc: unregister: id=0x2c100001c7a, base=0x0, importpid=18303
01-21 20:43:39.494   698  6594 I audio_hw_primary: app type:0x   5, is_voip:0, device:2, pcm:-176945824, usecase:0x   2
01-21 20:43:39.518   698  6594 I audio_hw_primary: app type:0x   5, is_voip:0, device:2, pcm:-176945824, usecase:0x   2
01-21 20:43:39.520   708 18763 V SimpleUnisocC2Component: start processing frame #233
01-21 20:43:39.520   708 18763 I VSP     : VP8DecSetCurRecPic,104,picid 233,header 0xf27cea10
01-21 20:43:39.520   708 18763 I C2UnisocVp8Dec: setDecodeArgs, pBufCtrl: 0xf27ce410, pBufCtrl->phyAddr: 0x202ce000, frameIndex: 233, timeStamp: 27805040000, inSize: 6403, inOffset: 0
01-21 20:43:39.520   708 18764 V C2UnisocVp8Dec: fetchGraphicBlock, stride: 640, sliceHeight: 368, mDecoderSwFlag: 0
01-21 20:43:39.523   708 18763 V C2UnisocVp8Dec: VSP_bind_cb, phyAddr: 0x202ce000, pOutBlockInfo: 0xf27cea10, pBufCtrl: 0xf27ce410; iRefCount=0
01-21 20:43:39.523   708 18763 V C2UnisocVp8Dec: VSP_unbind_cb, phyAddr: 0x2037c000, pOutBlockInfo: 0xf27ccb20, pBufCtrl: 0xf27d1680; iRefCount=1
01-21 20:43:39.523   708 18763 I C2UnisocVp8Dec: process, decRet: 0, 2ms, dec_out.frameEffective: 1, has_pic: 1, picId: 233, consume byte: 6403
01-21 20:43:39.523   708 18763 I C2UnisocVp8Dec: drainOneOutputBuffer, pBufCtrl: 0xf27ce410, pBufCtrl->phyAddr: 0x202ce000, frameIndex: 233
01-21 20:43:39.523   708 18764 D C2UnisocVideoDecoderComponent: fetch one queue free block:0xf27d13e0,iRefCount:0
01-21 20:43:39.523   708 18763 V SimpleUnisocC2Component: processed frame #233
01-21 20:43:39.523   708 18763 V SimpleUnisocC2Component: returning this work, frameIndex: 233
01-21 20:43:39.524 18303 18762 I mali_gralloc: register: id=0x2c100001c73, importpid=708
01-21 20:43:39.524 18303 18762 I mali_gralloc: unregister: id=0x2c100001c73, base=0x0, importpid=18303
01-21 20:43:39.555   708 18763 V SimpleUnisocC2Component: start processing frame #234
01-21 20:43:39.556   708 18763 I VSP     : VP8DecSetCurRecPic,104,picid 234,header 0xf27d13e0
01-21 20:43:39.556   708 18763 I C2UnisocVp8Dec: setDecodeArgs, pBufCtrl: 0xf27c95e0, pBufCtrl->phyAddr: 0x20277000, frameIndex: 234, timeStamp: 27805074000, inSize: 509, inOffset: 0
01-21 20:43:39.556   708 18764 V C2UnisocVp8Dec: fetchGraphicBlock, stride: 640, sliceHeight: 368, mDecoderSwFlag: 0
01-21 20:43:39.556   708 18764 I C2UnisocVp8Dec: resetOutBlock, fd: 25, iova: 0x2037c000, mDecoderSwFlag: 0
01-21 20:43:39.557   708 18763 V C2UnisocVp8Dec: VSP_bind_cb, phyAddr: 0x20277000, pOutBlockInfo: 0xf27d13e0, pBufCtrl: 0xf27c95e0; iRefCount=0
01-21 20:43:39.557   708 18763 V C2UnisocVp8Dec: VSP_unbind_cb, phyAddr: 0x202ce000, pOutBlockInfo: 0xf27cea10, pBufCtrl: 0xf27ce410; iRefCount=1
01-21 20:43:39.557   708 18763 I C2UnisocVp8Dec: process, decRet: 0, 1ms, dec_out.frameEffective: 1, has_pic: 1, picId: 234, consume byte: 509
01-21 20:43:39.557   708 18763 I C2UnisocVp8Dec: drainOneOutputBuffer, pBufCtrl: 0xf27c95e0, pBufCtrl->phyAddr: 0x20277000, frameIndex: 234
01-21 20:43:39.558   708 18764 I C2UnisocVp8Dec: resetOutBlock, fd: 37, iova: 0x202ce000, mDecoderSwFlag: 0
01-21 20:43:39.558   708 18763 V SimpleUnisocC2Component: processed frame #234
01-21 20:43:39.558   708 18763 V SimpleUnisocC2Component: returning this work, frameIndex: 234
01-21 20:43:39.558   708 18764 D C2UnisocVideoDecoderComponent: fetch one queue free block:0xf27c4ed0,iRefCount:0
01-21 20:43:39.559 18303 18762 I mali_gralloc: register: id=0x2c100001c75, importpid=708
01-21 20:43:39.559 18303 18762 I mali_gralloc: unregister: id=0x2c100001c75, base=0x0, importpid=18303
01-21 20:43:39.561   698  6594 I audio_hw_primary: app type:0x   5, is_voip:0, device:2, pcm:-176945824, usecase:0x   2
01-21 20:43:39.589   708 18763 V SimpleUnisocC2Component: start processing frame #235
01-21 20:43:39.589   708 18763 I VSP     : VP8DecSetCurRecPic,104,picid 235,header 0xf27c4ed0
01-21 20:43:39.590   708 18763 I C2UnisocVp8Dec: setDecodeArgs, pBufCtrl: 0xf27d09f0, pBufCtrl->phyAddr: 0x202ce000, frameIndex: 235, timeStamp: 27805108000, inSize: 188, inOffset: 0
01-21 20:43:39.589   708 18764 V C2UnisocVp8Dec: fetchGraphicBlock, stride: 640, sliceHeight: 368, mDecoderSwFlag: 0
01-21 20:43:39.591   708 18763 V C2UnisocVp8Dec: VSP_bind_cb, phyAddr: 0x202ce000, pOutBlockInfo: 0xf27c4ed0, pBufCtrl: 0xf27d09f0; iRefCount=0
01-21 20:43:39.591   708 18763 V C2UnisocVp8Dec: VSP_unbind_cb, phyAddr: 0x20277000, pOutBlockInfo: 0xf27d13e0, pBufCtrl: 0xf27c95e0; iRefCount=1
01-21 20:43:39.591   708 18763 I C2UnisocVp8Dec: process, decRet: 0, 1ms, dec_out.frameEffective: 1, has_pic: 1, picId: 235, consume byte: 188
01-21 20:43:39.591   708 18763 I C2UnisocVp8Dec: drainOneOutputBuffer, pBufCtrl: 0xf27d09f0, pBufCtrl->phyAddr: 0x202ce000, frameIndex: 235
01-21 20:43:39.592   708 18764 D C2UnisocVideoDecoderComponent: fetch one queue free block:0xf27ccb20,iRefCount:0
01-21 20:43:39.592   708 18764 I C2UnisocVp8Dec: resetOutBlock, fd: 42, iova: 0x20277000, mDecoderSwFlag: 0
01-21 20:43:39.592   708 18763 V SimpleUnisocC2Component: processed frame #235
01-21 20:43:39.592   708 18763 V SimpleUnisocC2Component: returning this work, frameIndex: 235
01-21 20:43:39.593 18303 18762 I mali_gralloc: register: id=0x2c100001c7a, importpid=708
01-21 20:43:39.593 18303 18762 I mali_gralloc: unregister: id=0x2c100001c7a, base=0x0, importpid=18303
01-21 20:43:39.605   698  6594 I audio_hw_primary: app type:0x   5, is_voip:0, device:2, pcm:-176945824, usecase:0x   2
01-21 20:43:39.622   708 18763 V SimpleUnisocC2Component: start processing frame #236
01-21 20:43:39.622   708 18763 I VSP     : VP8DecSetCurRecPic,104,picid 236,header 0xf27ccb20
01-21 20:43:39.622   708 18763 I C2UnisocVp8Dec: setDecodeArgs, pBufCtrl: 0xf27d1680, pBufCtrl->phyAddr: 0x2037c000, frameIndex: 236, timeStamp: 27805142000, inSize: 169, inOffset: 0
01-21 20:43:39.622   708 18764 V C2UnisocVp8Dec: fetchGraphicBlock, stride: 640, sliceHeight: 368, mDecoderSwFlag: 0
01-21 20:43:39.624   708 18763 V C2UnisocVp8Dec: VSP_bind_cb, phyAddr: 0x2037c000, pOutBlockInfo: 0xf27ccb20, pBufCtrl: 0xf27d1680; iRefCount=0
01-21 20:43:39.624   708 18763 V C2UnisocVp8Dec: VSP_unbind_cb, phyAddr: 0x202ce000, pOutBlockInfo: 0xf27c4ed0, pBufCtrl: 0xf27d09f0; iRefCount=1
01-21 20:43:39.625   708 18763 I C2UnisocVp8Dec: process, decRet: 0, 2ms, dec_out.frameEffective: 1, has_pic: 1, picId: 236, consume byte: 169
01-21 20:43:39.625   708 18763 I C2UnisocVp8Dec: drainOneOutputBuffer, pBufCtrl: 0xf27d1680, pBufCtrl->phyAddr: 0x2037c000, frameIndex: 236
01-21 20:43:39.625   708 18764 D C2UnisocVideoDecoderComponent: fetch one queue free block:0xf27cea10,iRefCount:0
01-21 20:43:39.625   708 18764 I C2UnisocVp8Dec: resetOutBlock, fd: 44, iova: 0x202ce000, mDecoderSwFlag: 0
01-21 20:43:39.625   708 18763 V SimpleUnisocC2Component: processed frame #236
01-21 20:43:39.625   708 18763 V SimpleUnisocC2Component: returning this work, frameIndex: 236
01-21 20:43:39.626 18303 18762 I mali_gralloc: register: id=0x2c100001c73, importpid=708
01-21 20:43:39.626 18303 18762 I mali_gralloc: unregister: id=0x2c100001c73, base=0x0, importpid=18303
01-21 20:43:39.648   698  6594 I audio_hw_primary: app type:0x   5, is_voip:0, device:2, pcm:-176945824, usecase:0x   2
01-21 20:43:39.655   708 18763 V SimpleUnisocC2Component: start processing frame #237
01-21 20:43:39.655   708 18763 I VSP     : VP8DecSetCurRecPic,104,picid 237,header 0xf27cea10
01-21 20:43:39.655   708 18763 I C2UnisocVp8Dec: setDecodeArgs, pBufCtrl: 0xf27ce410, pBufCtrl->phyAddr: 0x20277000, frameIndex: 237, timeStamp: 27805175000, inSize: 176, inOffset: 0
01-21 20:43:39.655   708 18764 V C2UnisocVp8Dec: fetchGraphicBlock, stride: 640, sliceHeight: 368, mDecoderSwFlag: 0
01-21 20:43:39.657   708 18763 V C2UnisocVp8Dec: VSP_bind_cb, phyAddr: 0x20277000, pOutBlockInfo: 0xf27cea10, pBufCtrl: 0xf27ce410; iRefCount=0
01-21 20:43:39.657   708 18763 V C2UnisocVp8Dec: VSP_unbind_cb, phyAddr: 0x2037c000, pOutBlockInfo: 0xf27ccb20, pBufCtrl: 0xf27d1680; iRefCount=1
01-21 20:43:39.657   708 18763 I C2UnisocVp8Dec: process, decRet: 0, 2ms, dec_out.frameEffective: 1, has_pic: 1, picId: 237, consume byte: 176
01-21 20:43:39.657   708 18763 I C2UnisocVp8Dec: drainOneOutputBuffer, pBufCtrl: 0xf27ce410, pBufCtrl->phyAddr: 0x20277000, frameIndex: 237
01-21 20:43:39.658   708 18764 D C2UnisocVideoDecoderComponent: fetch one queue free block:0xf27d13e0,iRefCount:0
01-21 20:43:39.658   708 18763 V SimpleUnisocC2Component: processed frame #237
01-21 20:43:39.658   708 18763 V SimpleUnisocC2Component: returning this work, frameIndex: 237
01-21 20:43:39.659 18303 18762 I mali_gralloc: register: id=0x2c100001c75, importpid=708
01-21 20:43:39.660 18303 18762 I mali_gralloc: unregister: id=0x2c100001c75, base=0x0, importpid=18303
01-21 20:43:39.689   708 18763 V SimpleUnisocC2Component: start processing frame #238
01-21 20:43:39.689   708 18763 I VSP     : VP8DecSetCurRecPic,104,picid 238,header 0xf27d13e0
01-21 20:43:39.690   708 18763 I C2UnisocVp8Dec: setDecodeArgs, pBufCtrl: 0xf27c95e0, pBufCtrl->phyAddr: 0x202ce000, frameIndex: 238, timeStamp: 27805209000, inSize: 169, inOffset: 0
01-21 20:43:39.690   708 18764 V C2UnisocVp8Dec: fetchGraphicBlock, stride: 640, sliceHeight: 368, mDecoderSwFlag: 0
01-21 20:43:39.690   708 18764 I C2UnisocVp8Dec: resetOutBlock, fd: 25, iova: 0x2037c000, mDecoderSwFlag: 0
01-21 20:43:39.691   708 18763 V C2UnisocVp8Dec: VSP_bind_cb, phyAddr: 0x202ce000, pOutBlockInfo: 0xf27d13e0, pBufCtrl: 0xf27c95e0; iRefCount=0
01-21 20:43:39.691   708 18763 V C2UnisocVp8Dec: VSP_unbind_cb, phyAddr: 0x20277000, pOutBlockInfo: 0xf27cea10, pBufCtrl: 0xf27ce410; iRefCount=1
01-21 20:43:39.691   708 18763 I C2UnisocVp8Dec: process, decRet: 0, 1ms, dec_out.frameEffective: 1, has_pic: 1, picId: 238, consume byte: 169
01-21 20:43:39.691   708 18763 I C2UnisocVp8Dec: drainOneOutputBuffer, pBufCtrl: 0xf27c95e0, pBufCtrl->phyAddr: 0x202ce000, frameIndex: 238
01-21 20:43:39.692   708 18764 I C2UnisocVp8Dec: resetOutBlock, fd: 37, iova: 0x20277000, mDecoderSwFlag: 0
01-21 20:43:39.692   708 18763 V SimpleUnisocC2Component: processed frame #238
01-21 20:43:39.692   708 18763 V SimpleUnisocC2Component: returning this work, frameIndex: 238
01-21 20:43:39.692   708 18764 D C2UnisocVideoDecoderComponent: fetch one queue free block:0xf27c4ed0,iRefCount:0
01-21 20:43:39.693 18303 18762 I mali_gralloc: register: id=0x2c100001c7a, importpid=708
01-21 20:43:39.693   698  6594 I audio_hw_primary: app type:0x   5, is_voip:0, device:2, pcm:-176945824, usecase:0x   2
01-21 20:43:39.693 18303 18762 I mali_gralloc: unregister: id=0x2c100001c7a, base=0x0, importpid=18303
01-21 20:43:39.724   708 18763 V SimpleUnisocC2Component: start processing frame #239
01-21 20:43:39.724   708 18763 I VSP     : VP8DecSetCurRecPic,104,picid 239,header 0xf27c4ed0
01-21 20:43:39.724   708 18763 I C2UnisocVp8Dec: setDecodeArgs, pBufCtrl: 0xf27d09f0, pBufCtrl->phyAddr: 0x20277000, frameIndex: 239, timeStamp: 27805242000, inSize: 4022, inOffset: 0
01-21 20:43:39.724   708 18764 V C2UnisocVp8Dec: fetchGraphicBlock, stride: 640, sliceHeight: 368, mDecoderSwFlag: 0
01-21 20:43:39.726   708 18763 V C2UnisocVp8Dec: VSP_bind_cb, phyAddr: 0x20277000, pOutBlockInfo: 0xf27c4ed0, pBufCtrl: 0xf27d09f0; iRefCount=0
01-21 20:43:39.726   708 18763 V C2UnisocVp8Dec: VSP_unbind_cb, phyAddr: 0x202ce000, pOutBlockInfo: 0xf27d13e0, pBufCtrl: 0xf27c95e0; iRefCount=1
01-21 20:43:39.726   708 18763 I C2UnisocVp8Dec: process, decRet: 0, 2ms, dec_out.frameEffective: 1, has_pic: 1, picId: 239, consume byte: 4022
01-21 20:43:39.726   708 18763 I C2UnisocVp8Dec: drainOneOutputBuffer, pBufCtrl: 0xf27d09f0, pBufCtrl->phyAddr: 0x20277000, frameIndex: 239
01-21 20:43:39.726   708 18764 D C2UnisocVideoDecoderComponent: fetch one queue free block:0xf27ccb20,iRefCount:0
01-21 20:43:39.726   708 18764 I C2UnisocVp8Dec: resetOutBlock, fd: 42, iova: 0x202ce000, mDecoderSwFlag: 0
01-21 20:43:39.726   708 18763 V SimpleUnisocC2Component: processed frame #239
01-21 20:43:39.726   708 18763 V SimpleUnisocC2Component: returning this work, frameIndex: 239
01-21 20:43:39.727 18303 18762 I mali_gralloc: register: id=0x2c100001c73, importpid=708
01-21 20:43:39.728 18303 18762 I mali_gralloc: unregister: id=0x2c100001c73, base=0x0, importpid=18303
01-21 20:43:39.735   698  6594 I audio_hw_primary: app type:0x   5, is_voip:0, device:2, pcm:-176945824, usecase:0x   2
01-21 20:43:39.755   708 18763 V SimpleUnisocC2Component: start processing frame #240
01-21 20:43:39.755   708 18763 I VSP     : VP8DecSetCurRecPic,104,picid 240,header 0xf27ccb20
01-21 20:43:39.755   708 18763 I C2UnisocVp8Dec: setDecodeArgs, pBufCtrl: 0xf27d1680, pBufCtrl->phyAddr: 0x2037c000, frameIndex: 240, timeStamp: 27805276000, inSize: 469, inOffset: 0
01-21 20:43:39.756   708 18764 V C2UnisocVp8Dec: fetchGraphicBlock, stride: 640, sliceHeight: 368, mDecoderSwFlag: 0
01-21 20:43:39.757   708 18763 V C2UnisocVp8Dec: VSP_bind_cb, phyAddr: 0x2037c000, pOutBlockInfo: 0xf27ccb20, pBufCtrl: 0xf27d1680; iRefCount=0
01-21 20:43:39.757   708 18763 V C2UnisocVp8Dec: VSP_unbind_cb, phyAddr: 0x203d3000, pOutBlockInfo: 0xf27cd570, pBufCtrl: 0xf27d0ff0; iRefCount=1
01-21 20:43:39.757   708 18763 V C2UnisocVp8Dec: VSP_unbind_cb, phyAddr: 0x20277000, pOutBlockInfo: 0xf27c4ed0, pBufCtrl: 0xf27d09f0; iRefCount=1
01-21 20:43:39.757   708 18763 I C2UnisocVp8Dec: process, decRet: 0, 1ms, dec_out.frameEffective: 1, has_pic: 1, picId: 240, consume byte: 469
01-21 20:43:39.757   708 18763 I C2UnisocVp8Dec: drainOneOutputBuffer, pBufCtrl: 0xf27d1680, pBufCtrl->phyAddr: 0x2037c000, frameIndex: 240
01-21 20:43:39.758   708 18763 V SimpleUnisocC2Component: processed frame #240
01-21 20:43:39.758   708 18763 V SimpleUnisocC2Component: returning this work, frameIndex: 240
01-21 20:43:39.758   708 18764 D C2UnisocVideoDecoderComponent: fetch one queue free block:0xf27cea10,iRefCount:0
01-21 20:43:39.758   708 18764 I C2UnisocVp8Dec: resetOutBlock, fd: 44, iova: 0x20277000, mDecoderSwFlag: 0
01-21 20:43:39.759   698  6594 I audio_hw_primary: app type:0x   5, is_voip:0, device:2, pcm:-176945824, usecase:0x   2
01-21 20:43:39.759 18303 18762 I mali_gralloc: register: id=0x2c100001c75, importpid=708
01-21 20:43:39.760 18303 18762 I mali_gralloc: unregister: id=0x2c100001c75, base=0x0, importpid=18303
01-21 20:43:39.789   708 18763 V SimpleUnisocC2Component: start processing frame #241
01-21 20:43:39.789   708 18763 I VSP     : VP8DecSetCurRecPic,104,picid 241,header 0xf27cea10
01-21 20:43:39.789   708 18763 I C2UnisocVp8Dec: setDecodeArgs, pBufCtrl: 0xf27ce410, pBufCtrl->phyAddr: 0x202ce000, frameIndex: 241, timeStamp: 27805310000, inSize: 216, inOffset: 0
01-21 20:43:39.789   708 18764 V C2UnisocVp8Dec: fetchGraphicBlock, stride: 640, sliceHeight: 368, mDecoderSwFlag: 0
01-21 20:43:39.790   708 18764 I C2UnisocVp8Dec: resetOutBlock, fd: 25, iova: 0x203d3000, mDecoderSwFlag: 0
01-21 20:43:39.791   708 18763 V C2UnisocVp8Dec: VSP_bind_cb, phyAddr: 0x202ce000, pOutBlockInfo: 0xf27cea10, pBufCtrl: 0xf27ce410; iRefCount=0
01-21 20:43:39.791   708 18763 I C2UnisocVp8Dec: process, decRet: 0, 1ms, dec_out.frameEffective: 1, has_pic: 1, picId: 241, consume byte: 216
01-21 20:43:39.791   708 18763 I C2UnisocVp8Dec: drainOneOutputBuffer, pBufCtrl: 0xf27ce410, pBufCtrl->phyAddr: 0x202ce000, frameIndex: 241
01-21 20:43:39.791   708 18763 V SimpleUnisocC2Component: processed frame #241
01-21 20:43:39.791   708 18763 V SimpleUnisocC2Component: returning this work, frameIndex: 241
01-21 20:43:39.792   708 18764 D C2UnisocVideoDecoderComponent: fetch one queue free block:0xf27d13e0,iRefCount:0
01-21 20:43:39.793 18303 18762 I mali_gralloc: register: id=0x2c100001c7a, importpid=708
01-21 20:43:39.793 18303 18762 I mali_gralloc: unregister: id=0x2c100001c7a, base=0x0, importpid=18303
01-21 20:43:39.801   698  6594 I audio_hw_primary: app type:0x   5, is_voip:0, device:2, pcm:-176945824, usecase:0x   2
01-21 20:43:39.824   708 18763 V SimpleUnisocC2Component: start processing frame #242
01-21 20:43:39.824   708 18763 I VSP     : VP8DecSetCurRecPic,104,picid 242,header 0xf27d13e0
01-21 20:43:39.824   708 18763 I C2UnisocVp8Dec: setDecodeArgs, pBufCtrl: 0xf27c95e0, pBufCtrl->phyAddr: 0x20277000, frameIndex: 242, timeStamp: 27805344000, inSize: 195, inOffset: 0
01-21 20:43:39.824   708 18764 V C2UnisocVp8Dec: fetchGraphicBlock, stride: 640, sliceHeight: 368, mDecoderSwFlag: 0
01-21 20:43:39.826   708 18763 V C2UnisocVp8Dec: VSP_bind_cb, phyAddr: 0x20277000, pOutBlockInfo: 0xf27d13e0, pBufCtrl: 0xf27c95e0; iRefCount=0
01-21 20:43:39.826   708 18763 V C2UnisocVp8Dec: VSP_unbind_cb, phyAddr: 0x202ce000, pOutBlockInfo: 0xf27cea10, pBufCtrl: 0xf27ce410; iRefCount=1
01-21 20:43:39.826   708 18763 I C2UnisocVp8Dec: process, decRet: 0, 1ms, dec_out.frameEffective: 1, has_pic: 1, picId: 242, consume byte: 195
01-21 20:43:39.826   708 18763 I C2UnisocVp8Dec: drainOneOutputBuffer, pBufCtrl: 0xf27c95e0, pBufCtrl->phyAddr: 0x20277000, frameIndex: 242
01-21 20:43:39.826   708 18764 D C2UnisocVideoDecoderComponent: fetch one queue free block:0xf27cd570,iRefCount:0
01-21 20:43:39.826   708 18764 I C2UnisocVp8Dec: resetOutBlock, fd: 37, iova: 0x202ce000, mDecoderSwFlag: 0
01-21 20:43:39.827   708 18763 V SimpleUnisocC2Component: processed frame #242
01-21 20:43:39.827   708 18763 V SimpleUnisocC2Component: returning this work, frameIndex: 242
01-21 20:43:39.827 18303 18762 I mali_gralloc: register: id=0x2c100001c73, importpid=708
01-21 20:43:39.828 18303 18762 I mali_gralloc: unregister: id=0x2c100001c73, base=0x0, importpid=18303
01-21 20:43:39.845   698  6594 I audio_hw_primary: app type:0x   5, is_voip:0, device:2, pcm:-176945824, usecase:0x   2
01-21 20:43:39.858   708 18763 V SimpleUnisocC2Component: start processing frame #243
01-21 20:43:39.858   708 18763 I VSP     : VP8DecSetCurRecPic,104,picid 243,header 0xf27cd570
01-21 20:43:39.858   708 18763 I C2UnisocVp8Dec: setDecodeArgs, pBufCtrl: 0xf27d0ff0, pBufCtrl->phyAddr: 0x203d3000, frameIndex: 243, timeStamp: 27805377000, inSize: 186, inOffset: 0
01-21 20:43:39.858   708 18764 V C2UnisocVp8Dec: fetchGraphicBlock, stride: 640, sliceHeight: 368, mDecoderSwFlag: 0
01-21 20:43:39.860   708 18763 V C2UnisocVp8Dec: VSP_bind_cb, phyAddr: 0x203d3000, pOutBlockInfo: 0xf27cd570, pBufCtrl: 0xf27d0ff0; iRefCount=0
01-21 20:43:39.860   708 18763 V C2UnisocVp8Dec: VSP_unbind_cb, phyAddr: 0x20277000, pOutBlockInfo: 0xf27d13e0, pBufCtrl: 0xf27c95e0; iRefCount=1
01-21 20:43:39.860   708 18763 I C2UnisocVp8Dec: process, decRet: 0, 1ms, dec_out.frameEffective: 1, has_pic: 1, picId: 243, consume byte: 186
01-21 20:43:39.860   708 18763 I C2UnisocVp8Dec: drainOneOutputBuffer, pBufCtrl: 0xf27d0ff0, pBufCtrl->phyAddr: 0x203d3000, frameIndex: 243
01-21 20:43:39.860   708 18764 I C2UnisocVideoDecoderComponent: this buffer fd:25,block:0xf27ccb20,address:0x2037c000,iRefCount:1, is still in bind
01-21 20:43:39.860   708 18764 I C2UnisocVp8Dec: resetOutBlock, fd: 37, iova: 0x2037c000, mDecoderSwFlag: 0
01-21 20:43:39.860   708 18764 V C2UnisocVp8Dec: fetchGraphicBlock, stride: 640, sliceHeight: 368, mDecoderSwFlag: 0
01-21 20:43:39.860   708 18763 V SimpleUnisocC2Component: processed frame #243
01-21 20:43:39.860   708 18763 V SimpleUnisocC2Component: returning this work, frameIndex: 243
01-21 20:43:39.861   708 18764 D C2UnisocVideoDecoderComponent: fetch one queue free block:0xf27cea10,iRefCount:0
01-21 20:43:39.862   708 18764 I C2UnisocVp8Dec: resetOutBlock, fd: 42, iova: 0x20277000, mDecoderSwFlag: 0
01-21 20:43:39.863 18303 18762 I mali_gralloc: register: id=0x2c100001c77, importpid=708
01-21 20:43:39.863 18303 18762 I mali_gralloc: unregister: id=0x2c100001c77, base=0x0, importpid=18303
01-21 20:43:39.889   698  6594 I audio_hw_primary: app type:0x   5, is_voip:0, device:2, pcm:-176945824, usecase:0x   2
01-21 20:43:39.891   708 18763 V SimpleUnisocC2Component: start processing frame #244
01-21 20:43:39.891   708 18763 I VSP     : VP8DecSetCurRecPic,104,picid 244,header 0xf27cea10
01-21 20:43:39.891   708 18763 I C2UnisocVp8Dec: setDecodeArgs, pBufCtrl: 0xf27ce410, pBufCtrl->phyAddr: 0x202ce000, frameIndex: 244, timeStamp: 27805412000, inSize: 185, inOffset: 0
01-21 20:43:39.891   708 18764 V C2UnisocVp8Dec: fetchGraphicBlock, stride: 640, sliceHeight: 368, mDecoderSwFlag: 0
01-21 20:43:39.892   708 18763 V C2UnisocVp8Dec: VSP_bind_cb, phyAddr: 0x202ce000, pOutBlockInfo: 0xf27cea10, pBufCtrl: 0xf27ce410; iRefCount=0
01-21 20:43:39.892   708 18763 V C2UnisocVp8Dec: VSP_unbind_cb, phyAddr: 0x203d3000, pOutBlockInfo: 0xf27cd570, pBufCtrl: 0xf27d0ff0; iRefCount=1
01-21 20:43:39.893   708 18763 I C2UnisocVp8Dec: process, decRet: 0, 1ms, dec_out.frameEffective: 1, has_pic: 1, picId: 244, consume byte: 185
01-21 20:43:39.893   708 18763 I C2UnisocVp8Dec: drainOneOutputBuffer, pBufCtrl: 0xf27ce410, pBufCtrl->phyAddr: 0x202ce000, frameIndex: 244
01-21 20:43:39.893   708 18764 D C2UnisocVideoDecoderComponent: fetch one queue free block:0xf27d13e0,iRefCount:0
01-21 20:43:39.893   708 18763 V SimpleUnisocC2Component: processed frame #244
01-21 20:43:39.893   708 18763 V SimpleUnisocC2Component: returning this work, frameIndex: 244
01-21 20:43:39.894 18303 18762 I mali_gralloc: register: id=0x2c100001c7a, importpid=708
01-21 20:43:39.895 18303 18762 I mali_gralloc: unregister: id=0x2c100001c7a, base=0x0, importpid=18303
01-21 20:43:39.924   708 18763 V SimpleUnisocC2Component: start processing frame #245
01-21 20:43:39.925   708 18763 I VSP     : VP8DecSetCurRecPic,104,picid 245,header 0xf27d13e0
01-21 20:43:39.925   708 18763 I C2UnisocVp8Dec: setDecodeArgs, pBufCtrl: 0xf27c95e0, pBufCtrl->phyAddr: 0x20277000, frameIndex: 245, timeStamp: 27805445000, inSize: 185, inOffset: 0
01-21 20:43:39.925   708 18764 V C2UnisocVp8Dec: fetchGraphicBlock, stride: 640, sliceHeight: 368, mDecoderSwFlag: 0
01-21 20:43:39.926   708 18764 I C2UnisocVp8Dec: resetOutBlock, fd: 44, iova: 0x203d3000, mDecoderSwFlag: 0
01-21 20:43:39.926   708 18763 V C2UnisocVp8Dec: VSP_bind_cb, phyAddr: 0x20277000, pOutBlockInfo: 0xf27d13e0, pBufCtrl: 0xf27c95e0; iRefCount=0
01-21 20:43:39.926   708 18763 V C2UnisocVp8Dec: VSP_unbind_cb, phyAddr: 0x202ce000, pOutBlockInfo: 0xf27cea10, pBufCtrl: 0xf27ce410; iRefCount=1
01-21 20:43:39.927   708 18763 I C2UnisocVp8Dec: process, decRet: 0, 1ms, dec_out.frameEffective: 1, has_pic: 1, picId: 245, consume byte: 185
01-21 20:43:39.927   708 18763 I C2UnisocVp8Dec: drainOneOutputBuffer, pBufCtrl: 0xf27c95e0, pBufCtrl->phyAddr: 0x20277000, frameIndex: 245
01-21 20:43:39.927   708 18764 I C2UnisocVp8Dec: resetOutBlock, fd: 14, iova: 0x202ce000, mDecoderSwFlag: 0
01-21 20:43:39.927   708 18763 V SimpleUnisocC2Component: processed frame #245
01-21 20:43:39.927   708 18763 V SimpleUnisocC2Component: returning this work, frameIndex: 245
01-21 20:43:39.927   708 18764 D C2UnisocVideoDecoderComponent: fetch one queue free block:0xf27c4ed0,iRefCount:0
01-21 20:43:39.929 18303 18762 I mali_gralloc: register: id=0x2c100001c73, importpid=708
01-21 20:43:39.929 18303 18762 I mali_gralloc: unregister: id=0x2c100001c73, base=0x0, importpid=18303
01-21 20:43:39.932   698  6594 I audio_hw_primary: app type:0x   5, is_voip:0, device:2, pcm:-176945824, usecase:0x   2
01-21 20:43:39.958   708 18763 V SimpleUnisocC2Component: start processing frame #246
01-21 20:43:39.959   708 18763 I VSP     : VP8DecSetCurRecPic,104,picid 246,header 0xf27c4ed0
01-21 20:43:39.959   708 18763 I C2UnisocVp8Dec: setDecodeArgs, pBufCtrl: 0xf27d09f0, pBufCtrl->phyAddr: 0x202ce000, frameIndex: 246, timeStamp: 27805479000, inSize: 192, inOffset: 0
01-21 20:43:39.959   708 18764 V C2UnisocVp8Dec: fetchGraphicBlock, stride: 640, sliceHeight: 368, mDecoderSwFlag: 0
01-21 20:43:39.960   708 18763 V C2UnisocVp8Dec: VSP_bind_cb, phyAddr: 0x202ce000, pOutBlockInfo: 0xf27c4ed0, pBufCtrl: 0xf27d09f0; iRefCount=0
01-21 20:43:39.960   708 18763 V C2UnisocVp8Dec: VSP_unbind_cb, phyAddr: 0x20277000, pOutBlockInfo: 0xf27d13e0, pBufCtrl: 0xf27c95e0; iRefCount=1
01-21 20:43:39.960   708 18763 I C2UnisocVp8Dec: process, decRet: 0, 1ms, dec_out.frameEffective: 1, has_pic: 1, picId: 246, consume byte: 192
01-21 20:43:39.960   708 18763 I C2UnisocVp8Dec: drainOneOutputBuffer, pBufCtrl: 0xf27d09f0, pBufCtrl->phyAddr: 0x202ce000, frameIndex: 246
01-21 20:43:39.961   708 18764 D C2UnisocVideoDecoderComponent: fetch one queue free block:0xf27cd570,iRefCount:0
01-21 20:43:39.961   708 18764 I C2UnisocVp8Dec: resetOutBlock, fd: 42, iova: 0x20277000, mDecoderSwFlag: 0
01-21 20:43:39.961   708 18763 V SimpleUnisocC2Component: processed frame #246
01-21 20:43:39.961   708 18763 V SimpleUnisocC2Component: returning this work, frameIndex: 246
01-21 20:43:39.962 18303 18762 I mali_gralloc: register: id=0x2c100001c77, importpid=708
01-21 20:43:39.962 18303 18762 I mali_gralloc: unregister: id=0x2c100001c77, base=0x0, importpid=18303
01-21 20:43:39.975   698  6594 I audio_hw_primary: app type:0x   5, is_voip:0, device:2, pcm:-176945824, usecase:0x   2
01-21 20:43:39.993   708 18763 V SimpleUnisocC2Component: start processing frame #247
01-21 20:43:39.993   708 18763 I VSP     : VP8DecSetCurRecPic,104,picid 247,header 0xf27cd570
01-21 20:43:39.993   708 18763 I C2UnisocVp8Dec: setDecodeArgs, pBufCtrl: 0xf27d0ff0, pBufCtrl->phyAddr: 0x203d3000, frameIndex: 247, timeStamp: 27805512000, inSize: 185, inOffset: 0
01-21 20:43:39.993   708 18764 V C2UnisocVp8Dec: fetchGraphicBlock, stride: 640, sliceHeight: 368, mDecoderSwFlag: 0
01-21 20:43:39.994   708 18763 V C2UnisocVp8Dec: VSP_bind_cb, phyAddr: 0x203d3000, pOutBlockInfo: 0xf27cd570, pBufCtrl: 0xf27d0ff0; iRefCount=0
01-21 20:43:39.995   708 18763 V C2UnisocVp8Dec: VSP_unbind_cb, phyAddr: 0x202ce000, pOutBlockInfo: 0xf27c4ed0, pBufCtrl: 0xf27d09f0; iRefCount=1
01-21 20:43:39.995   708 18763 I C2UnisocVp8Dec: process, decRet: 0, 1ms, dec_out.frameEffective: 1, has_pic: 1, picId: 247, consume byte: 185
01-21 20:43:39.995   708 18763 I C2UnisocVp8Dec: drainOneOutputBuffer, pBufCtrl: 0xf27d0ff0, pBufCtrl->phyAddr: 0x203d3000, frameIndex: 247
01-21 20:43:39.995   708 18763 V SimpleUnisocC2Component: processed frame #247
01-21 20:43:39.995   708 18763 V SimpleUnisocC2Component: returning this work, frameIndex: 247
01-21 20:43:39.995   708 18764 D C2UnisocVideoDecoderComponent: fetch one queue free block:0xf27cea10,iRefCount:0
01-21 20:43:39.995   708 18764 I C2UnisocVp8Dec: resetOutBlock, fd: 43, iova: 0x202ce000, mDecoderSwFlag: 0
01-21 20:43:39.996 18303 18762 I mali_gralloc: register: id=0x2c100001c7a, importpid=708
01-21 20:43:39.996 18303 18762 I mali_gralloc: unregister: id=0x2c100001c7a, base=0x0, importpid=18303
01-21 20:43:39.998   698  6594 I audio_hw_primary: app type:0x   5, is_voip:0, device:2, pcm:-176945824, usecase:0x   2
01-21 20:43:40.025   708 18763 V SimpleUnisocC2Component: start processing frame #248
01-21 20:43:40.026   708 18763 I VSP     : VP8DecSetCurRecPic,104,picid 248,header 0xf27cea10
01-21 20:43:40.026   708 18763 I C2UnisocVp8Dec: setDecodeArgs, pBufCtrl: 0xf27ce410, pBufCtrl->phyAddr: 0x20277000, frameIndex: 248, timeStamp: 27805546000, inSize: 5007, inOffset: 0
01-21 20:43:40.026   708 18764 V C2UnisocVp8Dec: fetchGraphicBlock, stride: 640, sliceHeight: 368, mDecoderSwFlag: 0
01-21 20:43:40.028   708 18763 V C2UnisocVp8Dec: VSP_bind_cb, phyAddr: 0x20277000, pOutBlockInfo: 0xf27cea10, pBufCtrl: 0xf27ce410; iRefCount=0
01-21 20:43:40.028   708 18763 V C2UnisocVp8Dec: VSP_unbind_cb, phyAddr: 0x203d3000, pOutBlockInfo: 0xf27cd570, pBufCtrl: 0xf27d0ff0; iRefCount=1
01-21 20:43:40.028   708 18763 I C2UnisocVp8Dec: process, decRet: 0, 2ms, dec_out.frameEffective: 1, has_pic: 1, picId: 248, consume byte: 5007
01-21 20:43:40.029   708 18763 I C2UnisocVp8Dec: drainOneOutputBuffer, pBufCtrl: 0xf27ce410, pBufCtrl->phyAddr: 0x20277000, frameIndex: 248
01-21 20:43:40.029   708 18764 D C2UnisocVideoDecoderComponent: fetch one queue free block:0xf27d13e0,iRefCount:0
01-21 20:43:40.029   708 18763 V SimpleUnisocC2Component: processed frame #248
01-21 20:43:40.029   708 18763 V SimpleUnisocC2Component: returning this work, frameIndex: 248
01-21 20:43:40.030 18303 18762 I mali_gralloc: register: id=0x2c100001c73, importpid=708
01-21 20:43:40.030 18303 18762 I mali_gralloc: unregister: id=0x2c100001c73, base=0x0, importpid=18303
01-21 20:43:40.041   698  6594 I audio_hw_primary: app type:0x   5, is_voip:0, device:2, pcm:-176945824, usecase:0x   2
01-21 20:43:40.060   708 18763 V SimpleUnisocC2Component: start processing frame #249
01-21 20:43:40.060   708 18763 I VSP     : VP8DecSetCurRecPic,104,picid 249,header 0xf27d13e0
01-21 20:43:40.060   708 18763 I C2UnisocVp8Dec: setDecodeArgs, pBufCtrl: 0xf27c95e0, pBufCtrl->phyAddr: 0x202ce000, frameIndex: 249, timeStamp: 27805579000, inSize: 435, inOffset: 0
01-21 20:43:40.060   708 18764 V C2UnisocVp8Dec: fetchGraphicBlock, stride: 640, sliceHeight: 368, mDecoderSwFlag: 0
01-21 20:43:40.061   708 18764 I C2UnisocVp8Dec: resetOutBlock, fd: 25, iova: 0x203d3000, mDecoderSwFlag: 0
01-21 20:43:40.062   708 18763 V C2UnisocVp8Dec: VSP_bind_cb, phyAddr: 0x202ce000, pOutBlockInfo: 0xf27d13e0, pBufCtrl: 0xf27c95e0; iRefCount=0
01-21 20:43:40.062   708 18763 V C2UnisocVp8Dec: VSP_unbind_cb, phyAddr: 0x20277000, pOutBlockInfo: 0xf27cea10, pBufCtrl: 0xf27ce410; iRefCount=1
01-21 20:43:40.062   708 18763 I C2UnisocVp8Dec: process, decRet: 0, 1ms, dec_out.frameEffective: 1, has_pic: 1, picId: 249, consume byte: 435
01-21 20:43:40.062   708 18763 I C2UnisocVp8Dec: drainOneOutputBuffer, pBufCtrl: 0xf27c95e0, pBufCtrl->phyAddr: 0x202ce000, frameIndex: 249
01-21 20:43:40.062   708 18764 I C2UnisocVp8Dec: resetOutBlock, fd: 41, iova: 0x20277000, mDecoderSwFlag: 0
01-21 20:43:40.062   708 18763 V SimpleUnisocC2Component: processed frame #249
01-21 20:43:40.062   708 18763 V SimpleUnisocC2Component: returning this work, frameIndex: 249
01-21 20:43:40.063   708 18764 D C2UnisocVideoDecoderComponent: fetch one queue free block:0xf27c4ed0,iRefCount:0
01-21 20:43:40.064 18303 18762 I mali_gralloc: register: id=0x2c100001c77, importpid=708
01-21 20:43:40.064 18303 18762 I mali_gralloc: unregister: id=0x2c100001c77, base=0x0, importpid=18303
01-21 20:43:40.084   698  6594 I audio_hw_primary: app type:0x   5, is_voip:0, device:2, pcm:-176945824, usecase:0x   2
01-21 20:43:40.093   708 18763 V SimpleUnisocC2Component: start processing frame #250
01-21 20:43:40.093   708 18763 I VSP     : VP8DecSetCurRecPic,104,picid 250,header 0xf27c4ed0
01-21 20:43:40.093   708 18763 I C2UnisocVp8Dec: setDecodeArgs, pBufCtrl: 0xf27d09f0, pBufCtrl->phyAddr: 0x20277000, frameIndex: 250, timeStamp: 27805613000, inSize: 200, inOffset: 0
01-21 20:43:40.093   708 18764 V C2UnisocVp8Dec: fetchGraphicBlock, stride: 640, sliceHeight: 368, mDecoderSwFlag: 0
01-21 20:43:40.095   708 18763 V C2UnisocVp8Dec: VSP_bind_cb, phyAddr: 0x20277000, pOutBlockInfo: 0xf27c4ed0, pBufCtrl: 0xf27d09f0; iRefCount=0
01-21 20:43:40.095   708 18763 V C2UnisocVp8Dec: VSP_unbind_cb, phyAddr: 0x202ce000, pOutBlockInfo: 0xf27d13e0, pBufCtrl: 0xf27c95e0; iRefCount=1
01-21 20:43:40.095   708 18763 I C2UnisocVp8Dec: process, decRet: 0, 2ms, dec_out.frameEffective: 1, has_pic: 1, picId: 250, consume byte: 200
01-21 20:43:40.095   708 18763 I C2UnisocVp8Dec: drainOneOutputBuffer, pBufCtrl: 0xf27d09f0, pBufCtrl->phyAddr: 0x20277000, frameIndex: 250
01-21 20:43:40.095   708 18764 D C2UnisocVideoDecoderComponent: fetch one queue free block:0xf27cd570,iRefCount:0
01-21 20:43:40.096   708 18764 I C2UnisocVp8Dec: resetOutBlock, fd: 42, iova: 0x202ce000, mDecoderSwFlag: 0
01-21 20:43:40.096   708 18763 V SimpleUnisocC2Component: processed frame #250
01-21 20:43:40.096   708 18763 V SimpleUnisocC2Component: returning this work, frameIndex: 250
01-21 20:43:40.096 18303 18762 I mali_gralloc: register: id=0x2c100001c7a, importpid=708
01-21 20:43:40.097 18303 18762 I mali_gralloc: unregister: id=0x2c100001c7a, base=0x0, importpid=18303
01-21 20:43:40.125   708 18763 V SimpleUnisocC2Component: start processing frame #251
01-21 20:43:40.126   708 18764 V C2UnisocVp8Dec: fetchGraphicBlock, stride: 640, sliceHeight: 368, mDecoderSwFlag: 0
01-21 20:43:40.126   708 18763 I VSP     : VP8DecSetCurRecPic,104,picid 251,header 0xf27cd570
01-21 20:43:40.126   708 18763 I C2UnisocVp8Dec: setDecodeArgs, pBufCtrl: 0xf27d0ff0, pBufCtrl->phyAddr: 0x203d3000, frameIndex: 251, timeStamp: 27805646000, inSize: 187, inOffset: 0
01-21 20:43:40.128   698  6594 I audio_hw_primary: app type:0x   5, is_voip:0, device:2, pcm:-176945824, usecase:0x   2
01-21 20:43:40.128   708 18763 V C2UnisocVp8Dec: VSP_bind_cb, phyAddr: 0x203d3000, pOutBlockInfo: 0xf27cd570, pBufCtrl: 0xf27d0ff0; iRefCount=0
01-21 20:43:40.128   708 18763 V C2UnisocVp8Dec: VSP_unbind_cb, phyAddr: 0x20277000, pOutBlockInfo: 0xf27c4ed0, pBufCtrl: 0xf27d09f0; iRefCount=1
01-21 20:43:40.128   708 18763 I C2UnisocVp8Dec: process, decRet: 0, 1ms, dec_out.frameEffective: 1, has_pic: 1, picId: 251, consume byte: 187
01-21 20:43:40.128   708 18763 I C2UnisocVp8Dec: drainOneOutputBuffer, pBufCtrl: 0xf27d0ff0, pBufCtrl->phyAddr: 0x203d3000, frameIndex: 251
01-21 20:43:40.128   708 18764 D C2UnisocVideoDecoderComponent: fetch one queue free block:0xf27cea10,iRefCount:0
01-21 20:43:40.128   708 18764 I C2UnisocVp8Dec: resetOutBlock, fd: 43, iova: 0x20277000, mDecoderSwFlag: 0
01-21 20:43:40.128   708 18763 V SimpleUnisocC2Component: processed frame #251
01-21 20:43:40.128   708 18763 V SimpleUnisocC2Component: returning this work, frameIndex: 251
01-21 20:43:40.129 18303 18762 I mali_gralloc: register: id=0x2c100001c73, importpid=708
01-21 20:43:40.129 18303 18762 I mali_gralloc: unregister: id=0x2c100001c73, base=0x0, importpid=18303
01-21 20:43:40.160   708 18763 V SimpleUnisocC2Component: start processing frame #252
01-21 20:43:40.160   708 18763 I VSP     : VP8DecSetCurRecPic,104,picid 252,header 0xf27cea10
01-21 20:43:40.160   708 18763 I C2UnisocVp8Dec: setDecodeArgs, pBufCtrl: 0xf27ce410, pBufCtrl->phyAddr: 0x202ce000, frameIndex: 252, timeStamp: 27805680000, inSize: 328, inOffset: 0
01-21 20:43:40.160   708 18764 V C2UnisocVp8Dec: fetchGraphicBlock, stride: 640, sliceHeight: 368, mDecoderSwFlag: 0
01-21 20:43:40.163   708 18763 V C2UnisocVp8Dec: VSP_bind_cb, phyAddr: 0x202ce000, pOutBlockInfo: 0xf27cea10, pBufCtrl: 0xf27ce410; iRefCount=0
01-21 20:43:40.163   708 18763 V C2UnisocVp8Dec: VSP_unbind_cb, phyAddr: 0x203d3000, pOutBlockInfo: 0xf27cd570, pBufCtrl: 0xf27d0ff0; iRefCount=1
01-21 20:43:40.163   708 18763 I C2UnisocVp8Dec: process, decRet: 0, 2ms, dec_out.frameEffective: 1, has_pic: 1, picId: 252, consume byte: 328
01-21 20:43:40.163   708 18763 I C2UnisocVp8Dec: drainOneOutputBuffer, pBufCtrl: 0xf27ce410, pBufCtrl->phyAddr: 0x202ce000, frameIndex: 252
01-21 20:43:40.163   708 18763 V SimpleUnisocC2Component: processed frame #252
01-21 20:43:40.163   708 18763 V SimpleUnisocC2Component: returning this work, frameIndex: 252
01-21 20:43:40.163   708 18764 D C2UnisocVideoDecoderComponent: fetch one queue free block:0xf27d13e0,iRefCount:0
01-21 20:43:40.165 18303 18762 I mali_gralloc: register: id=0x2c100001c77, importpid=708
01-21 20:43:40.166 18303 18762 I mali_gralloc: unregister: id=0x2c100001c77, base=0x0, importpid=18303
01-21 20:43:40.171   698  6594 I audio_hw_primary: app type:0x   5, is_voip:0, device:2, pcm:-176945824, usecase:0x   2
01-21 20:43:40.192   708 18763 V SimpleUnisocC2Component: start processing frame #253
01-21 20:43:40.192   708 18763 I VSP     : VP8DecSetCurRecPic,104,picid 253,header 0xf27d13e0
01-21 20:43:40.192   708 18763 I C2UnisocVp8Dec: setDecodeArgs, pBufCtrl: 0xf27c95e0, pBufCtrl->phyAddr: 0x20277000, frameIndex: 253, timeStamp: 27805713000, inSize: 327, inOffset: 0
01-21 20:43:40.193   708 18764 V C2UnisocVp8Dec: fetchGraphicBlock, stride: 640, sliceHeight: 368, mDecoderSwFlag: 0
01-21 20:43:40.194   708 18764 I C2UnisocVp8Dec: resetOutBlock, fd: 25, iova: 0x203d3000, mDecoderSwFlag: 0
01-21 20:43:40.194   708 18763 V C2UnisocVp8Dec: VSP_bind_cb, phyAddr: 0x20277000, pOutBlockInfo: 0xf27d13e0, pBufCtrl: 0xf27c95e0; iRefCount=0
01-21 20:43:40.194   708 18763 V C2UnisocVp8Dec: VSP_unbind_cb, phyAddr: 0x202ce000, pOutBlockInfo: 0xf27cea10, pBufCtrl: 0xf27ce410; iRefCount=1
01-21 20:43:40.194   708 18763 I C2UnisocVp8Dec: process, decRet: 0, 1ms, dec_out.frameEffective: 1, has_pic: 1, picId: 253, consume byte: 327
01-21 20:43:40.194   708 18763 I C2UnisocVp8Dec: drainOneOutputBuffer, pBufCtrl: 0xf27c95e0, pBufCtrl->phyAddr: 0x20277000, frameIndex: 253
01-21 20:43:40.195   708 18763 V SimpleUnisocC2Component: processed frame #253
01-21 20:43:40.195   708 18763 V SimpleUnisocC2Component: returning this work, frameIndex: 253
01-21 20:43:40.195   708 18764 I C2UnisocVp8Dec: resetOutBlock, fd: 41, iova: 0x202ce000, mDecoderSwFlag: 0
01-21 20:43:40.195   708 18764 D C2UnisocVideoDecoderComponent: fetch one queue free block:0xf27c4ed0,iRefCount:0
01-21 20:43:40.196 18303 18762 I mali_gralloc: register: id=0x2c100001c7a, importpid=708
01-21 20:43:40.196 18303 18762 I mali_gralloc: unregister: id=0x2c100001c7a, base=0x0, importpid=18303
01-21 20:43:40.215   698  6594 I audio_hw_primary: app type:0x   5, is_voip:0, device:2, pcm:-176945824, usecase:0x   2
01-21 20:43:40.227   708 18763 V SimpleUnisocC2Component: start processing frame #254
01-21 20:43:40.227   708 18763 I VSP     : VP8DecSetCurRecPic,104,picid 254,header 0xf27c4ed0
01-21 20:43:40.227   708 18763 I C2UnisocVp8Dec: setDecodeArgs, pBufCtrl: 0xf27d09f0, pBufCtrl->phyAddr: 0x202ce000, frameIndex: 254, timeStamp: 27805748000, inSize: 5186, inOffset: 0
01-21 20:43:40.227   708 18764 V C2UnisocVp8Dec: fetchGraphicBlock, stride: 640, sliceHeight: 368, mDecoderSwFlag: 0
01-21 20:43:40.230   708 18763 V C2UnisocVp8Dec: VSP_bind_cb, phyAddr: 0x202ce000, pOutBlockInfo: 0xf27c4ed0, pBufCtrl: 0xf27d09f0; iRefCount=0
01-21 20:43:40.230   708 18763 V C2UnisocVp8Dec: VSP_unbind_cb, phyAddr: 0x20277000, pOutBlockInfo: 0xf27d13e0, pBufCtrl: 0xf27c95e0; iRefCount=1
01-21 20:43:40.230   708 18763 I C2UnisocVp8Dec: process, decRet: 0, 2ms, dec_out.frameEffective: 1, has_pic: 1, picId: 254, consume byte: 5186
01-21 20:43:40.230   708 18763 I C2UnisocVp8Dec: drainOneOutputBuffer, pBufCtrl: 0xf27d09f0, pBufCtrl->phyAddr: 0x202ce000, frameIndex: 254
01-21 20:43:40.230   708 18764 D C2UnisocVideoDecoderComponent: fetch one queue free block:0xf27cd570,iRefCount:0
01-21 20:43:40.230   708 18764 I C2UnisocVp8Dec: resetOutBlock, fd: 42, iova: 0x20277000, mDecoderSwFlag: 0
01-21 20:43:40.230   708 18763 V SimpleUnisocC2Component: processed frame #254
01-21 20:43:40.230   708 18763 V SimpleUnisocC2Component: returning this work, frameIndex: 254
01-21 20:43:40.232 18303 18762 I mali_gralloc: register: id=0x2c100001c73, importpid=708
01-21 20:43:40.232 18303 18762 I mali_gralloc: unregister: id=0x2c100001c73, base=0x0, importpid=18303
01-21 20:43:40.238   698  6594 I audio_hw_primary: app type:0x   5, is_voip:0, device:2, pcm:-176945824, usecase:0x   2
01-21 20:43:40.263   708 18763 V SimpleUnisocC2Component: start processing frame #255
01-21 20:43:40.263   708 18763 I VSP     : VP8DecSetCurRecPic,104,picid 255,header 0xf27cd570
01-21 20:43:40.263   708 18763 I C2UnisocVp8Dec: setDecodeArgs, pBufCtrl: 0xf27d0ff0, pBufCtrl->phyAddr: 0x203d3000, frameIndex: 255, timeStamp: 27805782000, inSize: 492, inOffset: 0
01-21 20:43:40.263   708 18764 V C2UnisocVp8Dec: fetchGraphicBlock, stride: 640, sliceHeight: 368, mDecoderSwFlag: 0
01-21 20:43:40.265   708 18763 V C2UnisocVp8Dec: VSP_bind_cb, phyAddr: 0x203d3000, pOutBlockInfo: 0xf27cd570, pBufCtrl: 0xf27d0ff0; iRefCount=0
01-21 20:43:40.265   708 18763 V C2UnisocVp8Dec: VSP_unbind_cb, phyAddr: 0x202ce000, pOutBlockInfo: 0xf27c4ed0, pBufCtrl: 0xf27d09f0; iRefCount=1
01-21 20:43:40.265   708 18763 I C2UnisocVp8Dec: process, decRet: 0, 1ms, dec_out.frameEffective: 1, has_pic: 1, picId: 255, consume byte: 492
01-21 20:43:40.265   708 18763 I C2UnisocVp8Dec: drainOneOutputBuffer, pBufCtrl: 0xf27d0ff0, pBufCtrl->phyAddr: 0x203d3000, frameIndex: 255
01-21 20:43:40.265   708 18763 V SimpleUnisocC2Component: processed frame #255
01-21 20:43:40.265   708 18763 V SimpleUnisocC2Component: returning this work, frameIndex: 255
01-21 20:43:40.265   708 18764 D C2UnisocVideoDecoderComponent: fetch one queue free block:0xf27cea10,iRefCount:0
01-21 20:43:40.266   708 18764 I C2UnisocVp8Dec: resetOutBlock, fd: 43, iova: 0x202ce000, mDecoderSwFlag: 0
01-21 20:43:40.266 18303 18762 I mali_gralloc: register: id=0x2c100001c77, importpid=708
01-21 20:43:40.267 18303 18762 I mali_gralloc: unregister: id=0x2c100001c77, base=0x0, importpid=18303
01-21 20:43:40.281   698  6594 I audio_hw_primary: app type:0x   5, is_voip:0, device:2, pcm:-176945824, usecase:0x   2
01-21 20:43:40.295   708 18763 V SimpleUnisocC2Component: start processing frame #256
01-21 20:43:40.295   708 18763 I VSP     : VP8DecSetCurRecPic,104,picid 256,header 0xf27cea10
01-21 20:43:40.295   708 18763 I C2UnisocVp8Dec: setDecodeArgs, pBufCtrl: 0xf27ce410, pBufCtrl->phyAddr: 0x20277000, frameIndex: 256, timeStamp: 27805815000, inSize: 377, inOffset: 0
