01-21 20:43:05.355  2103 18351 W NetworkScheduler.ATC: Called cancelTask for already completed task com.google.android.gms/.measurement.PackageMeasurementTaskService{u=0 tag="Measurement.PackageMeasurementTaskService.UPLOAD_TASK_TAG" trigger=window{start=0s,end=1s,earliest=-364s,latest=-363s} requirements=[NET_CONNECTED,PREFERRED_NET_UNMETERED,PREFERRED_CHARGING] attributes=[PERSISTED] scheduled=-364s last_run=-364s exec_window_multiplier=1.0000 jid=N/A status=ACTIVE retries=0 client_lib=GMS_TASK_SCHEDULER-255034000} :1 [CONTEXT service_id=218 ]
01-21 20:43:05.359   759   759 I Layer   : fillInputInfo layer:NavigationBar0#80, visible=0 (hasInputInfo:1, isHidden:0, alpha:0.000000, mActiveBuffer:2), parent:577e98e NavigationBar0#66, parenthidden:0
01-21 20:43:05.358 18350 18350 I android.youtube: Using CollectorTypeCMC GC.
01-21 20:43:05.360   706   769 I mali_gralloc: unregister: id=0x2c1000011ee, base=0x0, importpid=706
01-21 20:43:05.366  3168  3168 D SmartPanelService: MSG_TASK_FOCUS
01-21 20:43:05.367 18350 18350 D nativeloader: Load libframework-connectivity-tiramisu-jni.so using APEX ns com_android_tethering for caller /apex/com.android.tethering/javalib/framework-connectivity-t.jar: ok
01-21 20:43:05.368  1146  1300 I BaseFilesVerify: Base File verify start
01-21 20:43:05.368  1146  1300 W BaseFilesVerify: the file protect is not available, open the cloud switch
01-21 20:43:05.371 18303 18354 D nativeloader: Load /data/app/~~cLWcIhh1zp-T3gqOCCTgnw==/com.example.appbridgenew_example-ZXXAMSTuK7U_JYV1YkUX1g==/base.apk!/lib/arm64-v8a/libflutter.so using class loader ns clns-4 (caller=/data/app/~~cLWcIhh1zp-T3gqOCCTgnw==/com.example.appbridgenew_example-ZXXAMSTuK7U_JYV1YkUX1g==/base.apk): ok
01-21 20:43:05.375  3168  3168 W TranVersion: THUBCore No support Call!!! method version = 33141, >>> ThubCore vserion = 33121
01-21 20:43:05.375  3168  3168 W TranVersion:  mthod version must <= ThubCore version.
01-21 20:43:05.375  3168  3168 W TranVersion:  ---java.lang.Throwable
01-21 20:43:05.375  3168  3168 W TranVersion: #com.transsion.hubsdk.common.version.TranVersion.isIntegratedThubCore[77]
01-21 20:43:05.375  3168  3168 W TranVersion: #com.transsion.hubsdk.api.app.TranActivityManager.getService[0]
01-21 20:43:05.375  3168  3168 W TranVersion: #com.transsion.hubsdk.api.app.TranActivityManager.getRealActivity[4]
01-21 20:43:05.375  3168  3168 W TranVersion: #n9.e.getRealActivity[2]
01-21 20:43:05.376  3168  3168 I TranActivityManager: TranAospActivityManager
01-21 20:43:05.377  3168  3168 W TranVersion: THUBCore No support Call!!! method version = 33141, >>> ThubCore vserion = 33121
01-21 20:43:05.377  3168  3168 W TranVersion:  mthod version must <= ThubCore version.
01-21 20:43:05.377  3168  3168 W TranVersion:  ---java.lang.Throwable
01-21 20:43:05.377  3168  3168 W TranVersion: #com.transsion.hubsdk.common.version.TranVersion.isIntegratedThubCore[77]
01-21 20:43:05.377  3168  3168 W TranVersion: #com.transsion.hubsdk.api.app.TranActivityManager.getService[0]
01-21 20:43:05.377  3168  3168 W TranVersion: #com.transsion.hubsdk.api.app.TranActivityManager.getDisplayId[4]
01-21 20:43:05.377  3168  3168 W TranVersion: #n9.e.getDisplayId[6]
01-21 20:43:05.378  3168  3168 I TranActivityManager: TranAospActivityManager
01-21 20:43:05.378  3168  3168 I THubApi : getDisplayId : 0
01-21 20:43:05.378  3168  3168 I SmartPanel_SmartPanelService: onTaskFocusChanged isSplitScreen: false
01-21 20:43:05.378  3168  3168 I SmartPanel_SmartPanelService: focuse task null
01-21 20:43:05.379  3168  3168 W TranVersion: THUBCore No support Call!!! method version = 33141, >>> ThubCore vserion = 33121
01-21 20:43:05.379  3168  3168 W TranVersion:  mthod version must <= ThubCore version.
01-21 20:43:05.379  3168  3168 W TranVersion:  ---java.lang.Throwable
01-21 20:43:05.379  3168  3168 W TranVersion: #com.transsion.hubsdk.common.version.TranVersion.isIntegratedThubCore[77]
01-21 20:43:05.379  3168  3168 W TranVersion: #com.transsion.hubsdk.api.app.TranActivityManager.getService[0]
01-21 20:43:05.379  3168  3168 W TranVersion: #com.transsion.hubsdk.api.app.TranActivityManager.getRealActivity[4]
01-21 20:43:05.379  3168  3168 W TranVersion: #n9.e.getRealActivity[2]
01-21 20:43:05.379  3168  3168 I TranActivityManager: TranAospActivityManager
01-21 20:43:05.379  3168  3168 D SmartEventManager: dispatchEvent event: SmartEvent(action=on_task_focus_changed, topClassName=com.example.appbridgenew_example.MainActivity, topPackageName=com.example.appbridgenew_example, extras=Bundle[{is_split_screen=false, is_resume=false, game_package_name=}])
01-21 20:43:05.379  3168  3168 I SmartPanel_MultiWindowUtils: pkg in multi window
01-21 20:43:05.381   759   759 I Layer   : fillInputInfo layer:NavigationBar0#80, visible=1 (hasInputInfo:1, isHidden:0, alpha:0.310059, mActiveBuffer:2), parent:577e98e NavigationBar0#66, parenthidden:0
01-21 20:43:05.382  3168  3168 W TranVersion: THUBCore No support Call!!! method version = 33141, >>> ThubCore vserion = 33121
01-21 20:43:05.382  3168  3168 W TranVersion:  mthod version must <= ThubCore version.
01-21 20:43:05.382  3168  3168 W TranVersion:  ---java.lang.Throwable
01-21 20:43:05.382  3168  3168 W TranVersion: #com.transsion.hubsdk.common.version.TranVersion.isIntegratedThubCore[77]
01-21 20:43:05.382  3168  3168 W TranVersion: #com.transsion.hubsdk.api.app.TranActivityManager.getService[0]
01-21 20:43:05.382  3168  3168 W TranVersion: #com.transsion.hubsdk.api.app.TranActivityManager.getRealActivity[4]
01-21 20:43:05.382  3168  3168 W TranVersion: #n9.e.getRealActivity[2]
01-21 20:43:05.382   706   769 I mali_gralloc: register: id=0x2c1000011ee, importpid=759
01-21 20:43:05.382  3168  3168 I TranActivityManager: TranAospActivityManager
01-21 20:43:05.382  3168  3168 I THubApi : isTheMainScreen classname: com.example.appbridgenew_example.MainActivity  pkg:com.example.appbridgenew_example
01-21 20:43:05.383  3168  3168 W TranVersion: THUBCore No support Call!!! method version = 33141, >>> ThubCore vserion = 33121
01-21 20:43:05.383  3168  3168 W TranVersion:  mthod version must <= ThubCore version.
01-21 20:43:05.383  3168  3168 W TranVersion:  ---java.lang.Throwable
01-21 20:43:05.383  3168  3168 W TranVersion: #com.transsion.hubsdk.common.version.TranVersion.isIntegratedThubCore[77]
01-21 20:43:05.383  3168  3168 W TranVersion: #com.transsion.hubsdk.api.app.TranActivityTaskManager.getService[0]
01-21 20:43:05.383  3168  3168 W TranVersion: #com.transsion.hubsdk.api.app.TranActivityTaskManager.isTheMainScreen[2]
01-21 20:43:05.383  3168  3168 W TranVersion: #n9.e.C[35]
01-21 20:43:05.383  3168  3168 I TranActivityTaskManager: TranAospActivityTaskManager
01-21 20:43:05.387  3168  3168 D Game_Utils: getTopPkgNew = com.example.appbridgenew_example.MainActivity, com.example.appbridgenew_example
01-21 20:43:05.390 18350 18371 E android.youtube: Could not write anonymous vdex /system_ext/framework/oat/arm64/unisoc-framework.vdex: Could not open /system_ext/framework/oat/arm64/unisoc-framework.vdex for writing
01-21 20:43:05.391  1146  3730 D os.ActivityManagerServiceLice: make process active com.google.android.youtube(18350)
01-21 20:43:05.392  3168  3168 W TranVersion: THUBCore No support Call!!! method version = 33141, >>> ThubCore vserion = 33121
01-21 20:43:05.392  3168  3168 W TranVersion:  mthod version must <= ThubCore version.
01-21 20:43:05.392  3168  3168 W TranVersion:  ---java.lang.Throwable
01-21 20:43:05.392  3168  3168 W TranVersion: #com.transsion.hubsdk.common.version.TranVersion.isIntegratedThubCore[77]
01-21 20:43:05.392  3168  3168 W TranVersion: #com.transsion.hubsdk.api.app.TranActivityManager.getService[0]
01-21 20:43:05.392  3168  3168 W TranVersion: #com.transsion.hubsdk.api.app.TranActivityManager.getRealActivity[4]
01-21 20:43:05.392  3168  3168 W TranVersion: #n9.e.getRealActivity[2]
01-21 20:43:05.393  3168  3168 I TranActivityManager: TranAospActivityManager
01-21 20:43:05.394  3168  3168 W TranVersion: THUBCore No support Call!!! method version = 33141, >>> ThubCore vserion = 33121
01-21 20:43:05.394  3168  3168 W TranVersion:  mthod version must <= ThubCore version.
01-21 20:43:05.394  3168  3168 W TranVersion:  ---java.lang.Throwable
01-21 20:43:05.394  3168  3168 W TranVersion: #com.transsion.hubsdk.common.version.TranVersion.isIntegratedThubCore[77]
01-21 20:43:05.394  3168  3168 W TranVersion: #com.transsion.hubsdk.api.app.TranActivityManager.getService[0]
01-21 20:43:05.394  3168  3168 W TranVersion: #com.transsion.hubsdk.api.app.TranActivityManager.isVisible[4]
01-21 20:43:05.394  3168  3168 W TranVersion: #n9.e.M[2]
01-21 20:43:05.394  3168  3168 I TranActivityManager: TranAospActivityManager
01-21 20:43:05.395  3168  3168 D GameModeManager: handlerActivityStart isResume = false  pkgName = com.transsion.common.smartutils.util.s0$b@e05d397.packageName
01-21 20:43:05.396  3168  3168 I SmartPanel_MultiWindowUtils: pkg in multi window
01-21 20:43:05.399  3168  3168 W TranVersion: THUBCore No support Call!!! method version = 33141, >>> ThubCore vserion = 33121
01-21 20:43:05.399  3168  3168 W TranVersion:  mthod version must <= ThubCore version.
01-21 20:43:05.399  3168  3168 W TranVersion:  ---java.lang.Throwable
01-21 20:43:05.399  3168  3168 W TranVersion: #com.transsion.hubsdk.common.version.TranVersion.isIntegratedThubCore[77]
01-21 20:43:05.399  3168  3168 W TranVersion: #com.transsion.hubsdk.api.app.TranActivityManager.getService[0]
01-21 20:43:05.399  3168  3168 W TranVersion: #com.transsion.hubsdk.api.app.TranActivityManager.getRealActivity[4]
01-21 20:43:05.399  3168  3168 W TranVersion: #n9.e.getRealActivity[2]
01-21 20:43:05.399  3168  3168 I TranActivityManager: TranAospActivityManager
01-21 20:43:05.393 18303 18303 W idgenew_example: type=1400 audit(0.0:35958): avc: denied { read } for name="max_map_count" dev="proc" ino=2596901 scontext=u:r:untrusted_app:s0:c62,c257,c512,c768 tcontext=u:object_r:proc_max_map_count:s0 tclass=file permissive=0 app=com.example.appbridgenew_example
01-21 20:43:05.400  3168  3168 W TranVersion: THUBCore No support Call!!! method version = 33141, >>> ThubCore vserion = 33121
01-21 20:43:05.400  3168  3168 W TranVersion:  mthod version must <= ThubCore version.
01-21 20:43:05.400  3168  3168 W TranVersion:  ---java.lang.Throwable
01-21 20:43:05.400  3168  3168 W TranVersion: #com.transsion.hubsdk.common.version.TranVersion.isIntegratedThubCore[77]
01-21 20:43:05.400  3168  3168 W TranVersion: #com.transsion.hubsdk.api.app.TranActivityManager.getService[0]
01-21 20:43:05.400  3168  3168 W TranVersion: #com.transsion.hubsdk.api.app.TranActivityManager.isVisible[4]
01-21 20:43:05.400  3168  3168 W TranVersion: #n9.e.M[2]
01-21 20:43:05.400  3168  3168 I TranActivityManager: TranAospActivityManager
01-21 20:43:05.401  3168  3168 D VideoAssistantManager: handlerVideoStart isResume = false  currentPackage =   pkgName = com.transsion.common.smartutils.util.s0$b@cbd4984.packageName
01-21 20:43:05.402 18303 18346 D CompatibilityChangeReporter: Compat change id reported: 160794467; UID 10318; state: ENABLED
01-21 20:43:05.402 18350 18350 D CompatibilityChangeReporter: Compat change id reported: 171979766; UID 10139; state: ENABLED
01-21 20:43:05.403  3168  3168 W TranVersion: THUBCore No support Call!!! method version = 33141, >>> ThubCore vserion = 33121
01-21 20:43:05.403  3168  3168 W TranVersion:  mthod version must <= ThubCore version.
01-21 20:43:05.403  3168  3168 W TranVersion:  ---java.lang.Throwable
01-21 20:43:05.403  3168  3168 W TranVersion: #com.transsion.hubsdk.common.version.TranVersion.isIntegratedThubCore[77]
01-21 20:43:05.403  3168  3168 W TranVersion: #com.transsion.hubsdk.api.app.TranActivityManager.getService[0]
01-21 20:43:05.403  3168  3168 W TranVersion: #com.transsion.hubsdk.api.app.TranActivityManager.getRealActivity[4]
01-21 20:43:05.403  3168  3168 W TranVersion: #n9.e.getRealActivity[2]
01-21 20:43:05.403  3168  3168 I TranActivityManager: TranAospActivityManager
01-21 20:43:05.404  3168  3168 I THubApi : isTheMainScreen classname: com.example.appbridgenew_example.MainActivity  pkg:com.example.appbridgenew_example
01-21 20:43:05.404  3168  3168 W TranVersion: THUBCore No support Call!!! method version = 33141, >>> ThubCore vserion = 33121
01-21 20:43:05.404  3168  3168 W TranVersion:  mthod version must <= ThubCore version.
01-21 20:43:05.404  3168  3168 W TranVersion:  ---java.lang.Throwable
01-21 20:43:05.404  3168  3168 W TranVersion: #com.transsion.hubsdk.common.version.TranVersion.isIntegratedThubCore[77]
01-21 20:43:05.404  3168  3168 W TranVersion: #com.transsion.hubsdk.api.app.TranActivityTaskManager.getService[0]
01-21 20:43:05.404  3168  3168 W TranVersion: #com.transsion.hubsdk.api.app.TranActivityTaskManager.isTheMainScreen[2]
01-21 20:43:05.404  3168  3168 W TranVersion: #n9.e.C[35]
01-21 20:43:05.404  3168  3168 I TranActivityTaskManager: TranAospActivityTaskManager
01-21 20:43:05.407 18350 18350 D TranClassInfo: instance successfully. com.transsion.hubcore.graphics.TranGraphicImpl@3dfc584 from com.transsion.hubcore.graphics.ITranGraphic
01-21 20:43:05.408  3168  3168 D Game_Utils: getTopPkgNew = com.example.appbridgenew_example.MainActivity, com.example.appbridgenew_example
01-21 20:43:05.408 18350 18350 D os.SingleLiceFactory: using android.graphics.IGraphicLice$DefaultImpl@c8d816d instead of com.transsion.typeface.TypefaceLiceFactory  from android.graphics.IGraphicLice
01-21 20:43:05.409 18350 18350 D os.LiceInfo: instance successfully. com.transsion.graphics.GraphicLice@cfd81a2 from android.graphics.IGraphicLice
01-21 20:43:05.410  3168  3168 W TranVersion: THUBCore No support Call!!! method version = 33141, >>> ThubCore vserion = 33121
01-21 20:43:05.410  3168  3168 W TranVersion:  mthod version must <= ThubCore version.
01-21 20:43:05.410  3168  3168 W TranVersion:  ---java.lang.Throwable
01-21 20:43:05.410  3168  3168 W TranVersion: #com.transsion.hubsdk.common.version.TranVersion.isIntegratedThubCore[77]
01-21 20:43:05.410  3168  3168 W TranVersion: #com.transsion.hubsdk.api.app.TranActivityManager.getService[0]
01-21 20:43:05.410  3168  3168 W TranVersion: #com.transsion.hubsdk.api.app.TranActivityManager.getRealActivity[4]
01-21 20:43:05.410  3168  3168 W TranVersion: #n9.e.getRealActivity[2]
01-21 20:43:05.411  3168  3168 I TranActivityManager: TranAospActivityManager
01-21 20:43:05.411  3168  3168 I THubApi : isTheMainScreen classname: com.example.appbridgenew_example.MainActivity  pkg:com.example.appbridgenew_example
01-21 20:43:05.411  3168  3168 W TranVersion: THUBCore No support Call!!! method version = 33141, >>> ThubCore vserion = 33121
01-21 20:43:05.411  3168  3168 W TranVersion:  mthod version must <= ThubCore version.
01-21 20:43:05.411  3168  3168 W TranVersion:  ---java.lang.Throwable
01-21 20:43:05.411  3168  3168 W TranVersion: #com.transsion.hubsdk.common.version.TranVersion.isIntegratedThubCore[77]
01-21 20:43:05.411  3168  3168 W TranVersion: #com.transsion.hubsdk.api.app.TranActivityTaskManager.getService[0]
01-21 20:43:05.411  3168  3168 W TranVersion: #com.transsion.hubsdk.api.app.TranActivityTaskManager.isTheMainScreen[2]
01-21 20:43:05.411  3168  3168 W TranVersion: #n9.e.C[35]
01-21 20:43:05.412  3168  3168 I TranActivityTaskManager: TranAospActivityTaskManager
01-21 20:43:05.416  3168  3168 D Game_Utils: getTopPkgNew = com.example.appbridgenew_example.MainActivity, com.example.appbridgenew_example
01-21 20:43:05.416 18350 18350 D nativeloader: Configuring clns-4 for other apk /system/framework/org.apache.http.legacy.jar. target_sdk_version=36, uses_libraries=ALL, library_path=/data/app/~~fEAgrzFkNNLDR5odJiU6GA==/com.google.android.youtube-uPLOfeiox4w98rQjD1f9iA==/lib/arm64:/data/app/~~fEAgrzFkNNLDR5odJiU6GA==/com.google.android.youtube-uPLOfeiox4w98rQjD1f9iA==/base.apk!/lib/arm64-v8a:/data/app/~~fEAgrzFkNNLDR5odJiU6GA==/com.google.android.youtube-uPLOfeiox4w98rQjD1f9iA==/split_config.arm64_v8a.apk!/lib/arm64-v8a:/data/app/~~fEAgrzFkNNLDR5odJiU6GA==/com.google.android.youtube-uPLOfeiox4w98rQjD1f9iA==/split_config.xhdpi.apk!/lib/arm64-v8a:/data/app/~~fEAgrzFkNNLDR5odJiU6GA==/com.google.android.youtube-uPLOfeiox4w98rQjD1f9iA==/split_config.zh.apk!/lib/arm64-v8a, permitted_path=/data:/mnt/expand:/data/user/0/com.google.android.youtube
01-21 20:43:05.416  3168  3168 D AppBlackList: checkInBlackList isGuidePage= false， isSmartPanelGesture= false
01-21 20:43:05.417  3168  3168 D AppBlackList: checkInBlackList inBlackList= false， pkgAndCls= com.example.appbridgenew_example/com.example.appbridgenew_example.MainActivity
01-21 20:43:05.417  3168  3168 D SmartPanelService: MSG_ACTIVITY_CHECK
01-21 20:43:05.417  3168  3168 I SmartPanel_GameModeManager: checkAndHandleAPP cursor: count = 0
01-21 20:43:05.418  3168  3168 D BarrageWindowManager: closeFloatWindow
01-21 20:43:05.418  3168  3168 D BarrageWindow: close barrage
01-21 20:43:05.418  3168  3168 I SmartPanel_VideoDataRepository: checkVideoApp curosr: count = 0
01-21 20:43:05.471 18350 18350 W android.youtube: Failed to find entry 'classes.dex': Entry not found
01-21 20:43:05.472 18350 18350 W android.youtube: Failed to find entry 'classes.dex': Entry not found
01-21 20:43:05.473 18350 18350 W android.youtube: Failed to find entry 'classes.dex': Entry not found
01-21 20:43:05.474 18350 18350 D nativeloader: Configuring clns-5 for other apk /data/app/~~fEAgrzFkNNLDR5odJiU6GA==/com.google.android.youtube-uPLOfeiox4w98rQjD1f9iA==/base.apk:/data/app/~~fEAgrzFkNNLDR5odJiU6GA==/com.google.android.youtube-uPLOfeiox4w98rQjD1f9iA==/split_config.arm64_v8a.apk:/data/app/~~fEAgrzFkNNLDR5odJiU6GA==/com.google.android.youtube-uPLOfeiox4w98rQjD1f9iA==/split_config.xhdpi.apk:/data/app/~~fEAgrzFkNNLDR5odJiU6GA==/com.google.android.youtube-uPLOfeiox4w98rQjD1f9iA==/split_config.zh.apk. target_sdk_version=36, uses_libraries=, library_path=/data/app/~~fEAgrzFkNNLDR5odJiU6GA==/com.google.android.youtube-uPLOfeiox4w98rQjD1f9iA==/lib/arm64:/data/app/~~fEAgrzFkNNLDR5odJiU6GA==/com.google.android.youtube-uPLOfeiox4w98rQjD1f9iA==/base.apk!/lib/arm64-v8a:/data/app/~~fEAgrzFkNNLDR5odJiU6GA==/com.google.android.youtube-uPLOfeiox4w98rQjD1f9iA==/split_config.arm64_v8a.apk!/lib/arm64-v8a:/data/app/~~fEAgrzFkNNLDR5odJiU6GA==/com.google.android.youtube-uPLOfeiox4w98rQjD1f9iA==/split_config.xhdpi.apk!/lib/arm64-v8a:/data/app/~~fEAgrzFkNNLDR5odJiU
01-21 20:43:05.474  1146  3139 D ConnectivityService: requestNetwork for uid/pid:10318/18303 activeRequest: null callbackRequest: 2640 [NetworkRequest [ REQUEST id=2641, [ Capabilities: INTERNET&NOT_RESTRICTED&TRUSTED&NOT_VCN_MANAGED Uid: 10318 RequestorUid: 10318 RequestorPkg: com.example.appbridgenew_example UnderlyingNetworks: Null] ]] callback flags: 0 order: 2147483647 isUidTracked: false declaredMethods: AVAIL|LOST|NC
01-21 20:43:05.481  1146  1340 D WifiNetworkFactory: got request NetworkRequest [ REQUEST id=2641, [ Capabilities: INTERNET&NOT_RESTRICTED&TRUSTED&NOT_VCN_MANAGED Uid: 10318 RequestorUid: 10318 RequestorPkg: com.example.appbridgenew_example UnderlyingNetworks: Null] ]
01-21 20:43:05.482  1146  1340 D UntrustedWifiNetworkFactory: got request NetworkRequest [ REQUEST id=2641, [ Capabilities: INTERNET&NOT_RESTRICTED&TRUSTED&NOT_VCN_MANAGED Uid: 10318 RequestorUid: 10318 RequestorPkg: com.example.appbridgenew_example UnderlyingNetworks: Null] ]
01-21 20:43:05.483  1146  1340 D OemPaidWifiNetworkFactory: got request NetworkRequest [ REQUEST id=2641, [ Capabilities: INTERNET&NOT_RESTRICTED&TRUSTED&NOT_VCN_MANAGED Uid: 10318 RequestorUid: 10318 RequestorPkg: com.example.appbridgenew_example UnderlyingNetworks: Null] ]
01-21 20:43:05.484  1146  1340 D MultiInternetWifiNetworkFactory: got request NetworkRequest [ REQUEST id=2641, [ Capabilities: INTERNET&NOT_RESTRICTED&TRUSTED&NOT_VCN_MANAGED Uid: 10318 RequestorUid: 10318 RequestorPkg: com.example.appbridgenew_example UnderlyingNetworks: Null] ]
01-21 20:43:05.485  1146  1349 D ConnectivityService: NetReassign [2641 : null → 110] [c 1] [a 2] [i 6]
01-21 20:43:05.485  1146  3730 D CompatibilityChangeReporter: Compat change id reported: 161145287; UID 10318; state: DISABLED
01-21 20:43:05.489 18350 18350 D nativeloader: Load libframework-connectivity-jni.so using APEX ns com_android_tethering for caller /apex/com.android.tethering/javalib/framework-connectivity.jar: ok
01-21 20:43:05.495 18350 18350 V GraphicsEnvironment: ANGLE Developer option for 'com.google.android.youtube' set to: 'default'
01-21 20:43:05.495 18350 18350 V GraphicsEnvironment: ANGLE GameManagerService for com.google.android.youtube: false
01-21 20:43:05.495 18350 18350 V GraphicsEnvironment: Neither updatable production driver nor prerelease driver is supported.
01-21 20:43:05.497 18303 18303 I TextToSpeech: Sucessfully bound to com.google.android.tts
01-21 20:43:05.498  1146  3139 D TextToSpeechManagerPerUserService: Trying to start connection to TTS engine: com.google.android.tts
01-21 20:43:05.498 18350 18350 I LoadedApk: No resource references to update in package com.transsion.theme.icon
01-21 20:43:05.498 18350 18350 D NetworkSecurityConfig: Using Network Security Config from resource network_security_config debugBuild: false
01-21 20:43:05.499 18350 18350 D NetworkSecurityConfig: Using Network Security Config from resource network_security_config debugBuild: false
01-21 20:43:05.501  1146  1146 D TextToSpeechManagerPerUserService: Connected successfully to TTS engine: com.google.android.tts
01-21 20:43:05.501 18303 18330 I TextToSpeech: Connected to TTS engine
01-21 20:43:05.507  3687  8091 I GoogleTTSServiceImpl: currentLocale = cmn-CN
01-21 20:43:05.507  3687  8091 I RankedDispatcher: Redirect from zh_CN to cmn_CN
01-21 20:43:05.508  3687  8091 I GoogleTTSServiceImpl: For default lang zh-cn is name zh-CN-language (cmn-cn-x-ssa-server)
01-21 20:43:05.508 18303 18411 I TextToSpeech: Setting up the connection to TTS engine...
01-21 20:43:05.517 18303 18303 D TranClassInfo: instance successfully. com.transsion.hubcore.view.TranViewImpl@63f00f6 from com.transsion.hubcore.view.ITranView
01-21 20:43:05.522 18303 18303 I SurfaceFactory: [static] sSurfaceFactory = com.transsion.rt.SurfaceFactoryImpl@f628cf7
01-21 20:43:05.522 18303 18303 W libc    : Access denied finding property "ro.vendor.game_aisr_enable"
01-21 20:43:05.523 18303 18303 D SurfaceExt: ENABLE_RESOLUTION_TUNING: 1, mApplist0
01-21 20:43:05.524 18303 18303 D AppResolutionTuner: loadTunerAppList + 
01-21 20:43:05.524 18303 18303 W libc    : Access denied finding property "ro.vendor.game_aisr_enable"
01-21 20:43:05.524 18303 18303 W AppResolutionTuner: Target file doesn't exist: /data/retuner/sf_resolution_tuner_app_list.xml
01-21 20:43:05.525 18303 18303 D AppResolutionTuner: dom2xml: App{packageName='com.tencent.ig', scale='1.0', filteredWindows= []', scalingFlow= surfaceview'}
01-21 20:43:05.525 18303 18303 D AppResolutionTuner: dom2xml: App{packageName='com.tencent.tmgp.pubgmhd', scale='1.0', filteredWindows= []', scalingFlow= surfaceview'}
01-21 20:43:05.526 18303 18303 D AppResolutionTuner: dom2xml: App{packageName='com.pubg.krmobile', scale='1.0', filteredWindows= []', scalingFlow= surfaceview'}
01-21 20:43:05.526 18303 18303 D AppResolutionTuner: dom2xml: App{packageName='vn.vng.pubgmobile', scale='1.0', filteredWindows= []', scalingFlow= surfaceview'}
01-21 20:43:05.526 18303 18303 D AppResolutionTuner: dom2xml: App{packageName='com.rekoo.pubgm', scale='1.0', filteredWindows= []', scalingFlow= surfaceview'}
01-21 20:43:05.526 18303 18303 D AppResolutionTuner: dom2xml: App{packageName='com.tencent.tmgp.sgame', scale='1.0', filteredWindows= []', scalingFlow= surfaceview'}
01-21 20:43:05.526 18303 18303 D AppResolutionTuner: dom2xml: App{packageName='com.dts.freefireth', scale='1.2', filteredWindows= []', scalingFlow= wms'}
01-21 20:43:05.526 18303 18303 D AppResolutionTuner: dom2xml: App{packageName='com.dts.freefiremax', scale='1.0', filteredWindows= []', scalingFlow= surfaceview'}
01-21 20:43:05.526 18303 18303 D AppResolutionTuner: dom2xml: App{packageName='com.mobile.legends', scale='1.0', filteredWindows= []', scalingFlow= surfaceview'}
01-21 20:43:05.526 18303 18303 D AppResolutionTuner: dom2xml: App{packageName='com.tencent.tmgp.cod', scale='1.0', filteredWindows= []', scalingFlow= surfaceview'}
01-21 20:43:05.526 18303 18303 D AppResolutionTuner: dom2xml: App{packageName='com.activision.callofduty.shooter', scale='1.0', filteredWindows= []', scalingFlow= surfaceview'}
01-21 20:43:05.526 18303 18303 D AppResolutionTuner: dom2xml: App{packageName='com.garena.game.codm', scale='1.0', filteredWindows= []', scalingFlow= surfaceview'}
01-21 20:43:05.526 18303 18303 D AppResolutionTuner: dom2xml: App{packageName='com.vng.codmvn', scale='1.0', filteredWindows= []', scalingFlow= surfaceview'}
01-21 20:43:05.526 18303 18303 D AppResolutionTuner: loadTunerAppList - 
01-21 20:43:05.526 18303 18303 D AppResolutionTuner: loadTunerAppList + 
01-21 20:43:05.526 18303 18303 W libc    : Access denied finding property "ro.vendor.game_aisr_enable"
01-21 20:43:05.527 18303 18303 W AppResolutionTuner: Target file doesn't exist: /data/retuner/sf_resolution_tuner_app_list.xml
01-21 20:43:05.527 18303 18303 D AppResolutionTuner: dom2xml: App{packageName='com.tencent.ig', scale='1.0', filteredWindows= []', scalingFlow= surfaceview'}
01-21 20:43:05.528 18303 18303 D AppResolutionTuner: dom2xml: App{packageName='com.tencent.tmgp.pubgmhd', scale='1.0', filteredWindows= []', scalingFlow= surfaceview'}
01-21 20:43:05.528 18303 18303 D AppResolutionTuner: dom2xml: App{packageName='com.pubg.krmobile', scale='1.0', filteredWindows= []', scalingFlow= surfaceview'}
01-21 20:43:05.528 18303 18303 D AppResolutionTuner: dom2xml: App{packageName='vn.vng.pubgmobile', scale='1.0', filteredWindows= []', scalingFlow= surfaceview'}
01-21 20:43:05.528 18303 18303 D AppResolutionTuner: dom2xml: App{packageName='com.rekoo.pubgm', scale='1.0', filteredWindows= []', scalingFlow= surfaceview'}
01-21 20:43:05.528 18303 18303 D AppResolutionTuner: dom2xml: App{packageName='com.tencent.tmgp.sgame', scale='1.0', filteredWindows= []', scalingFlow= surfaceview'}
01-21 20:43:05.528 18303 18303 D AppResolutionTuner: dom2xml: App{packageName='com.dts.freefireth', scale='1.2', filteredWindows= []', scalingFlow= wms'}
01-21 20:43:05.528 18303 18303 D AppResolutionTuner: dom2xml: App{packageName='com.dts.freefiremax', scale='1.0', filteredWindows= []', scalingFlow= surfaceview'}
01-21 20:43:05.528 18303 18303 D AppResolutionTuner: dom2xml: App{packageName='com.mobile.legends', scale='1.0', filteredWindows= []', scalingFlow= surfaceview'}
01-21 20:43:05.528 18303 18303 D AppResolutionTuner: dom2xml: App{packageName='com.tencent.tmgp.cod', scale='1.0', filteredWindows= []', scalingFlow= surfaceview'}
01-21 20:43:05.528 18303 18303 D AppResolutionTuner: dom2xml: App{packageName='com.activision.callofduty.shooter', scale='1.0', filteredWindows= []', scalingFlow= surfaceview'}
01-21 20:43:05.528 18303 18303 D AppResolutionTuner: dom2xml: App{packageName='com.garena.game.codm', scale='1.0', filteredWindows= []', scalingFlow= surfaceview'}
01-21 20:43:05.528 18303 18303 D AppResolutionTuner: dom2xml: App{packageName='com.vng.codmvn', scale='1.0', filteredWindows= []', scalingFlow= surfaceview'}
01-21 20:43:05.528 18303 18303 D AppResolutionTuner: loadTunerAppList - 
01-21 20:43:05.528 18303 18303 D SurfaceExt: initResolutionTunner, mPackageName:com.example.appbridgenew_example,mContainPackageName:falsemXScaleValue:1.0,mYScaleValue:1.0
01-21 20:43:05.529 18303 18303 D TranClassInfo: instance successfully. com.transsion.hubcore.view.TranSurfaceImpl@bd23682 from com.transsion.hubcore.view.ITranSurface
01-21 20:43:05.531 18303 18303 D os.SingleLiceFactory: using android.view.IViewLice$DefaultImpl@fa90193 instead of com.transsion.dragdrop.DragDropLiceFactory  from android.view.IViewLice
01-21 20:43:05.531 18303 18303 D os.LiceInfo: instance successfully. com.transsion.view.ViewLice@422a5d0 from android.view.IViewLice
01-21 20:43:05.537   706   769 D SPRDHWComposer: HWCDisplay::get_display_attribute <520>: config = 0
01-21 20:43:05.537   706   769 D SPRDHWComposer: SprdDrm:: getActiveConfig: 1
01-21 20:43:05.537   706   769 D SPRDHWComposer: HWCDisplay::get_display_attribute <520>: config = 1
01-21 20:43:05.538   759   759 I Layer   : fillInputInfo layer:com.transsion.itel.launcher/com.android.quickstep.src.com.android.launcher3.uioverrides.QuickstepLauncher#6072, visible=0 (hasInputInfo:1, isHidden:1, alpha:1.000000, mActiveBuffer:2), parent:52106c5 com.transsion.itel.launcher/com.android.quickstep.src.com.android.launcher3.uioverrides.QuickstepLauncher#5704, parenthidden:1
01-21 20:43:05.538   759   759 I Layer   : fillInputInfo layer:com.transsion.itel.launcher/com.android.quickstep.src.com.android.launcher3.uioverrides.QuickstepLauncher#6073, visible=0 (hasInputInfo:1, isHidden:1, alpha:1.000000, mActiveBuffer:2), parent:850396 com.transsion.itel.launcher/com.android.quickstep.src.com.android.launcher3.uioverrides.QuickstepLauncher#61, parenthidden:1
01-21 20:43:05.538   759   759 I Layer   : fillInputInfo layer:Wallpaper BBQ wrapper#73, visible=0 (hasInputInfo:1, isHidden:1, alpha:1.000000, mActiveBuffer:2), parent:com.android.systemui.ImageWallpaper#72, parenthidden:1
01-21 20:43:05.538   759   759 I Layer   : fillInputInfo layer:com.android.systemui.ImageWallpaper#72, visible=0 (hasInputInfo:1, isHidden:1, alpha:1.000000, mActiveBuffer:0), parent:f9145c com.android.systemui.ImageWallpaper#71, parenthidden:0
01-21 20:43:05.538   706   769 I mali_gralloc: unregister: id=0x2c100001c45, base=0x0, importpid=706
01-21 20:43:05.539   706   769 I mali_gralloc: unregister: id=0x2c100001c47, base=0x0, importpid=706
01-21 20:43:05.539   706   769 I mali_gralloc: unregister: id=0x2c100001c46, base=0x0, importpid=706
01-21 20:43:05.539   706   769 I mali_gralloc: unregister: id=0x2c100001c44, base=0x0, importpid=706
01-21 20:43:05.539   706   769 I mali_gralloc: unregister: id=0x2c1000011d6, base=0x0, importpid=706
01-21 20:43:05.539 13354 13415 I mali_gralloc: unregister: id=0x2c100001c43, base=0x0, importpid=13354
01-21 20:43:05.539 13354 13415 I mali_gralloc: unregister: id=0x2c100001c42, base=0x0, importpid=13354
01-21 20:43:05.540   706   769 D SPRDHWComposer: SprdDrm:: getActiveConfig: 1
01-21 20:43:05.540   706   769 D SPRDHWComposer: HWCDisplay::get_display_attribute <520>: config = 0
01-21 20:43:05.540   706   769 I SPRDHWComposer: SprdDrm:: setActiveConfig: 0, DisplayType:0
01-21 20:43:05.540   706   769 I SPRDHWComposer: Create blob_id: 98
01-21 20:43:05.541 13354 13415 I mali_gralloc: unregister: id=0x2c100001c41, base=0x0, importpid=13354
01-21 20:43:05.546  1873  1945 I mali_gralloc: unregister: id=0x2c100001c45, base=0x0, importpid=1873
01-21 20:43:05.546   759   865 W VSyncPredictor: VSyncPredictor::setPeriod current period =16666667
01-21 20:43:05.546  1873  1945 I mali_gralloc: unregister: id=0x2c100001c46, base=0x0, importpid=1873
01-21 20:43:05.548  1873  1945 I mali_gralloc: unregister: id=0x2c100001c47, base=0x0, importpid=1873
01-21 20:43:05.548  1146  1175 W TranSprdPowerHintComponentImpl: release BoostAnim
01-21 20:43:05.545  1146  1146 W binder:1146_E: type=1400 audit(0.0:35959): avc: denied { read } for name="u:object_r:vendor_default_prop:s0" dev="tmpfs" ino=19796 scontext=u:r:system_server:s0 tcontext=u:object_r:vendor_default_prop:s0 tclass=file permissive=0
01-21 20:43:05.550  1146  1174 I DisplayDeviceRepository: Display device changed: DisplayDeviceInfo{"内置屏幕": uniqueId="local:0", 720 x 1612, modeId 1, defaultModeId 1, supportedModes [{id=1, width=720, height=1612, fps=60.0, alternativeRefreshRates=[90.0]}, {id=2, width=720, height=1612, fps=90.0, alternativeRefreshRates=[60.0]}], colorMode 0, supportedColorModes [0], hdrCapabilities HdrCapabilities{mSupportedHdrTypes=[], mMaxLuminance=500.0, mMaxAverageLuminance=500.0, mMinLuminance=0.0}, allmSupported false, gameContentTypeSupported false, density 320, 268.941 x 269.373 dpi, appVsyncOff 1000000, presDeadline 16666667, cutout DisplayCutout{insets=Rect(0, 80 - 0, 0) waterfall=Insets{left=0, top=0, right=0, bottom=0} boundingRect={Bounds=[Rect(0, 0 - 0, 0), Rect(312, 0 - 408, 80), Rect(0, 0 - 0, 0), Rect(0, 0 - 0, 0)]} cutoutPathParserInfo={CutoutPathParserInfo{displayWidth=720 displayHeight=1612 physicalDisplayWidth=720 physicalDisplayHeight=1612 density={2.0} cutoutSpec={M -24,0 L -24,40 L 24,40 L 24,0 Z @dp} rotation={0} scale={1.0} physicalPixelDisplaySizeRatio={1.0}}}}, touch INTERNAL, rotation 0, type INTERNAL, address {port=0}, deviceProductInfo null, state ON, frameRateOverride , brightnessMinimum 0.0, brightnessMaximum 1.0, brightnessDefault 0.096576735, FLAG_ALLOWED_TO_BE_DEFAULT_DISPLAY, FLAG_ROTATES_WITH_CONTENT, FLAG_SECURE, FLAG_SUPPORTS_PROTECTED_BUFFERS, installOrientation 0}
01-21 20:43:05.551  1146  2198 W libc    : Access denied finding property "persist.vendor.dbg.disable.art"
01-21 20:43:05.552  1146  2948 D CompatibilityChangeReporter: Compat change id reported: 161145287; UID 10139; state: DISABLED
01-21 20:43:05.554  1146  1237 E VerityUtils: Failed to measure fs-verity, errno 1: /data/app/~~fEAgrzFkNNLDR5odJiU6GA==/com.google.android.youtube-uPLOfeiox4w98rQjD1f9iA==/base.apk
01-21 20:43:05.559  1146  3059 D ConnectivityService: requestNetwork for uid/pid:10139/18350 activeRequest: null callbackRequest: 2642 [NetworkRequest [ REQUEST id=2643, [ Capabilities: INTERNET&NOT_RESTRICTED&TRUSTED&NOT_VCN_MANAGED Uid: 10139 RequestorUid: 10139 RequestorPkg: com.google.android.youtube UnderlyingNetworks: Null] ]] callback flags: 0 order: 2147483647 isUidTracked: false declaredMethods: AVAIL|LOST|NC
01-21 20:43:05.564 18303 18303 D TranClassInfo: instance successfully. com.transsion.hubcore.internal.TranInternalViewImpl@9f44901 from com.transsion.hubcore.internal.ITranInternalView
01-21 20:43:05.564 18303 18303 D os.SingleLiceFactory: using com.android.internal.IInternalViewLice$DefaultImpl@30793a6 instead of com.transsion.freeform.FreeformLiceFactory  from com.android.internal.IInternalViewLice
01-21 20:43:05.564 18303 18303 D os.SingleLice: instance successfully. com.transsion.whitenavigation.v1.WhiteNavigationLice@19aa1e7 from com.transsion.whitenavigation.WhiteNavigationLiceFactory
01-21 20:43:05.564 18303 18303 D os.SingleLiceFactory: instance successfully. com.transsion.whitenavigation.v1.WhiteNavigationLice@19aa1e7 from com.android.internal.IInternalViewLice
01-21 20:43:05.565 18303 18303 D os.SingleLice: instance successfully. com.transsion.screenshothelper.v1.ScreenShotHelperImplLice@bd58194 from com.transsion.screenshothelper.ScreenShotHelperImplLiceFactory
01-21 20:43:05.565 18303 18303 D os.SingleLiceFactory: instance successfully. com.transsion.screenshothelper.v1.ScreenShotHelperImplLice@bd58194 from com.android.internal.IInternalViewLice
01-21 20:43:05.565 18303 18303 D os.LiceInfo: instance successfully. com.transsion.internal.InternalViewLice@3db743d from com.android.internal.IInternalViewLice
01-21 20:43:05.565 18303 18303 I WhiteNavigationLice: Modify naviBarColor to 0xFFF0F0F0, and windowBackgroundColor is -1   /windowIsTranslucent:false
01-21 20:43:05.568  1146  1340 D WifiNetworkFactory: got request NetworkRequest [ REQUEST id=2643, [ Capabilities: INTERNET&NOT_RESTRICTED&TRUSTED&NOT_VCN_MANAGED Uid: 10139 RequestorUid: 10139 RequestorPkg: com.google.android.youtube UnderlyingNetworks: Null] ]
01-21 20:43:05.568 13354 13354 D VRI[QuickstepLauncher]: performTraversals relayoutWindow: maybeSyncSeqId=-1 ,mSyncSeqId=0 ,relayoutResult=2
01-21 20:43:05.568  1146  1340 D UntrustedWifiNetworkFactory: got request NetworkRequest [ REQUEST id=2643, [ Capabilities: INTERNET&NOT_RESTRICTED&TRUSTED&NOT_VCN_MANAGED Uid: 10139 RequestorUid: 10139 RequestorPkg: com.google.android.youtube UnderlyingNetworks: Null] ]
01-21 20:43:05.569  1146  1340 D OemPaidWifiNetworkFactory: got request NetworkRequest [ REQUEST id=2643, [ Capabilities: INTERNET&NOT_RESTRICTED&TRUSTED&NOT_VCN_MANAGED Uid: 10139 RequestorUid: 10139 RequestorPkg: com.google.android.youtube UnderlyingNetworks: Null] ]
01-21 20:43:05.570 13354 13354 I mali_gralloc: unregister: id=0x2c100001c40, base=0x0, importpid=13354
01-21 20:43:05.570  1146  1340 D MultiInternetWifiNetworkFactory: got request NetworkRequest [ REQUEST id=2643, [ Capabilities: INTERNET&NOT_RESTRICTED&TRUSTED&NOT_VCN_MANAGED Uid: 10139 RequestorUid: 10139 RequestorPkg: com.google.android.youtube UnderlyingNetworks: Null] ]
01-21 20:43:05.570  1146  3063 W libc    : Access denied finding property "persist.vendor.dbg.disable.art"
01-21 20:43:05.572  1146  1349 D ConnectivityService: NetReassign [2643 : null → 110] [c 1] [a 1] [i 9]
01-21 20:43:05.578  1873  1873 D VRI[QuickstepLauncher]: performTraversals relayoutWindow: maybeSyncSeqId=-1 ,mSyncSeqId=0 ,relayoutResult=2
01-21 20:43:05.579 18350 18417 D nativeloader: Load /data/app/~~fEAgrzFkNNLDR5odJiU6GA==/com.google.android.youtube-uPLOfeiox4w98rQjD1f9iA==/split_config.arm64_v8a.apk!/lib/arm64-v8a/libnative_crash_handler_jni.so using class loader ns clns-5 (caller=/data/app/~~fEAgrzFkNNLDR5odJiU6GA==/com.google.android.youtube-uPLOfeiox4w98rQjD1f9iA==/base.apk!classes2.dex): ok
01-21 20:43:05.579  1873  1873 I mali_gralloc: unregister: id=0x2c100001c44, base=0x0, importpid=1873
01-21 20:43:05.580   759   759 D SurfaceFlinger: unisoc-graphics, commit has frameMissed:1, vysncId:8704210
01-21 20:43:05.580 18350 18460 E android.youtube: Attempt to load writable dex file: /data/user/0/com.google.android.youtube/app_pccache2/5/657D286E00C11C8B951CEC3800AAA5CE069E54A8/pcam.jar
01-21 20:43:05.581   759   806 I mali_gralloc: unregister: id=0x2c100001c45, base=0x0, importpid=759
01-21 20:43:05.581   759   806 I mali_gralloc: unregister: id=0x2c100001c46, base=0x0, importpid=759
01-21 20:43:05.587 18303 18303 D MainActivity: onCreate called. savedInstanceState: null
01-21 20:43:05.588 18303 18331 D ActivityThreadLice: received OSMessage 110001
01-21 20:43:05.589 18303 18331 D ActivityThreadLice: send OSMessage 110001 to [-1]
01-21 20:43:05.590  1146  2048 D os.WindowManagerServiceLice: received send OSMessage 110001 request from 18303 to [-1]
01-21 20:43:05.590  1146  2048 D os.CommonLice: onOSServerMessage 110001
01-21 20:43:05.590 18303 18331 D OSServiceManager: update local os service os.activity from null to android.os.BinderProxy@c532300
01-21 20:43:05.594 18303 18303 D MainActivity: onStart called.
01-21 20:43:05.594  1146  3136 D ConnectivityService: requestNetwork for uid/pid:10139/18350 activeRequest: null callbackRequest: 2644 [NetworkRequest [ REQUEST id=2645, [ Capabilities: INTERNET&NOT_RESTRICTED&TRUSTED&NOT_VCN_MANAGED Uid: 10139 RequestorUid: 10139 RequestorPkg: com.google.android.youtube UnderlyingNetworks: Null] ]] callback flags: 0 order: 2147483647 isUidTracked: false declaredMethods: AVAIL|NC|BLK
01-21 20:43:05.596 18303 18303 D TranActivityAppturboImpl: onResumeHork
01-21 20:43:05.599 18303 18303 D MainActivity: onResume called.
01-21 20:43:05.599  2103  2103 D BoundBrokerSvc: onRebind: Intent { act=com.google.android.gms.common.telemetry.service.START dat=chimera-action:/... cmp=com.google.android.gms/.chimera.PersistentApiService }
01-21 20:43:05.600   732   732 D vendor.unisoc.hardware.power-service: Enter getSceneIdByName: sceneName:com.example.appbridgenew_example
01-21 20:43:05.602  1146  1340 D WifiNetworkFactory: got request NetworkRequest [ REQUEST id=2645, [ Capabilities: INTERNET&NOT_RESTRICTED&TRUSTED&NOT_VCN_MANAGED Uid: 10139 RequestorUid: 10139 RequestorPkg: com.google.android.youtube UnderlyingNetworks: Null] ]
01-21 20:43:05.602  1146  1340 D UntrustedWifiNetworkFactory: got request NetworkRequest [ REQUEST id=2645, [ Capabilities: INTERNET&NOT_RESTRICTED&TRUSTED&NOT_VCN_MANAGED Uid: 10139 RequestorUid: 10139 RequestorPkg: com.google.android.youtube UnderlyingNetworks: Null] ]
01-21 20:43:05.602  1146  1340 D OemPaidWifiNetworkFactory: got request NetworkRequest [ REQUEST id=2645, [ Capabilities: INTERNET&NOT_RESTRICTED&TRUSTED&NOT_VCN_MANAGED Uid: 10139 RequestorUid: 10139 RequestorPkg: com.google.android.youtube UnderlyingNetworks: Null] ]
01-21 20:43:05.603  1146  1340 D MultiInternetWifiNetworkFactory: got request NetworkRequest [ REQUEST id=2645, [ Capabilities: INTERNET&NOT_RESTRICTED&TRUSTED&NOT_VCN_MANAGED Uid: 10139 RequestorUid: 10139 RequestorPkg: com.google.android.youtube UnderlyingNetworks: Null] ]
01-21 20:43:05.603  1146  1349 D ConnectivityService: NetReassign [2645 : null → 110] [c 2] [a 2] [i 4]
01-21 20:43:05.604   369   369 E SELinux : avc:  denied  { find } for pid=18303 uid=10318 name=tran_pwhub scontext=u:r:untrusted_app:s0:c62,c257,c512,c768 tcontext=u:object_r:default_android_service:s0 tclass=service_manager permissive=0
01-21 20:43:05.611  1146  2048 D ConnectivityService: requestNetwork for uid/pid:10139/18350 activeRequest: null callbackRequest: 2646 [NetworkRequest [ REQUEST id=2647, [ Capabilities: INTERNET&NOT_RESTRICTED&TRUSTED&NOT_VCN_MANAGED Uid: 10139 RequestorUid: 10139 RequestorPkg: com.google.android.youtube UnderlyingNetworks: Null] ]] callback flags: 0 order: 2147483647 isUidTracked: false declaredMethods: AVAIL|LOST|NC|LP
01-21 20:43:05.614  1146  1340 D WifiNetworkFactory: got request NetworkRequest [ REQUEST id=2647, [ Capabilities: INTERNET&NOT_RESTRICTED&TRUSTED&NOT_VCN_MANAGED Uid: 10139 RequestorUid: 10139 RequestorPkg: com.google.android.youtube UnderlyingNetworks: Null] ]
01-21 20:43:05.615  1146  1340 D UntrustedWifiNetworkFactory: got request NetworkRequest [ REQUEST id=2647, [ Capabilities: INTERNET&NOT_RESTRICTED&TRUSTED&NOT_VCN_MANAGED Uid: 10139 RequestorUid: 10139 RequestorPkg: com.google.android.youtube UnderlyingNetworks: Null] ]
01-21 20:43:05.615  1146  1349 D ConnectivityService: NetReassign [2647 : null → 110] [c 0] [a 2] [i 1]
01-21 20:43:05.615  1146  1340 D OemPaidWifiNetworkFactory: got request NetworkRequest [ REQUEST id=2647, [ Capabilities: INTERNET&NOT_RESTRICTED&TRUSTED&NOT_VCN_MANAGED Uid: 10139 RequestorUid: 10139 RequestorPkg: com.google.android.youtube UnderlyingNetworks: Null] ]
01-21 20:43:05.615  1146  1340 D MultiInternetWifiNetworkFactory: got request NetworkRequest [ REQUEST id=2647, [ Capabilities: INTERNET&NOT_RESTRICTED&TRUSTED&NOT_VCN_MANAGED Uid: 10139 RequestorUid: 10139 RequestorPkg: com.google.android.youtube UnderlyingNetworks: Null] ]
01-21 20:43:05.615  1146  1175 V WindowState: toString mSurfaceNameCache= mLastTitle=null title=com.example.appbridgenew_example/com.example.appbridgenew_example.MainActivity
01-21 20:43:05.618  1146  3730 D CoreBackPreview: Window{15592b u0 com.example.appbridgenew_example/com.example.appbridgenew_example.MainActivity}: Setting back callback OnBackInvokedCallbackInfo{mCallback=android.window.IOnBackInvokedCallback$Stub$Proxy@a24745d, mPriority=0}
01-21 20:43:05.619  1146  3059 D DynamicFrameRateController: onAfterActivityResumed packageName: com.example.appbridgenew_example, activityName: ComponentInfo{com.example.appbridgenew_example/com.example.appbridgenew_example.MainActivity}
01-21 20:43:05.619  1146  3059 I ActivityTaskManager: LUCID activityResumed package name: com.example.appbridgenew_example
01-21 20:43:05.620  1146  1174 I LightsService: LUCID hook setLucidFgApp  com.example.appbridgenew_example 
01-21 20:43:05.620  1146  1315 D DynamicFrameRateController: setDFPSInternal name = ComponentInfo{com.example.appbridgenew_example/ComponentInfo{com.example.appbridgenew_example/com.example.appbridgenew_example.MainActivity}} level = 0 mode = DFRC_MODE_BALANCE
01-21 20:43:05.620  1146  1315 D DynamicFrameRateController: set fps : 0
01-21 20:43:05.620   752 26341 D TimeCheck: tranIsTimeoutMax boolVal = 0 
01-21 20:43:05.621   752 26341 D TimeCheck: tranIsTimeoutMax boolVal = 0 
01-21 20:43:05.621   752 26341 D TimeCheck: tranIsTimeoutMax boolVal = 0 
01-21 20:43:05.621   752 10203 D TimeCheck: tranIsTimeoutMax boolVal = 0 
01-21 20:43:05.621   752 10203 D TimeCheck: tranIsTimeoutMax boolVal = 0 
01-21 20:43:05.622  1146  3730 D CompatibilityChangeReporter: Compat change id reported: 319212206; UID 10139; state: ENABLED
01-21 20:43:05.625   752 10203 D TimeCheck: tranIsTimeoutMax boolVal = 0 
01-21 20:43:05.625  1146  1349 D ConnectivityService: NetReassign [no changes] [c 1] [a 0] [i 2]
01-21 20:43:05.630   752 10203 W AidlConversion: legacy2aidl_audio_channel_mask_t_AudioChannelLayout: no AudioChannelLayout found for legacy output audio_channel_mask_t value 0x10
01-21 20:43:05.631 18303 18303 W AidlConversion: aidl2legacy_AudioChannelLayout_audio_channel_mask_t: no legacy output audio_channel_mask_t found for AudioChannelLayout{layoutMask: 16}
01-21 20:43:05.632   752 10203 D TimeCheck: tranIsTimeoutMax boolVal = 0 
01-21 20:43:05.635   752 10203 D TimeCheck: tranIsTimeoutMax boolVal = 0 
01-21 20:43:05.640  2103  2103 D BoundBrokerSvc: onRebind: Intent { act=com.google.android.gms.auth.aang.events.services.START dat=chimera-action:/... cmp=com.google.android.gms/.chimera.PersistentApiService }
01-21 20:43:05.646  1146  3626 W libc    : Access denied finding property "persist.vendor.dbg.disable.art"
01-21 20:43:05.649   759   806 I mali_gralloc: unregister: id=0x2c100001c47, base=0x0, importpid=759
01-21 20:43:05.649   752 10203 D TimeCheck: tranIsTimeoutMax boolVal = 0 
01-21 20:43:05.649   752 10203 D TimeCheck: tranIsTimeoutMax boolVal = 0 
01-21 20:43:05.650   752 10203 D TimeCheck: tranIsTimeoutMax boolVal = 0 
01-21 20:43:05.650   752 10203 D TimeCheck: tranIsTimeoutMax boolVal = 0 
01-21 20:43:05.650   752 10203 D TimeCheck: tranIsTimeoutMax boolVal = 0 
01-21 20:43:05.652  1146  3626 D WindowManager: Changing focus from null to Window{15592b u0 com.example.appbridgenew_example/com.example.appbridgenew_example.MainActivity}-[Surface(name=*Title#6116)/@0x42295f7] displayId = 0 Callers = com.android.server.wm.RootWindowContainer.updateFocusedWindowLocked:493 com.android.server.wm.WindowManagerService.updateFocusedWindowLocked:6419 com.android.server.wm.WindowManagerService.relayoutWindow:2701 com.android.server.wm.Session.relayout:266 
01-21 20:43:05.652  1146  3626 I hugh-tag: PhoneWindowManager onDefaultDisplayFocusChangedLw mCurrentFocus=Window{15592b u0 com.example.appbridgenew_example/com.example.appbridgenew_example.MainActivity}-[Surface(name=*Title#6116)/@0x42295f7]
01-21 20:43:05.653   752 10203 D TimeCheck: tranIsTimeoutMax boolVal = 0 
01-21 20:43:05.655   752 10203 W AidlConversion: legacy2aidl_audio_channel_mask_t_AudioChannelLayout: no AudioChannelLayout found for legacy output audio_channel_mask_t value 0x10
01-21 20:43:05.656  1146  3626 I WindowManager: Input focus has changed to Window{15592b u0 com.example.appbridgenew_example/com.example.appbridgenew_example.MainActivity}-[Surface(name=*Title#6116)/@0x42295f7] from 850396 com.transsion.itel.launcher/com.android.quickstep.src.com.android.launcher3.uioverrides.QuickstepLauncher mDisplayId 0 updateInputWindows true, callers=com.android.server.wm.DisplayContent.updateFocusedWindowLocked:3797 com.android.server.wm.RootWindowContainer.updateFocusedWindowLocked:493 com.android.server.wm.WindowManagerService.updateFocusedWindowLocked:6419 com.android.server.wm.WindowManagerService.relayoutWindow:2701 com.android.server.wm.Session.relayout:266 
01-21 20:43:05.656  1146  3626 I WindowManager: Relayout Window{15592b u0 com.example.appbridgenew_example/com.example.appbridgenew_example.MainActivity}-[Surface(name=*Title#6116)/@0x42295f7]: oldVis=4 newVis=0 focusMayChange = true requestedWidth = 720 requestedHeight = 1612 outFrames = ClientWindowFrames{frame=[0,0][720,1612] display=[0,0][720,1612] parentFrame=[0,0][0,0] parentClippedByDisplayCutout=false} outSurfaceControl = Surface(name=com.example.appbridgenew_example/com.example.appbridgenew_example.MainActivity#-1)/@0x16ccad0
01-21 20:43:05.656 18350 18432 W AidlConversion: aidl2legacy_AudioChannelLayout_audio_channel_mask_t: no legacy output audio_channel_mask_t found for AudioChannelLayout{layoutMask: 16}
01-21 20:43:05.657 18303 18303 D VRI[MainActivity]: performTraversals relayoutWindow: maybeSyncSeqId=-1 ,mSyncSeqId=0 ,relayoutResult=3
01-21 20:43:05.658   752 10203 D TimeCheck: tranIsTimeoutMax boolVal = 0 
01-21 20:43:05.659 18350 18467 I Camera-JNI: number_of_cameras:2
01-21 20:43:05.659   759   790 W ServiceManager: Permission failure: android.permission.ACCESS_SURFACE_FLINGER from uid=10318 pid=18303
01-21 20:43:05.659   759   790 D PermissionCache: checking android.permission.ACCESS_SURFACE_FLINGER for uid=10318 => denied (223 us)
01-21 20:43:05.659   759   790 W ServiceManager: Permission failure: android.permission.ROTATE_SURFACE_FLINGER from uid=10318 pid=18303
01-21 20:43:05.659   759  2381 W ServiceManager: Permission failure: android.permission.ACCESS_SURFACE_FLINGER from uid=10318 pid=0
01-21 20:43:05.659   759   790 D PermissionCache: checking android.permission.ROTATE_SURFACE_FLINGER for uid=10318 => denied (159 us)
01-21 20:43:05.659   759  2381 D PermissionCache: checking android.permission.ACCESS_SURFACE_FLINGER for uid=10318 => denied (1593 us)
01-21 20:43:05.660   759   790 W ServiceManager: Permission failure: android.permission.INTERNAL_SYSTEM_WINDOW from uid=10318 pid=18303
01-21 20:43:05.660   759   790 D PermissionCache: checking android.permission.INTERNAL_SYSTEM_WINDOW for uid=10318 => denied (163 us)
01-21 20:43:05.661   752 10203 D TimeCheck: tranIsTimeoutMax boolVal = 0 
01-21 20:43:05.665   759  2381 W ServiceManager: Permission failure: android.permission.INTERNAL_SYSTEM_WINDOW from uid=10318 pid=0
01-21 20:43:05.665   759  2381 D PermissionCache: checking android.permission.INTERNAL_SYSTEM_WINDOW for uid=10318 => denied (5307 us)
01-21 20:43:05.675  1146  2637 D SmartBandWith_Controller2: [handleMessage] what: 1009
01-21 20:43:05.676  1146  2637 D SmartBandWith_Controller2: [onTaskStackChanged] topPackage = com.example.appbridgenew_example, mForegroundPackage = com.transsion.itel.launcher
