01-21 20:43:05.676  1146  2637 D SmartBandWith_Controller2: [onTaskStackChanged] mIsWhitelist = false
01-21 20:43:05.676  1146  2637 D SmartBandWith_Controller2: [onTaskStackChanged] mUid = 10318
01-21 20:43:05.676  1146  2637 D SmartBandWith_Controller2: [onTaskStackChanged] mBackgroundUids size = 0
01-21 20:43:05.676  1146  2637 D SmartBandWith_Controller2: checkIsReadytoQueryNwState mScreenOn = true, mWhiteAppNotSplit = false, mIsSupport = true, mIsOptimizeEnabled = false, mEnableByPhone = false, mIsNetIdSupport = true
01-21 20:43:05.676  1146  2637 D SmartBandWith_Controller2: [handleMessage] what: 1008
01-21 20:43:05.676  1146  2637 D SmartBandWith_Controller2: handleMessage mReadyToQueryNwState = false, mIsWifiConnected = true, mDcState = 2, mServiceStateCache = 0
01-21 20:43:05.678 18350 18450 D CompatibilityChangeReporter: Compat change id reported: 160794467; UID 10139; state: ENABLED
01-21 20:43:05.678 18350 18423 D nativeloader: Load /data/app/~~fEAgrzFkNNLDR5odJiU6GA==/com.google.android.youtube-uPLOfeiox4w98rQjD1f9iA==/split_config.arm64_v8a.apk!/lib/arm64-v8a/libelements.so using class loader ns clns-5 (caller=/data/app/~~fEAgrzFkNNLDR5odJiU6GA==/com.google.android.youtube-uPLOfeiox4w98rQjD1f9iA==/base.apk!classes3.dex): ok
01-21 20:43:05.679  1146  2198 D WindowManager: after addSurfaceViewPkg packageName = com.example.appbridgenew_example count:1
01-21 20:43:05.682  3687  8091 I GoogleTTSServiceImpl: currentLocale = cmn-CN
01-21 20:43:05.682  3687  8091 I RankedDispatcher: Redirect from zh_CN to cmn_CN
01-21 20:43:05.685  3687  8091 I GoogleTTSServiceImpl: currentLocale = cmn-CN
01-21 20:43:05.685  3687  8091 I RankedDispatcher: Redirect from zh_CN to cmn_CN
01-21 20:43:05.686  2557  6447 W SQLiteLog: (28) double-quoted string literal: "1768830185686"
01-21 20:43:05.686  3687  8091 I GoogleTTSServiceImpl: For default lang zh-cn is name zh-CN-language (cmn-cn-x-ssa-server)
01-21 20:43:05.686  2557  6447 W SQLiteLog: (28) double-quoted string literal: "1"
01-21 20:43:05.687 18350 18432 I SurfaceFactory: [static] sSurfaceFactory = com.transsion.rt.SurfaceFactoryImpl@1cfb98c
01-21 20:43:05.687 18350 18432 W libc    : Access denied finding property "ro.vendor.game_aisr_enable"
01-21 20:43:05.691  1146  3063 D BroadcastQueue: Add broadcast <BroadcastRecord{65f23e8 u-1 android.net.conn.CONNECTIVITY_CHANGE}> into [parallel | background], pending size 0
01-21 20:43:05.693  1146  1200 D BroadcastQueue: Done with parallel broadcast [background] [BroadcastRecord{65f23e8 u-1 android.net.conn.CONNECTIVITY_CHANGE}]
01-21 20:43:05.695 18350 18422 D nativeloader: Load /data/app/~~fEAgrzFkNNLDR5odJiU6GA==/com.google.android.youtube-uPLOfeiox4w98rQjD1f9iA==/split_config.arm64_v8a.apk!/lib/arm64-v8a/libcronet.144.0.7509.3.so using class loader ns clns-5 (caller=/data/app/~~fEAgrzFkNNLDR5odJiU6GA==/com.google.android.youtube-uPLOfeiox4w98rQjD1f9iA==/base.apk): ok
01-21 20:43:05.699   752 10203 D TimeCheck: tranIsTimeoutMax boolVal = 0 
01-21 20:43:05.701   752  1103 I AudioFlinger: acquireWakeLock_l() AudioOut_1D status 0
01-21 20:43:05.701   752  1103 D AudioFlinger: ro.audio.silent is ignored since no output device is set
01-21 20:43:05.702   752  1122 I AudioFlinger: acquireWakeLock_l() AudioOut_2D status 0
01-21 20:43:05.703   752 26341 D TimeCheck: tranIsTimeoutMax boolVal = 0 
01-21 20:43:05.705   752  1112 I AudioFlinger: acquireWakeLock_l() AudioOut_25 status 0
01-21 20:43:05.705   752  1077 I AudioFlinger: acquireWakeLock_l() AudioOut_D status 0
01-21 20:43:05.716  3687  8091 I GoogleTTSServiceImpl: currentLocale = cmn-CN
01-21 20:43:05.716  3687  8091 I RankedDispatcher: Redirect from zh_CN to cmn_CN
01-21 20:43:05.718  3687  8091 I GoogleTTSServiceImpl: currentLocale = cmn-CN
01-21 20:43:05.718  3687  8091 I RankedDispatcher: Redirect from zh_CN to cmn_CN
01-21 20:43:05.720  3687  8091 I GoogleTTSServiceImpl: currentLocale = cmn-CN
01-21 20:43:05.720  3687  8091 I RankedDispatcher: Redirect from zh_CN to cmn_CN
01-21 20:43:05.721  3687  8091 I GoogleTTSServiceImpl: For default lang zh-cn is name zh-CN-language (cmn-cn-x-ssa-server)
01-21 20:43:05.723  3687  8091 I GoogleTTSServiceImpl: currentLocale = cmn-CN
01-21 20:43:05.723  3687  8091 I RankedDispatcher: Redirect from zh_CN to cmn_CN
01-21 20:43:05.724  3687  8020 I LocalSynthesizer: Attempting to load synthesizer for voice: cmn-cn-x-cca-seanet-embedded
01-21 20:43:05.724  3687  8020 I LocalSynthesizer: Voice cmn-cn-x-cca-seanet-embedded is already supported by loaded synthesizer cmn-cn-x-multi.
01-21 20:43:05.724  3687  8020 I ComposerWrapperImpl: Skipping initialization, can already run voice cmn-cn-x-cca-seanet-embedded.
01-21 20:43:05.726 18350 18450 D CompatibilityChangeReporter: Compat change id reported: 194532703; UID 10139; state: ENABLED
01-21 20:43:05.727  1146  3730 D CompatibilityChangeReporter: Compat change id reported: 194532703; UID 10139; state: ENABLED
01-21 20:43:05.729  1146  3730 V AlarmManager: set(null) : type=3 listener=android.app.AlarmManager$ListenerWrapper@ccb93af listenerTag=*job.delay* workSource=WorkSource{10184 com.rlk.weathers} callingPackage=android callingUid=1000 triggerAtTime=47897552 win=230724 tElapsed=47897552 maxElapsed=48128276 interval=0 flags=0x0
01-21 20:43:05.729  1146  3730 D AlarmManager: Add alarm packageName=android, type=3, when=47897552, tag=*job.delay*, callingUid=1000, callingPackage=android
01-21 20:43:05.729  1146  3730 D AlarmManagerService: set alarm to kernel: 47755.774000000, type=2 
01-21 20:43:05.729  1146  3730 D AlarmManagerService: set alarm to kernel: 47597.317000000, type=3 
01-21 20:43:05.729  1146  3730 D AlarmManagerService: set alarm to kernel: 47755.774000000, type=2 
01-21 20:43:05.729  1146  3730 D AlarmManagerService: set alarm to kernel: 47597.317000000, type=3 
01-21 20:43:05.731  1146  1146 E JobScheduler.Concurrency: Had fewer than 16 in existence
01-21 20:43:05.732  1146  1146 E JobScheduler.Concurrency: Had fewer than 16 in existence
01-21 20:43:05.732  1146  1146 E JobScheduler.Concurrency: Had fewer than 16 in existence
01-21 20:43:05.742 18350 18460 D nativeloader: Configuring clns-6 for other apk . target_sdk_version=36, uses_libraries=ALL, library_path=, permitted_path=/data:/mnt/expand
01-21 20:43:05.744 18350 18460 D nativeloader: Load /data/user/0/com.google.android.youtube/app_pccache2/5/657D286E00C11C8B951CEC3800AAA5CE069E54A8/pcam.jar!/libd02DCF65CBAC3.so using isolated ns clns-6 (caller=/data/user/0/com.google.android.youtube/app_pccache2/5/657D286E00C11C8B951CEC3800AAA5CE069E54A8/pcam.jar): ok
01-21 20:43:05.748  7446  7446 I Finsky  : [2] SCH: job service start with id 9060.
01-21 20:43:05.753 18303 18303 W FlutterWebRTCPlugin: audioFocusChangeListener [Earpiece(name=Earpiece)] Earpiece(name=Earpiece)
01-21 20:43:05.753 18303 18303 W FlutterWebRTCPlugin: audioFocusChangeListener [Speakerphone(name=Speakerphone), Earpiece(name=Earpiece)] Speakerphone(name=Speakerphone)
01-21 20:43:05.754  7446 18162 I Finsky  : [457] SCH: Satisfied jobs for 9060 are: 12-1
01-21 20:43:05.758  7446 18504 I Finsky  : [462] SCH: Job 12-1 starting
01-21 20:43:05.759  7446  7446 I Finsky  : [2] WM::SCH: Logging work start for 12-1
01-21 20:43:05.759  7446  7446 I Finsky  : [2] [ContentSync] job started
01-21 20:43:05.769  1146  2048 D TranPkmsExtImpl_itel: applyQueryActivitiesFilter:launchedFromPackage = com.transsion.itel.launcher
01-21 20:43:05.769 18350 18350 E YT.mlplayer: setAudioDrc(enabled=1)
01-21 20:43:05.775 18303 18372 I flutter : main.dart: build method - MaterialApp themeMode: ThemeMode.system
01-21 20:43:05.787  1146  3626 W JobScheduler: Job didn't exist in JobStore: 51739d4 #u0a139/5610 com.google.android.youtube/androidx.work.impl.background.systemjob.SystemJobService
01-21 20:43:05.805  1146  3626 W libc    : Access denied finding property "persist.vendor.dbg.disable.art"
01-21 20:43:05.814 18303 18303 D VRI[MainActivity]: performTraversals relayoutWindow: maybeSyncSeqId=-1 ,mSyncSeqId=0 ,relayoutResult=1
01-21 20:43:05.817 18303 18372 I flutter : AAAAAaction11===has
01-21 20:43:05.817 18303 18372 I flutter : AAAAAaction==has
01-21 20:43:05.817 18303 18372 I flutter : AAAAAaction11===has
01-21 20:43:05.817 18303 18372 I flutter : AAAAAaction==has
01-21 20:43:05.817 18303 18372 I flutter : Appbridgenew: emitEvent called - event: core.ready, isNovelReaderActive: false
01-21 20:43:05.818   369   369 I servicemanager: Could not find android.hardware.graphics.allocator.IAllocator/default in the VINTF manifest.
01-21 20:43:05.819   705 26293 I mali_gralloc: allocate: id=2c100001c5c, hal_format=RGBA8888, mali_format=RGBA8888, afbc=SPLIT, usage=GPU_RW|HWC|BACKBUF, size=720x1612(4727808), stride=720, name=SurfaceView[com.example.appbridgenew_example/com.example.appbridgenew_example.MainActivity]#1(BLAST Consumer)1
01-21 20:43:05.820 18303 18373 I mali_gralloc: register: id=0x2c100001c5c, importpid=-1
01-21 20:43:05.842 18350 18467 D nativeloader: Load /data/app/~~fEAgrzFkNNLDR5odJiU6GA==/com.google.android.youtube-uPLOfeiox4w98rQjD1f9iA==/split_config.arm64_v8a.apk!/lib/arm64-v8a/libmemorymappedbufferjni.so using class loader ns clns-5 (caller=/data/app/~~fEAgrzFkNNLDR5odJiU6GA==/com.google.android.youtube-uPLOfeiox4w98rQjD1f9iA==/base.apk!classes5.dex): ok
01-21 20:43:05.861  1146  1300 I BaseFilesVerify: Base File verify start
01-21 20:43:05.861  1146  1300 W BaseFilesVerify: the file protect is not available, open the cloud switch
01-21 20:43:05.879   759  2381 I mali_gralloc: register: id=0x2c100001c5c, importpid=18303
01-21 20:43:05.879 18303 18303 E SurfaceSyncer: Failed to find sync for id=0
01-21 20:43:05.880 18303 18372 I flutter : main.dart: build method - MaterialApp themeMode: ThemeMode.system
01-21 20:43:05.881   705 26293 I mali_gralloc: allocate: id=2c100001c5d, hal_format=RGBA8888, mali_format=RGBA8888, afbc=SPLIT, usage=GPU_RW|HWC|BACKBUF, size=720x1612(4727808), stride=720, name=SurfaceView[com.example.appbridgenew_example/com.example.appbridgenew_example.MainActivity]#1(BLAST Consumer)1
01-21 20:43:05.881 18303 18373 I mali_gralloc: register: id=0x2c100001c5d, importpid=-1
01-21 20:43:05.883   759  2381 I mali_gralloc: register: id=0x2c100001c5d, importpid=18303
01-21 20:43:05.883   705 26293 I mali_gralloc: allocate: id=2c100001c5e, hal_format=RGBA8888, mali_format=RGBA8888, afbc=SPLIT, usage=GPU_RW|HWC|BACKBUF, size=720x1612(4727808), stride=720, name=VRI[MainActivity]#0(BLAST Consumer)0
01-21 20:43:05.884 18303 18347 I mali_gralloc: register: id=0x2c100001c5e, importpid=-1
01-21 20:43:05.891   759  2381 I mali_gralloc: register: id=0x2c100001c5e, importpid=18303
01-21 20:43:05.893 18303 18372 I flutter : AppBridge.js loaded from assets.
01-21 20:43:05.893   705 26293 I mali_gralloc: allocate: id=2c100001c5f, hal_format=RGBA8888, mali_format=RGBA8888, afbc=SPLIT, usage=GPU_RW|HWC|BACKBUF, size=720x1612(4727808), stride=720, name=SurfaceView[com.example.appbridgenew_example/com.example.appbridgenew_example.MainActivity]#1(BLAST Consumer)1
01-21 20:43:05.894 18303 18373 I mali_gralloc: register: id=0x2c100001c5f, importpid=-1
01-21 20:43:05.894 18303 18347 W Parcel  : Expecting binder but got null!
01-21 20:43:05.895   759  2381 I mali_gralloc: register: id=0x2c100001c5f, importpid=18303
01-21 20:43:05.896  1146  3626 D WindowManager: finishDrawing: syncSeqId=0, postDrawTransaction=android.view.SurfaceControl$Transaction@402490d, mSyncState=0, mDrawState=1, hasSyncHandlers=false, mClientWasDrawingForSync=false, win=Window{15592b u0 com.example.appbridgenew_example/com.example.appbridgenew_example.MainActivity}-[Surface(name=*Title#6116)/@0x42295f7]
01-21 20:43:05.898   705 26293 I mali_gralloc: allocate: id=2c100001c60, hal_format=RGBA8888, mali_format=RGBA8888, afbc=SPLIT, usage=GPU_RW|HWC|BACKBUF, size=720x1612(4727808), stride=720, name=SurfaceView[com.example.appbridgenew_example/com.example.appbridgenew_example.MainActivity]#1(BLAST Consumer)1
01-21 20:43:05.899 18303 18373 I mali_gralloc: register: id=0x2c100001c60, importpid=-1
01-21 20:43:05.901   759  2381 I mali_gralloc: register: id=0x2c100001c60, importpid=18303
01-21 20:43:05.905  3168  6471 I SmartPanel_SmartPanelService: onWindowsDrawn pkgName: com.example.appbridgenew_example, className: com.example.appbridgenew_example.MainActivity launchState=1 windowsDrawnDelayMs =767
01-21 20:43:05.905  1146  1171 I ActivityTaskManager: Displayed com.example.appbridgenew_example/.MainActivity: +767ms
01-21 20:43:05.905  1146  1171 I ActivityTaskManager: Fully drawn com.example.appbridgenew_example/.MainActivity: +767ms
01-21 20:43:05.905  3168  6471 D SmartEventManager: dispatchEvent event: SmartEvent(action=on_windows_drawn, topClassName=com.example.appbridgenew_example.MainActivity, topPackageName=com.example.appbridgenew_example, extras=null)
01-21 20:43:05.909  3168  6471 W TranVersion: THUBCore No support Call!!! method version = 33141, >>> ThubCore vserion = 33121
01-21 20:43:05.909  3168  6471 W TranVersion:  mthod version must <= ThubCore version.
01-21 20:43:05.909  3168  6471 W TranVersion:  ---java.lang.Throwable
01-21 20:43:05.909  3168  6471 W TranVersion: #com.transsion.hubsdk.common.version.TranVersion.isIntegratedThubCore[77]
01-21 20:43:05.909  3168  6471 W TranVersion: #com.transsion.hubsdk.api.app.TranActivityManager.getService[0]
01-21 20:43:05.909  3168  6471 W TranVersion: #com.transsion.hubsdk.api.app.TranActivityManager.getRealActivity[4]
01-21 20:43:05.909  3168  6471 W TranVersion: #n9.e.getRealActivity[2]
01-21 20:43:05.909  3168  6471 I TranActivityManager: TranAospActivityManager
01-21 20:43:05.909  3168  6471 I THubApi : isTheMainScreen classname: com.example.appbridgenew_example.MainActivity  pkg:com.example.appbridgenew_example
01-21 20:43:05.910  3168  6471 W TranVersion: THUBCore No support Call!!! method version = 33141, >>> ThubCore vserion = 33121
01-21 20:43:05.910  3168  6471 W TranVersion:  mthod version must <= ThubCore version.
01-21 20:43:05.910  3168  6471 W TranVersion:  ---java.lang.Throwable
01-21 20:43:05.910  3168  6471 W TranVersion: #com.transsion.hubsdk.common.version.TranVersion.isIntegratedThubCore[77]
01-21 20:43:05.910  3168  6471 W TranVersion: #com.transsion.hubsdk.api.app.TranActivityTaskManager.getService[0]
01-21 20:43:05.910  3168  6471 W TranVersion: #com.transsion.hubsdk.api.app.TranActivityTaskManager.isTheMainScreen[2]
01-21 20:43:05.910  3168  6471 W TranVersion: #n9.e.C[35]
01-21 20:43:05.910  3168  6471 I TranActivityTaskManager: TranAospActivityTaskManager
01-21 20:43:05.913  1146  2048 W libc    : Access denied finding property "persist.vendor.dbg.disable.art"
01-21 20:43:05.914   706   769 D SPRDHWComposer: HWCDisplay::get_display_attribute <520>: config = 1
01-21 20:43:05.914   706   769 D SPRDHWComposer: SprdDrm:: getActiveConfig: 0
01-21 20:43:05.914   706   769 D SPRDHWComposer: HWCDisplay::get_display_attribute <520>: config = 0
01-21 20:43:05.914   759   759 I Layer   : fillInputInfo layer:com.example.appbridgenew_example/com.example.appbridgenew_example.MainActivity#6116, visible=1 (hasInputInfo:1, isHidden:0, alpha:1.000000, mActiveBuffer:2), parent:15592b com.example.appbridgenew_example/com.example.appbridgenew_example.MainActivity#6115, parenthidden:0
01-21 20:43:05.914   759   759 I Layer   : fillInputInfo layer:SurfaceView[com.example.appbridgenew_example/com.example.appbridgenew_example.MainActivity](BLAST)#6121, visible=1 (hasInputInfo:1, isHidden:0, alpha:1.000000, mActiveBuffer:2), parent:SurfaceView[com.example.appbridgenew_example/com.example.appbridgenew_example.MainActivity]#6120, parenthidden:0
01-21 20:43:05.915  3168  6471 D Game_Utils: getTopPkgNew = com.example.appbridgenew_example.MainActivity, com.example.appbridgenew_example
01-21 20:43:05.916   706   769 I mali_gralloc: register: id=0x2c100001c5d, importpid=759
01-21 20:43:05.916   706   769 I mali_gralloc: register: id=0x2c100001c5e, importpid=759
01-21 20:43:05.916   706   769 D SPRDHWComposer: SprdDrm:: getActiveConfig: 0
01-21 20:43:05.916   706   769 D SPRDHWComposer: HWCDisplay::get_display_attribute <520>: config = 1
01-21 20:43:05.916   706   769 I SPRDHWComposer: SprdDrm:: setActiveConfig: 1, DisplayType:0
01-21 20:43:05.916   706   769 I SPRDHWComposer: Create blob_id: 93
01-21 20:43:05.916 18303 18303 I WebViewFactory: Loading com.google.android.webview version 143.0.7499.192 (code 749919233)
01-21 20:43:05.919  1516  1619 D VRI[appbridgenew_example]: performTraversals relayoutWindow: maybeSyncSeqId=-1 ,mSyncSeqId=0 ,relayoutResult=0
01-21 20:43:05.922  1146  1175 W TranSprdPowerHintComponentImpl: start BoostAnim
01-21 20:43:05.922 18303 18303 W idgenew_example: Failed to find entry 'classes.dex': Entry not found
01-21 20:43:05.923  3168  6471 W TranVersion: THUBCore No support Call!!! method version = 33141, >>> ThubCore vserion = 33121
01-21 20:43:05.923  3168  6471 W TranVersion:  mthod version must <= ThubCore version.
01-21 20:43:05.923  3168  6471 W TranVersion:  ---java.lang.Throwable
01-21 20:43:05.923  3168  6471 W TranVersion: #com.transsion.hubsdk.common.version.TranVersion.isIntegratedThubCore[77]
01-21 20:43:05.923  3168  6471 W TranVersion: #com.transsion.hubsdk.api.app.TranActivityManager.getService[0]
01-21 20:43:05.923  3168  6471 W TranVersion: #com.transsion.hubsdk.api.app.TranActivityManager.getRealActivity[4]
01-21 20:43:05.923  3168  6471 W TranVersion: #n9.e.getRealActivity[2]
01-21 20:43:05.923  3168  6471 I TranActivityManager: TranAospActivityManager
01-21 20:43:05.923 18303 18303 D nativeloader: Configuring clns-5 for other apk /data/app/~~9LAlCe4BUOo9QdyQj3xQ9g==/com.google.android.trichromelibrary_749919233-W9vKzTDAmckbFe5JupKodw==/base.apk. target_sdk_version=36, uses_libraries=ALL, library_path=/data/app/~~M9cDORaLtQclmHYoGgRUwA==/com.google.android.webview-KBWTQG5uCuNIX6QB3CRa0Q==/lib/arm64:/data/app/~~M9cDORaLtQclmHYoGgRUwA==/com.google.android.webview-KBWTQG5uCuNIX6QB3CRa0Q==/base.apk!/lib/arm64-v8a:/data/app/~~9LAlCe4BUOo9QdyQj3xQ9g==/com.google.android.trichromelibrary_749919233-W9vKzTDAmckbFe5JupKodw==/base.apk!/lib/arm64-v8a, permitted_path=/data:/mnt/expand
01-21 20:43:05.923  3168  6471 W TranVersion: THUBCore No support Call!!! method version = 33141, >>> ThubCore vserion = 33121
01-21 20:43:05.923  3168  6471 W TranVersion:  mthod version must <= ThubCore version.
01-21 20:43:05.923  3168  6471 W TranVersion:  ---java.lang.Throwable
01-21 20:43:05.923  3168  6471 W TranVersion: #com.transsion.hubsdk.common.version.TranVersion.isIntegratedThubCore[77]
01-21 20:43:05.923  3168  6471 W TranVersion: #com.transsion.hubsdk.api.app.TranActivityManager.getService[0]
01-21 20:43:05.923  3168  6471 W TranVersion: #com.transsion.hubsdk.api.app.TranActivityManager.isVisible[4]
01-21 20:43:05.923  3168  6471 W TranVersion: #n9.e.M[2]
01-21 20:43:05.923  3168  6471 I TranActivityManager: TranAospActivityManager
01-21 20:43:05.926 18303 18303 D nativeloader: Configuring clns-6 for other apk /data/app/~~M9cDORaLtQclmHYoGgRUwA==/com.google.android.webview-KBWTQG5uCuNIX6QB3CRa0Q==/base.apk. target_sdk_version=36, uses_libraries=, library_path=/data/app/~~M9cDORaLtQclmHYoGgRUwA==/com.google.android.webview-KBWTQG5uCuNIX6QB3CRa0Q==/lib/arm64:/data/app/~~M9cDORaLtQclmHYoGgRUwA==/com.google.android.webview-KBWTQG5uCuNIX6QB3CRa0Q==/base.apk!/lib/arm64-v8a:/data/app/~~9LAlCe4BUOo9QdyQj3xQ9g==/com.google.android.trichromelibrary_749919233-W9vKzTDAmckbFe5JupKodw==/base.apk!/lib/arm64-v8a, permitted_path=/data:/mnt/expand
01-21 20:43:05.926   759   790 I mali_gralloc: register: id=0x2c100001c5b, importpid=1516
01-21 20:43:05.928   759   865 W VSyncPredictor: VSyncPredictor::setPeriod current period =11111111
01-21 20:43:05.935   759  2381 I mali_gralloc: register: id=0x2c100001c5a, importpid=1516
01-21 20:43:05.935  3168  6471 W TranVersion: THUBCore No support Call!!! method version = 33141, >>> ThubCore vserion = 33121
01-21 20:43:05.935  3168  6471 W TranVersion:  mthod version must <= ThubCore version.
01-21 20:43:05.935  3168  6471 W TranVersion:  ---java.lang.Throwable
01-21 20:43:05.935  3168  6471 W TranVersion: #com.transsion.hubsdk.common.version.TranVersion.isIntegratedThubCore[77]
01-21 20:43:05.935  3168  6471 W TranVersion: #com.transsion.hubsdk.api.app.TranActivityManager.getService[0]
01-21 20:43:05.935  3168  6471 W TranVersion: #com.transsion.hubsdk.api.app.TranActivityManager.getRealActivity[4]
01-21 20:43:05.935  3168  6471 W TranVersion: #n9.e.getRealActivity[2]
01-21 20:43:05.935  3168  6471 I TranActivityManager: TranAospActivityManager
01-21 20:43:05.936  3168  6471 I THubApi : isTheMainScreen classname: com.example.appbridgenew_example.MainActivity  pkg:com.example.appbridgenew_example
01-21 20:43:05.936  3168  6471 W TranVersion: THUBCore No support Call!!! method version = 33141, >>> ThubCore vserion = 33121
01-21 20:43:05.936  3168  6471 W TranVersion:  mthod version must <= ThubCore version.
01-21 20:43:05.936  3168  6471 W TranVersion:  ---java.lang.Throwable
01-21 20:43:05.936  3168  6471 W TranVersion: #com.transsion.hubsdk.common.version.TranVersion.isIntegratedThubCore[77]
01-21 20:43:05.936  3168  6471 W TranVersion: #com.transsion.hubsdk.api.app.TranActivityTaskManager.getService[0]
01-21 20:43:05.936  3168  6471 W TranVersion: #com.transsion.hubsdk.api.app.TranActivityTaskManager.isTheMainScreen[2]
01-21 20:43:05.936  3168  6471 W TranVersion: #n9.e.C[35]
01-21 20:43:05.936  3168  6471 I TranActivityTaskManager: TranAospActivityTaskManager
01-21 20:43:05.941   706   769 I mali_gralloc: register: id=0x2c100001c5f, importpid=759
01-21 20:43:05.942   706   769 I mali_gralloc: register: id=0x2c100001c5b, importpid=759
01-21 20:43:05.944  3168  6471 D Game_Utils: getTopPkgNew = com.example.appbridgenew_example.MainActivity, com.example.appbridgenew_example
01-21 20:43:05.944  1146  1174 I DisplayDeviceRepository: Display device changed: DisplayDeviceInfo{"内置屏幕": uniqueId="local:0", 720 x 1612, modeId 2, defaultModeId 1, supportedModes [{id=1, width=720, height=1612, fps=60.0, alternativeRefreshRates=[90.0]}, {id=2, width=720, height=1612, fps=90.0, alternativeRefreshRates=[60.0]}], colorMode 0, supportedColorModes [0], hdrCapabilities HdrCapabilities{mSupportedHdrTypes=[], mMaxLuminance=500.0, mMaxAverageLuminance=500.0, mMinLuminance=0.0}, allmSupported false, gameContentTypeSupported false, density 320, 268.941 x 269.373 dpi, appVsyncOff 2000000, presDeadline 11111111, cutout DisplayCutout{insets=Rect(0, 80 - 0, 0) waterfall=Insets{left=0, top=0, right=0, bottom=0} boundingRect={Bounds=[Rect(0, 0 - 0, 0), Rect(312, 0 - 408, 80), Rect(0, 0 - 0, 0), Rect(0, 0 - 0, 0)]} cutoutPathParserInfo={CutoutPathParserInfo{displayWidth=720 displayHeight=1612 physicalDisplayWidth=720 physicalDisplayHeight=1612 density={2.0} cutoutSpec={M -24,0 L -24,40 L 24,40 L 24,0 Z @dp} rotation={0} scale={1.0} physicalPixelDisplaySizeRatio={1.0}}}}, touch INTERNAL, rotation 0, type INTERNAL, address {port=0}, deviceProductInfo null, state ON, frameRateOverride , brightnessMinimum 0.0, brightnessMaximum 1.0, brightnessDefault 0.096576735, FLAG_ALLOWED_TO_BE_DEFAULT_DISPLAY, FLAG_ROTATES_WITH_CONTENT, FLAG_SECURE, FLAG_SUPPORTS_PROTECTED_BUFFERS, installOrientation 0}
01-21 20:43:05.951 18303 18303 I cr_WVCFactoryProvider: version=143.0.7499.192 (749919233) minSdkVersion=29 multiprocess=true packageId=127 splits=<none>
01-21 20:43:05.953   706   769 I mali_gralloc: register: id=0x2c100001c60, importpid=759
01-21 20:43:05.953   706   769 I mali_gralloc: register: id=0x2c100001c5a, importpid=759
01-21 20:43:05.956 18303 18303 D nativeloader: Load /data/app/~~9LAlCe4BUOo9QdyQj3xQ9g==/com.google.android.trichromelibrary_749919233-W9vKzTDAmckbFe5JupKodw==/base.apk!/lib/arm64-v8a/libmonochrome_64.so using class loader ns clns-6 (caller=/data/app/~~M9cDORaLtQclmHYoGgRUwA==/com.google.android.webview-KBWTQG5uCuNIX6QB3CRa0Q==/base.apk): ok
01-21 20:43:05.957   759  2381 I mali_gralloc: register: id=0x2c100001c58, importpid=1516
01-21 20:43:05.959 18303 18303 D nativeloader: Load /system/lib64/libwebviewchromium_plat_support.so using class loader ns clns-6 (caller=/data/app/~~M9cDORaLtQclmHYoGgRUwA==/com.google.android.webview-KBWTQG5uCuNIX6QB3CRa0Q==/base.apk): ok
01-21 20:43:05.960  3168  6471 W TranVersion: THUBCore No support Call!!! method version = 33141, >>> ThubCore vserion = 33121
01-21 20:43:05.960  3168  6471 W TranVersion:  mthod version must <= ThubCore version.
01-21 20:43:05.960  3168  6471 W TranVersion:  ---java.lang.Throwable
01-21 20:43:05.960  3168  6471 W TranVersion: #com.transsion.hubsdk.common.version.TranVersion.isIntegratedThubCore[77]
01-21 20:43:05.960  3168  6471 W TranVersion: #com.transsion.hubsdk.api.app.TranActivityManager.getService[0]
01-21 20:43:05.960  3168  6471 W TranVersion: #com.transsion.hubsdk.api.app.TranActivityManager.getRealActivity[4]
01-21 20:43:05.960  3168  6471 W TranVersion: #n9.e.getRealActivity[2]
01-21 20:43:05.960  3168  6471 I TranActivityManager: TranAospActivityManager
01-21 20:43:05.960  3168  6471 W TranVersion: THUBCore No support Call!!! method version = 33141, >>> ThubCore vserion = 33121
01-21 20:43:05.960  3168  6471 W TranVersion:  mthod version must <= ThubCore version.
01-21 20:43:05.960  3168  6471 W TranVersion:  ---java.lang.Throwable
01-21 20:43:05.960  3168  6471 W TranVersion: #com.transsion.hubsdk.common.version.TranVersion.isIntegratedThubCore[77]
01-21 20:43:05.960  3168  6471 W TranVersion: #com.transsion.hubsdk.api.app.TranActivityManager.getService[0]
01-21 20:43:05.960  3168  6471 W TranVersion: #com.transsion.hubsdk.api.app.TranActivityManager.isVisible[4]
01-21 20:43:05.960  3168  6471 W TranVersion: #n9.e.M[2]
01-21 20:43:05.960  3168  6471 I TranActivityManager: TranAospActivityManager
01-21 20:43:05.961  3168  6471 D GameModeManager: handlerActivityStart isResume = true  pkgName = com.transsion.common.smartutils.util.s0$b@940a5a2.packageName
01-21 20:43:05.962  3168  3168 I SmartPanel_GameModeManager: checkAndHandleAPP cursor: count = 0
01-21 20:43:05.962  3168  3168 D BarrageWindowManager: closeFloatWindow
01-21 20:43:05.962  3168  3168 D BarrageWindow: close barrage
01-21 20:43:05.963  3168  6471 W TranVersion: THUBCore No support Call!!! method version = 33141, >>> ThubCore vserion = 33121
01-21 20:43:05.963  3168  6471 W TranVersion:  mthod version must <= ThubCore version.
01-21 20:43:05.963  3168  6471 W TranVersion:  ---java.lang.Throwable
01-21 20:43:05.963  3168  6471 W TranVersion: #com.transsion.hubsdk.common.version.TranVersion.isIntegratedThubCore[77]
01-21 20:43:05.963  3168  6471 W TranVersion: #com.transsion.hubsdk.api.app.TranActivityManager.getService[0]
01-21 20:43:05.963  3168  6471 W TranVersion: #com.transsion.hubsdk.api.app.TranActivityManager.getRealActivity[4]
01-21 20:43:05.963  3168  6471 W TranVersion: #n9.e.getRealActivity[2]
01-21 20:43:05.963  3168  6471 I TranActivityManager: TranAospActivityManager
01-21 20:43:05.963  3168  6471 I THubApi : isTheMainScreen classname: com.example.appbridgenew_example.MainActivity  pkg:com.example.appbridgenew_example
01-21 20:43:05.964   706   769 I mali_gralloc: register: id=0x2c100001c58, importpid=759
01-21 20:43:05.964 18303 18528 I chromium: [0121/204305.964434:INFO:android_webview/browser/variations/variations_seed_loader.cc:67] Failed to open file for reading.: No such file or directory (2)
01-21 20:43:05.965 18303 18528 I chromium: [0121/204305.965067:INFO:android_webview/browser/variations/variations_seed_loader.cc:67] Failed to open file for reading.: No such file or directory (2)
01-21 20:43:05.968  3168  6471 W TranVersion: THUBCore No support Call!!! method version = 33141, >>> ThubCore vserion = 33121
01-21 20:43:05.968  3168  6471 W TranVersion:  mthod version must <= ThubCore version.
01-21 20:43:05.968  3168  6471 W TranVersion:  ---java.lang.Throwable
01-21 20:43:05.968  3168  6471 W TranVersion: #com.transsion.hubsdk.common.version.TranVersion.isIntegratedThubCore[77]
01-21 20:43:05.968  3168  6471 W TranVersion: #com.transsion.hubsdk.api.app.TranActivityTaskManager.getService[0]
01-21 20:43:05.968  3168  6471 W TranVersion: #com.transsion.hubsdk.api.app.TranActivityTaskManager.isTheMainScreen[2]
01-21 20:43:05.968  3168  6471 W TranVersion: #n9.e.C[35]
01-21 20:43:05.968  3168  6471 I TranActivityTaskManager: TranAospActivityTaskManager
01-21 20:43:05.971 18303 18303 I cr_LibraryLoader: Successfully loaded native library
01-21 20:43:05.972 18303 18303 I cr_CachingUmaRecorder: Flushed 18 samples from 18 histograms, 0 samples were dropped.
01-21 20:43:05.973  1146  3413 D ActivityManager: sync unfroze 14905 com.google.android.webview:webview_service
01-21 20:43:05.976  3168  6471 D Game_Utils: getTopPkgNew = com.example.appbridgenew_example.MainActivity, com.example.appbridgenew_example
01-21 20:43:05.978  3168  6471 W TranVersion: THUBCore No support Call!!! method version = 33141, >>> ThubCore vserion = 33121
01-21 20:43:05.978  3168  6471 W TranVersion:  mthod version must <= ThubCore version.
01-21 20:43:05.978  3168  6471 W TranVersion:  ---java.lang.Throwable
01-21 20:43:05.978  3168  6471 W TranVersion: #com.transsion.hubsdk.common.version.TranVersion.isIntegratedThubCore[77]
01-21 20:43:05.978  3168  6471 W TranVersion: #com.transsion.hubsdk.api.app.TranActivityManager.getService[0]
01-21 20:43:05.978  3168  6471 W TranVersion: #com.transsion.hubsdk.api.app.TranActivityManager.getRealActivity[4]
01-21 20:43:05.978  3168  6471 W TranVersion: #n9.e.getRealActivity[2]
01-21 20:43:05.978  3168  6471 I TranActivityManager: TranAospActivityManager
01-21 20:43:05.978  3168  6471 W TranVersion: THUBCore No support Call!!! method version = 33141, >>> ThubCore vserion = 33121
01-21 20:43:05.978  3168  6471 W TranVersion:  mthod version must <= ThubCore version.
01-21 20:43:05.978  3168  6471 W TranVersion:  ---java.lang.Throwable
01-21 20:43:05.978  3168  6471 W TranVersion: #com.transsion.hubsdk.common.version.TranVersion.isIntegratedThubCore[77]
01-21 20:43:05.978  3168  6471 W TranVersion: #com.transsion.hubsdk.api.app.TranActivityManager.getService[0]
01-21 20:43:05.978  3168  6471 W TranVersion: #com.transsion.hubsdk.api.app.TranActivityManager.isVisible[4]
01-21 20:43:05.978  3168  6471 W TranVersion: #n9.e.M[2]
01-21 20:43:05.978  3168  6471 I TranActivityManager: TranAospActivityManager
01-21 20:43:05.979 18303 18303 I cr_CombinedPProvider: #registerProvider() provider:WV.jk@b670a9f isPolicyCacheEnabled:false policyProvidersSize:0
01-21 20:43:05.982  3168  6471 W TranVersion: THUBCore No support Call!!! method version = 33141, >>> ThubCore vserion = 33121
01-21 20:43:05.982  3168  6471 W TranVersion:  mthod version must <= ThubCore version.
01-21 20:43:05.982  3168  6471 W TranVersion:  ---java.lang.Throwable
01-21 20:43:05.982  3168  6471 W TranVersion: #com.transsion.hubsdk.common.version.TranVersion.isIntegratedThubCore[77]
01-21 20:43:05.982  3168  6471 W TranVersion: #com.transsion.hubsdk.api.app.TranActivityManager.getService[0]
01-21 20:43:05.982  3168  6471 W TranVersion: #com.transsion.hubsdk.api.app.TranActivityManager.getRealActivity[4]
01-21 20:43:05.982  3168  6471 W TranVersion: #n9.e.getRealActivity[2]
01-21 20:43:05.982  3168  6471 I TranActivityManager: TranAospActivityManager
01-21 20:43:05.982  3168  6471 W TranVersion: THUBCore No support Call!!! method version = 33141, >>> ThubCore vserion = 33121
01-21 20:43:05.982  3168  6471 W TranVersion:  mthod version must <= ThubCore version.
01-21 20:43:05.982  3168  6471 W TranVersion:  ---java.lang.Throwable
01-21 20:43:05.982  3168  6471 W TranVersion: #com.transsion.hubsdk.common.version.TranVersion.isIntegratedThubCore[77]
01-21 20:43:05.982  3168  6471 W TranVersion: #com.transsion.hubsdk.api.app.TranActivityManager.getService[0]
01-21 20:43:05.982  3168  6471 W TranVersion: #com.transsion.hubsdk.api.app.TranActivityManager.isVisible[4]
01-21 20:43:05.982  3168  6471 W TranVersion: #n9.e.M[2]
01-21 20:43:05.982  3168  6471 I TranActivityManager: TranAospActivityManager
01-21 20:43:05.983  3168  6471 D VideoAssistantManager: handlerVideoStart isResume = true  currentPackage =   pkgName = com.transsion.common.smartutils.util.s0$b@4a1233.packageName
01-21 20:43:05.983  3168  3168 I SmartPanel_SmartPanelPresenter1: hasLoadData true  data size = 12
01-21 20:43:05.983  3168  3168 D PanelController: checkCanShow canShow: true
01-21 20:43:05.984 18303 18303 I cr_PolicyProvider: #setManagerAndSource() 0
01-21 20:43:05.986  3168  3168 W TranVersion: THUBCore No support Call!!! method version = 33141, >>> ThubCore vserion = 33121
01-21 20:43:05.986  3168  3168 W TranVersion:  mthod version must <= ThubCore version.
01-21 20:43:05.986  3168  3168 W TranVersion:  ---java.lang.Throwable
01-21 20:43:05.986  3168  3168 W TranVersion: #com.transsion.hubsdk.common.version.TranVersion.isIntegratedThubCore[77]
01-21 20:43:05.986  3168  3168 W TranVersion: #com.transsion.hubsdk.api.app.TranActivityManager.getService[0]
01-21 20:43:05.986  3168  3168 W TranVersion: #com.transsion.hubsdk.api.app.TranActivityManager.getTopActivityType[2]
01-21 20:43:05.986  3168  3168 W TranVersion: #n9.e.getTopActivityType[2]
01-21 20:43:05.986  3168  3168 I TranActivityManager: TranAospActivityManager
01-21 20:43:05.986  3168  3168 W TranVersion: THUBCore No support Call!!! method version = 33141, >>> ThubCore vserion = 33121
01-21 20:43:05.986  3168  3168 W TranVersion:  mthod version must <= ThubCore version.
01-21 20:43:05.986  3168  3168 W TranVersion:  ---java.lang.Throwable
01-21 20:43:05.986  3168  3168 W TranVersion: #com.transsion.hubsdk.common.version.TranVersion.isIntegratedThubCore[77]
01-21 20:43:05.986  3168  3168 W TranVersion: #com.transsion.hubsdk.api.app.TranActivityManager.getService[0]
01-21 20:43:05.986  3168  3168 W TranVersion: #com.transsion.hubsdk.api.app.TranActivityManager.getTopActivityType[2]
01-21 20:43:05.986  3168  3168 W TranVersion: #n9.e.getTopActivityType[2]
01-21 20:43:05.986  3168  3168 I TranActivityManager: TranAospActivityManager
01-21 20:43:05.986  3168  3168 W TranVersion: THUBCore No support Call!!! method version = 33141, >>> ThubCore vserion = 33121
01-21 20:43:05.986  3168  3168 W TranVersion:  mthod version must <= ThubCore version.
01-21 20:43:05.986  3168  3168 W TranVersion:  ---java.lang.Throwable
01-21 20:43:05.986  3168  3168 W TranVersion: #com.transsion.hubsdk.common.version.TranVersion.isIntegratedThubCore[77]
01-21 20:43:05.986  3168  3168 W TranVersion: #com.transsion.hubsdk.api.provider.TranSettings.getService[0]
01-21 20:43:05.986  3168  3168 W TranVersion: #com.transsion.hubsdk.api.provider.TranSettings.getSecureIntForUser[1]
01-21 20:43:05.986  3168  3168 W TranVersion: #n9.e.q[0]
01-21 20:43:05.986  3168  3168 I TranSettings: TranAospSettings
01-21 20:43:05.986  3168  3168 I SmartPanel_VideoDataRepository: checkVideoApp curosr: count = 0
01-21 20:43:05.993 18303 18303 I cr_DisplayManager: Is Display Topology available: false
01-21 20:43:05.994  1146  3626 D ActivityManager: PROFILE_FROM_SHELL is disabled for ProcessRecord{23049ca 0:com.google.android.webview:sandboxed_process0:org.chromium.content.app.SandboxedProcessService0:0/u0a318i55}
01-21 20:43:05.994  1146  3626 D CompatibilityChangeReporter: Compat change id reported: 135634846; UID 99055; state: DISABLED
01-21 20:43:05.994  1146  3626 D CompatibilityChangeReporter: Compat change id reported: 177438394; UID 99055; state: DISABLED
01-21 20:43:05.994  1146  3626 D CompatibilityChangeReporter: Compat change id reported: 135772972; UID 99055; state: DISABLED
01-21 20:43:05.994  1146  3626 D CompatibilityChangeReporter: Compat change id reported: 135754954; UID 99055; state: ENABLED
01-21 20:43:05.994  1146  1201 D ActivityManager: asking zygote to start proc:ProcessRecord{23049ca 0:com.google.android.webview:sandboxed_process0:org.chromium.content.app.SandboxedProcessService0:0/u0a318i55}
01-21 20:43:05.995  1146  1201 D CompatibilityChangeReporter: Compat change id reported: 143937733; UID 10318; state: ENABLED
01-21 20:43:06.008  7446  7446 W Finsky  : [2] STU: Failed to get storage stats for package 'com.google.mainline.primary.libs' (1601: Error getting stats: android.content.pm.PackageManager.NameNotFoundException)
01-21 20:43:06.011  1642  1642 D Zygote  : Forked child process 18535
01-21 20:43:06.013 18303 18303 I cr_CombinedPProvider: #linkNativeInternal() 1
01-21 20:43:06.013 18303 18303 D CompatibilityChangeReporter: Compat change id reported: 183155436; UID 10318; state: ENABLED
01-21 20:43:06.014 18303 18303 I cr_AppResProvider: #getApplicationRestrictionsFromUserManager() Bundle[EMPTY_PARCEL]
01-21 20:43:06.014 18303 18303 I cr_PolicyProvider: #notifySettingsAvailable() 0
01-21 20:43:06.014 18303 18303 I cr_CombinedPProvider: #onSettingsAvailable() 0
01-21 20:43:06.014 18303 18303 I cr_CombinedPProvider: #flushPolicies()
01-21 20:43:06.016 18535 18535 E libc    : SetHeapTaggingLevel: re-enabling tagging after it was disabled is not supported
01-21 20:43:06.021  1146  1201 I ActivityManager: Start proc 18535:com.google.android.webview:sandboxed_process0:org.chromium.content.app.SandboxedProcessService0:0/u0i55 for  {com.example.appbridgenew_example/org.chromium.content.app.SandboxedProcessService0:0}
01-21 20:43:06.021  2557  2557 D BoundBrokerSvc: onBind: Intent { act=com.google.android.gms.safetynet.service.START pkg=com.google.android.gms }
01-21 20:43:06.022  2557  2557 D BoundBrokerSvc: Loading bound service for intent: Intent { act=com.google.android.gms.safetynet.service.START pkg=com.google.android.gms }
01-21 20:43:06.025 18535 18535 I ocessService0:0: Using CollectorTypeCMC GC.
01-21 20:43:06.044 18535 18535 D nativeloader: Load libframework-connectivity-tiramisu-jni.so using APEX ns com_android_tethering for caller /apex/com.android.tethering/javalib/framework-connectivity-t.jar: ok
01-21 20:43:06.052  2557  2557 D BoundBrokerSvc: onBind: Intent { act=com.google.android.gms.safebrowsing.SafeBrowsingService.START dat=chimera-action:/... cmp=com.google.android.gms/.chimera.GmsBoundBrokerService }
01-21 20:43:06.052  2557  2557 D BoundBrokerSvc: Loading bound service for intent: Intent { act=com.google.android.gms.safebrowsing.SafeBrowsingService.START dat=chimera-action:/... cmp=com.google.android.gms/.chimera.GmsBoundBrokerService }
01-21 20:43:06.054 18303 18303 W chromium: [WARNING:android_webview/browser/network_service/net_helpers.cc:143] HTTP Cache size is: 20971520
01-21 20:43:06.067 18535 18562 E ocessService0:0: Could not write anonymous vdex /system_ext/framework/oat/arm64/unisoc-framework.vdex: Could not open /system_ext/framework/oat/arm64/unisoc-framework.vdex for writing
01-21 20:43:06.072  7446  7446 W Finsky  : [2] STU: Failed to get storage stats for package 'com.google.android.tzdata4' (1601: Error getting stats: android.content.pm.PackageManager.NameNotFoundException)
01-21 20:43:06.073  1146  3413 D os.ActivityManagerServiceLice: make process active com.google.android.webview:sandboxed_process0:org.chromium.content.app.SandboxedProcessService0:0(18535)
01-21 20:43:06.076 18535 18535 D CompatibilityChangeReporter: Compat change id reported: 171979766; UID 99055; state: ENABLED
01-21 20:43:06.080 18535 18535 D TranClassInfo: instance successfully. com.transsion.hubcore.graphics.TranGraphicImpl@cfd81a2 from com.transsion.hubcore.graphics.ITranGraphic
01-21 20:43:06.081 18535 18535 D os.SingleLiceFactory: using android.graphics.IGraphicLice$DefaultImpl@abbbe33 instead of com.transsion.typeface.TypefaceLiceFactory  from android.graphics.IGraphicLice
01-21 20:43:06.081 18535 18535 D os.LiceInfo: instance successfully. com.transsion.graphics.GraphicLice@455b5f0 from android.graphics.IGraphicLice
01-21 20:43:06.084 18303 18303 D CompatibilityChangeReporter: Compat change id reported: 214741472; UID 10318; state: ENABLED
01-21 20:43:06.094  7446  7446 W Finsky  : [2] STU: Failed to get storage stats for package 'com.google.android.permission' (1601: Error getting stats: android.content.pm.PackageManager.NameNotFoundException)
01-21 20:43:06.094 18535 18535 I LoadedApk: No resource references to update in package com.transsion.theme.icon
01-21 20:43:06.095 18535 18535 I LoadedApk: No resource references to update in package com.google.android.trichromelibrary
01-21 20:43:06.095 18303 18566 I CameraManagerGlobal: Connecting to camera service
01-21 20:43:06.095 18535 18535 D NetworkSecurityConfig: No Network Security Config specified, using platform default
01-21 20:43:06.095 18535 18535 D NetworkSecurityConfig: No Network Security Config specified, using platform default
01-21 20:43:06.097 18535 18535 I cr_WebViewApkApp: version=143.0.7499.192 (749919233) minSdkVersion=29 processName=com.google.android.webview:sandboxed_process0:org.chromium.content.app.SandboxedProcessService0:0 splits=<none>
01-21 20:43:06.101 18535 18535 I cr_ChildProcessService: Creating new ChildProcessService pid=18535
01-21 20:43:06.103 18303 18566 D TranClassInfo: instance successfully. com.transsion.hubcore.camadapter.Implement.TranCamAdapterComponentImpl@1f7ee5f from com.transsion.hubcore.camadapter.ITranCamAdapterComponent
01-21 20:43:06.103 18303 18566 D TranClassInfo: instance successfully. com.transsion.hubcore.hardware.camera2.TranCameraManagerImpl@daba0ac from com.transsion.hubcore.hardware.camera2.ITranCameraManager
01-21 20:43:06.103 18303 18566 D TranCamManagerExt: onStatusChangedLocked: id=0
01-21 20:43:06.103 18303 18566 D TranCamManagerExt: isTranInternalPackage: com.example.appbridgenew_example
01-21 20:43:06.103 18303 18566 D TranCamManagerExt: onStatusChangedLocked: id=1
01-21 20:43:06.103 18303 18566 D TranCamManagerExt: isTranInternalPackage: com.example.appbridgenew_example
01-21 20:43:06.103 18303 18566 D TranCamManagerExt: onStatusChangedLocked: id=17
01-21 20:43:06.103 18303 18566 D TranCamManagerExt: isTranInternalPackage: com.example.appbridgenew_example
01-21 20:43:06.103 18303 18566 D TranCamManagerExt: ignore id:17
01-21 20:43:06.103 18303 18566 V CameraManagerGlobal: ignore id:17
01-21 20:43:06.103 18303 18566 D TranCamManagerExt: onStatusChangedLocked: id=21
01-21 20:43:06.103 18303 18566 D TranCamManagerExt: isTranInternalPackage: com.example.appbridgenew_example
01-21 20:43:06.103 18303 18566 D TranCamManagerExt: ignore id:21
01-21 20:43:06.103 18303 18566 V CameraManagerGlobal: ignore id:21
01-21 20:43:06.103 18303 18566 D TranCamManagerExt: onStatusChangedLocked: id=23
01-21 20:43:06.103 18303 18566 D TranCamManagerExt: isTranInternalPackage: com.example.appbridgenew_example
01-21 20:43:06.103 18303 18566 D TranCamManagerExt: ignore id:23
01-21 20:43:06.103 18303 18566 V CameraManagerGlobal: ignore id:23
01-21 20:43:06.103 18303 18566 D TranCamManagerExt: onStatusChangedLocked: id=24
01-21 20:43:06.103 18303 18566 D TranCamManagerExt: isTranInternalPackage: com.example.appbridgenew_example
01-21 20:43:06.103 18303 18566 D TranCamManagerExt: ignore id:24
01-21 20:43:06.103 18303 18566 V CameraManagerGlobal: ignore id:24
01-21 20:43:06.103 18303 18566 D TranCamManagerExt: onStatusChangedLocked: id=27
01-21 20:43:06.103 18303 18566 D TranCamManagerExt: isTranInternalPackage: com.example.appbridgenew_example
01-21 20:43:06.103 18303 18566 D TranCamManagerExt: ignore id:27
01-21 20:43:06.103 18303 18566 V CameraManagerGlobal: ignore id:27
01-21 20:43:06.103 18303 18566 D TranCamManagerExt: onStatusChangedLocked: id=30
01-21 20:43:06.103 18303 18566 D TranCamManagerExt: isTranInternalPackage: com.example.appbridgenew_example
01-21 20:43:06.103 18303 18566 D TranCamManagerExt: ignore id:30
01-21 20:43:06.103 18303 18566 V CameraManagerGlobal: ignore id:30
01-21 20:43:06.103 18303 18566 D TranCamManagerExt: onStatusChangedLocked: id=31
01-21 20:43:06.103 18303 18566 D TranCamManagerExt: isTranInternalPackage: com.example.appbridgenew_example
01-21 20:43:06.103 18303 18566 D TranCamManagerExt: ignore id:31
01-21 20:43:06.103 18303 18566 V CameraManagerGlobal: ignore id:31
01-21 20:43:06.103 18303 18566 D TranCamManagerExt: onStatusChangedLocked: id=32
01-21 20:43:06.103 18303 18566 D TranCamManagerExt: isTranInternalPackage: com.example.appbridgenew_example
01-21 20:43:06.103 18303 18566 D TranCamManagerExt: ignore id:32
01-21 20:43:06.103 18303 18566 V CameraManagerGlobal: ignore id:32
01-21 20:43:06.103 18303 18566 D TranCamManagerExt: onStatusChangedLocked: id=33
01-21 20:43:06.103 18303 18566 D TranCamManagerExt: isTranInternalPackage: com.example.appbridgenew_example
01-21 20:43:06.103 18303 18566 D TranCamManagerExt: ignore id:33
01-21 20:43:06.103 18303 18566 V CameraManagerGlobal: ignore id:33
01-21 20:43:06.103 18303 18566 D TranCamManagerExt: onStatusChangedLocked: id=36
01-21 20:43:06.103 18303 18566 D TranCamManagerExt: isTranInternalPackage: com.example.appbridgenew_example
01-21 20:43:06.103 18303 18566 D TranCamManagerExt: ignore id:36
01-21 20:43:06.103 18303 18566 V CameraManagerGlobal: ignore id:36
01-21 20:43:06.103 18303 18566 D TranCamManagerExt: onStatusChangedLocked: id=37
01-21 20:43:06.103 18303 18566 D TranCamManagerExt: isTranInternalPackage: com.example.appbridgenew_example
01-21 20:43:06.103 18303 18566 D TranCamManagerExt: ignore id:37
01-21 20:43:06.103 18303 18566 V CameraManagerGlobal: ignore id:37
01-21 20:43:06.103 18303 18566 D TranCamManagerExt: onStatusChangedLocked: id=38
01-21 20:43:06.103 18303 18566 D TranCamManagerExt: isTranInternalPackage: com.example.appbridgenew_example
01-21 20:43:06.103 18303 18566 D TranCamManagerExt: ignore id:38
01-21 20:43:06.103 18303 18566 V CameraManagerGlobal: ignore id:38
01-21 20:43:06.103 18303 18566 D TranCamManagerExt: onStatusChangedLocked: id=39
01-21 20:43:06.104 18303 18566 D TranCamManagerExt: isTranInternalPackage: com.example.appbridgenew_example
01-21 20:43:06.104 18303 18566 D TranCamManagerExt: ignore id:39
01-21 20:43:06.104 18303 18566 V CameraManagerGlobal: ignore id:39
01-21 20:43:06.104 18303 18566 D TranCamManagerExt: onStatusChangedLocked: id=42
01-21 20:43:06.104 18303 18566 D TranCamManagerExt: isTranInternalPackage: com.example.appbridgenew_example
01-21 20:43:06.104 18303 18566 D TranCamManagerExt: ignore id:42
01-21 20:43:06.104 18303 18566 V CameraManagerGlobal: ignore id:42
01-21 20:43:06.104 18303 18566 D TranCamManagerExt: onStatusChangedLocked: id=46
01-21 20:43:06.104 18303 18566 D TranCamManagerExt: isTranInternalPackage: com.example.appbridgenew_example
01-21 20:43:06.104 18303 18566 D TranCamManagerExt: ignore id:46
01-21 20:43:06.104 18303 18566 V CameraManagerGlobal: ignore id:46
01-21 20:43:06.104 18303 18566 D TranCamManagerExt: onStatusChangedLocked: id=47
01-21 20:43:06.104 18303 18566 D TranCamManagerExt: isTranInternalPackage: com.example.appbridgenew_example
01-21 20:43:06.104 18303 18566 D TranCamManagerExt: ignore id:47
01-21 20:43:06.104 18303 18566 V CameraManagerGlobal: ignore id:47
01-21 20:43:06.104 18303 18566 D TranCamManagerExt: onStatusChangedLocked: id=48
01-21 20:43:06.104 18303 18566 D TranCamManagerExt: isTranInternalPackage: com.example.appbridgenew_example
01-21 20:43:06.104 18303 18566 D TranCamManagerExt: ignore id:48
01-21 20:43:06.104 18303 18566 V CameraManagerGlobal: ignore id:48
01-21 20:43:06.104 18303 18566 D TranCamManagerExt: onStatusChangedLocked: id=51
01-21 20:43:06.104 18303 18566 D TranCamManagerExt: isTranInternalPackage: com.example.appbridgenew_example
01-21 20:43:06.104 18303 18566 D TranCamManagerExt: ignore id:51
01-21 20:43:06.104 18303 18566 V CameraManagerGlobal: ignore id:51
01-21 20:43:06.104 18303 18566 D TranCamManagerExt: onStatusChangedLocked: id=54
01-21 20:43:06.104 18303 18566 D TranCamManagerExt: isTranInternalPackage: com.example.appbridgenew_example
01-21 20:43:06.104 18303 18566 D TranCamManagerExt: ignore id:54
01-21 20:43:06.104 18303 18566 V CameraManagerGlobal: ignore id:54
01-21 20:43:06.105 18303 18493 D TranCamManagerExt: filterCameraIDLocked: id=0
01-21 20:43:06.106 18303 18493 D TranCamManagerExt: filterCameraIDLocked: id=1
01-21 20:43:06.106 18303 18493 D TranCamManagerExt: filterCameraIDLocked: id=17
01-21 20:43:06.106 18303 18493 I CameraManagerGlobal: onTorchStatusChangedLocked id:17 ignore callback
01-21 20:43:06.106 18303 18493 D TranCamManagerExt: filterCameraIDLocked: id=21
01-21 20:43:06.106 18303 18493 I CameraManagerGlobal: onTorchStatusChangedLocked id:21 ignore callback
01-21 20:43:06.106 18303 18493 D TranCamManagerExt: filterCameraIDLocked: id=24
01-21 20:43:06.106 18303 18493 I CameraManagerGlobal: onTorchStatusChangedLocked id:24 ignore callback
01-21 20:43:06.106 18303 18493 D TranCamManagerExt: filterCameraIDLocked: id=27
01-21 20:43:06.106 18303 18493 I CameraManagerGlobal: onTorchStatusChangedLocked id:27 ignore callback
01-21 20:43:06.106 18303 18493 D TranCamManagerExt: filterCameraIDLocked: id=30
01-21 20:43:06.106 18303 18493 I CameraManagerGlobal: onTorchStatusChangedLocked id:30 ignore callback
01-21 20:43:06.106 18303 18493 D TranCamManagerExt: filterCameraIDLocked: id=31
01-21 20:43:06.106 18303 18493 I CameraManagerGlobal: onTorchStatusChangedLocked id:31 ignore callback
01-21 20:43:06.106 18303 18493 D TranCamManagerExt: filterCameraIDLocked: id=32
01-21 20:43:06.106 18303 18493 I CameraManagerGlobal: onTorchStatusChangedLocked id:32 ignore callback
01-21 20:43:06.106 18303 18493 D TranCamManagerExt: filterCameraIDLocked: id=33
01-21 20:43:06.106 18303 18493 I CameraManagerGlobal: onTorchStatusChangedLocked id:33 ignore callback
01-21 20:43:06.106 18303 18493 D TranCamManagerExt: filterCameraIDLocked: id=36
01-21 20:43:06.106 18303 18493 I CameraManagerGlobal: onTorchStatusChangedLocked id:36 ignore callback
01-21 20:43:06.106 18303 18493 D TranCamManagerExt: filterCameraIDLocked: id=37
01-21 20:43:06.106 18303 18493 I CameraManagerGlobal: onTorchStatusChangedLocked id:37 ignore callback
01-21 20:43:06.106 18303 18493 D TranCamManagerExt: filterCameraIDLocked: id=38
01-21 20:43:06.106 18303 18493 I CameraManagerGlobal: onTorchStatusChangedLocked id:38 ignore callback
