01-21 20:43:44.134   708 18763 I C2UnisocVp8Dec: drainOneOutputBuffer, pBufCtrl: 0xf27d1680, pBufCtrl->phyAddr: 0x2037c000, frameIndex: 368
01-21 20:43:44.134   708 18764 D C2UnisocVideoDecoderComponent: fetch one queue free block:0xf27d13e0,iRefCount:0
01-21 20:43:44.134   708 18763 V SimpleUnisocC2Component: processed frame #368
01-21 20:43:44.134   708 18763 V SimpleUnisocC2Component: returning this work, frameIndex: 368
01-21 20:43:44.135 18303 18762 I mali_gralloc: register: id=0x2c100001c7a, importpid=708
01-21 20:43:44.135 18303 18762 I mali_gralloc: unregister: id=0x2c100001c7a, base=0x0, importpid=18303
01-21 20:43:44.166   708 18763 V SimpleUnisocC2Component: start processing frame #369
01-21 20:43:44.167   708 18763 I VSP     : VP8DecSetCurRecPic,104,picid 369,header 0xf27d13e0
01-21 20:43:44.167   708 18763 I C2UnisocVp8Dec: setDecodeArgs, pBufCtrl: 0xf27c95e0, pBufCtrl->phyAddr: 0x202ce000, frameIndex: 369, timeStamp: 27809634000, inSize: 179, inOffset: 0
01-21 20:43:44.167   708 18764 V C2UnisocVp8Dec: fetchGraphicBlock, stride: 640, sliceHeight: 368, mDecoderSwFlag: 0
01-21 20:43:44.167   708 18764 I C2UnisocVp8Dec: resetOutBlock, fd: 25, iova: 0x203d3000, mDecoderSwFlag: 0
01-21 20:43:44.168   708 18763 V C2UnisocVp8Dec: VSP_bind_cb, phyAddr: 0x202ce000, pOutBlockInfo: 0xf27d13e0, pBufCtrl: 0xf27c95e0; iRefCount=0
01-21 20:43:44.168   708 18763 V C2UnisocVp8Dec: VSP_unbind_cb, phyAddr: 0x2037c000, pOutBlockInfo: 0xf27ccb20, pBufCtrl: 0xf27d1680; iRefCount=1
01-21 20:43:44.168   708 18763 I C2UnisocVp8Dec: process, decRet: 0, 1ms, dec_out.frameEffective: 1, has_pic: 1, picId: 369, consume byte: 179
01-21 20:43:44.169   708 18763 I C2UnisocVp8Dec: drainOneOutputBuffer, pBufCtrl: 0xf27c95e0, pBufCtrl->phyAddr: 0x202ce000, frameIndex: 369
01-21 20:43:44.169   708 18764 I C2UnisocVp8Dec: resetOutBlock, fd: 37, iova: 0x2037c000, mDecoderSwFlag: 0
01-21 20:43:44.169   708 18763 V SimpleUnisocC2Component: processed frame #369
01-21 20:43:44.169   708 18763 V SimpleUnisocC2Component: returning this work, frameIndex: 369
01-21 20:43:44.169   708 18764 D C2UnisocVideoDecoderComponent: fetch one queue free block:0xf27c4ed0,iRefCount:0
01-21 20:43:44.170 18303 18762 I mali_gralloc: register: id=0x2c100001c73, importpid=708
01-21 20:43:44.170 18303 18762 I mali_gralloc: unregister: id=0x2c100001c73, base=0x0, importpid=18303
01-21 20:43:44.171   698  6594 I audio_hw_primary: app type:0x   5, is_voip:0, device:2, pcm:-176945824, usecase:0x   2
01-21 20:43:44.201   708 18763 V SimpleUnisocC2Component: start processing frame #370
01-21 20:43:44.201   708 18763 I VSP     : VP8DecSetCurRecPic,104,picid 370,header 0xf27c4ed0
01-21 20:43:44.201   708 18763 I C2UnisocVp8Dec: setDecodeArgs, pBufCtrl: 0xf27d09f0, pBufCtrl->phyAddr: 0x2037c000, frameIndex: 370, timeStamp: 27809667000, inSize: 301, inOffset: 0
01-21 20:43:44.201   708 18764 V C2UnisocVp8Dec: fetchGraphicBlock, stride: 640, sliceHeight: 368, mDecoderSwFlag: 0
01-21 20:43:44.203   708 18763 V C2UnisocVp8Dec: VSP_bind_cb, phyAddr: 0x2037c000, pOutBlockInfo: 0xf27c4ed0, pBufCtrl: 0xf27d09f0; iRefCount=0
01-21 20:43:44.203   708 18763 V C2UnisocVp8Dec: VSP_unbind_cb, phyAddr: 0x202ce000, pOutBlockInfo: 0xf27d13e0, pBufCtrl: 0xf27c95e0; iRefCount=1
01-21 20:43:44.203   708 18763 I C2UnisocVp8Dec: process, decRet: 0, 1ms, dec_out.frameEffective: 1, has_pic: 1, picId: 370, consume byte: 301
01-21 20:43:44.203   708 18763 I C2UnisocVp8Dec: drainOneOutputBuffer, pBufCtrl: 0xf27d09f0, pBufCtrl->phyAddr: 0x2037c000, frameIndex: 370
01-21 20:43:44.203   708 18763 V SimpleUnisocC2Component: processed frame #370
01-21 20:43:44.204   708 18763 V SimpleUnisocC2Component: returning this work, frameIndex: 370
01-21 20:43:44.203   708 18764 D C2UnisocVideoDecoderComponent: fetch one queue free block:0xf27cd570,iRefCount:0
01-21 20:43:44.204   708 18764 I C2UnisocVp8Dec: resetOutBlock, fd: 43, iova: 0x202ce000, mDecoderSwFlag: 0
01-21 20:43:44.204 18303 18762 I mali_gralloc: register: id=0x2c100001c75, importpid=708
01-21 20:43:44.205 18303 18762 I mali_gralloc: unregister: id=0x2c100001c75, base=0x0, importpid=18303
01-21 20:43:44.215   698  6594 I audio_hw_primary: app type:0x   5, is_voip:0, device:2, pcm:-176945824, usecase:0x   2
01-21 20:43:44.230  1146  1439 D Griffin/ResourceTracker: Cat meminfo coast time: 9ms
01-21 20:43:44.234   708 18763 V SimpleUnisocC2Component: start processing frame #371
01-21 20:43:44.235   708 18763 I VSP     : VP8DecSetCurRecPic,104,picid 371,header 0xf27cd570
01-21 20:43:44.235   708 18763 I C2UnisocVp8Dec: setDecodeArgs, pBufCtrl: 0xf27d0ff0, pBufCtrl->phyAddr: 0x203d3000, frameIndex: 371, timeStamp: 27809701000, inSize: 300, inOffset: 0
01-21 20:43:44.235   708 18764 V C2UnisocVp8Dec: fetchGraphicBlock, stride: 640, sliceHeight: 368, mDecoderSwFlag: 0
01-21 20:43:44.237   708 18763 V C2UnisocVp8Dec: VSP_bind_cb, phyAddr: 0x203d3000, pOutBlockInfo: 0xf27cd570, pBufCtrl: 0xf27d0ff0; iRefCount=0
01-21 20:43:44.237   708 18763 V C2UnisocVp8Dec: VSP_unbind_cb, phyAddr: 0x2037c000, pOutBlockInfo: 0xf27c4ed0, pBufCtrl: 0xf27d09f0; iRefCount=1
01-21 20:43:44.237   708 18763 I C2UnisocVp8Dec: process, decRet: 0, 2ms, dec_out.frameEffective: 1, has_pic: 1, picId: 371, consume byte: 300
01-21 20:43:44.237   708 18763 I C2UnisocVp8Dec: drainOneOutputBuffer, pBufCtrl: 0xf27d0ff0, pBufCtrl->phyAddr: 0x203d3000, frameIndex: 371
01-21 20:43:44.237   708 18764 D C2UnisocVideoDecoderComponent: fetch one queue free block:0xf27ccb20,iRefCount:0
01-21 20:43:44.237   708 18764 I C2UnisocVp8Dec: resetOutBlock, fd: 46, iova: 0x2037c000, mDecoderSwFlag: 0
01-21 20:43:44.237   708 18763 V SimpleUnisocC2Component: processed frame #371
01-21 20:43:44.237   708 18763 V SimpleUnisocC2Component: returning this work, frameIndex: 371
01-21 20:43:44.238 18303 18762 I mali_gralloc: register: id=0x2c100001c7a, importpid=708
01-21 20:43:44.238 18303 18762 I mali_gralloc: unregister: id=0x2c100001c7a, base=0x0, importpid=18303
01-21 20:43:44.239   698  6594 I audio_hw_primary: app type:0x   5, is_voip:0, device:2, pcm:-176945824, usecase:0x   2
01-21 20:43:44.267   708 18763 V SimpleUnisocC2Component: start processing frame #372
01-21 20:43:44.268   708 18763 I VSP     : VP8DecSetCurRecPic,104,picid 372,header 0xf27ccb20
01-21 20:43:44.268   708 18763 I C2UnisocVp8Dec: setDecodeArgs, pBufCtrl: 0xf27d1680, pBufCtrl->phyAddr: 0x202ce000, frameIndex: 372, timeStamp: 27809734000, inSize: 5148, inOffset: 0
01-21 20:43:44.268   708 18764 V C2UnisocVp8Dec: fetchGraphicBlock, stride: 640, sliceHeight: 368, mDecoderSwFlag: 0
01-21 20:43:44.270   708 18763 V C2UnisocVp8Dec: VSP_bind_cb, phyAddr: 0x202ce000, pOutBlockInfo: 0xf27ccb20, pBufCtrl: 0xf27d1680; iRefCount=0
01-21 20:43:44.270   708 18763 V C2UnisocVp8Dec: VSP_unbind_cb, phyAddr: 0x203d3000, pOutBlockInfo: 0xf27cd570, pBufCtrl: 0xf27d0ff0; iRefCount=1
01-21 20:43:44.270   708 18763 I C2UnisocVp8Dec: process, decRet: 0, 2ms, dec_out.frameEffective: 1, has_pic: 1, picId: 372, consume byte: 5148
01-21 20:43:44.270   708 18763 I C2UnisocVp8Dec: drainOneOutputBuffer, pBufCtrl: 0xf27d1680, pBufCtrl->phyAddr: 0x202ce000, frameIndex: 372
01-21 20:43:44.270   708 18763 V SimpleUnisocC2Component: processed frame #372
01-21 20:43:44.270   708 18763 V SimpleUnisocC2Component: returning this work, frameIndex: 372
01-21 20:43:44.271   708 18764 D C2UnisocVideoDecoderComponent: fetch one queue free block:0xf27d13e0,iRefCount:0
01-21 20:43:44.271 18303 18762 I mali_gralloc: register: id=0x2c100001c73, importpid=708
01-21 20:43:44.272 18303 18762 I mali_gralloc: unregister: id=0x2c100001c73, base=0x0, importpid=18303
01-21 20:43:44.282   698  6594 I audio_hw_primary: app type:0x   5, is_voip:0, device:2, pcm:-176945824, usecase:0x   2
01-21 20:43:44.301   708 18763 V SimpleUnisocC2Component: start processing frame #373
01-21 20:43:44.301   708 18763 I VSP     : VP8DecSetCurRecPic,104,picid 373,header 0xf27d13e0
01-21 20:43:44.301   708 18763 I C2UnisocVp8Dec: setDecodeArgs, pBufCtrl: 0xf27c95e0, pBufCtrl->phyAddr: 0x2037c000, frameIndex: 373, timeStamp: 27809768000, inSize: 498, inOffset: 0
01-21 20:43:44.301   708 18764 V C2UnisocVp8Dec: fetchGraphicBlock, stride: 640, sliceHeight: 368, mDecoderSwFlag: 0
01-21 20:43:44.302   708 18764 I C2UnisocVp8Dec: resetOutBlock, fd: 25, iova: 0x203d3000, mDecoderSwFlag: 0
01-21 20:43:44.303   708 18763 V C2UnisocVp8Dec: VSP_bind_cb, phyAddr: 0x2037c000, pOutBlockInfo: 0xf27d13e0, pBufCtrl: 0xf27c95e0; iRefCount=0
01-21 20:43:44.303   708 18763 V C2UnisocVp8Dec: VSP_unbind_cb, phyAddr: 0x202ce000, pOutBlockInfo: 0xf27ccb20, pBufCtrl: 0xf27d1680; iRefCount=1
01-21 20:43:44.303   708 18763 I C2UnisocVp8Dec: process, decRet: 0, 1ms, dec_out.frameEffective: 1, has_pic: 1, picId: 373, consume byte: 498
01-21 20:43:44.303   708 18763 I C2UnisocVp8Dec: drainOneOutputBuffer, pBufCtrl: 0xf27c95e0, pBufCtrl->phyAddr: 0x2037c000, frameIndex: 373
01-21 20:43:44.303   708 18764 I C2UnisocVp8Dec: resetOutBlock, fd: 37, iova: 0x202ce000, mDecoderSwFlag: 0
01-21 20:43:44.303   708 18763 V SimpleUnisocC2Component: processed frame #373
01-21 20:43:44.304   708 18763 V SimpleUnisocC2Component: returning this work, frameIndex: 373
01-21 20:43:44.304   708 18764 D C2UnisocVideoDecoderComponent: fetch one queue free block:0xf27c4ed0,iRefCount:0
01-21 20:43:44.304 18303 18762 I mali_gralloc: register: id=0x2c100001c75, importpid=708
01-21 20:43:44.304 18303 18762 I mali_gralloc: unregister: id=0x2c100001c75, base=0x0, importpid=18303
01-21 20:43:44.326   698  6594 I audio_hw_primary: app type:0x   5, is_voip:0, device:2, pcm:-176945824, usecase:0x   2
01-21 20:43:44.335   708 18763 V SimpleUnisocC2Component: start processing frame #374
01-21 20:43:44.335   708 18763 I VSP     : VP8DecSetCurRecPic,104,picid 374,header 0xf27c4ed0
01-21 20:43:44.335   708 18763 I C2UnisocVp8Dec: setDecodeArgs, pBufCtrl: 0xf27d09f0, pBufCtrl->phyAddr: 0x202ce000, frameIndex: 374, timeStamp: 27809802000, inSize: 360, inOffset: 0
01-21 20:43:44.335   708 18764 V C2UnisocVp8Dec: fetchGraphicBlock, stride: 640, sliceHeight: 368, mDecoderSwFlag: 0
01-21 20:43:44.337   708 18763 V C2UnisocVp8Dec: VSP_bind_cb, phyAddr: 0x202ce000, pOutBlockInfo: 0xf27c4ed0, pBufCtrl: 0xf27d09f0; iRefCount=0
01-21 20:43:44.337   708 18763 V C2UnisocVp8Dec: VSP_unbind_cb, phyAddr: 0x2037c000, pOutBlockInfo: 0xf27d13e0, pBufCtrl: 0xf27c95e0; iRefCount=1
01-21 20:43:44.337   708 18763 I C2UnisocVp8Dec: process, decRet: 0, 2ms, dec_out.frameEffective: 1, has_pic: 1, picId: 374, consume byte: 360
01-21 20:43:44.337   708 18763 I C2UnisocVp8Dec: drainOneOutputBuffer, pBufCtrl: 0xf27d09f0, pBufCtrl->phyAddr: 0x202ce000, frameIndex: 374
01-21 20:43:44.338   708 18763 V SimpleUnisocC2Component: processed frame #374
01-21 20:43:44.338   708 18763 V SimpleUnisocC2Component: returning this work, frameIndex: 374
01-21 20:43:44.338   708 18764 D C2UnisocVideoDecoderComponent: fetch one queue free block:0xf27cd570,iRefCount:0
01-21 20:43:44.338   708 18764 I C2UnisocVp8Dec: resetOutBlock, fd: 43, iova: 0x2037c000, mDecoderSwFlag: 0
01-21 20:43:44.339 18303 18762 I mali_gralloc: register: id=0x2c100001c7a, importpid=708
01-21 20:43:44.339 18303 18762 I mali_gralloc: unregister: id=0x2c100001c7a, base=0x0, importpid=18303
01-21 20:43:44.368   708 18763 V SimpleUnisocC2Component: start processing frame #375
01-21 20:43:44.369   708 18763 I VSP     : VP8DecSetCurRecPic,104,picid 375,header 0xf27cd570
01-21 20:43:44.369   708 18763 I C2UnisocVp8Dec: setDecodeArgs, pBufCtrl: 0xf27d0ff0, pBufCtrl->phyAddr: 0x203d3000, frameIndex: 375, timeStamp: 27809835000, inSize: 358, inOffset: 0
01-21 20:43:44.369   708 18764 V C2UnisocVp8Dec: fetchGraphicBlock, stride: 640, sliceHeight: 368, mDecoderSwFlag: 0
01-21 20:43:44.369   698  6594 I audio_hw_primary: app type:0x   5, is_voip:0, device:2, pcm:-176945824, usecase:0x   2
01-21 20:43:44.370   708 18763 V C2UnisocVp8Dec: VSP_bind_cb, phyAddr: 0x203d3000, pOutBlockInfo: 0xf27cd570, pBufCtrl: 0xf27d0ff0; iRefCount=0
01-21 20:43:44.370   708 18763 V C2UnisocVp8Dec: VSP_unbind_cb, phyAddr: 0x202ce000, pOutBlockInfo: 0xf27c4ed0, pBufCtrl: 0xf27d09f0; iRefCount=1
01-21 20:43:44.370   708 18763 I C2UnisocVp8Dec: process, decRet: 0, 1ms, dec_out.frameEffective: 1, has_pic: 1, picId: 375, consume byte: 358
01-21 20:43:44.371   708 18763 I C2UnisocVp8Dec: drainOneOutputBuffer, pBufCtrl: 0xf27d0ff0, pBufCtrl->phyAddr: 0x203d3000, frameIndex: 375
01-21 20:43:44.371   708 18764 D C2UnisocVideoDecoderComponent: fetch one queue free block:0xf27ccb20,iRefCount:0
01-21 20:43:44.371   708 18764 I C2UnisocVp8Dec: resetOutBlock, fd: 46, iova: 0x202ce000, mDecoderSwFlag: 0
01-21 20:43:44.371   708 18763 V SimpleUnisocC2Component: processed frame #375
01-21 20:43:44.371   708 18763 V SimpleUnisocC2Component: returning this work, frameIndex: 375
01-21 20:43:44.372 18303 18762 I mali_gralloc: register: id=0x2c100001c73, importpid=708
01-21 20:43:44.372 18303 18762 I mali_gralloc: unregister: id=0x2c100001c73, base=0x0, importpid=18303
01-21 20:43:44.402   708 18763 V SimpleUnisocC2Component: start processing frame #376
01-21 20:43:44.402   708 18763 I VSP     : VP8DecSetCurRecPic,104,picid 376,header 0xf27ccb20
01-21 20:43:44.402   708 18763 I C2UnisocVp8Dec: setDecodeArgs, pBufCtrl: 0xf27d1680, pBufCtrl->phyAddr: 0x2037c000, frameIndex: 376, timeStamp: 27809869000, inSize: 356, inOffset: 0
01-21 20:43:44.402   708 18764 V C2UnisocVp8Dec: fetchGraphicBlock, stride: 640, sliceHeight: 368, mDecoderSwFlag: 0
01-21 20:43:44.404   708 18763 V C2UnisocVp8Dec: VSP_bind_cb, phyAddr: 0x2037c000, pOutBlockInfo: 0xf27ccb20, pBufCtrl: 0xf27d1680; iRefCount=0
01-21 20:43:44.404   708 18763 V C2UnisocVp8Dec: VSP_unbind_cb, phyAddr: 0x203d3000, pOutBlockInfo: 0xf27cd570, pBufCtrl: 0xf27d0ff0; iRefCount=1
01-21 20:43:44.405   708 18763 I C2UnisocVp8Dec: process, decRet: 0, 2ms, dec_out.frameEffective: 1, has_pic: 1, picId: 376, consume byte: 356
01-21 20:43:44.405   708 18763 I C2UnisocVp8Dec: drainOneOutputBuffer, pBufCtrl: 0xf27d1680, pBufCtrl->phyAddr: 0x2037c000, frameIndex: 376
01-21 20:43:44.405   708 18763 V SimpleUnisocC2Component: processed frame #376
01-21 20:43:44.405   708 18763 V SimpleUnisocC2Component: returning this work, frameIndex: 376
01-21 20:43:44.405   708 18764 D C2UnisocVideoDecoderComponent: fetch one queue free block:0xf27d13e0,iRefCount:0
01-21 20:43:44.406 18303 18762 I mali_gralloc: register: id=0x2c100001c75, importpid=708
01-21 20:43:44.407 18303 18762 I mali_gralloc: unregister: id=0x2c100001c75, base=0x0, importpid=18303
01-21 20:43:44.413   698  6594 I audio_hw_primary: app type:0x   5, is_voip:0, device:2, pcm:-176945824, usecase:0x   2
01-21 20:43:44.436   708 18763 V SimpleUnisocC2Component: start processing frame #377
01-21 20:43:44.436   708 18763 I VSP     : VP8DecSetCurRecPic,104,picid 377,header 0xf27d13e0
01-21 20:43:44.436   708 18763 I C2UnisocVp8Dec: setDecodeArgs, pBufCtrl: 0xf27c95e0, pBufCtrl->phyAddr: 0x202ce000, frameIndex: 377, timeStamp: 27809903000, inSize: 355, inOffset: 0
01-21 20:43:44.436   708 18764 V C2UnisocVp8Dec: fetchGraphicBlock, stride: 640, sliceHeight: 368, mDecoderSwFlag: 0
01-21 20:43:44.437   708 18764 I C2UnisocVp8Dec: resetOutBlock, fd: 25, iova: 0x203d3000, mDecoderSwFlag: 0
01-21 20:43:44.437   698  6594 I audio_hw_primary: app type:0x   5, is_voip:0, device:2, pcm:-176945824, usecase:0x   2
01-21 20:43:44.438   708 18763 V C2UnisocVp8Dec: VSP_bind_cb, phyAddr: 0x202ce000, pOutBlockInfo: 0xf27d13e0, pBufCtrl: 0xf27c95e0; iRefCount=0
01-21 20:43:44.438   708 18763 V C2UnisocVp8Dec: VSP_unbind_cb, phyAddr: 0x2037c000, pOutBlockInfo: 0xf27ccb20, pBufCtrl: 0xf27d1680; iRefCount=1
01-21 20:43:44.438   708 18763 I C2UnisocVp8Dec: process, decRet: 0, 1ms, dec_out.frameEffective: 1, has_pic: 1, picId: 377, consume byte: 355
01-21 20:43:44.438   708 18763 I C2UnisocVp8Dec: drainOneOutputBuffer, pBufCtrl: 0xf27c95e0, pBufCtrl->phyAddr: 0x202ce000, frameIndex: 377
01-21 20:43:44.438   708 18763 V SimpleUnisocC2Component: processed frame #377
01-21 20:43:44.438   708 18763 V SimpleUnisocC2Component: returning this work, frameIndex: 377
01-21 20:43:44.438   708 18764 I C2UnisocVp8Dec: resetOutBlock, fd: 37, iova: 0x2037c000, mDecoderSwFlag: 0
01-21 20:43:44.438   708 18764 D C2UnisocVideoDecoderComponent: fetch one queue free block:0xf27c4ed0,iRefCount:0
01-21 20:43:44.439 18303 18762 I mali_gralloc: register: id=0x2c100001c7a, importpid=708
01-21 20:43:44.439 18303 18762 I mali_gralloc: unregister: id=0x2c100001c7a, base=0x0, importpid=18303
01-21 20:43:44.470   708 18763 V SimpleUnisocC2Component: start processing frame #378
01-21 20:43:44.470   708 18763 I VSP     : VP8DecSetCurRecPic,104,picid 378,header 0xf27c4ed0
01-21 20:43:44.470   708 18763 I C2UnisocVp8Dec: setDecodeArgs, pBufCtrl: 0xf27d09f0, pBufCtrl->phyAddr: 0x2037c000, frameIndex: 378, timeStamp: 27809936000, inSize: 336, inOffset: 0
01-21 20:43:44.470   708 18764 V C2UnisocVp8Dec: fetchGraphicBlock, stride: 640, sliceHeight: 368, mDecoderSwFlag: 0
01-21 20:43:44.472   708 18763 V C2UnisocVp8Dec: VSP_bind_cb, phyAddr: 0x2037c000, pOutBlockInfo: 0xf27c4ed0, pBufCtrl: 0xf27d09f0; iRefCount=0
01-21 20:43:44.472   708 18763 V C2UnisocVp8Dec: VSP_unbind_cb, phyAddr: 0x202ce000, pOutBlockInfo: 0xf27d13e0, pBufCtrl: 0xf27c95e0; iRefCount=1
01-21 20:43:44.472   708 18763 I C2UnisocVp8Dec: process, decRet: 0, 1ms, dec_out.frameEffective: 1, has_pic: 1, picId: 378, consume byte: 336
01-21 20:43:44.472   708 18763 I C2UnisocVp8Dec: drainOneOutputBuffer, pBufCtrl: 0xf27d09f0, pBufCtrl->phyAddr: 0x2037c000, frameIndex: 378
01-21 20:43:44.472   708 18764 D C2UnisocVideoDecoderComponent: fetch one queue free block:0xf27cd570,iRefCount:0
01-21 20:43:44.472   708 18764 I C2UnisocVp8Dec: resetOutBlock, fd: 43, iova: 0x202ce000, mDecoderSwFlag: 0
01-21 20:43:44.472   708 18763 V SimpleUnisocC2Component: processed frame #378
01-21 20:43:44.472   708 18763 V SimpleUnisocC2Component: returning this work, frameIndex: 378
01-21 20:43:44.473 18303 18762 I mali_gralloc: register: id=0x2c100001c73, importpid=708
01-21 20:43:44.473 18303 18762 I mali_gralloc: unregister: id=0x2c100001c73, base=0x0, importpid=18303
01-21 20:43:44.480   698  6594 I audio_hw_primary: app type:0x   5, is_voip:0, device:2, pcm:-176945824, usecase:0x   2
01-21 20:43:44.502   708 18763 V SimpleUnisocC2Component: start processing frame #379
01-21 20:43:44.503   708 18763 I VSP     : VP8DecSetCurRecPic,104,picid 379,header 0xf27cd570
01-21 20:43:44.503   708 18763 I C2UnisocVp8Dec: setDecodeArgs, pBufCtrl: 0xf27d0ff0, pBufCtrl->phyAddr: 0x203d3000, frameIndex: 379, timeStamp: 27809969000, inSize: 343, inOffset: 0
01-21 20:43:44.503   708 18764 V C2UnisocVp8Dec: fetchGraphicBlock, stride: 640, sliceHeight: 368, mDecoderSwFlag: 0
01-21 20:43:44.505   708 18763 V C2UnisocVp8Dec: VSP_bind_cb, phyAddr: 0x203d3000, pOutBlockInfo: 0xf27cd570, pBufCtrl: 0xf27d0ff0; iRefCount=0
01-21 20:43:44.505   708 18763 V C2UnisocVp8Dec: VSP_unbind_cb, phyAddr: 0x2037c000, pOutBlockInfo: 0xf27c4ed0, pBufCtrl: 0xf27d09f0; iRefCount=1
01-21 20:43:44.505   708 18763 I C2UnisocVp8Dec: process, decRet: 0, 2ms, dec_out.frameEffective: 1, has_pic: 1, picId: 379, consume byte: 343
01-21 20:43:44.505   708 18763 I C2UnisocVp8Dec: drainOneOutputBuffer, pBufCtrl: 0xf27d0ff0, pBufCtrl->phyAddr: 0x203d3000, frameIndex: 379
01-21 20:43:44.505   708 18764 D C2UnisocVideoDecoderComponent: fetch one queue free block:0xf27ccb20,iRefCount:0
01-21 20:43:44.505   708 18764 I C2UnisocVp8Dec: resetOutBlock, fd: 46, iova: 0x2037c000, mDecoderSwFlag: 0
01-21 20:43:44.505   708 18763 V SimpleUnisocC2Component: processed frame #379
01-21 20:43:44.505   708 18763 V SimpleUnisocC2Component: returning this work, frameIndex: 379
01-21 20:43:44.506 18303 18762 I mali_gralloc: register: id=0x2c100001c75, importpid=708
01-21 20:43:44.507 18303 18762 I mali_gralloc: unregister: id=0x2c100001c75, base=0x0, importpid=18303
01-21 20:43:44.525   698  6594 I audio_hw_primary: app type:0x   5, is_voip:0, device:2, pcm:-176945824, usecase:0x   2
01-21 20:43:44.535   708 18763 V SimpleUnisocC2Component: start processing frame #380
01-21 20:43:44.535   708 18763 I VSP     : VP8DecSetCurRecPic,104,picid 380,header 0xf27ccb20
01-21 20:43:44.535   708 18763 I C2UnisocVp8Dec: setDecodeArgs, pBufCtrl: 0xf27d1680, pBufCtrl->phyAddr: 0x202ce000, frameIndex: 380, timeStamp: 27810003000, inSize: 336, inOffset: 0
01-21 20:43:44.535   708 18764 V C2UnisocVp8Dec: fetchGraphicBlock, stride: 640, sliceHeight: 368, mDecoderSwFlag: 0
01-21 20:43:44.537   708 18763 V C2UnisocVp8Dec: VSP_bind_cb, phyAddr: 0x202ce000, pOutBlockInfo: 0xf27ccb20, pBufCtrl: 0xf27d1680; iRefCount=0
01-21 20:43:44.537   708 18763 V C2UnisocVp8Dec: VSP_unbind_cb, phyAddr: 0x203d3000, pOutBlockInfo: 0xf27cd570, pBufCtrl: 0xf27d0ff0; iRefCount=1
01-21 20:43:44.537   708 18763 I C2UnisocVp8Dec: process, decRet: 0, 2ms, dec_out.frameEffective: 1, has_pic: 1, picId: 380, consume byte: 336
01-21 20:43:44.537   708 18763 I C2UnisocVp8Dec: drainOneOutputBuffer, pBufCtrl: 0xf27d1680, pBufCtrl->phyAddr: 0x202ce000, frameIndex: 380
01-21 20:43:44.538   708 18763 V SimpleUnisocC2Component: processed frame #380
01-21 20:43:44.538   708 18763 V SimpleUnisocC2Component: returning this work, frameIndex: 380
01-21 20:43:44.538   708 18764 D C2UnisocVideoDecoderComponent: fetch one queue free block:0xf27d13e0,iRefCount:0
01-21 20:43:44.538 18303 18762 I mali_gralloc: register: id=0x2c100001c7a, importpid=708
01-21 20:43:44.539 18303 18762 I mali_gralloc: unregister: id=0x2c100001c7a, base=0x0, importpid=18303
01-21 20:43:44.568   698  6594 I audio_hw_primary: app type:0x   5, is_voip:0, device:2, pcm:-176945824, usecase:0x   2
01-21 20:43:44.569   708 18763 V SimpleUnisocC2Component: start processing frame #381
01-21 20:43:44.569   708 18763 I VSP     : VP8DecSetCurRecPic,104,picid 381,header 0xf27d13e0
01-21 20:43:44.569   708 18764 V C2UnisocVp8Dec: fetchGraphicBlock, stride: 640, sliceHeight: 368, mDecoderSwFlag: 0
01-21 20:43:44.569   708 18763 I C2UnisocVp8Dec: setDecodeArgs, pBufCtrl: 0xf27c95e0, pBufCtrl->phyAddr: 0x2037c000, frameIndex: 381, timeStamp: 27810037000, inSize: 6398, inOffset: 0
01-21 20:43:44.570   708 18764 I C2UnisocVp8Dec: resetOutBlock, fd: 25, iova: 0x203d3000, mDecoderSwFlag: 0
01-21 20:43:44.571   708 18763 V C2UnisocVp8Dec: VSP_bind_cb, phyAddr: 0x2037c000, pOutBlockInfo: 0xf27d13e0, pBufCtrl: 0xf27c95e0; iRefCount=0
01-21 20:43:44.572   708 18763 V C2UnisocVp8Dec: VSP_unbind_cb, phyAddr: 0x202ce000, pOutBlockInfo: 0xf27ccb20, pBufCtrl: 0xf27d1680; iRefCount=1
01-21 20:43:44.572   708 18763 I C2UnisocVp8Dec: process, decRet: 0, 2ms, dec_out.frameEffective: 1, has_pic: 1, picId: 381, consume byte: 6398
01-21 20:43:44.572   708 18763 I C2UnisocVp8Dec: drainOneOutputBuffer, pBufCtrl: 0xf27c95e0, pBufCtrl->phyAddr: 0x2037c000, frameIndex: 381
01-21 20:43:44.572   708 18763 V SimpleUnisocC2Component: processed frame #381
01-21 20:43:44.572   708 18763 V SimpleUnisocC2Component: returning this work, frameIndex: 381
01-21 20:43:44.572   708 18764 I C2UnisocVp8Dec: resetOutBlock, fd: 37, iova: 0x202ce000, mDecoderSwFlag: 0
01-21 20:43:44.572   708 18764 D C2UnisocVideoDecoderComponent: fetch one queue free block:0xf27c4ed0,iRefCount:0
01-21 20:43:44.573 18303 18762 I mali_gralloc: register: id=0x2c100001c73, importpid=708
01-21 20:43:44.573 18303 18762 I mali_gralloc: unregister: id=0x2c100001c73, base=0x0, importpid=18303
01-21 20:43:44.602   708 18763 V SimpleUnisocC2Component: start processing frame #382
01-21 20:43:44.602   708 18763 I VSP     : VP8DecSetCurRecPic,104,picid 382,header 0xf27c4ed0
01-21 20:43:44.602   708 18763 I C2UnisocVp8Dec: setDecodeArgs, pBufCtrl: 0xf27d09f0, pBufCtrl->phyAddr: 0x202ce000, frameIndex: 382, timeStamp: 27810070000, inSize: 489, inOffset: 0
01-21 20:43:44.602   708 18764 V C2UnisocVp8Dec: fetchGraphicBlock, stride: 640, sliceHeight: 368, mDecoderSwFlag: 0
01-21 20:43:44.604   708 18763 V C2UnisocVp8Dec: VSP_bind_cb, phyAddr: 0x202ce000, pOutBlockInfo: 0xf27c4ed0, pBufCtrl: 0xf27d09f0; iRefCount=0
01-21 20:43:44.604   708 18763 V C2UnisocVp8Dec: VSP_unbind_cb, phyAddr: 0x2037c000, pOutBlockInfo: 0xf27d13e0, pBufCtrl: 0xf27c95e0; iRefCount=1
01-21 20:43:44.604   708 18763 I C2UnisocVp8Dec: process, decRet: 0, 1ms, dec_out.frameEffective: 1, has_pic: 1, picId: 382, consume byte: 489
01-21 20:43:44.604   708 18763 I C2UnisocVp8Dec: drainOneOutputBuffer, pBufCtrl: 0xf27d09f0, pBufCtrl->phyAddr: 0x202ce000, frameIndex: 382
01-21 20:43:44.604   708 18763 V SimpleUnisocC2Component: processed frame #382
01-21 20:43:44.604   708 18763 V SimpleUnisocC2Component: returning this work, frameIndex: 382
01-21 20:43:44.605   708 18764 D C2UnisocVideoDecoderComponent: fetch one queue free block:0xf27cd570,iRefCount:0
01-21 20:43:44.605   708 18764 I C2UnisocVp8Dec: resetOutBlock, fd: 43, iova: 0x2037c000, mDecoderSwFlag: 0
01-21 20:43:44.605 18303 18762 I mali_gralloc: register: id=0x2c100001c75, importpid=708
01-21 20:43:44.605 18303 18762 I mali_gralloc: unregister: id=0x2c100001c75, base=0x0, importpid=18303
01-21 20:43:44.612   698  6594 I audio_hw_primary: app type:0x   5, is_voip:0, device:2, pcm:-176945824, usecase:0x   2
01-21 20:43:44.636   708 18763 V SimpleUnisocC2Component: start processing frame #383
01-21 20:43:44.636   708 18763 I VSP     : VP8DecSetCurRecPic,104,picid 383,header 0xf27cd570
01-21 20:43:44.637   708 18763 I C2UnisocVp8Dec: setDecodeArgs, pBufCtrl: 0xf27d0ff0, pBufCtrl->phyAddr: 0x203d3000, frameIndex: 383, timeStamp: 27810104000, inSize: 180, inOffset: 0
01-21 20:43:44.637   708 18764 V C2UnisocVp8Dec: fetchGraphicBlock, stride: 640, sliceHeight: 368, mDecoderSwFlag: 0
01-21 20:43:44.638   708 18763 V C2UnisocVp8Dec: VSP_bind_cb, phyAddr: 0x203d3000, pOutBlockInfo: 0xf27cd570, pBufCtrl: 0xf27d0ff0; iRefCount=0
01-21 20:43:44.638   708 18763 V C2UnisocVp8Dec: VSP_unbind_cb, phyAddr: 0x202ce000, pOutBlockInfo: 0xf27c4ed0, pBufCtrl: 0xf27d09f0; iRefCount=1
01-21 20:43:44.638   708 18763 I C2UnisocVp8Dec: process, decRet: 0, 1ms, dec_out.frameEffective: 1, has_pic: 1, picId: 383, consume byte: 180
01-21 20:43:44.638   708 18763 I C2UnisocVp8Dec: drainOneOutputBuffer, pBufCtrl: 0xf27d0ff0, pBufCtrl->phyAddr: 0x203d3000, frameIndex: 383
01-21 20:43:44.638   708 18764 D C2UnisocVideoDecoderComponent: fetch one queue free block:0xf27ccb20,iRefCount:0
01-21 20:43:44.639   708 18764 I C2UnisocVp8Dec: resetOutBlock, fd: 46, iova: 0x202ce000, mDecoderSwFlag: 0
01-21 20:43:44.639   708 18763 V SimpleUnisocC2Component: processed frame #383
01-21 20:43:44.639   708 18763 V SimpleUnisocC2Component: returning this work, frameIndex: 383
01-21 20:43:44.640 18303 18762 I mali_gralloc: register: id=0x2c100001c7a, importpid=708
01-21 20:43:44.640 18303 18762 I mali_gralloc: unregister: id=0x2c100001c7a, base=0x0, importpid=18303
01-21 20:43:44.656   698  6594 I audio_hw_primary: app type:0x   5, is_voip:0, device:2, pcm:-176945824, usecase:0x   2
01-21 20:43:44.670   708 18763 V SimpleUnisocC2Component: start processing frame #384
01-21 20:43:44.670   708 18763 I VSP     : VP8DecSetCurRecPic,104,picid 384,header 0xf27ccb20
01-21 20:43:44.670   708 18763 I C2UnisocVp8Dec: setDecodeArgs, pBufCtrl: 0xf27d1680, pBufCtrl->phyAddr: 0x2037c000, frameIndex: 384, timeStamp: 27810137000, inSize: 177, inOffset: 0
01-21 20:43:44.670   708 18764 V C2UnisocVp8Dec: fetchGraphicBlock, stride: 640, sliceHeight: 368, mDecoderSwFlag: 0
01-21 20:43:44.672   708 18763 V C2UnisocVp8Dec: VSP_bind_cb, phyAddr: 0x2037c000, pOutBlockInfo: 0xf27ccb20, pBufCtrl: 0xf27d1680; iRefCount=0
01-21 20:43:44.672   708 18763 V C2UnisocVp8Dec: VSP_unbind_cb, phyAddr: 0x203d3000, pOutBlockInfo: 0xf27cd570, pBufCtrl: 0xf27d0ff0; iRefCount=1
01-21 20:43:44.672   708 18763 I C2UnisocVp8Dec: process, decRet: 0, 1ms, dec_out.frameEffective: 1, has_pic: 1, picId: 384, consume byte: 177
01-21 20:43:44.672   708 18763 I C2UnisocVp8Dec: drainOneOutputBuffer, pBufCtrl: 0xf27d1680, pBufCtrl->phyAddr: 0x2037c000, frameIndex: 384
01-21 20:43:44.672   708 18764 D C2UnisocVideoDecoderComponent: fetch one queue free block:0xf27d13e0,iRefCount:0
01-21 20:43:44.672   708 18763 V SimpleUnisocC2Component: processed frame #384
01-21 20:43:44.672   708 18763 V SimpleUnisocC2Component: returning this work, frameIndex: 384
01-21 20:43:44.673 18303 18762 I mali_gralloc: register: id=0x2c100001c73, importpid=708
01-21 20:43:44.674 18303 18762 I mali_gralloc: unregister: id=0x2c100001c73, base=0x0, importpid=18303
01-21 20:43:44.680   698  6594 I audio_hw_primary: app type:0x   5, is_voip:0, device:2, pcm:-176945824, usecase:0x   2
01-21 20:43:44.705   708 18763 V SimpleUnisocC2Component: start processing frame #385
01-21 20:43:44.705   708 18763 I VSP     : VP8DecSetCurRecPic,104,picid 385,header 0xf27d13e0
01-21 20:43:44.705   708 18763 I C2UnisocVp8Dec: setDecodeArgs, pBufCtrl: 0xf27c95e0, pBufCtrl->phyAddr: 0x202ce000, frameIndex: 385, timeStamp: 27810171000, inSize: 162, inOffset: 0
01-21 20:43:44.705   708 18764 V C2UnisocVp8Dec: fetchGraphicBlock, stride: 640, sliceHeight: 368, mDecoderSwFlag: 0
01-21 20:43:44.706   708 18764 I C2UnisocVp8Dec: resetOutBlock, fd: 25, iova: 0x203d3000, mDecoderSwFlag: 0
01-21 20:43:44.707   708 18763 V C2UnisocVp8Dec: VSP_bind_cb, phyAddr: 0x202ce000, pOutBlockInfo: 0xf27d13e0, pBufCtrl: 0xf27c95e0; iRefCount=0
01-21 20:43:44.707   708 18763 V C2UnisocVp8Dec: VSP_unbind_cb, phyAddr: 0x2037c000, pOutBlockInfo: 0xf27ccb20, pBufCtrl: 0xf27d1680; iRefCount=1
01-21 20:43:44.708   708 18763 I C2UnisocVp8Dec: process, decRet: 0, 2ms, dec_out.frameEffective: 1, has_pic: 1, picId: 385, consume byte: 162
01-21 20:43:44.708   708 18763 I C2UnisocVp8Dec: drainOneOutputBuffer, pBufCtrl: 0xf27c95e0, pBufCtrl->phyAddr: 0x202ce000, frameIndex: 385
01-21 20:43:44.708   708 18763 V SimpleUnisocC2Component: processed frame #385
01-21 20:43:44.708   708 18763 V SimpleUnisocC2Component: returning this work, frameIndex: 385
01-21 20:43:44.708   708 18764 I C2UnisocVp8Dec: resetOutBlock, fd: 37, iova: 0x2037c000, mDecoderSwFlag: 0
01-21 20:43:44.708   708 18764 D C2UnisocVideoDecoderComponent: fetch one queue free block:0xf27c4ed0,iRefCount:0
01-21 20:43:44.709 18303 18762 I mali_gralloc: register: id=0x2c100001c75, importpid=708
01-21 20:43:44.709 18303 18762 I mali_gralloc: unregister: id=0x2c100001c75, base=0x0, importpid=18303
01-21 20:43:44.725   698  6594 I audio_hw_primary: app type:0x   5, is_voip:0, device:2, pcm:-176945824, usecase:0x   2
01-21 20:43:44.739   708 18763 V SimpleUnisocC2Component: start processing frame #386
01-21 20:43:44.739   708 18763 I VSP     : VP8DecSetCurRecPic,104,picid 386,header 0xf27c4ed0
01-21 20:43:44.739   708 18763 I C2UnisocVp8Dec: setDecodeArgs, pBufCtrl: 0xf27d09f0, pBufCtrl->phyAddr: 0x2037c000, frameIndex: 386, timeStamp: 27810206000, inSize: 160, inOffset: 0
01-21 20:43:44.739   708 18764 V C2UnisocVp8Dec: fetchGraphicBlock, stride: 640, sliceHeight: 368, mDecoderSwFlag: 0
01-21 20:43:44.741   708 18763 V C2UnisocVp8Dec: VSP_bind_cb, phyAddr: 0x2037c000, pOutBlockInfo: 0xf27c4ed0, pBufCtrl: 0xf27d09f0; iRefCount=0
01-21 20:43:44.741   708 18763 V C2UnisocVp8Dec: VSP_unbind_cb, phyAddr: 0x202ce000, pOutBlockInfo: 0xf27d13e0, pBufCtrl: 0xf27c95e0; iRefCount=1
01-21 20:43:44.741   708 18763 I C2UnisocVp8Dec: process, decRet: 0, 2ms, dec_out.frameEffective: 1, has_pic: 1, picId: 386, consume byte: 160
01-21 20:43:44.741   708 18763 I C2UnisocVp8Dec: drainOneOutputBuffer, pBufCtrl: 0xf27d09f0, pBufCtrl->phyAddr: 0x2037c000, frameIndex: 386
01-21 20:43:44.741   708 18764 D C2UnisocVideoDecoderComponent: fetch one queue free block:0xf27cd570,iRefCount:0
01-21 20:43:44.741   708 18764 I C2UnisocVp8Dec: resetOutBlock, fd: 43, iova: 0x202ce000, mDecoderSwFlag: 0
01-21 20:43:44.741   708 18763 V SimpleUnisocC2Component: processed frame #386
01-21 20:43:44.741   708 18763 V SimpleUnisocC2Component: returning this work, frameIndex: 386
01-21 20:43:44.742 18303 18762 I mali_gralloc: register: id=0x2c100001c7a, importpid=708
01-21 20:43:44.742 18303 18762 I mali_gralloc: unregister: id=0x2c100001c7a, base=0x0, importpid=18303
01-21 20:43:44.771   708 18763 V SimpleUnisocC2Component: start processing frame #387
01-21 20:43:44.771   708 18763 I VSP     : VP8DecSetCurRecPic,104,picid 387,header 0xf27cd570
01-21 20:43:44.771   708 18764 V C2UnisocVp8Dec: fetchGraphicBlock, stride: 640, sliceHeight: 368, mDecoderSwFlag: 0
01-21 20:43:44.771   708 18763 I C2UnisocVp8Dec: setDecodeArgs, pBufCtrl: 0xf27d0ff0, pBufCtrl->phyAddr: 0x203d3000, frameIndex: 387, timeStamp: 27810239000, inSize: 4025, inOffset: 0
01-21 20:43:44.771   698  6594 I audio_hw_primary: app type:0x   5, is_voip:0, device:2, pcm:-176945824, usecase:0x   2
01-21 20:43:44.773   708 18763 V C2UnisocVp8Dec: VSP_bind_cb, phyAddr: 0x203d3000, pOutBlockInfo: 0xf27cd570, pBufCtrl: 0xf27d0ff0; iRefCount=0
01-21 20:43:44.773   708 18763 V C2UnisocVp8Dec: VSP_unbind_cb, phyAddr: 0x2037c000, pOutBlockInfo: 0xf27c4ed0, pBufCtrl: 0xf27d09f0; iRefCount=1
01-21 20:43:44.773   708 18763 I C2UnisocVp8Dec: process, decRet: 0, 2ms, dec_out.frameEffective: 1, has_pic: 1, picId: 387, consume byte: 4025
01-21 20:43:44.773   708 18763 I C2UnisocVp8Dec: drainOneOutputBuffer, pBufCtrl: 0xf27d0ff0, pBufCtrl->phyAddr: 0x203d3000, frameIndex: 387
01-21 20:43:44.773   708 18764 D C2UnisocVideoDecoderComponent: fetch one queue free block:0xf27ccb20,iRefCount:0
01-21 20:43:44.773   708 18764 I C2UnisocVp8Dec: resetOutBlock, fd: 46, iova: 0x2037c000, mDecoderSwFlag: 0
01-21 20:43:44.773   708 18763 V SimpleUnisocC2Component: processed frame #387
01-21 20:43:44.773   708 18763 V SimpleUnisocC2Component: returning this work, frameIndex: 387
01-21 20:43:44.774 18303 18762 I mali_gralloc: register: id=0x2c100001c73, importpid=708
01-21 20:43:44.774 18303 18762 I mali_gralloc: unregister: id=0x2c100001c73, base=0x0, importpid=18303
01-21 20:43:44.805   708 18763 V SimpleUnisocC2Component: start processing frame #388
01-21 20:43:44.806   708 18763 I VSP     : VP8DecSetCurRecPic,104,picid 388,header 0xf27ccb20
01-21 20:43:44.806   708 18763 I C2UnisocVp8Dec: setDecodeArgs, pBufCtrl: 0xf27d1680, pBufCtrl->phyAddr: 0x202ce000, frameIndex: 388, timeStamp: 27810273000, inSize: 469, inOffset: 0
01-21 20:43:44.806   708 18764 V C2UnisocVp8Dec: fetchGraphicBlock, stride: 640, sliceHeight: 368, mDecoderSwFlag: 0
01-21 20:43:44.807   708 18763 V C2UnisocVp8Dec: VSP_bind_cb, phyAddr: 0x202ce000, pOutBlockInfo: 0xf27ccb20, pBufCtrl: 0xf27d1680; iRefCount=0
01-21 20:43:44.808   708 18763 V C2UnisocVp8Dec: VSP_unbind_cb, phyAddr: 0x203d3000, pOutBlockInfo: 0xf27cd570, pBufCtrl: 0xf27d0ff0; iRefCount=1
01-21 20:43:44.808   708 18763 I C2UnisocVp8Dec: process, decRet: 0, 1ms, dec_out.frameEffective: 1, has_pic: 1, picId: 388, consume byte: 469
01-21 20:43:44.808   708 18763 I C2UnisocVp8Dec: drainOneOutputBuffer, pBufCtrl: 0xf27d1680, pBufCtrl->phyAddr: 0x202ce000, frameIndex: 388
01-21 20:43:44.808   708 18763 V SimpleUnisocC2Component: processed frame #388
01-21 20:43:44.808   708 18763 V SimpleUnisocC2Component: returning this work, frameIndex: 388
01-21 20:43:44.808   708 18764 D C2UnisocVideoDecoderComponent: fetch one queue free block:0xf27d13e0,iRefCount:0
01-21 20:43:44.809 18303 18762 I mali_gralloc: register: id=0x2c100001c75, importpid=708
01-21 20:43:44.809 18303 18762 I mali_gralloc: unregister: id=0x2c100001c75, base=0x0, importpid=18303
01-21 20:43:44.816   698  6594 I audio_hw_primary: app type:0x   5, is_voip:0, device:2, pcm:-176945824, usecase:0x   2
01-21 20:43:44.839   698  6594 I audio_hw_primary: app type:0x   5, is_voip:0, device:2, pcm:-176945824, usecase:0x   2
01-21 20:43:44.840   708 18763 V SimpleUnisocC2Component: start processing frame #389
01-21 20:43:44.840   708 18763 I VSP     : VP8DecSetCurRecPic,104,picid 389,header 0xf27d13e0
01-21 20:43:44.840   708 18763 I C2UnisocVp8Dec: setDecodeArgs, pBufCtrl: 0xf27c95e0, pBufCtrl->phyAddr: 0x2037c000, frameIndex: 389, timeStamp: 27810307000, inSize: 224, inOffset: 0
01-21 20:43:44.840   708 18764 V C2UnisocVp8Dec: fetchGraphicBlock, stride: 640, sliceHeight: 368, mDecoderSwFlag: 0
01-21 20:43:44.841   708 18764 I C2UnisocVp8Dec: resetOutBlock, fd: 25, iova: 0x203d3000, mDecoderSwFlag: 0
01-21 20:43:44.842   708 18763 V C2UnisocVp8Dec: VSP_bind_cb, phyAddr: 0x2037c000, pOutBlockInfo: 0xf27d13e0, pBufCtrl: 0xf27c95e0; iRefCount=0
01-21 20:43:44.842   708 18763 V C2UnisocVp8Dec: VSP_unbind_cb, phyAddr: 0x202ce000, pOutBlockInfo: 0xf27ccb20, pBufCtrl: 0xf27d1680; iRefCount=1
01-21 20:43:44.842   708 18763 I C2UnisocVp8Dec: process, decRet: 0, 1ms, dec_out.frameEffective: 1, has_pic: 1, picId: 389, consume byte: 224
01-21 20:43:44.842   708 18763 I C2UnisocVp8Dec: drainOneOutputBuffer, pBufCtrl: 0xf27c95e0, pBufCtrl->phyAddr: 0x2037c000, frameIndex: 389
01-21 20:43:44.842   708 18764 I C2UnisocVp8Dec: resetOutBlock, fd: 37, iova: 0x202ce000, mDecoderSwFlag: 0
01-21 20:43:44.842   708 18763 V SimpleUnisocC2Component: processed frame #389
01-21 20:43:44.843   708 18763 V SimpleUnisocC2Component: returning this work, frameIndex: 389
01-21 20:43:44.843   708 18764 D C2UnisocVideoDecoderComponent: fetch one queue free block:0xf27c4ed0,iRefCount:0
01-21 20:43:44.843 18303 18762 I mali_gralloc: register: id=0x2c100001c7a, importpid=708
01-21 20:43:44.844 18303 18762 I mali_gralloc: unregister: id=0x2c100001c7a, base=0x0, importpid=18303
01-21 20:43:44.873   708 18763 V SimpleUnisocC2Component: start processing frame #390
01-21 20:43:44.873   708 18763 I VSP     : VP8DecSetCurRecPic,104,picid 390,header 0xf27c4ed0
01-21 20:43:44.873   708 18763 I C2UnisocVp8Dec: setDecodeArgs, pBufCtrl: 0xf27d09f0, pBufCtrl->phyAddr: 0x202ce000, frameIndex: 390, timeStamp: 27810340000, inSize: 200, inOffset: 0
01-21 20:43:44.873   708 18764 V C2UnisocVp8Dec: fetchGraphicBlock, stride: 640, sliceHeight: 368, mDecoderSwFlag: 0
01-21 20:43:44.875   708 18763 V C2UnisocVp8Dec: VSP_bind_cb, phyAddr: 0x202ce000, pOutBlockInfo: 0xf27c4ed0, pBufCtrl: 0xf27d09f0; iRefCount=0
01-21 20:43:44.875   708 18763 V C2UnisocVp8Dec: VSP_unbind_cb, phyAddr: 0x2037c000, pOutBlockInfo: 0xf27d13e0, pBufCtrl: 0xf27c95e0; iRefCount=1
01-21 20:43:44.875   708 18763 I C2UnisocVp8Dec: process, decRet: 0, 1ms, dec_out.frameEffective: 1, has_pic: 1, picId: 390, consume byte: 200
01-21 20:43:44.875   708 18763 I C2UnisocVp8Dec: drainOneOutputBuffer, pBufCtrl: 0xf27d09f0, pBufCtrl->phyAddr: 0x202ce000, frameIndex: 390
01-21 20:43:44.875   708 18763 V SimpleUnisocC2Component: processed frame #390
01-21 20:43:44.875   708 18763 V SimpleUnisocC2Component: returning this work, frameIndex: 390
01-21 20:43:44.876   708 18764 D C2UnisocVideoDecoderComponent: fetch one queue free block:0xf27cd570,iRefCount:0
01-21 20:43:44.876   708 18764 I C2UnisocVp8Dec: resetOutBlock, fd: 43, iova: 0x2037c000, mDecoderSwFlag: 0
01-21 20:43:44.876 18303 18762 I mali_gralloc: register: id=0x2c100001c73, importpid=708
01-21 20:43:44.876 18303 18762 I mali_gralloc: unregister: id=0x2c100001c73, base=0x0, importpid=18303
01-21 20:43:44.882   698  6594 I audio_hw_primary: app type:0x   5, is_voip:0, device:2, pcm:-176945824, usecase:0x   2
01-21 20:43:44.926   698  6594 I audio_hw_primary: app type:0x   5, is_voip:0, device:2, pcm:-176945824, usecase:0x   2
01-21 20:43:44.970   698  6594 I audio_hw_primary: app type:0x   5, is_voip:0, device:2, pcm:-176945824, usecase:0x   2
01-21 20:43:44.980 18303 18766 I org.webrtc.Logging: AndroidVideoDecoder: Releasing MediaCodec on output thread
01-21 20:43:44.981 18303 18757 D MediaCodec: [0xb400007d966aae80] setState: 9
01-21 20:43:44.981   708   784 D C2BqBuffer: configuring null producer: igbp_information(0)
01-21 20:43:44.982   708   784 I mali_gralloc: unregister: id=0x2c100001c72, base=0x0, importpid=708
01-21 20:43:44.982   708   784 I mali_gralloc: unregister: id=0x2c100001c73, base=0x0, importpid=708
01-21 20:43:44.982   708   784 I mali_gralloc: unregister: id=0x2c100001c74, base=0x0, importpid=708
01-21 20:43:44.982   708   784 I mali_gralloc: unregister: id=0x2c100001c75, base=0x0, importpid=708
01-21 20:43:44.982   708   784 I mali_gralloc: unregister: id=0x2c100001c77, base=0x0, importpid=708
01-21 20:43:44.982   708   784 I mali_gralloc: unregister: id=0x2c100001c7a, base=0x0, importpid=708
01-21 20:43:44.983 18303 18757 D CCodecBufferChannel: [c2.unisoc.vp8.decoder#350] MediaCodec discarded an unknown buffer
01-21 20:43:44.983   708   784 V SimpleUnisocC2Component: stop
01-21 20:43:44.983 18303 18757 D CCodecBufferChannel: [c2.unisoc.vp8.decoder#350] MediaCodec discarded an unknown buffer
01-21 20:43:44.983   708 18763 I C2UnisocVp8Dec: onStop
01-21 20:43:44.983 18303 18757 D CCodecBufferChannel: [c2.unisoc.vp8.decoder#350] MediaCodec discarded an unknown buffer
01-21 20:43:44.983   708 18763 I C2UnisocVideoDecoderComponent: onStop
01-21 20:43:44.984   708 18763 V C2UnisocVp8Dec: VSP_unbind_cb, phyAddr: 0x20177000, pOutBlockInfo: 0xf27cdd80, pBufCtrl: 0xf27d2550; iRefCount=1
01-21 20:43:44.984   708 18763 V C2UnisocVp8Dec: VSP_unbind_cb, phyAddr: 0x20277000, pOutBlockInfo: 0xf27cea10, pBufCtrl: 0xf27ce410; iRefCount=1
01-21 20:43:44.984   708 18763 V C2UnisocVp8Dec: VSP_unbind_cb, phyAddr: 0x202ce000, pOutBlockInfo: 0xf27c4ed0, pBufCtrl: 0xf27d09f0; iRefCount=1
01-21 20:43:44.984   708 18763 V C2UnisocVideoDecoderComponent: freeOutBlockQueue mOutBlockQueue size: 7
01-21 20:43:44.984   708 18763 I C2UnisocVp8Dec: resetOutBlock, fd: 24, iova: 0x20177000, mDecoderSwFlag: 0
01-21 20:43:44.984   708 18763 I C2UnisocVp8Dec: resetOutBlock, fd: 25, iova: 0x203d3000, mDecoderSwFlag: 0
01-21 20:43:44.984 18303 18757 D CCodecBufferChannel: [c2.unisoc.vp8.decoder#350] MediaCodec discarded an unknown buffer
01-21 20:43:44.984   708 18763 I C2UnisocVp8Dec: resetOutBlock, fd: 0, iova: 0x0, mDecoderSwFlag: 0
01-21 20:43:44.984   708 18763 I C2UnisocVp8Dec: resetOutBlock, fd: 37, iova: 0x20277000, mDecoderSwFlag: 0
01-21 20:43:44.984   708 18763 I C2UnisocVp8Dec: resetOutBlock, fd: 0, iova: 0x0, mDecoderSwFlag: 0
01-21 20:43:44.984   708 18763 I C2UnisocVp8Dec: resetOutBlock, fd: 46, iova: 0x202ce000, mDecoderSwFlag: 0
01-21 20:43:44.984   708 18763 I C2UnisocVp8Dec: resetOutBlock, fd: 45, iova: 0x20325000, mDecoderSwFlag: 0
01-21 20:43:44.985 18303 18757 D MediaCodec: [0xb400007d966aae80] setState: 2
01-21 20:43:44.985 18303 18757 D SurfaceUtils: disconnecting from surface 0xb400007dc473b3e0, reason disconnectFromSurface
01-21 20:43:44.985 18303 18757 I mali_gralloc: unregister: id=0x2c100001c72, base=0x0, importpid=18303
01-21 20:43:44.986 18303 18757 I mali_gralloc: unregister: id=0x2c100001c74, base=0x0, importpid=18303
01-21 20:43:44.986 18303 18757 I mali_gralloc: unregister: id=0x2c100001c75, base=0x0, importpid=18303
01-21 20:43:44.986 18303 18757 I mali_gralloc: unregister: id=0x2c100001c77, base=0x0, importpid=18303
01-21 20:43:44.987 18303 18757 I mali_gralloc: unregister: id=0x2c100001c7a, base=0x0, importpid=18303
01-21 20:43:44.987 18303 18766 D MediaCodec: [0xb400007d966aae80] [c2.unisoc.vp8.decoder] releaseAsync
01-21 20:43:44.988 18303 18757 D MediaCodec: [0xb400007d966aae80] setState: 10
01-21 20:43:44.988   708   784 D C2BqBuffer: configuring null producer: igbp_information(0)
01-21 20:43:44.989   708   784 V SimpleUnisocC2Component: release
01-21 20:43:44.989   708 18763 I C2UnisocVp8Dec: onRelease
01-21 20:43:44.990   708 18763 I C2UnisocVideoDecoderComponent: mOutBlockQueue is empty
01-21 20:43:44.990   708 18763 I C2UnisocVp8Dec: releaseDecoder, 0x20000000 - 0xed588000 - 1536000
01-21 20:43:44.990 18303 18766 I org.webrtc.Logging: AndroidVideoDecoder: Release on output thread done
01-21 20:43:44.990   708 18763 W RefBase : RefBase: Explicit destruction, weak count = 0 (in 0xf27cfa30). Use sp<> to manage this object.
01-21 20:43:44.990   708 18763 W RefBase : CallStack::getCurrentInternal not linked, returning null
01-21 20:43:44.990   708 18763 W RefBase : CallStack::logStackInternal not linked
01-21 20:43:44.991   708 18763 W RefBase : RefBase: Explicit destruction, weak count = 0 (in 0xf27c7120). Use sp<> to manage this object.
01-21 20:43:44.991 18303 18698 I org.webrtc.Logging: AndroidVideoDecoder: initDecodeInternal name: c2.unisoc.vp8.decoder type: VP8 width: 960 height: 540 color format: 19
01-21 20:43:44.991   708 18763 W RefBase : CallStack::getCurrentInternal not linked, returning null
01-21 20:43:44.991   708 18763 W RefBase : CallStack::logStackInternal not linked
01-21 20:43:44.992   708 18763 I C2UnisocVp8Dec: onRelease exit
01-21 20:43:44.993 18303 18758 I mali_gralloc: unregister: id=0x2c100001c7a, base=0x0, importpid=18303
01-21 20:43:44.993 18303 18757 D MediaCodec: [0xb400007d966aae80] [c2.unisoc.vp8.decoder] kWhatReleaseCompleted
01-21 20:43:44.993 18303 18757 D MediaCodec: [0xb400007d966aae80] setState: 0
01-21 20:43:44.993 18303 18698 D MediaCodec: MediaCodec::reclaim(0xb400007d966aae80) c2.unisoc.vp8.decoder
01-21 20:43:44.993 18303 18758 I mali_gralloc: unregister: id=0x2c100001c77, base=0x0, importpid=18303
01-21 20:43:44.994 18303 18758 I mali_gralloc: unregister: id=0x2c100001c75, base=0x0, importpid=18303
01-21 20:43:44.994 18303 18758 I mali_gralloc: unregister: id=0x2c100001c74, base=0x0, importpid=18303
01-21 20:43:44.995 18303 18758 I mali_gralloc: unregister: id=0x2c100001c73, base=0x0, importpid=18303
01-21 20:43:44.995 18303 18758 I mali_gralloc: unregister: id=0x2c100001c72, base=0x0, importpid=18303
01-21 20:43:44.995 18303 18758 I hw-BpHwBinder: onLastStrongRef automatically unlinking death recipients
01-21 20:43:44.996   708   784 I hw-BpHwBinder: onLastStrongRef automatically unlinking death recipients
01-21 20:43:44.996   708   784 I C2UnisocVp8Dec: Destruct C2UnisocVpxDec, this: 0xef740250, instances: 1
01-21 20:43:44.996   708   784 I C2UnisocVp8Dec: onRelease
01-21 20:43:44.997   708   784 I C2UnisocVideoDecoderComponent: mOutBlockQueue is empty
01-21 20:43:44.997   708   784 I C2UnisocVp8Dec: releaseDecoder, 0x0 - 0x0 - 0
01-21 20:43:44.997   708   784 I C2UnisocVp8Dec: onRelease exit
01-21 20:43:44.997   708   784 I C2UnisocComponentPriorityManager: ~C2UnisocComponentPriorityManager, linraffe: SecureFlag == 0, total_fps = -1, total_framesize = 230400
01-21 20:43:44.997   708   784 I C2UnisocComponentPriorityManager: ~C2UnisocComponentPriorityManager, linraffe: SecureFlag == 0, total_fps = 0, total_framesize = 0
01-21 20:43:44.997   708   784 I C2UnisocComponentPriorityManager: Destruct C2UnisocComponentPriorityManager
01-21 20:43:44.997   708   784 I SimpleUnisocC2Component: Destruct SimpleUnisocC2Component, this: 0x0xef740250
01-21 20:43:44.998   708   784 V C2UnisocStore: in ~ComponentModule
01-21 20:43:44.998   708   784 V C2UnisocVp8Dec: in DestroyCodec2Factory
01-21 20:43:44.998   708   784 V C2UnisocStore: unloading dll
01-21 20:43:44.999 18303 18757 D MediaCodec: flushMediametrics
01-21 20:43:45.000 18303 18757 D MediaCodec: forcing(0) to release [] state:UNINITIALIZED 
01-21 20:43:45.000 18303 18698 D MediaCodec: ~MediaCodec [0xb400007d966aae80]
01-21 20:43:45.001 18303 18698 D MediaCodec: flushMediametrics
01-21 20:43:45.005 18303 18774 D MediaCodec: [0xb400007d9629ddf0] setState: 1
01-21 20:43:45.005 18303 18775 D CCodec  : allocate(c2.unisoc.vp8.decoder)
01-21 20:43:45.009 18303 18775 I CCodec  : setting up 'default' as default (vendor) store
01-21 20:43:45.010   708   708 V C2UnisocStore: in init, libPath: libcodec2_unisoc_vp8dec.so
01-21 20:43:45.010   708   708 V C2UnisocStore: loading dll
01-21 20:43:45.011   708   708 V C2UnisocVp8Dec: in CreateCodec2Factory
01-21 20:43:45.013   708   708 I C2UnisocVp8Dec: SizeSetter, from (width: 320, height: 240) to (width: 320, height: 240)
01-21 20:43:45.013   698  6594 I audio_hw_primary: app type:0x   5, is_voip:0, device:2, pcm:-176945824, usecase:0x   2
01-21 20:43:45.014   708   708 I C2UnisocVp8Dec: MaxPictureSizeSetter, me:(320 * 240), size:(320 * 240), max:(4096 * 2160)
01-21 20:43:45.014   708   708 I C2UnisocVp8Dec: MaxInputSizeSetter, max input size: 1048576
01-21 20:43:45.017   708   708 I C2UnisocVp8Dec: SizeSetter, from (width: 320, height: 240) to (width: 320, height: 240)
01-21 20:43:45.019   708   708 I C2UnisocVp8Dec: MaxPictureSizeSetter, me:(320 * 240), size:(320 * 240), max:(4096 * 2160)
01-21 20:43:45.019   708   708 I C2UnisocVp8Dec: MaxInputSizeSetter, max input size: 1048576
01-21 20:43:45.020   708   708 I SimpleUnisocC2Component: Construct SimpleUnisocC2Component(0xef741f90)
01-21 20:43:45.020   708   708 I C2UnisocVp8Dec: Construct C2UnisocVpxDec, this: 0xef741f90, instances: 0
01-21 20:43:45.020   708   708 I C2UnisocVp8Dec: C2UnisocVpxDec, mDumpYUVEnabled: 0, mDumpStrmEnabled: 0
01-21 20:43:45.021   708 18778 V C2UnisocVp8Dec: InitThreadWrapper: 0xef741f90
01-21 20:43:45.021   708 18778 I C2UnisocVp8Dec: initThreadFunc, mOutputDelay: 8
01-21 20:43:45.021   708 18778 I C2UnisocVp8Dec: openDecoder, lib: libomx_vpxdec_hw_sprd.so
01-21 20:43:45.023 18303 18775 I CCodec  : Created component [c2.unisoc.vp8.decoder]
01-21 20:43:45.023 18303 18775 D CCodecConfig: read media type: video/x-vnd.on2.vp8
01-21 20:43:45.023   708 18778 I VSP     : libomx_vpxdec_hw_sprd.so is built on Thu Feb 13 18:08:28 CST 2025, Copyright (C) Spreadtrum, Inc.
01-21 20:43:45.023   708 18778 I C2UnisocVp8Dec: Get IOMMU Status: 0(No such file or directory)
01-21 20:43:45.023   708 18778 V VideoMemAllocator: using Ion Heap
01-21 20:43:45.024   708 18778 I C2UnisocVp8Dec: initDecoder, 0x20000000 - 0xed5c6000 - 1536000
01-21 20:43:45.024   708 18778 I C2UnisocVp8Dec: initThreadFunc exit
01-21 20:43:45.028 18303 18775 D ReflectedParamUpdater: extent() != 1 for single value type: algo.buffers.max-count.values
01-21 20:43:45.028 18303 18775 D ReflectedParamUpdater: extent() != 1 for single value type: output.subscribed-indices.values
01-21 20:43:45.029 18303 18775 D ReflectedParamUpdater: extent() != 1 for single value type: input.buffers.allocator-ids.values
