01-21 20:43:34.225   708 18763 I C2UnisocVp8Dec: drainOneOutputBuffer, pBufCtrl: 0xf27d09f0, pBufCtrl->phyAddr: 0x20277000, frameIndex: 86
01-21 20:43:34.225   708 18763 V SimpleUnisocC2Component: processed frame #86
01-21 20:43:34.225   708 18763 V SimpleUnisocC2Component: returning this work, frameIndex: 86
01-21 20:43:34.225   708 18764 D C2UnisocVideoDecoderComponent: fetch one queue free block:0xf27cd570,iRefCount:0
01-21 20:43:34.225   708 18764 I C2UnisocVp8Dec: resetOutBlock, fd: 43, iova: 0x202ce000, mDecoderSwFlag: 0
01-21 20:43:34.226 18303 18762 I mali_gralloc: register: id=0x2c100001c73, importpid=708
01-21 20:43:34.226 18303 18762 I mali_gralloc: unregister: id=0x2c100001c73, base=0x0, importpid=18303
01-21 20:43:34.254   698  6594 I audio_hw_primary: app type:0x   5, is_voip:0, device:2, pcm:-176945824, usecase:0x   2
01-21 20:43:34.256   708 18763 V SimpleUnisocC2Component: start processing frame #87
01-21 20:43:34.257   708 18763 I VSP     : VP8DecSetCurRecPic,104,picid 87,header 0xf27cd570
01-21 20:43:34.257   708 18763 I C2UnisocVp8Dec: setDecodeArgs, pBufCtrl: 0xf27d0ff0, pBufCtrl->phyAddr: 0x2037c000, frameIndex: 87, timeStamp: 27799819000, inSize: 266, inOffset: 0
01-21 20:43:34.257   708 18764 V C2UnisocVp8Dec: fetchGraphicBlock, stride: 640, sliceHeight: 368, mDecoderSwFlag: 0
01-21 20:43:34.258   708 18763 V C2UnisocVp8Dec: VSP_bind_cb, phyAddr: 0x2037c000, pOutBlockInfo: 0xf27cd570, pBufCtrl: 0xf27d0ff0; iRefCount=0
01-21 20:43:34.258   708 18763 V C2UnisocVp8Dec: VSP_unbind_cb, phyAddr: 0x20277000, pOutBlockInfo: 0xf27c4ed0, pBufCtrl: 0xf27d09f0; iRefCount=1
01-21 20:43:34.258   708 18763 I C2UnisocVp8Dec: process, decRet: 0, 1ms, dec_out.frameEffective: 1, has_pic: 1, picId: 87, consume byte: 266
01-21 20:43:34.258   708 18763 I C2UnisocVp8Dec: drainOneOutputBuffer, pBufCtrl: 0xf27d0ff0, pBufCtrl->phyAddr: 0x2037c000, frameIndex: 87
01-21 20:43:34.258   708 18764 D C2UnisocVideoDecoderComponent: fetch one queue free block:0xf27cea10,iRefCount:0
01-21 20:43:34.259   708 18763 V SimpleUnisocC2Component: processed frame #87
01-21 20:43:34.259   708 18764 I C2UnisocVp8Dec: resetOutBlock, fd: 46, iova: 0x20277000, mDecoderSwFlag: 0
01-21 20:43:34.259   708 18763 V SimpleUnisocC2Component: returning this work, frameIndex: 87
01-21 20:43:34.260 18303 18762 I mali_gralloc: register: id=0x2c100001c75, importpid=708
01-21 20:43:34.260 18303 18762 I mali_gralloc: unregister: id=0x2c100001c75, base=0x0, importpid=18303
01-21 20:43:34.278   698  6594 I audio_hw_primary: app type:0x   5, is_voip:0, device:2, pcm:-176945824, usecase:0x   2
01-21 20:43:34.291   708 18763 V SimpleUnisocC2Component: start processing frame #88
01-21 20:43:34.291   708 18763 I VSP     : VP8DecSetCurRecPic,104,picid 88,header 0xf27cea10
01-21 20:43:34.291   708 18763 I C2UnisocVp8Dec: setDecodeArgs, pBufCtrl: 0xf27ce410, pBufCtrl->phyAddr: 0x202ce000, frameIndex: 88, timeStamp: 27799852000, inSize: 232, inOffset: 0
01-21 20:43:34.291   708 18764 V C2UnisocVp8Dec: fetchGraphicBlock, stride: 640, sliceHeight: 368, mDecoderSwFlag: 0
01-21 20:43:34.293   708 18763 V C2UnisocVp8Dec: VSP_bind_cb, phyAddr: 0x202ce000, pOutBlockInfo: 0xf27cea10, pBufCtrl: 0xf27ce410; iRefCount=0
01-21 20:43:34.293   708 18763 V C2UnisocVp8Dec: VSP_unbind_cb, phyAddr: 0x2037c000, pOutBlockInfo: 0xf27cd570, pBufCtrl: 0xf27d0ff0; iRefCount=1
01-21 20:43:34.293   708 18763 I C2UnisocVp8Dec: process, decRet: 0, 1ms, dec_out.frameEffective: 1, has_pic: 1, picId: 88, consume byte: 232
01-21 20:43:34.293   708 18763 I C2UnisocVp8Dec: drainOneOutputBuffer, pBufCtrl: 0xf27ce410, pBufCtrl->phyAddr: 0x202ce000, frameIndex: 88
01-21 20:43:34.293   708 18764 D C2UnisocVideoDecoderComponent: fetch one queue free block:0xf27d13e0,iRefCount:0
01-21 20:43:34.293   708 18763 V SimpleUnisocC2Component: processed frame #88
01-21 20:43:34.293   708 18763 V SimpleUnisocC2Component: returning this work, frameIndex: 88
01-21 20:43:34.294 18303 18762 I mali_gralloc: register: id=0x2c100001c7a, importpid=708
01-21 20:43:34.294 18303 18762 I mali_gralloc: unregister: id=0x2c100001c7a, base=0x0, importpid=18303
01-21 20:43:34.321   698  6594 I audio_hw_primary: app type:0x   5, is_voip:0, device:2, pcm:-176945824, usecase:0x   2
01-21 20:43:34.323   708 18763 V SimpleUnisocC2Component: start processing frame #89
01-21 20:43:34.323   708 18763 I VSP     : VP8DecSetCurRecPic,104,picid 89,header 0xf27d13e0
01-21 20:43:34.323   708 18763 I C2UnisocVp8Dec: setDecodeArgs, pBufCtrl: 0xf27c95e0, pBufCtrl->phyAddr: 0x20277000, frameIndex: 89, timeStamp: 27799886000, inSize: 227, inOffset: 0
01-21 20:43:34.323   708 18764 V C2UnisocVp8Dec: fetchGraphicBlock, stride: 640, sliceHeight: 368, mDecoderSwFlag: 0
01-21 20:43:34.324   708 18764 I C2UnisocVp8Dec: resetOutBlock, fd: 25, iova: 0x2037c000, mDecoderSwFlag: 0
01-21 20:43:34.325   708 18763 V C2UnisocVp8Dec: VSP_bind_cb, phyAddr: 0x20277000, pOutBlockInfo: 0xf27d13e0, pBufCtrl: 0xf27c95e0; iRefCount=0
01-21 20:43:34.325   708 18763 V C2UnisocVp8Dec: VSP_unbind_cb, phyAddr: 0x202ce000, pOutBlockInfo: 0xf27cea10, pBufCtrl: 0xf27ce410; iRefCount=1
01-21 20:43:34.325   708 18763 I C2UnisocVp8Dec: process, decRet: 0, 1ms, dec_out.frameEffective: 1, has_pic: 1, picId: 89, consume byte: 227
01-21 20:43:34.325   708 18763 I C2UnisocVp8Dec: drainOneOutputBuffer, pBufCtrl: 0xf27c95e0, pBufCtrl->phyAddr: 0x20277000, frameIndex: 89
01-21 20:43:34.325   708 18764 I C2UnisocVp8Dec: resetOutBlock, fd: 41, iova: 0x202ce000, mDecoderSwFlag: 0
01-21 20:43:34.325   708 18763 V SimpleUnisocC2Component: processed frame #89
01-21 20:43:34.325   708 18763 V SimpleUnisocC2Component: returning this work, frameIndex: 89
01-21 20:43:34.326   708 18764 D C2UnisocVideoDecoderComponent: fetch one queue free block:0xf27c4ed0,iRefCount:0
01-21 20:43:34.326 18303 18762 I mali_gralloc: register: id=0x2c100001c73, importpid=708
01-21 20:43:34.326 18303 18762 I mali_gralloc: unregister: id=0x2c100001c73, base=0x0, importpid=18303
01-21 20:43:34.358   708 18763 V SimpleUnisocC2Component: start processing frame #90
01-21 20:43:34.358   708 18763 I VSP     : VP8DecSetCurRecPic,104,picid 90,header 0xf27c4ed0
01-21 20:43:34.358   708 18763 I C2UnisocVp8Dec: setDecodeArgs, pBufCtrl: 0xf27d09f0, pBufCtrl->phyAddr: 0x202ce000, frameIndex: 90, timeStamp: 27799920000, inSize: 210, inOffset: 0
01-21 20:43:34.358   708 18764 V C2UnisocVp8Dec: fetchGraphicBlock, stride: 640, sliceHeight: 368, mDecoderSwFlag: 0
01-21 20:43:34.360   708 18763 V C2UnisocVp8Dec: VSP_bind_cb, phyAddr: 0x202ce000, pOutBlockInfo: 0xf27c4ed0, pBufCtrl: 0xf27d09f0; iRefCount=0
01-21 20:43:34.360   708 18763 V C2UnisocVp8Dec: VSP_unbind_cb, phyAddr: 0x20277000, pOutBlockInfo: 0xf27d13e0, pBufCtrl: 0xf27c95e0; iRefCount=1
01-21 20:43:34.360   708 18763 I C2UnisocVp8Dec: process, decRet: 0, 1ms, dec_out.frameEffective: 1, has_pic: 1, picId: 90, consume byte: 210
01-21 20:43:34.360   708 18763 I C2UnisocVp8Dec: drainOneOutputBuffer, pBufCtrl: 0xf27d09f0, pBufCtrl->phyAddr: 0x202ce000, frameIndex: 90
01-21 20:43:34.360   708 18764 D C2UnisocVideoDecoderComponent: fetch one queue free block:0xf27cd570,iRefCount:0
01-21 20:43:34.360   708 18764 I C2UnisocVp8Dec: resetOutBlock, fd: 43, iova: 0x20277000, mDecoderSwFlag: 0
01-21 20:43:34.360   708 18763 V SimpleUnisocC2Component: processed frame #90
01-21 20:43:34.360   708 18763 V SimpleUnisocC2Component: returning this work, frameIndex: 90
01-21 20:43:34.361 18303 18762 I mali_gralloc: register: id=0x2c100001c75, importpid=708
01-21 20:43:34.362 18303 18762 I mali_gralloc: unregister: id=0x2c100001c75, base=0x0, importpid=18303
01-21 20:43:34.365   698  6594 I audio_hw_primary: app type:0x   5, is_voip:0, device:2, pcm:-176945824, usecase:0x   2
01-21 20:43:34.392   708 18763 V SimpleUnisocC2Component: start processing frame #91
01-21 20:43:34.392   708 18763 I VSP     : VP8DecSetCurRecPic,104,picid 91,header 0xf27cd570
01-21 20:43:34.392   708 18763 I C2UnisocVp8Dec: setDecodeArgs, pBufCtrl: 0xf27d0ff0, pBufCtrl->phyAddr: 0x2037c000, frameIndex: 91, timeStamp: 27799954000, inSize: 203, inOffset: 0
01-21 20:43:34.392   708 18764 V C2UnisocVp8Dec: fetchGraphicBlock, stride: 640, sliceHeight: 368, mDecoderSwFlag: 0
01-21 20:43:34.393   708 18763 V C2UnisocVp8Dec: VSP_bind_cb, phyAddr: 0x2037c000, pOutBlockInfo: 0xf27cd570, pBufCtrl: 0xf27d0ff0; iRefCount=0
01-21 20:43:34.394   708 18763 V C2UnisocVp8Dec: VSP_unbind_cb, phyAddr: 0x202ce000, pOutBlockInfo: 0xf27c4ed0, pBufCtrl: 0xf27d09f0; iRefCount=1
01-21 20:43:34.394   708 18763 I C2UnisocVp8Dec: process, decRet: 0, 1ms, dec_out.frameEffective: 1, has_pic: 1, picId: 91, consume byte: 203
01-21 20:43:34.394   708 18763 I C2UnisocVp8Dec: drainOneOutputBuffer, pBufCtrl: 0xf27d0ff0, pBufCtrl->phyAddr: 0x2037c000, frameIndex: 91
01-21 20:43:34.394   708 18763 V SimpleUnisocC2Component: processed frame #91
01-21 20:43:34.394   708 18763 V SimpleUnisocC2Component: returning this work, frameIndex: 91
01-21 20:43:34.394   708 18764 D C2UnisocVideoDecoderComponent: fetch one queue free block:0xf27cea10,iRefCount:0
01-21 20:43:34.394   708 18764 I C2UnisocVp8Dec: resetOutBlock, fd: 46, iova: 0x202ce000, mDecoderSwFlag: 0
01-21 20:43:34.395 18303 18762 I mali_gralloc: register: id=0x2c100001c7a, importpid=708
01-21 20:43:34.395 18303 18762 I mali_gralloc: unregister: id=0x2c100001c7a, base=0x0, importpid=18303
01-21 20:43:34.408   698  6594 I audio_hw_primary: app type:0x   5, is_voip:0, device:2, pcm:-176945824, usecase:0x   2
01-21 20:43:34.423   708 18763 V SimpleUnisocC2Component: start processing frame #92
01-21 20:43:34.423   708 18763 I VSP     : VP8DecSetCurRecPic,104,picid 92,header 0xf27cea10
01-21 20:43:34.423   708 18763 I C2UnisocVp8Dec: setDecodeArgs, pBufCtrl: 0xf27ce410, pBufCtrl->phyAddr: 0x20277000, frameIndex: 92, timeStamp: 27799987000, inSize: 207, inOffset: 0
01-21 20:43:34.423   708 18764 V C2UnisocVp8Dec: fetchGraphicBlock, stride: 640, sliceHeight: 368, mDecoderSwFlag: 0
01-21 20:43:34.425   708 18763 V C2UnisocVp8Dec: VSP_bind_cb, phyAddr: 0x20277000, pOutBlockInfo: 0xf27cea10, pBufCtrl: 0xf27ce410; iRefCount=0
01-21 20:43:34.425   708 18763 V C2UnisocVp8Dec: VSP_unbind_cb, phyAddr: 0x2037c000, pOutBlockInfo: 0xf27cd570, pBufCtrl: 0xf27d0ff0; iRefCount=1
01-21 20:43:34.425   708 18763 I C2UnisocVp8Dec: process, decRet: 0, 1ms, dec_out.frameEffective: 1, has_pic: 1, picId: 92, consume byte: 207
01-21 20:43:34.425   708 18763 I C2UnisocVp8Dec: drainOneOutputBuffer, pBufCtrl: 0xf27ce410, pBufCtrl->phyAddr: 0x20277000, frameIndex: 92
01-21 20:43:34.425   708 18763 V SimpleUnisocC2Component: processed frame #92
01-21 20:43:34.425   708 18764 D C2UnisocVideoDecoderComponent: fetch one queue free block:0xf27d13e0,iRefCount:0
01-21 20:43:34.425   708 18763 V SimpleUnisocC2Component: returning this work, frameIndex: 92
01-21 20:43:34.426 18303 18762 I mali_gralloc: register: id=0x2c100001c73, importpid=708
01-21 20:43:34.427 18303 18762 I mali_gralloc: unregister: id=0x2c100001c73, base=0x0, importpid=18303
01-21 20:43:34.451   698  6594 I audio_hw_primary: app type:0x   5, is_voip:0, device:2, pcm:-176945824, usecase:0x   2
01-21 20:43:34.457   708 18763 V SimpleUnisocC2Component: start processing frame #93
01-21 20:43:34.458   708 18763 I VSP     : VP8DecSetCurRecPic,104,picid 93,header 0xf27d13e0
01-21 20:43:34.458   708 18763 I C2UnisocVp8Dec: setDecodeArgs, pBufCtrl: 0xf27c95e0, pBufCtrl->phyAddr: 0x202ce000, frameIndex: 93, timeStamp: 27800021000, inSize: 204, inOffset: 0
01-21 20:43:34.458   708 18764 V C2UnisocVp8Dec: fetchGraphicBlock, stride: 640, sliceHeight: 368, mDecoderSwFlag: 0
01-21 20:43:34.459   708 18764 I C2UnisocVp8Dec: resetOutBlock, fd: 25, iova: 0x2037c000, mDecoderSwFlag: 0
01-21 20:43:34.459   708 18763 V C2UnisocVp8Dec: VSP_bind_cb, phyAddr: 0x202ce000, pOutBlockInfo: 0xf27d13e0, pBufCtrl: 0xf27c95e0; iRefCount=0
01-21 20:43:34.459   708 18763 V C2UnisocVp8Dec: VSP_unbind_cb, phyAddr: 0x20277000, pOutBlockInfo: 0xf27cea10, pBufCtrl: 0xf27ce410; iRefCount=1
01-21 20:43:34.460   708 18763 I C2UnisocVp8Dec: process, decRet: 0, 1ms, dec_out.frameEffective: 1, has_pic: 1, picId: 93, consume byte: 204
01-21 20:43:34.460   708 18763 I C2UnisocVp8Dec: drainOneOutputBuffer, pBufCtrl: 0xf27c95e0, pBufCtrl->phyAddr: 0x202ce000, frameIndex: 93
01-21 20:43:34.460   708 18764 I C2UnisocVp8Dec: resetOutBlock, fd: 41, iova: 0x20277000, mDecoderSwFlag: 0
01-21 20:43:34.460   708 18763 V SimpleUnisocC2Component: processed frame #93
01-21 20:43:34.460   708 18763 V SimpleUnisocC2Component: returning this work, frameIndex: 93
01-21 20:43:34.460   708 18764 D C2UnisocVideoDecoderComponent: fetch one queue free block:0xf27c4ed0,iRefCount:0
01-21 20:43:34.460 18303 18762 I mali_gralloc: register: id=0x2c100001c75, importpid=708
01-21 20:43:34.461 18303 18762 I mali_gralloc: unregister: id=0x2c100001c75, base=0x0, importpid=18303
01-21 20:43:34.494   708 18763 V SimpleUnisocC2Component: start processing frame #94
01-21 20:43:34.494   708 18763 I VSP     : VP8DecSetCurRecPic,104,picid 94,header 0xf27c4ed0
01-21 20:43:34.494   708 18763 I C2UnisocVp8Dec: setDecodeArgs, pBufCtrl: 0xf27d09f0, pBufCtrl->phyAddr: 0x20277000, frameIndex: 94, timeStamp: 27800055000, inSize: 6418, inOffset: 0
01-21 20:43:34.494   708 18764 V C2UnisocVp8Dec: fetchGraphicBlock, stride: 640, sliceHeight: 368, mDecoderSwFlag: 0
01-21 20:43:34.494   698  6594 I audio_hw_primary: app type:0x   5, is_voip:0, device:2, pcm:-176945824, usecase:0x   2
01-21 20:43:34.496   708 18763 V C2UnisocVp8Dec: VSP_bind_cb, phyAddr: 0x20277000, pOutBlockInfo: 0xf27c4ed0, pBufCtrl: 0xf27d09f0; iRefCount=0
01-21 20:43:34.496   708 18763 V C2UnisocVp8Dec: VSP_unbind_cb, phyAddr: 0x202ce000, pOutBlockInfo: 0xf27d13e0, pBufCtrl: 0xf27c95e0; iRefCount=1
01-21 20:43:34.497   708 18763 I C2UnisocVp8Dec: process, decRet: 0, 2ms, dec_out.frameEffective: 1, has_pic: 1, picId: 94, consume byte: 6418
01-21 20:43:34.497   708 18763 I C2UnisocVp8Dec: drainOneOutputBuffer, pBufCtrl: 0xf27d09f0, pBufCtrl->phyAddr: 0x20277000, frameIndex: 94
01-21 20:43:34.497   708 18764 D C2UnisocVideoDecoderComponent: fetch one queue free block:0xf27cd570,iRefCount:0
01-21 20:43:34.497   708 18764 I C2UnisocVp8Dec: resetOutBlock, fd: 43, iova: 0x202ce000, mDecoderSwFlag: 0
01-21 20:43:34.497   708 18763 V SimpleUnisocC2Component: processed frame #94
01-21 20:43:34.497   708 18763 V SimpleUnisocC2Component: returning this work, frameIndex: 94
01-21 20:43:34.498 18303 18762 I mali_gralloc: register: id=0x2c100001c7a, importpid=708
01-21 20:43:34.499 18303 18762 I mali_gralloc: unregister: id=0x2c100001c7a, base=0x0, importpid=18303
01-21 20:43:34.517   698  6594 I audio_hw_primary: app type:0x   5, is_voip:0, device:2, pcm:-176945824, usecase:0x   2
01-21 20:43:34.521   708 18763 V SimpleUnisocC2Component: start processing frame #95
01-21 20:43:34.521   708 18763 I VSP     : VP8DecSetCurRecPic,104,picid 95,header 0xf27cd570
01-21 20:43:34.521   708 18763 I C2UnisocVp8Dec: setDecodeArgs, pBufCtrl: 0xf27d0ff0, pBufCtrl->phyAddr: 0x2037c000, frameIndex: 95, timeStamp: 27800088000, inSize: 516, inOffset: 0
01-21 20:43:34.521   708 18764 V C2UnisocVp8Dec: fetchGraphicBlock, stride: 640, sliceHeight: 368, mDecoderSwFlag: 0
01-21 20:43:34.523   708 18763 V C2UnisocVp8Dec: VSP_bind_cb, phyAddr: 0x2037c000, pOutBlockInfo: 0xf27cd570, pBufCtrl: 0xf27d0ff0; iRefCount=0
01-21 20:43:34.523   708 18763 V C2UnisocVp8Dec: VSP_unbind_cb, phyAddr: 0x20277000, pOutBlockInfo: 0xf27c4ed0, pBufCtrl: 0xf27d09f0; iRefCount=1
01-21 20:43:34.523   708 18763 I C2UnisocVp8Dec: process, decRet: 0, 1ms, dec_out.frameEffective: 1, has_pic: 1, picId: 95, consume byte: 516
01-21 20:43:34.523   708 18763 I C2UnisocVp8Dec: drainOneOutputBuffer, pBufCtrl: 0xf27d0ff0, pBufCtrl->phyAddr: 0x2037c000, frameIndex: 95
01-21 20:43:34.524   708 18763 V SimpleUnisocC2Component: processed frame #95
01-21 20:43:34.524   708 18763 V SimpleUnisocC2Component: returning this work, frameIndex: 95
01-21 20:43:34.524   708 18764 D C2UnisocVideoDecoderComponent: fetch one queue free block:0xf27cea10,iRefCount:0
01-21 20:43:34.524   708 18764 I C2UnisocVp8Dec: resetOutBlock, fd: 46, iova: 0x20277000, mDecoderSwFlag: 0
01-21 20:43:34.525 18303 18762 I mali_gralloc: register: id=0x2c100001c73, importpid=708
01-21 20:43:34.525 18303 18762 I mali_gralloc: unregister: id=0x2c100001c73, base=0x0, importpid=18303
01-21 20:43:34.558   708 18763 V SimpleUnisocC2Component: start processing frame #96
01-21 20:43:34.558   708 18763 I VSP     : VP8DecSetCurRecPic,104,picid 96,header 0xf27cea10
01-21 20:43:34.558   708 18763 I C2UnisocVp8Dec: setDecodeArgs, pBufCtrl: 0xf27ce410, pBufCtrl->phyAddr: 0x202ce000, frameIndex: 96, timeStamp: 27800122000, inSize: 205, inOffset: 0
01-21 20:43:34.558   708 18764 V C2UnisocVp8Dec: fetchGraphicBlock, stride: 640, sliceHeight: 368, mDecoderSwFlag: 0
01-21 20:43:34.560   708 18763 V C2UnisocVp8Dec: VSP_bind_cb, phyAddr: 0x202ce000, pOutBlockInfo: 0xf27cea10, pBufCtrl: 0xf27ce410; iRefCount=0
01-21 20:43:34.560   708 18763 V C2UnisocVp8Dec: VSP_unbind_cb, phyAddr: 0x2037c000, pOutBlockInfo: 0xf27cd570, pBufCtrl: 0xf27d0ff0; iRefCount=1
01-21 20:43:34.560   708 18763 I C2UnisocVp8Dec: process, decRet: 0, 1ms, dec_out.frameEffective: 1, has_pic: 1, picId: 96, consume byte: 205
01-21 20:43:34.560   708 18763 I C2UnisocVp8Dec: drainOneOutputBuffer, pBufCtrl: 0xf27ce410, pBufCtrl->phyAddr: 0x202ce000, frameIndex: 96
01-21 20:43:34.560   708 18764 D C2UnisocVideoDecoderComponent: fetch one queue free block:0xf27d13e0,iRefCount:0
01-21 20:43:34.560   708 18763 V SimpleUnisocC2Component: processed frame #96
01-21 20:43:34.560   708 18763 V SimpleUnisocC2Component: returning this work, frameIndex: 96
01-21 20:43:34.561 18303 18762 I mali_gralloc: register: id=0x2c100001c75, importpid=708
01-21 20:43:34.561   698  6594 I audio_hw_primary: app type:0x   5, is_voip:0, device:2, pcm:-176945824, usecase:0x   2
01-21 20:43:34.561 18303 18762 I mali_gralloc: unregister: id=0x2c100001c75, base=0x0, importpid=18303
01-21 20:43:34.591   708 18763 V SimpleUnisocC2Component: start processing frame #97
01-21 20:43:34.592   708 18763 I VSP     : VP8DecSetCurRecPic,104,picid 97,header 0xf27d13e0
01-21 20:43:34.592   708 18763 I C2UnisocVp8Dec: setDecodeArgs, pBufCtrl: 0xf27c95e0, pBufCtrl->phyAddr: 0x20277000, frameIndex: 97, timeStamp: 27800156000, inSize: 177, inOffset: 0
01-21 20:43:34.592   708 18764 V C2UnisocVp8Dec: fetchGraphicBlock, stride: 640, sliceHeight: 368, mDecoderSwFlag: 0
01-21 20:43:34.593   708 18764 I C2UnisocVp8Dec: resetOutBlock, fd: 25, iova: 0x2037c000, mDecoderSwFlag: 0
01-21 20:43:34.594   708 18763 V C2UnisocVp8Dec: VSP_bind_cb, phyAddr: 0x20277000, pOutBlockInfo: 0xf27d13e0, pBufCtrl: 0xf27c95e0; iRefCount=0
01-21 20:43:34.594   708 18763 V C2UnisocVp8Dec: VSP_unbind_cb, phyAddr: 0x202ce000, pOutBlockInfo: 0xf27cea10, pBufCtrl: 0xf27ce410; iRefCount=1
01-21 20:43:34.594   708 18763 I C2UnisocVp8Dec: process, decRet: 0, 2ms, dec_out.frameEffective: 1, has_pic: 1, picId: 97, consume byte: 177
01-21 20:43:34.594   708 18763 I C2UnisocVp8Dec: drainOneOutputBuffer, pBufCtrl: 0xf27c95e0, pBufCtrl->phyAddr: 0x20277000, frameIndex: 97
01-21 20:43:34.594   708 18763 V SimpleUnisocC2Component: processed frame #97
01-21 20:43:34.594   708 18763 V SimpleUnisocC2Component: returning this work, frameIndex: 97
01-21 20:43:34.595   708 18764 I C2UnisocVp8Dec: resetOutBlock, fd: 41, iova: 0x202ce000, mDecoderSwFlag: 0
01-21 20:43:34.595   708 18764 D C2UnisocVideoDecoderComponent: fetch one queue free block:0xf27c4ed0,iRefCount:0
01-21 20:43:34.595 18303 18762 I mali_gralloc: register: id=0x2c100001c7a, importpid=708
01-21 20:43:34.595 18303 18762 I mali_gralloc: unregister: id=0x2c100001c7a, base=0x0, importpid=18303
01-21 20:43:34.605   698  6594 I audio_hw_primary: app type:0x   5, is_voip:0, device:2, pcm:-176945824, usecase:0x   2
01-21 20:43:34.625   708 18763 V SimpleUnisocC2Component: start processing frame #98
01-21 20:43:34.625   708 18763 I VSP     : VP8DecSetCurRecPic,104,picid 98,header 0xf27c4ed0
01-21 20:43:34.626   708 18763 I C2UnisocVp8Dec: setDecodeArgs, pBufCtrl: 0xf27d09f0, pBufCtrl->phyAddr: 0x202ce000, frameIndex: 98, timeStamp: 27800190000, inSize: 171, inOffset: 0
01-21 20:43:34.626   708 18764 V C2UnisocVp8Dec: fetchGraphicBlock, stride: 640, sliceHeight: 368, mDecoderSwFlag: 0
01-21 20:43:34.627   708 18763 V C2UnisocVp8Dec: VSP_bind_cb, phyAddr: 0x202ce000, pOutBlockInfo: 0xf27c4ed0, pBufCtrl: 0xf27d09f0; iRefCount=0
01-21 20:43:34.627   708 18763 V C2UnisocVp8Dec: VSP_unbind_cb, phyAddr: 0x20277000, pOutBlockInfo: 0xf27d13e0, pBufCtrl: 0xf27c95e0; iRefCount=1
01-21 20:43:34.628   708 18763 I C2UnisocVp8Dec: process, decRet: 0, 2ms, dec_out.frameEffective: 1, has_pic: 1, picId: 98, consume byte: 171
01-21 20:43:34.628   708 18763 I C2UnisocVp8Dec: drainOneOutputBuffer, pBufCtrl: 0xf27d09f0, pBufCtrl->phyAddr: 0x202ce000, frameIndex: 98
01-21 20:43:34.628   708 18763 V SimpleUnisocC2Component: processed frame #98
01-21 20:43:34.628   708 18763 V SimpleUnisocC2Component: returning this work, frameIndex: 98
01-21 20:43:34.628   708 18764 D C2UnisocVideoDecoderComponent: fetch one queue free block:0xf27cd570,iRefCount:0
01-21 20:43:34.628   708 18764 I C2UnisocVp8Dec: resetOutBlock, fd: 43, iova: 0x20277000, mDecoderSwFlag: 0
01-21 20:43:34.629 18303 18762 I mali_gralloc: register: id=0x2c100001c73, importpid=708
01-21 20:43:34.630 18303 18762 I mali_gralloc: unregister: id=0x2c100001c73, base=0x0, importpid=18303
01-21 20:43:34.648   698  6594 I audio_hw_primary: app type:0x   5, is_voip:0, device:2, pcm:-176945824, usecase:0x   2
01-21 20:43:34.657   708 18763 V SimpleUnisocC2Component: start processing frame #99
01-21 20:43:34.657   708 18763 I VSP     : VP8DecSetCurRecPic,104,picid 99,header 0xf27cd570
01-21 20:43:34.658   708 18763 I C2UnisocVp8Dec: setDecodeArgs, pBufCtrl: 0xf27d0ff0, pBufCtrl->phyAddr: 0x2037c000, frameIndex: 99, timeStamp: 27800223000, inSize: 4055, inOffset: 0
01-21 20:43:34.658   708 18764 V C2UnisocVp8Dec: fetchGraphicBlock, stride: 640, sliceHeight: 368, mDecoderSwFlag: 0
01-21 20:43:34.660   708 18763 V C2UnisocVp8Dec: VSP_bind_cb, phyAddr: 0x2037c000, pOutBlockInfo: 0xf27cd570, pBufCtrl: 0xf27d0ff0; iRefCount=0
01-21 20:43:34.660   708 18763 V C2UnisocVp8Dec: VSP_unbind_cb, phyAddr: 0x202ce000, pOutBlockInfo: 0xf27c4ed0, pBufCtrl: 0xf27d09f0; iRefCount=1
01-21 20:43:34.660   708 18763 I C2UnisocVp8Dec: process, decRet: 0, 2ms, dec_out.frameEffective: 1, has_pic: 1, picId: 99, consume byte: 4055
01-21 20:43:34.660   708 18763 I C2UnisocVp8Dec: drainOneOutputBuffer, pBufCtrl: 0xf27d0ff0, pBufCtrl->phyAddr: 0x2037c000, frameIndex: 99
01-21 20:43:34.660   708 18764 D C2UnisocVideoDecoderComponent: fetch one queue free block:0xf27cea10,iRefCount:0
01-21 20:43:34.660   708 18764 I C2UnisocVp8Dec: resetOutBlock, fd: 46, iova: 0x202ce000, mDecoderSwFlag: 0
01-21 20:43:34.660   708 18763 V SimpleUnisocC2Component: processed frame #99
01-21 20:43:34.660   708 18763 V SimpleUnisocC2Component: returning this work, frameIndex: 99
01-21 20:43:34.662 18303 18762 I mali_gralloc: register: id=0x2c100001c75, importpid=708
01-21 20:43:34.662 18303 18762 I mali_gralloc: unregister: id=0x2c100001c75, base=0x0, importpid=18303
01-21 20:43:34.691   698  6594 I audio_hw_primary: app type:0x   5, is_voip:0, device:2, pcm:-176945824, usecase:0x   2
01-21 20:43:34.692   708 18763 V SimpleUnisocC2Component: start processing frame #100
01-21 20:43:34.692   708 18763 I VSP     : VP8DecSetCurRecPic,104,picid 100,header 0xf27cea10
01-21 20:43:34.692   708 18763 I C2UnisocVp8Dec: setDecodeArgs, pBufCtrl: 0xf27ce410, pBufCtrl->phyAddr: 0x20277000, frameIndex: 100, timeStamp: 27800257000, inSize: 506, inOffset: 0
01-21 20:43:34.692   708 18764 V C2UnisocVp8Dec: fetchGraphicBlock, stride: 640, sliceHeight: 368, mDecoderSwFlag: 0
01-21 20:43:34.694   708 18763 V C2UnisocVp8Dec: VSP_bind_cb, phyAddr: 0x20277000, pOutBlockInfo: 0xf27cea10, pBufCtrl: 0xf27ce410; iRefCount=0
01-21 20:43:34.694   708 18763 V C2UnisocVp8Dec: VSP_unbind_cb, phyAddr: 0x2037c000, pOutBlockInfo: 0xf27cd570, pBufCtrl: 0xf27d0ff0; iRefCount=1
01-21 20:43:34.694   708 18763 I C2UnisocVp8Dec: process, decRet: 0, 1ms, dec_out.frameEffective: 1, has_pic: 1, picId: 100, consume byte: 506
01-21 20:43:34.694   708 18763 I C2UnisocVp8Dec: drainOneOutputBuffer, pBufCtrl: 0xf27ce410, pBufCtrl->phyAddr: 0x20277000, frameIndex: 100
01-21 20:43:34.694   708 18764 D C2UnisocVideoDecoderComponent: fetch one queue free block:0xf27d13e0,iRefCount:0
01-21 20:43:34.694   708 18763 V SimpleUnisocC2Component: processed frame #100
01-21 20:43:34.694   708 18763 V SimpleUnisocC2Component: returning this work, frameIndex: 100
01-21 20:43:34.696 18303 18762 I mali_gralloc: register: id=0x2c100001c7a, importpid=708
01-21 20:43:34.697 18303 18762 I mali_gralloc: unregister: id=0x2c100001c7a, base=0x0, importpid=18303
01-21 20:43:34.726   708 18763 V SimpleUnisocC2Component: start processing frame #101
01-21 20:43:34.727   708 18763 I VSP     : VP8DecSetCurRecPic,104,picid 101,header 0xf27d13e0
01-21 20:43:34.727   708 18764 V C2UnisocVp8Dec: fetchGraphicBlock, stride: 640, sliceHeight: 368, mDecoderSwFlag: 0
01-21 20:43:34.727   708 18763 I C2UnisocVp8Dec: setDecodeArgs, pBufCtrl: 0xf27c95e0, pBufCtrl->phyAddr: 0x202ce000, frameIndex: 101, timeStamp: 27800290000, inSize: 302, inOffset: 0
01-21 20:43:34.727   708 18764 I C2UnisocVp8Dec: resetOutBlock, fd: 25, iova: 0x2037c000, mDecoderSwFlag: 0
01-21 20:43:34.728   708 18763 V C2UnisocVp8Dec: VSP_bind_cb, phyAddr: 0x202ce000, pOutBlockInfo: 0xf27d13e0, pBufCtrl: 0xf27c95e0; iRefCount=0
01-21 20:43:34.728   708 18763 V C2UnisocVp8Dec: VSP_unbind_cb, phyAddr: 0x20277000, pOutBlockInfo: 0xf27cea10, pBufCtrl: 0xf27ce410; iRefCount=1
01-21 20:43:34.729   708 18763 I C2UnisocVp8Dec: process, decRet: 0, 1ms, dec_out.frameEffective: 1, has_pic: 1, picId: 101, consume byte: 302
01-21 20:43:34.729   708 18763 I C2UnisocVp8Dec: drainOneOutputBuffer, pBufCtrl: 0xf27c95e0, pBufCtrl->phyAddr: 0x202ce000, frameIndex: 101
01-21 20:43:34.729   708 18764 I C2UnisocVp8Dec: resetOutBlock, fd: 41, iova: 0x20277000, mDecoderSwFlag: 0
01-21 20:43:34.729   708 18763 V SimpleUnisocC2Component: processed frame #101
01-21 20:43:34.729   708 18763 V SimpleUnisocC2Component: returning this work, frameIndex: 101
01-21 20:43:34.729   708 18764 D C2UnisocVideoDecoderComponent: fetch one queue free block:0xf27c4ed0,iRefCount:0
01-21 20:43:34.730 18303 18762 I mali_gralloc: register: id=0x2c100001c73, importpid=708
01-21 20:43:34.730 18303 18762 I mali_gralloc: unregister: id=0x2c100001c73, base=0x0, importpid=18303
01-21 20:43:34.734   698  6594 I audio_hw_primary: app type:0x   5, is_voip:0, device:2, pcm:-176945824, usecase:0x   2
01-21 20:43:34.758   698  6594 I audio_hw_primary: app type:0x   5, is_voip:0, device:2, pcm:-176945824, usecase:0x   2
01-21 20:43:34.759   708 18763 V SimpleUnisocC2Component: start processing frame #102
01-21 20:43:34.759   708 18763 I VSP     : VP8DecSetCurRecPic,104,picid 102,header 0xf27c4ed0
01-21 20:43:34.759   708 18763 I C2UnisocVp8Dec: setDecodeArgs, pBufCtrl: 0xf27d09f0, pBufCtrl->phyAddr: 0x20277000, frameIndex: 102, timeStamp: 27800324000, inSize: 239, inOffset: 0
01-21 20:43:34.759   708 18764 V C2UnisocVp8Dec: fetchGraphicBlock, stride: 640, sliceHeight: 368, mDecoderSwFlag: 0
01-21 20:43:34.761   708 18763 V C2UnisocVp8Dec: VSP_bind_cb, phyAddr: 0x20277000, pOutBlockInfo: 0xf27c4ed0, pBufCtrl: 0xf27d09f0; iRefCount=0
01-21 20:43:34.761   708 18763 V C2UnisocVp8Dec: VSP_unbind_cb, phyAddr: 0x202ce000, pOutBlockInfo: 0xf27d13e0, pBufCtrl: 0xf27c95e0; iRefCount=1
01-21 20:43:34.761   708 18763 I C2UnisocVp8Dec: process, decRet: 0, 1ms, dec_out.frameEffective: 1, has_pic: 1, picId: 102, consume byte: 239
01-21 20:43:34.761   708 18763 I C2UnisocVp8Dec: drainOneOutputBuffer, pBufCtrl: 0xf27d09f0, pBufCtrl->phyAddr: 0x20277000, frameIndex: 102
01-21 20:43:34.761   708 18764 D C2UnisocVideoDecoderComponent: fetch one queue free block:0xf27cd570,iRefCount:0
01-21 20:43:34.761   708 18764 I C2UnisocVp8Dec: resetOutBlock, fd: 43, iova: 0x202ce000, mDecoderSwFlag: 0
01-21 20:43:34.761   708 18763 V SimpleUnisocC2Component: processed frame #102
01-21 20:43:34.761   708 18763 V SimpleUnisocC2Component: returning this work, frameIndex: 102
01-21 20:43:34.762 18303 18762 I mali_gralloc: register: id=0x2c100001c75, importpid=708
01-21 20:43:34.762 18303 18762 I mali_gralloc: unregister: id=0x2c100001c75, base=0x0, importpid=18303
01-21 20:43:34.794   708 18763 V SimpleUnisocC2Component: start processing frame #103
01-21 20:43:34.795   708 18763 I VSP     : VP8DecSetCurRecPic,104,picid 103,header 0xf27cd570
01-21 20:43:34.795   708 18763 I C2UnisocVp8Dec: setDecodeArgs, pBufCtrl: 0xf27d0ff0, pBufCtrl->phyAddr: 0x2037c000, frameIndex: 103, timeStamp: 27800359000, inSize: 254, inOffset: 0
01-21 20:43:34.795   708 18764 V C2UnisocVp8Dec: fetchGraphicBlock, stride: 640, sliceHeight: 368, mDecoderSwFlag: 0
01-21 20:43:34.796   708 18763 V C2UnisocVp8Dec: VSP_bind_cb, phyAddr: 0x2037c000, pOutBlockInfo: 0xf27cd570, pBufCtrl: 0xf27d0ff0; iRefCount=0
01-21 20:43:34.796   708 18763 V C2UnisocVp8Dec: VSP_unbind_cb, phyAddr: 0x20277000, pOutBlockInfo: 0xf27c4ed0, pBufCtrl: 0xf27d09f0; iRefCount=1
01-21 20:43:34.796   708 18763 I C2UnisocVp8Dec: process, decRet: 0, 1ms, dec_out.frameEffective: 1, has_pic: 1, picId: 103, consume byte: 254
01-21 20:43:34.796   708 18763 I C2UnisocVp8Dec: drainOneOutputBuffer, pBufCtrl: 0xf27d0ff0, pBufCtrl->phyAddr: 0x2037c000, frameIndex: 103
01-21 20:43:34.797   708 18764 D C2UnisocVideoDecoderComponent: fetch one queue free block:0xf27cea10,iRefCount:0
01-21 20:43:34.797   708 18764 I C2UnisocVp8Dec: resetOutBlock, fd: 46, iova: 0x20277000, mDecoderSwFlag: 0
01-21 20:43:34.797   708 18763 V SimpleUnisocC2Component: processed frame #103
01-21 20:43:34.797   708 18763 V SimpleUnisocC2Component: returning this work, frameIndex: 103
01-21 20:43:34.797 18303 18762 I mali_gralloc: register: id=0x2c100001c7a, importpid=708
01-21 20:43:34.798 18303 18762 I mali_gralloc: unregister: id=0x2c100001c7a, base=0x0, importpid=18303
01-21 20:43:34.801   698  6594 I audio_hw_primary: app type:0x   5, is_voip:0, device:2, pcm:-176945824, usecase:0x   2
01-21 20:43:34.827   708 18763 V SimpleUnisocC2Component: start processing frame #104
01-21 20:43:34.828   708 18763 I VSP     : VP8DecSetCurRecPic,104,picid 104,header 0xf27cea10
01-21 20:43:34.828   708 18763 I C2UnisocVp8Dec: setDecodeArgs, pBufCtrl: 0xf27ce410, pBufCtrl->phyAddr: 0x202ce000, frameIndex: 104, timeStamp: 27800392000, inSize: 236, inOffset: 0
01-21 20:43:34.828   708 18764 V C2UnisocVp8Dec: fetchGraphicBlock, stride: 640, sliceHeight: 368, mDecoderSwFlag: 0
01-21 20:43:34.829   708 18763 V C2UnisocVp8Dec: VSP_bind_cb, phyAddr: 0x202ce000, pOutBlockInfo: 0xf27cea10, pBufCtrl: 0xf27ce410; iRefCount=0
01-21 20:43:34.829   708 18763 V C2UnisocVp8Dec: VSP_unbind_cb, phyAddr: 0x2037c000, pOutBlockInfo: 0xf27cd570, pBufCtrl: 0xf27d0ff0; iRefCount=1
01-21 20:43:34.830   708 18763 I C2UnisocVp8Dec: process, decRet: 0, 1ms, dec_out.frameEffective: 1, has_pic: 1, picId: 104, consume byte: 236
01-21 20:43:34.830   708 18763 I C2UnisocVp8Dec: drainOneOutputBuffer, pBufCtrl: 0xf27ce410, pBufCtrl->phyAddr: 0x202ce000, frameIndex: 104
01-21 20:43:34.830   708 18764 D C2UnisocVideoDecoderComponent: fetch one queue free block:0xf27d13e0,iRefCount:0
01-21 20:43:34.830   708 18763 V SimpleUnisocC2Component: processed frame #104
01-21 20:43:34.830   708 18763 V SimpleUnisocC2Component: returning this work, frameIndex: 104
01-21 20:43:34.831 18303 18762 I mali_gralloc: register: id=0x2c100001c73, importpid=708
01-21 20:43:34.832 18303 18762 I mali_gralloc: unregister: id=0x2c100001c73, base=0x0, importpid=18303
01-21 20:43:34.844   698  6594 I audio_hw_primary: app type:0x   5, is_voip:0, device:2, pcm:-176945824, usecase:0x   2
01-21 20:43:34.862   708 18763 V SimpleUnisocC2Component: start processing frame #105
01-21 20:43:34.862   708 18763 I VSP     : VP8DecSetCurRecPic,104,picid 105,header 0xf27d13e0
01-21 20:43:34.862   708 18763 I C2UnisocVp8Dec: setDecodeArgs, pBufCtrl: 0xf27c95e0, pBufCtrl->phyAddr: 0x20277000, frameIndex: 105, timeStamp: 27800426000, inSize: 230, inOffset: 0
01-21 20:43:34.862   708 18764 V C2UnisocVp8Dec: fetchGraphicBlock, stride: 640, sliceHeight: 368, mDecoderSwFlag: 0
01-21 20:43:34.863   708 18764 I C2UnisocVp8Dec: resetOutBlock, fd: 25, iova: 0x2037c000, mDecoderSwFlag: 0
01-21 20:43:34.864   708 18763 V C2UnisocVp8Dec: VSP_bind_cb, phyAddr: 0x20277000, pOutBlockInfo: 0xf27d13e0, pBufCtrl: 0xf27c95e0; iRefCount=0
01-21 20:43:34.864   708 18763 V C2UnisocVp8Dec: VSP_unbind_cb, phyAddr: 0x202ce000, pOutBlockInfo: 0xf27cea10, pBufCtrl: 0xf27ce410; iRefCount=1
01-21 20:43:34.864   708 18763 I C2UnisocVp8Dec: process, decRet: 0, 2ms, dec_out.frameEffective: 1, has_pic: 1, picId: 105, consume byte: 230
01-21 20:43:34.864   708 18763 I C2UnisocVp8Dec: drainOneOutputBuffer, pBufCtrl: 0xf27c95e0, pBufCtrl->phyAddr: 0x20277000, frameIndex: 105
01-21 20:43:34.864   708 18764 I C2UnisocVp8Dec: resetOutBlock, fd: 41, iova: 0x202ce000, mDecoderSwFlag: 0
01-21 20:43:34.864   708 18763 V SimpleUnisocC2Component: processed frame #105
01-21 20:43:34.865   708 18763 V SimpleUnisocC2Component: returning this work, frameIndex: 105
01-21 20:43:34.865   708 18764 D C2UnisocVideoDecoderComponent: fetch one queue free block:0xf27c4ed0,iRefCount:0
01-21 20:43:34.865 18303 18762 I mali_gralloc: register: id=0x2c100001c75, importpid=708
01-21 20:43:34.866 18303 18762 I mali_gralloc: unregister: id=0x2c100001c75, base=0x0, importpid=18303
01-21 20:43:34.888   698  6594 I audio_hw_primary: app type:0x   5, is_voip:0, device:2, pcm:-176945824, usecase:0x   2
01-21 20:43:34.894   708 18763 V SimpleUnisocC2Component: start processing frame #106
01-21 20:43:34.895   708 18763 I VSP     : VP8DecSetCurRecPic,104,picid 106,header 0xf27c4ed0
01-21 20:43:34.895   708 18763 I C2UnisocVp8Dec: setDecodeArgs, pBufCtrl: 0xf27d09f0, pBufCtrl->phyAddr: 0x202ce000, frameIndex: 106, timeStamp: 27800460000, inSize: 233, inOffset: 0
01-21 20:43:34.895   708 18764 V C2UnisocVp8Dec: fetchGraphicBlock, stride: 640, sliceHeight: 368, mDecoderSwFlag: 0
01-21 20:43:34.897   708 18763 V C2UnisocVp8Dec: VSP_bind_cb, phyAddr: 0x202ce000, pOutBlockInfo: 0xf27c4ed0, pBufCtrl: 0xf27d09f0; iRefCount=0
01-21 20:43:34.897   708 18763 V C2UnisocVp8Dec: VSP_unbind_cb, phyAddr: 0x20277000, pOutBlockInfo: 0xf27d13e0, pBufCtrl: 0xf27c95e0; iRefCount=1
01-21 20:43:34.897   708 18763 I C2UnisocVp8Dec: process, decRet: 0, 1ms, dec_out.frameEffective: 1, has_pic: 1, picId: 106, consume byte: 233
01-21 20:43:34.897   708 18763 I C2UnisocVp8Dec: drainOneOutputBuffer, pBufCtrl: 0xf27d09f0, pBufCtrl->phyAddr: 0x202ce000, frameIndex: 106
01-21 20:43:34.897   708 18763 V SimpleUnisocC2Component: processed frame #106
01-21 20:43:34.897   708 18763 V SimpleUnisocC2Component: returning this work, frameIndex: 106
01-21 20:43:34.898   708 18764 D C2UnisocVideoDecoderComponent: fetch one queue free block:0xf27cd570,iRefCount:0
01-21 20:43:34.898   708 18764 I C2UnisocVp8Dec: resetOutBlock, fd: 43, iova: 0x20277000, mDecoderSwFlag: 0
01-21 20:43:34.898 18303 18762 I mali_gralloc: register: id=0x2c100001c7a, importpid=708
01-21 20:43:34.898 18303 18762 I mali_gralloc: unregister: id=0x2c100001c7a, base=0x0, importpid=18303
01-21 20:43:34.928   708 18763 V SimpleUnisocC2Component: start processing frame #107
01-21 20:43:34.928   708 18763 I VSP     : VP8DecSetCurRecPic,104,picid 107,header 0xf27cd570
01-21 20:43:34.928   708 18763 I C2UnisocVp8Dec: setDecodeArgs, pBufCtrl: 0xf27d0ff0, pBufCtrl->phyAddr: 0x2037c000, frameIndex: 107, timeStamp: 27800494000, inSize: 232, inOffset: 0
01-21 20:43:34.928   708 18764 V C2UnisocVp8Dec: fetchGraphicBlock, stride: 640, sliceHeight: 368, mDecoderSwFlag: 0
01-21 20:43:34.930   708 18763 V C2UnisocVp8Dec: VSP_bind_cb, phyAddr: 0x2037c000, pOutBlockInfo: 0xf27cd570, pBufCtrl: 0xf27d0ff0; iRefCount=0
01-21 20:43:34.930   708 18763 V C2UnisocVp8Dec: VSP_unbind_cb, phyAddr: 0x202ce000, pOutBlockInfo: 0xf27c4ed0, pBufCtrl: 0xf27d09f0; iRefCount=1
01-21 20:43:34.930   708 18763 I C2UnisocVp8Dec: process, decRet: 0, 2ms, dec_out.frameEffective: 1, has_pic: 1, picId: 107, consume byte: 232
01-21 20:43:34.931   708 18763 I C2UnisocVp8Dec: drainOneOutputBuffer, pBufCtrl: 0xf27d0ff0, pBufCtrl->phyAddr: 0x2037c000, frameIndex: 107
01-21 20:43:34.931   708 18763 V SimpleUnisocC2Component: processed frame #107
01-21 20:43:34.931   708 18763 V SimpleUnisocC2Component: returning this work, frameIndex: 107
01-21 20:43:34.931   708 18764 D C2UnisocVideoDecoderComponent: fetch one queue free block:0xf27cea10,iRefCount:0
01-21 20:43:34.931   708 18764 I C2UnisocVp8Dec: resetOutBlock, fd: 46, iova: 0x202ce000, mDecoderSwFlag: 0
01-21 20:43:34.931   698  6594 I audio_hw_primary: app type:0x   5, is_voip:0, device:2, pcm:-176945824, usecase:0x   2
01-21 20:43:34.931 18303 18762 I mali_gralloc: register: id=0x2c100001c73, importpid=708
01-21 20:43:34.932 18303 18762 I mali_gralloc: unregister: id=0x2c100001c73, base=0x0, importpid=18303
01-21 20:43:34.962   708 18763 V SimpleUnisocC2Component: start processing frame #108
01-21 20:43:34.963   708 18763 I VSP     : VP8DecSetCurRecPic,104,picid 108,header 0xf27cea10
01-21 20:43:34.963   708 18763 I C2UnisocVp8Dec: setDecodeArgs, pBufCtrl: 0xf27ce410, pBufCtrl->phyAddr: 0x20277000, frameIndex: 108, timeStamp: 27800527000, inSize: 5042, inOffset: 0
01-21 20:43:34.963   708 18764 V C2UnisocVp8Dec: fetchGraphicBlock, stride: 640, sliceHeight: 368, mDecoderSwFlag: 0
01-21 20:43:34.965   708 18763 V C2UnisocVp8Dec: VSP_bind_cb, phyAddr: 0x20277000, pOutBlockInfo: 0xf27cea10, pBufCtrl: 0xf27ce410; iRefCount=0
01-21 20:43:34.965   708 18763 V C2UnisocVp8Dec: VSP_unbind_cb, phyAddr: 0x2037c000, pOutBlockInfo: 0xf27cd570, pBufCtrl: 0xf27d0ff0; iRefCount=1
01-21 20:43:34.965   708 18763 I C2UnisocVp8Dec: process, decRet: 0, 2ms, dec_out.frameEffective: 1, has_pic: 1, picId: 108, consume byte: 5042
01-21 20:43:34.965   708 18763 I C2UnisocVp8Dec: drainOneOutputBuffer, pBufCtrl: 0xf27ce410, pBufCtrl->phyAddr: 0x20277000, frameIndex: 108
01-21 20:43:34.965   708 18763 V SimpleUnisocC2Component: processed frame #108
01-21 20:43:34.965   708 18763 V SimpleUnisocC2Component: returning this work, frameIndex: 108
01-21 20:43:34.965   708 18764 D C2UnisocVideoDecoderComponent: fetch one queue free block:0xf27d13e0,iRefCount:0
01-21 20:43:34.966 18303 18762 I mali_gralloc: register: id=0x2c100001c75, importpid=708
01-21 20:43:34.966 18303 18762 I mali_gralloc: unregister: id=0x2c100001c75, base=0x0, importpid=18303
01-21 20:43:34.975   698  6594 I audio_hw_primary: app type:0x   5, is_voip:0, device:2, pcm:-176945824, usecase:0x   2
01-21 20:43:34.995   708 18763 V SimpleUnisocC2Component: start processing frame #109
01-21 20:43:34.996   708 18763 I VSP     : VP8DecSetCurRecPic,104,picid 109,header 0xf27d13e0
01-21 20:43:34.996   708 18763 I C2UnisocVp8Dec: setDecodeArgs, pBufCtrl: 0xf27c95e0, pBufCtrl->phyAddr: 0x202ce000, frameIndex: 109, timeStamp: 27800561000, inSize: 485, inOffset: 0
01-21 20:43:34.996   708 18764 V C2UnisocVp8Dec: fetchGraphicBlock, stride: 640, sliceHeight: 368, mDecoderSwFlag: 0
01-21 20:43:34.996   708 18764 I C2UnisocVp8Dec: resetOutBlock, fd: 25, iova: 0x2037c000, mDecoderSwFlag: 0
01-21 20:43:34.997   708 18763 V C2UnisocVp8Dec: VSP_bind_cb, phyAddr: 0x202ce000, pOutBlockInfo: 0xf27d13e0, pBufCtrl: 0xf27c95e0; iRefCount=0
01-21 20:43:34.997   708 18763 V C2UnisocVp8Dec: VSP_unbind_cb, phyAddr: 0x20277000, pOutBlockInfo: 0xf27cea10, pBufCtrl: 0xf27ce410; iRefCount=1
01-21 20:43:34.997   708 18763 I C2UnisocVp8Dec: process, decRet: 0, 1ms, dec_out.frameEffective: 1, has_pic: 1, picId: 109, consume byte: 485
01-21 20:43:34.997   708 18763 I C2UnisocVp8Dec: drainOneOutputBuffer, pBufCtrl: 0xf27c95e0, pBufCtrl->phyAddr: 0x202ce000, frameIndex: 109
01-21 20:43:34.998   708 18764 I C2UnisocVp8Dec: resetOutBlock, fd: 41, iova: 0x20277000, mDecoderSwFlag: 0
01-21 20:43:34.998   708 18763 V SimpleUnisocC2Component: processed frame #109
01-21 20:43:34.998   708 18763 V SimpleUnisocC2Component: returning this work, frameIndex: 109
01-21 20:43:34.998   708 18764 D C2UnisocVideoDecoderComponent: fetch one queue free block:0xf27c4ed0,iRefCount:0
01-21 20:43:34.999 18303 18762 I mali_gralloc: register: id=0x2c100001c7a, importpid=708
01-21 20:43:34.999 18303 18762 I mali_gralloc: unregister: id=0x2c100001c7a, base=0x0, importpid=18303
01-21 20:43:34.999   698  6594 I audio_hw_primary: app type:0x   5, is_voip:0, device:2, pcm:-176945824, usecase:0x   2
01-21 20:43:35.030   708 18763 V SimpleUnisocC2Component: start processing frame #110
01-21 20:43:35.030   708 18763 I VSP     : VP8DecSetCurRecPic,104,picid 110,header 0xf27c4ed0
01-21 20:43:35.031   708 18763 I C2UnisocVp8Dec: setDecodeArgs, pBufCtrl: 0xf27d09f0, pBufCtrl->phyAddr: 0x20277000, frameIndex: 110, timeStamp: 27800594000, inSize: 191, inOffset: 0
01-21 20:43:35.031   708 18764 V C2UnisocVp8Dec: fetchGraphicBlock, stride: 640, sliceHeight: 368, mDecoderSwFlag: 0
01-21 20:43:35.032   708 18763 V C2UnisocVp8Dec: VSP_bind_cb, phyAddr: 0x20277000, pOutBlockInfo: 0xf27c4ed0, pBufCtrl: 0xf27d09f0; iRefCount=0
01-21 20:43:35.032   708 18763 V C2UnisocVp8Dec: VSP_unbind_cb, phyAddr: 0x202ce000, pOutBlockInfo: 0xf27d13e0, pBufCtrl: 0xf27c95e0; iRefCount=1
01-21 20:43:35.033   708 18763 I C2UnisocVp8Dec: process, decRet: 0, 2ms, dec_out.frameEffective: 1, has_pic: 1, picId: 110, consume byte: 191
01-21 20:43:35.033   708 18763 I C2UnisocVp8Dec: drainOneOutputBuffer, pBufCtrl: 0xf27d09f0, pBufCtrl->phyAddr: 0x20277000, frameIndex: 110
01-21 20:43:35.033   708 18764 D C2UnisocVideoDecoderComponent: fetch one queue free block:0xf27cd570,iRefCount:0
01-21 20:43:35.033   708 18764 I C2UnisocVp8Dec: resetOutBlock, fd: 43, iova: 0x202ce000, mDecoderSwFlag: 0
01-21 20:43:35.033   708 18763 V SimpleUnisocC2Component: processed frame #110
01-21 20:43:35.033   708 18763 V SimpleUnisocC2Component: returning this work, frameIndex: 110
01-21 20:43:35.034 18303 18762 I mali_gralloc: register: id=0x2c100001c73, importpid=708
01-21 20:43:35.035 18303 18762 I mali_gralloc: unregister: id=0x2c100001c73, base=0x0, importpid=18303
01-21 20:43:35.042   698  6594 I audio_hw_primary: app type:0x   5, is_voip:0, device:2, pcm:-176945824, usecase:0x   2
01-21 20:43:35.062   708 18763 V SimpleUnisocC2Component: start processing frame #111
01-21 20:43:35.063   708 18763 I VSP     : VP8DecSetCurRecPic,104,picid 111,header 0xf27cd570
01-21 20:43:35.063   708 18763 I C2UnisocVp8Dec: setDecodeArgs, pBufCtrl: 0xf27d0ff0, pBufCtrl->phyAddr: 0x2037c000, frameIndex: 111, timeStamp: 27800628000, inSize: 183, inOffset: 0
01-21 20:43:35.063   708 18764 V C2UnisocVp8Dec: fetchGraphicBlock, stride: 640, sliceHeight: 368, mDecoderSwFlag: 0
01-21 20:43:35.064   708 18763 V C2UnisocVp8Dec: VSP_bind_cb, phyAddr: 0x2037c000, pOutBlockInfo: 0xf27cd570, pBufCtrl: 0xf27d0ff0; iRefCount=0
01-21 20:43:35.064   708 18763 V C2UnisocVp8Dec: VSP_unbind_cb, phyAddr: 0x20277000, pOutBlockInfo: 0xf27c4ed0, pBufCtrl: 0xf27d09f0; iRefCount=1
01-21 20:43:35.064   708 18763 I C2UnisocVp8Dec: process, decRet: 0, 1ms, dec_out.frameEffective: 1, has_pic: 1, picId: 111, consume byte: 183
01-21 20:43:35.064   708 18763 I C2UnisocVp8Dec: drainOneOutputBuffer, pBufCtrl: 0xf27d0ff0, pBufCtrl->phyAddr: 0x2037c000, frameIndex: 111
01-21 20:43:35.065   708 18763 V SimpleUnisocC2Component: processed frame #111
01-21 20:43:35.065   708 18763 V SimpleUnisocC2Component: returning this work, frameIndex: 111
01-21 20:43:35.065   708 18764 D C2UnisocVideoDecoderComponent: fetch one queue free block:0xf27cea10,iRefCount:0
01-21 20:43:35.065   708 18764 I C2UnisocVp8Dec: resetOutBlock, fd: 46, iova: 0x20277000, mDecoderSwFlag: 0
01-21 20:43:35.066 18303 18762 I mali_gralloc: register: id=0x2c100001c75, importpid=708
01-21 20:43:35.066 18303 18762 I mali_gralloc: unregister: id=0x2c100001c75, base=0x0, importpid=18303
01-21 20:43:35.085   698  6594 I audio_hw_primary: app type:0x   5, is_voip:0, device:2, pcm:-176945824, usecase:0x   2
01-21 20:43:35.098   708 18763 V SimpleUnisocC2Component: start processing frame #112
01-21 20:43:35.098   708 18763 I VSP     : VP8DecSetCurRecPic,104,picid 112,header 0xf27cea10
01-21 20:43:35.098   708 18763 I C2UnisocVp8Dec: setDecodeArgs, pBufCtrl: 0xf27ce410, pBufCtrl->phyAddr: 0x202ce000, frameIndex: 112, timeStamp: 27800663000, inSize: 311, inOffset: 0
01-21 20:43:35.098   708 18764 V C2UnisocVp8Dec: fetchGraphicBlock, stride: 640, sliceHeight: 368, mDecoderSwFlag: 0
01-21 20:43:35.100   708 18763 V C2UnisocVp8Dec: VSP_bind_cb, phyAddr: 0x202ce000, pOutBlockInfo: 0xf27cea10, pBufCtrl: 0xf27ce410; iRefCount=0
01-21 20:43:35.100   708 18763 V C2UnisocVp8Dec: VSP_unbind_cb, phyAddr: 0x2037c000, pOutBlockInfo: 0xf27cd570, pBufCtrl: 0xf27d0ff0; iRefCount=1
01-21 20:43:35.100   708 18763 I C2UnisocVp8Dec: process, decRet: 0, 1ms, dec_out.frameEffective: 1, has_pic: 1, picId: 112, consume byte: 311
01-21 20:43:35.100   708 18763 I C2UnisocVp8Dec: drainOneOutputBuffer, pBufCtrl: 0xf27ce410, pBufCtrl->phyAddr: 0x202ce000, frameIndex: 112
01-21 20:43:35.100   708 18764 I C2UnisocVp8Dec: resetOutBlock, fd: 25, iova: 0x2037c000, mDecoderSwFlag: 0
01-21 20:43:35.100   708 18763 V SimpleUnisocC2Component: processed frame #112
01-21 20:43:35.100   708 18763 V SimpleUnisocC2Component: returning this work, frameIndex: 112
01-21 20:43:35.100   708 18764 D C2UnisocVideoDecoderComponent: fetch one queue free block:0xf27d13e0,iRefCount:0
01-21 20:43:35.102 18303 18762 I mali_gralloc: register: id=0x2c100001c7a, importpid=708
01-21 20:43:35.102 18303 18762 I mali_gralloc: unregister: id=0x2c100001c7a, base=0x0, importpid=18303
01-21 20:43:35.128   698  6594 I audio_hw_primary: app type:0x   5, is_voip:0, device:2, pcm:-176945824, usecase:0x   2
01-21 20:43:35.131   708 18763 V SimpleUnisocC2Component: start processing frame #113
01-21 20:43:35.131   708 18763 I VSP     : VP8DecSetCurRecPic,104,picid 113,header 0xf27d13e0
01-21 20:43:35.131   708 18763 I C2UnisocVp8Dec: setDecodeArgs, pBufCtrl: 0xf27c95e0, pBufCtrl->phyAddr: 0x20277000, frameIndex: 113, timeStamp: 27800697000, inSize: 310, inOffset: 0
01-21 20:43:35.131   708 18764 V C2UnisocVp8Dec: fetchGraphicBlock, stride: 640, sliceHeight: 368, mDecoderSwFlag: 0
01-21 20:43:35.133   708 18763 V C2UnisocVp8Dec: VSP_bind_cb, phyAddr: 0x20277000, pOutBlockInfo: 0xf27d13e0, pBufCtrl: 0xf27c95e0; iRefCount=0
01-21 20:43:35.133   708 18763 V C2UnisocVp8Dec: VSP_unbind_cb, phyAddr: 0x202ce000, pOutBlockInfo: 0xf27cea10, pBufCtrl: 0xf27ce410; iRefCount=1
01-21 20:43:35.133   708 18763 I C2UnisocVp8Dec: process, decRet: 0, 1ms, dec_out.frameEffective: 1, has_pic: 1, picId: 113, consume byte: 310
01-21 20:43:35.133   708 18763 I C2UnisocVp8Dec: drainOneOutputBuffer, pBufCtrl: 0xf27c95e0, pBufCtrl->phyAddr: 0x20277000, frameIndex: 113
01-21 20:43:35.133   708 18764 D C2UnisocVideoDecoderComponent: fetch one queue free block:0xf27cd570,iRefCount:0
01-21 20:43:35.133   708 18763 V SimpleUnisocC2Component: processed frame #113
01-21 20:43:35.133   708 18764 I C2UnisocVp8Dec: resetOutBlock, fd: 41, iova: 0x202ce000, mDecoderSwFlag: 0
01-21 20:43:35.133   708 18763 V SimpleUnisocC2Component: returning this work, frameIndex: 113
01-21 20:43:35.135 18303 18762 I mali_gralloc: register: id=0x2c100001c73, importpid=708
01-21 20:43:35.135 18303 18762 I mali_gralloc: unregister: id=0x2c100001c73, base=0x0, importpid=18303
01-21 20:43:35.166   708 18763 V SimpleUnisocC2Component: start processing frame #114
01-21 20:43:35.166   708 18763 I VSP     : VP8DecSetCurRecPic,104,picid 114,header 0xf27cd570
01-21 20:43:35.166   708 18763 I C2UnisocVp8Dec: setDecodeArgs, pBufCtrl: 0xf27d0ff0, pBufCtrl->phyAddr: 0x2037c000, frameIndex: 114, timeStamp: 27800730000, inSize: 5144, inOffset: 0
01-21 20:43:35.166   708 18764 V C2UnisocVp8Dec: fetchGraphicBlock, stride: 640, sliceHeight: 368, mDecoderSwFlag: 0
01-21 20:43:35.169   708 18763 V C2UnisocVp8Dec: VSP_bind_cb, phyAddr: 0x2037c000, pOutBlockInfo: 0xf27cd570, pBufCtrl: 0xf27d0ff0; iRefCount=0
01-21 20:43:35.169   708 18763 V C2UnisocVp8Dec: VSP_unbind_cb, phyAddr: 0x20277000, pOutBlockInfo: 0xf27d13e0, pBufCtrl: 0xf27c95e0; iRefCount=1
01-21 20:43:35.169   708 18763 I C2UnisocVp8Dec: process, decRet: 0, 2ms, dec_out.frameEffective: 1, has_pic: 1, picId: 114, consume byte: 5144
01-21 20:43:35.169   708 18763 I C2UnisocVp8Dec: drainOneOutputBuffer, pBufCtrl: 0xf27d0ff0, pBufCtrl->phyAddr: 0x2037c000, frameIndex: 114
01-21 20:43:35.169   708 18764 D C2UnisocVideoDecoderComponent: fetch one queue free block:0xf27cea10,iRefCount:0
01-21 20:43:35.169   708 18764 I C2UnisocVp8Dec: resetOutBlock, fd: 43, iova: 0x20277000, mDecoderSwFlag: 0
01-21 20:43:35.169   708 18763 V SimpleUnisocC2Component: processed frame #114
01-21 20:43:35.169   708 18763 V SimpleUnisocC2Component: returning this work, frameIndex: 114
01-21 20:43:35.170 18303 18762 I mali_gralloc: register: id=0x2c100001c75, importpid=708
01-21 20:43:35.170 18303 18762 I mali_gralloc: unregister: id=0x2c100001c75, base=0x0, importpid=18303
01-21 20:43:35.171   698  6594 I audio_hw_primary: app type:0x   5, is_voip:0, device:2, pcm:-176945824, usecase:0x   2
01-21 20:43:35.200   708 18763 V SimpleUnisocC2Component: start processing frame #115
01-21 20:43:35.200   708 18763 I VSP     : VP8DecSetCurRecPic,104,picid 115,header 0xf27cea10
01-21 20:43:35.200   708 18763 I C2UnisocVp8Dec: setDecodeArgs, pBufCtrl: 0xf27ce410, pBufCtrl->phyAddr: 0x202ce000, frameIndex: 115, timeStamp: 27800764000, inSize: 543, inOffset: 0
01-21 20:43:35.200   708 18764 V C2UnisocVp8Dec: fetchGraphicBlock, stride: 640, sliceHeight: 368, mDecoderSwFlag: 0
