01-21 20:43:05.207  1146  3730 D WindowManager: Changing focus from Window{850396 u0 com.transsion.itel.launcher/com.android.quickstep.src.com.android.launcher3.uioverrides.QuickstepLauncher}-[Surface(name=*Title#6073)/@0x3ddb712] to null displayId = 0 Callers = com.android.server.wm.RootWindowContainer.updateFocusedWindowLocked:493 com.android.server.wm.WindowManagerService.updateFocusedWindowLocked:6419 com.android.server.wm.WindowManagerService.relayoutWindow:2701 com.android.server.wm.Session.relayout:266 
01-21 20:43:05.208  1146  3730 I WindowManager: Input focus has changed to null from 850396 com.transsion.itel.launcher/com.android.quickstep.src.com.android.launcher3.uioverrides.QuickstepLauncher mDisplayId 0 updateInputWindows true, callers=com.android.server.wm.DisplayContent.updateFocusedWindowLocked:3797 com.android.server.wm.RootWindowContainer.updateFocusedWindowLocked:493 com.android.server.wm.WindowManagerService.updateFocusedWindowLocked:6419 com.android.server.wm.WindowManagerService.relayoutWindow:2701 com.android.server.wm.Session.relayout:266 
01-21 20:43:05.209  1516  1619 D VRI[appbridgenew_example]: performTraversals relayoutWindow: maybeSyncSeqId=-1 ,mSyncSeqId=0 ,relayoutResult=3
01-21 20:43:05.211  3168  2068 D Game_Utils: getTopPkgNew = com.android.quickstep.src.com.android.launcher3.uioverrides.QuickstepLauncher, com.transsion.itel.launcher
01-21 20:43:05.212  3168  2068 D AppBlackList: checkInBlackList isGuidePage= false， isSmartPanelGesture= false
01-21 20:43:05.212  3168  2068 D AppBlackList: checkInBlackList inBlackList= false， pkgAndCls= com.example.appbridgenew_example/com.example.appbridgenew_example.MainActivity
01-21 20:43:05.212  1146  1174 D UnisocOomAdjuster: Skipped update freeze state for 13296
01-21 20:43:05.212   705   717 I mali_gralloc: allocate: id=2c100001c58, hal_format=RGBA8888, mali_format=RGBA8888, afbc=SPLIT, usage=GPU_RW|HWC|BACKBUF, size=720x1612(4727808), stride=720, name=VRI[appbridgenew_example]#561(BLAST Consumer)561
01-21 20:43:05.213   759   759 D SurfaceFlinger: VRR attempt to set desired mode 0
01-21 20:43:05.213  3168  3168 I SmartPanel_SmartPanelPresenter1: hasLoadData true  data size = 12
01-21 20:43:05.213  3168  3168 D PanelController: checkCanShow canShow: true
01-21 20:43:05.215  1516 18314 I mali_gralloc: register: id=0x2c100001c58, importpid=-1
01-21 20:43:05.216   705   717 I mali_gralloc: allocate: id=2c100001c59, hal_format=RGBA8888, mali_format=RGBA8888, afbc=SPLIT, usage=GPU_RW|HWC|BACKBUF, size=720x1612(4727808), stride=720, name=VRI[appbridgenew_example]#561(BLAST Consumer)561
01-21 20:43:05.216  1516 18314 I mali_gralloc: register: id=0x2c100001c59, importpid=-1
01-21 20:43:05.217   705   717 I mali_gralloc: allocate: id=2c100001c5a, hal_format=RGBA8888, mali_format=RGBA8888, afbc=SPLIT, usage=GPU_RW|HWC|BACKBUF, size=720x1612(4727808), stride=720, name=VRI[appbridgenew_example]#561(BLAST Consumer)561
01-21 20:43:05.218  1516 18314 I mali_gralloc: register: id=0x2c100001c5a, importpid=-1
01-21 20:43:05.219   705 26293 I mali_gralloc: allocate: id=2c100001c5b, hal_format=RGBA8888, mali_format=RGBA8888, afbc=SPLIT, usage=GPU_RW|HWC|BACKBUF, size=720x1612(4727808), stride=720, name=VRI[appbridgenew_example]#561(BLAST Consumer)561
01-21 20:43:05.219  1516 18314 I mali_gralloc: register: id=0x2c100001c5b, importpid=-1
01-21 20:43:05.220  3168  3168 W TranVersion: THUBCore No support Call!!! method version = 33141, >>> ThubCore vserion = 33121
01-21 20:43:05.220  3168  3168 W TranVersion:  mthod version must <= ThubCore version.
01-21 20:43:05.220  3168  3168 W TranVersion:  ---java.lang.Throwable
01-21 20:43:05.220  3168  3168 W TranVersion: #com.transsion.hubsdk.common.version.TranVersion.isIntegratedThubCore[77]
01-21 20:43:05.220  3168  3168 W TranVersion: #com.transsion.hubsdk.api.app.TranActivityManager.getService[0]
01-21 20:43:05.220  3168  3168 W TranVersion: #com.transsion.hubsdk.api.app.TranActivityManager.getTopActivityType[2]
01-21 20:43:05.220  3168  3168 W TranVersion: #n9.e.getTopActivityType[2]
01-21 20:43:05.220  3168  3168 I TranActivityManager: TranAospActivityManager
01-21 20:43:05.221  3168  3168 W TranVersion: THUBCore No support Call!!! method version = 33141, >>> ThubCore vserion = 33121
01-21 20:43:05.221  3168  3168 W TranVersion:  mthod version must <= ThubCore version.
01-21 20:43:05.221  3168  3168 W TranVersion:  ---java.lang.Throwable
01-21 20:43:05.221  3168  3168 W TranVersion: #com.transsion.hubsdk.common.version.TranVersion.isIntegratedThubCore[77]
01-21 20:43:05.221  3168  3168 W TranVersion: #com.transsion.hubsdk.api.provider.TranSettings.getService[0]
01-21 20:43:05.221  3168  3168 W TranVersion: #com.transsion.hubsdk.api.provider.TranSettings.getSecureIntForUser[1]
01-21 20:43:05.221  3168  3168 W TranVersion: #n9.e.q[0]
01-21 20:43:05.221  3168  3168 I TranSettings: TranAospSettings
01-21 20:43:05.222   759   789 I mali_gralloc: register: id=0x2c100001c59, importpid=1516
01-21 20:43:05.222 18303 18303 D nativeloader: Load libframework-connectivity-tiramisu-jni.so using APEX ns com_android_tethering for caller /apex/com.android.tethering/javalib/framework-connectivity-t.jar: ok
01-21 20:43:05.223  1516  1656 W Parcel  : Expecting binder but got null!
01-21 20:43:05.224   759   865 W VSyncPredictor: VSyncPredictor::setPeriod current period =11111111
01-21 20:43:05.224  1146  3136 D WindowManager: finishDrawing: syncSeqId=0, postDrawTransaction=android.view.SurfaceControl$Transaction@59df323, mSyncState=0, mDrawState=1, hasSyncHandlers=false, mClientWasDrawingForSync=false, win=Window{9a7361c u0 Splash Screen com.example.appbridgenew_example}-[Surface(name=*Title#6109)/@0x1a5f9ab]
01-21 20:43:05.232  2557 18328 D AdvertisingIdClient: AdvertisingIdClient already created.
01-21 20:43:05.232  2557 18328 D AdvertisingIdClient: AdvertisingIdClient is not bounded. Starting to bind it...
01-21 20:43:05.241 18303 18338 E idgenew_example: Could not write anonymous vdex /system_ext/framework/oat/arm64/unisoc-framework.vdex: Could not open /system_ext/framework/oat/arm64/unisoc-framework.vdex for writing
01-21 20:43:05.256  1146  3139 D os.ActivityManagerServiceLice: make process active com.example.appbridgenew_example(18303)
01-21 20:43:05.261  3168  3168 D SmartPanelService: MSG_ACTIVITY_CHECK
01-21 20:43:05.261  1146  3139 D os.fingerprint: onRealStartActivityLocked next:ActivityRecord{4cb9743 u0 com.example.appbridgenew_example/.MainActivity} t79 d0} isKeyguardShowing:false
01-21 20:43:05.261  1146  1174 D VideoCallEnhancerControlImpl: className is com.example.appbridgenew_example/com.example.appbridgenew_example.MainActivity
01-21 20:43:05.261  1146  3139 D os.fingerprint: activityComponent = ComponentInfo{com.example.appbridgenew_example/com.example.appbridgenew_example.MainActivity} inMultiWindow = false
01-21 20:43:05.261  1146  1302 D JupiterDelegator: handleStartActivity: ComponentInfo{com.example.appbridgenew_example/com.example.appbridgenew_example.MainActivity}
01-21 20:43:05.262  1146  3139 D os.fingerprint: onUpdateFocusedApp oldPackageName:com.transsion.itel.launcher oldComponent:ComponentInfo{com.transsion.itel.launcher/com.android.quickstep.src.com.android.launcher3.uioverrides.QuickstepLauncher} newPackageName:com.example.appbridgenew_example newComponent:ComponentInfo{com.example.appbridgenew_example/com.example.appbridgenew_example.MainActivity} mFm :android.hardware.fingerprint.FingerprintManager@ae267da
01-21 20:43:05.262  1146  3139 D WindowManager: setFocusedApp mFocusedApp = ActivityRecord{4cb9743 u0 com.example.appbridgenew_example/.MainActivity} t79 d0}displayId = 0Callers = com.android.server.wm.ActivityTaskManagerService.setResumedActivityUncheckLocked:5055 com.android.server.wm.TaskFragment.onActivityStateChanged:783 com.android.server.wm.ActivityRecord.setState:5708 com.android.server.wm.Task.minimalResumeActivityLocked:4841 
01-21 20:43:05.262  3168  2068 I SmartPanel_SmartPanelService: activityCheck pkgName: com.example.appbridgenew_example, className: com.example.appbridgenew_example.MainActivity isResume=false isDrawn = false
01-21 20:43:05.263  3168  2068 I SmartPanel_MultiWindowUtils: pkg in multi window
01-21 20:43:05.263  3168  6471 D TranAospActivityManagerExt: onTaskFocusChanged listenercom.transsion.hubsdk.aosp.app.TranAospActivityManager$2@84f3c80
01-21 20:43:05.264  3168  6471 D TranAospActivityManager: onTaskFocusChanged listenern9.e$d@8c40503
01-21 20:43:05.264  3168  6471 I SmartPanel_SmartPanelService: onTaskFocusChanged taskId: 6  focused: false
01-21 20:43:05.265  3168  6471 D TranAospActivityManagerExt: onTaskFocusChanged listenercom.transsion.hubsdk.aosp.app.TranAospActivityManager$2@84f3c80
01-21 20:43:05.265  1146  3139 D Griffin/Hooker: PreviousApp = com.google.android.packageinstaller/com.android.packageinstaller.UninstallerActivity
01-21 20:43:05.265  3168  6471 D TranAospActivityManager: onTaskFocusChanged listenern9.e$d@8c40503
01-21 20:43:05.265  1146  1444 W libc    : Access denied finding property "ro.vendor.pnpmgr.game.record"
01-21 20:43:05.265  3168  2068 D SmartEventManager: dispatchEvent event: SmartEvent(action=activity_check, topClassName=com.example.appbridgenew_example.MainActivity, topPackageName=com.example.appbridgenew_example, extras=Bundle[{is_activity_check=true}])
01-21 20:43:05.265  1146  3139 D os.fingerprint: onActivityResume next:ActivityRecord{4cb9743 u0 com.example.appbridgenew_example/.MainActivity} t79 d0}
01-21 20:43:05.261  1146  1146 W com.transsion.a: type=1400 audit(0.0:35956): avc: denied { read } for name="u:object_r:vendor_default_prop:s0" dev="tmpfs" ino=19796 scontext=u:r:system_server:s0 tcontext=u:object_r:vendor_default_prop:s0 tclass=file permissive=0
01-21 20:43:05.265  1146  3139 D os.fingerprint: activityComponent = ComponentInfo{com.example.appbridgenew_example/com.example.appbridgenew_example.MainActivity} inMultiWindow = false
01-21 20:43:05.265  1146  1444 W libc    : Access denied finding property "ro.vendor.pnpmgr.touch.ctl"
01-21 20:43:05.261  1146  1146 W com.transsion.a: type=1400 audit(0.0:35957): avc: denied { read } for name="u:object_r:vendor_default_prop:s0" dev="tmpfs" ino=19796 scontext=u:r:system_server:s0 tcontext=u:object_r:vendor_default_prop:s0 tclass=file permissive=0
01-21 20:43:05.265  1146  1856 I ActivityManager: Applaunch form com.transsion.itel.launcher to com.example.appbridgenew_example
01-21 20:43:05.266  3168  6471 I SmartPanel_SmartPanelService: onTaskFocusChanged taskId: 79  focused: true
01-21 20:43:05.266 18303 18303 D CompatibilityChangeReporter: Compat change id reported: 171979766; UID 10318; state: ENABLED
01-21 20:43:05.267  1146  1291 D AlarmManager: Package com.example.appbridgenew_example for user 0 now in bucket 10
01-21 20:43:05.267  3481  3826 I SimpleEventAdapt: onActivityEvent get com.example.appbridgenew_example, com.example.appbridgenew_example.MainActivity,true
01-21 20:43:05.267  3481  3826 I SimpleEventAdapt: notifyEvent2  activity_event
01-21 20:43:05.268  3481  3826 I SimpleEventAdapt: notifyEvent  1
01-21 20:43:05.269  3481  3826 I SimpleEventAdapt: onAppForegroundEvent get com.transsion.itel.launcher, false
01-21 20:43:05.269  3481  3826 I SimpleEventAdapt: notifyEvent2  app_foreground
01-21 20:43:05.269  3481  3826 I SimpleEventAdapt: notifyEvent  1
01-21 20:43:05.269  3481  3826 I SimpleEventAdapt: onAppForegroundEvent get com.example.appbridgenew_example, true
01-21 20:43:05.269   759   759 I Layer   : fillInputInfo layer:Splash Screen com.example.appbridgenew_example#6109, visible=1 (hasInputInfo:1, isHidden:0, alpha:0.082703, mActiveBuffer:2), parent:9a7361c Splash Screen com.example.appbridgenew_example#6108, parenthidden:0
01-21 20:43:05.270  3481  3826 I SimpleEventAdapt: notifyEvent2  app_foreground
01-21 20:43:05.270  3481  3826 I SimpleEventAdapt: notifyEvent  1
01-21 20:43:05.270  3168  2068 W TranVersion: THUBCore No support Call!!! method version = 33141, >>> ThubCore vserion = 33121
01-21 20:43:05.270  3168  2068 W TranVersion:  mthod version must <= ThubCore version.
01-21 20:43:05.270  3168  2068 W TranVersion:  ---java.lang.Throwable
01-21 20:43:05.270  3168  2068 W TranVersion: #com.transsion.hubsdk.common.version.TranVersion.isIntegratedThubCore[77]
01-21 20:43:05.270  3168  2068 W TranVersion: #com.transsion.hubsdk.api.app.TranActivityManager.getService[0]
01-21 20:43:05.270  3168  2068 W TranVersion: #com.transsion.hubsdk.api.app.TranActivityManager.getRealActivity[4]
01-21 20:43:05.270  3168  2068 W TranVersion: #n9.e.getRealActivity[2]
01-21 20:43:05.271  2557 18328 D AdvertisingIdClient: AdvertisingIdClient is bounded
01-21 20:43:05.271   706   769 I mali_gralloc: register: id=0x2c100001c59, importpid=759
01-21 20:43:05.272  3481 17871 I CacheManager:  save new data to cache activity_event
01-21 20:43:05.272 18303 18303 D TranClassInfo: instance successfully. com.transsion.hubcore.graphics.TranGraphicImpl@3dfc584 from com.transsion.hubcore.graphics.ITranGraphic
01-21 20:43:05.272  3168  2068 I TranActivityManager: TranAospActivityManager
01-21 20:43:05.273 18303 18303 D os.SingleLiceFactory: using android.graphics.IGraphicLice$DefaultImpl@c8d816d instead of com.transsion.typeface.TypefaceLiceFactory  from android.graphics.IGraphicLice
01-21 20:43:05.273 18303 18303 D os.LiceInfo: instance successfully. com.transsion.graphics.GraphicLice@cfd81a2 from android.graphics.IGraphicLice
01-21 20:43:05.274  3168  2068 W TranVersion: THUBCore No support Call!!! method version = 33141, >>> ThubCore vserion = 33121
01-21 20:43:05.274  3168  2068 W TranVersion:  mthod version must <= ThubCore version.
01-21 20:43:05.274  3168  2068 W TranVersion:  ---java.lang.Throwable
01-21 20:43:05.274  3168  2068 W TranVersion: #com.transsion.hubsdk.common.version.TranVersion.isIntegratedThubCore[77]
01-21 20:43:05.274  3168  2068 W TranVersion: #com.transsion.hubsdk.api.app.TranActivityManager.getService[0]
01-21 20:43:05.274  3168  2068 W TranVersion: #com.transsion.hubsdk.api.app.TranActivityManager.isVisible[4]
01-21 20:43:05.274  3168  2068 W TranVersion: #n9.e.M[2]
01-21 20:43:05.274  3168  2068 I TranActivityManager: TranAospActivityManager
01-21 20:43:05.275  3481 17871 I bsc     : notifyDataChange in activity_event, 1
01-21 20:43:05.275  1450  2316 D TranDataExpressController: onTaskStackChanged()
01-21 20:43:05.275  3481 17871 I DataServiceImplV2: StandardDataService notifyDataChange  in 
01-21 20:43:05.276  1450  2309 D MultiLinkController: onTaskStackChanged 
01-21 20:43:05.276  3481 17883 I DataServiceImplV2: StandardDataService notifyDataChange  curServiceName StandardDataService type:activity_event
01-21 20:43:05.276  1146  3136 D os.permission.PermissionInfo: checkPermission 10169:android.permission.INTERACT_ACROSS_USERS:true
01-21 20:43:05.276  1146  3136 I os.permission: Grant permission: android.permission.INTERACT_ACROSS_USERS to uid: 10169
01-21 20:43:05.277  3481 17883 I ApiInvoke: ApiChannel1.2.172: found local channel DataCenter
01-21 20:43:05.277  3481 17883 I ApiInvoke: ApiChannel1.2.172: found remote channel DataCenter
01-21 20:43:05.277  3481 17883 I ApiInvoke: ApiRequest1.2.172: channels size , 2
01-21 20:43:05.277  3481 17883 I ApiInvoke: SubscribeManager1.2.172: copy subscriber size = 12
01-21 20:43:05.278  3481 17883 I Kolun_AI: SystemEventSubscribe: onPublishData {"type":"activity_event","time":1769002985270,"data":"{\"className\":\"com.example.appbridgenew_example.MainActivity\",\"isResumed\":true,\"packageName\":\"com.example.appbridgenew_example\"}","provider":"dc","dc_version":2030200000,"data_version":1,"user_id":0}
01-21 20:43:05.278  3481 17883 I Kolun_AI: SystemEventSubscribe: publisher.getMatcher() activity_event
01-21 20:43:05.278  3481 17871 I CacheManager:  save new data to cache app_foreground
01-21 20:43:05.278  3481 17871 I bsc     : notifyDataChange in app_foreground, 1
01-21 20:43:05.278  3481 17883 I ApiInvoke: SubscribeManager1.2.172: publishData success host DataCenter#StandardDataService matcher activity_event
01-21 20:43:05.278  3481 17883 I ApiInvoke: ApiRequest1.2.172: do publishData to local, matcher = activity_event
01-21 20:43:05.278  3481 17883 W ApiInvoke: SubscribeBusServerImpl1.2.172: onPublishData, GLOBAL_SUBSCRIBE size 4
01-21 20:43:05.278  3481 17883 W ApiInvoke: ApiRequest1.2.172: do publishData to remote activity_event
01-21 20:43:05.278  3481 17871 I DataServiceImplV2: StandardDataService notifyDataChange  in 
01-21 20:43:05.278  3168  2068 W TranVersion: THUBCore No support Call!!! method version = 33141, >>> ThubCore vserion = 33121
01-21 20:43:05.278  3168  2068 W TranVersion:  mthod version must <= ThubCore version.
01-21 20:43:05.278  3168  2068 W TranVersion:  ---java.lang.Throwable
01-21 20:43:05.278  3168  2068 W TranVersion: #com.transsion.hubsdk.common.version.TranVersion.isIntegratedThubCore[77]
01-21 20:43:05.278  3168  2068 W TranVersion: #com.transsion.hubsdk.api.app.TranActivityManager.getService[0]
01-21 20:43:05.278  3168  2068 W TranVersion: #com.transsion.hubsdk.api.app.TranActivityManager.getRealActivity[4]
01-21 20:43:05.278  3168  2068 W TranVersion: #n9.e.getRealActivity[2]
01-21 20:43:05.278  3168  2068 I TranActivityManager: TranAospActivityManager
01-21 20:43:05.278 18303 18303 D nativeloader: Configuring clns-4 for other apk /data/app/~~cLWcIhh1zp-T3gqOCCTgnw==/com.example.appbridgenew_example-ZXXAMSTuK7U_JYV1YkUX1g==/base.apk. target_sdk_version=34, uses_libraries=, library_path=/data/app/~~cLWcIhh1zp-T3gqOCCTgnw==/com.example.appbridgenew_example-ZXXAMSTuK7U_JYV1YkUX1g==/lib/arm64:/data/app/~~cLWcIhh1zp-T3gqOCCTgnw==/com.example.appbridgenew_example-ZXXAMSTuK7U_JYV1YkUX1g==/base.apk!/lib/arm64-v8a, permitted_path=/data:/mnt/expand:/data/user/0/com.example.appbridgenew_example
01-21 20:43:05.279  3168  2068 W TranVersion: THUBCore No support Call!!! method version = 33141, >>> ThubCore vserion = 33121
01-21 20:43:05.279  3168  2068 W TranVersion:  mthod version must <= ThubCore version.
01-21 20:43:05.279  3168  2068 W TranVersion:  ---java.lang.Throwable
01-21 20:43:05.279  3168  2068 W TranVersion: #com.transsion.hubsdk.common.version.TranVersion.isIntegratedThubCore[77]
01-21 20:43:05.279  3168  2068 W TranVersion: #com.transsion.hubsdk.api.app.TranActivityManager.getService[0]
01-21 20:43:05.279  3168  2068 W TranVersion: #com.transsion.hubsdk.api.app.TranActivityManager.isVisible[4]
01-21 20:43:05.279  3168  2068 W TranVersion: #n9.e.M[2]
01-21 20:43:05.279  3168  2068 I TranActivityManager: TranAospActivityManager
01-21 20:43:05.281  3481  3668 I ApiInvoke: SubscribeBusServerImpl1.2.172: onPublishData to {"pid": 1873,"channels": [com.transsion.itel.launcher]} success 
01-21 20:43:05.281  3481 17871 I CacheManager:  save new data to cache app_foreground
01-21 20:43:05.281  4079  4136 I ApiInvoke: SubscribeManager1.2.172: copy subscriber size = 11
01-21 20:43:05.282  4079  4136 I ApiInvoke: SubscribeManager1.2.172: publishData success host DataCenter#StandardDataService matcher activity_event
01-21 20:43:05.282  3481 17871 I bsc     : notifyDataChange in app_foreground, 1
01-21 20:43:05.282  3481 17883 I DataServiceImplV2: StandardDataService notifyDataChange  curServiceName StandardDataService type:app_foreground
01-21 20:43:05.283  3168  2068 W TranVersion: THUBCore No support Call!!! method version = 33141, >>> ThubCore vserion = 33121
01-21 20:43:05.283  3168  2068 W TranVersion:  mthod version must <= ThubCore version.
01-21 20:43:05.283  3168  2068 W TranVersion:  ---java.lang.Throwable
01-21 20:43:05.283  3168  2068 W TranVersion: #com.transsion.hubsdk.common.version.TranVersion.isIntegratedThubCore[77]
01-21 20:43:05.283  3168  2068 W TranVersion: #com.transsion.hubsdk.api.app.TranActivityManager.getService[0]
01-21 20:43:05.283  3168  2068 W TranVersion: #com.transsion.hubsdk.api.app.TranActivityManager.getRealActivity[4]
01-21 20:43:05.283  3168  2068 W TranVersion: #n9.e.getRealActivity[2]
01-21 20:43:05.283  3168  2068 I TranActivityManager: TranAospActivityManager
01-21 20:43:05.283  3168  2068 I THubApi : isTheMainScreen classname: com.example.appbridgenew_example.MainActivity  pkg:com.example.appbridgenew_example
01-21 20:43:05.283  3168  2068 W TranVersion: THUBCore No support Call!!! method version = 33141, >>> ThubCore vserion = 33121
01-21 20:43:05.283  3168  2068 W TranVersion:  mthod version must <= ThubCore version.
01-21 20:43:05.283  3168  2068 W TranVersion:  ---java.lang.Throwable
01-21 20:43:05.283  3168  2068 W TranVersion: #com.transsion.hubsdk.common.version.TranVersion.isIntegratedThubCore[77]
01-21 20:43:05.283  3168  2068 W TranVersion: #com.transsion.hubsdk.api.app.TranActivityTaskManager.getService[0]
01-21 20:43:05.283  3168  2068 W TranVersion: #com.transsion.hubsdk.api.app.TranActivityTaskManager.isTheMainScreen[2]
01-21 20:43:05.283  3168  2068 W TranVersion: #n9.e.C[35]
01-21 20:43:05.283  3168  2068 I TranActivityTaskManager: TranAospActivityTaskManager
01-21 20:43:05.284  3481  3668 I ApiInvoke: SubscribeBusServerImpl1.2.172: onPublishData to {"pid": 4079,"channels": [AssistantChannel]} success 
01-21 20:43:05.284  3481 17883 I ApiInvoke: ApiChannel1.2.172: found local channel DataCenter
01-21 20:43:05.284  3481 17883 I ApiInvoke: ApiChannel1.2.172: found remote channel DataCenter
01-21 20:43:05.284  3481 17883 I ApiInvoke: ApiRequest1.2.172: channels size , 2
01-21 20:43:05.284  3481 17871 I DataServiceImplV2: StandardDataService notifyDataChange  in 
01-21 20:43:05.284  3481  3668 I ApiInvoke: SubscribeManager1.2.172: copy subscriber size = 12
01-21 20:43:05.285  1450  2309 D MultiLinkController: onTaskStackChanged topPackage: com.example.appbridgenew_example,mCachedUid: 10169, newUid:  10318
01-21 20:43:05.285  3481  3668 I Kolun_AI: SystemEventSubscribe: onPublishData {"type":"activity_event","time":1769002985270,"data":"{\"className\":\"com.example.appbridgenew_example.MainActivity\",\"isResumed\":true,\"packageName\":\"com.example.appbridgenew_example\"}","provider":"dc","dc_version":2030200000,"data_version":1,"user_id":0}
01-21 20:43:05.285  3481  3668 I Kolun_AI: SystemEventSubscribe: publisher.getMatcher() activity_event
01-21 20:43:05.285  3481  3668 I ApiInvoke: SubscribeManager1.2.172: publishData success host DataCenter#StandardDataService matcher activity_event
01-21 20:43:05.285  3481  3668 I ApiInvoke: SubscribeBusServerImpl1.2.172: onPublishData to {"pid": 0,"channels": [CommonChannel]} success 
01-21 20:43:05.285  2557 18328 I AdvertisingIdClient: shouldSendLog 47551667
01-21 20:43:05.285  2557 18328 I AdvertisingIdClient: GetInfoInternal elapse 53ms
01-21 20:43:05.286  1146  3059 D os.permission.PermissionInfo: checkPermission 10169:android.permission.MANAGE_ACTIVITY_TASKS:true
01-21 20:43:05.286  3481 17883 I ApiInvoke: SubscribeManager1.2.172: copy subscriber size = 12
01-21 20:43:05.287  3481 17883 I Kolun_AI: SystemEventSubscribe: onPublishData {"type":"app_foreground","time":1769002985276,"data":"{\"isForeground\":false,\"packageName\":\"com.transsion.itel.launcher\"}","provider":"dc","dc_version":2030200000,"data_version":1,"user_id":0}
01-21 20:43:05.287  3481 17883 I Kolun_AI: SystemEventSubscribe: publisher.getMatcher() app_foreground
01-21 20:43:05.287  3481 17883 I ApiInvoke: SubscribeManager1.2.172: publishData success host DataCenter#StandardDataService matcher app_foreground
01-21 20:43:05.287  3168  2068 D Game_Utils: getTopPkgNew = com.example.appbridgenew_example.MainActivity, com.example.appbridgenew_example
01-21 20:43:05.287  3168  2068 D AppBlackList: checkInBlackList isGuidePage= false， isSmartPanelGesture= false
01-21 20:43:05.287  3168  2068 D AppBlackList: checkInBlackList inBlackList= false， pkgAndCls= com.example.appbridgenew_example/com.example.appbridgenew_example.MainActivity
01-21 20:43:05.286  1146  1146 D Griffin/StateProvider: androidVersion>=R, get default Dialer:com.sh.smart.caller
01-21 20:43:05.288  3168  2068 I SmartPanel_SmartPanelService: activityCheck pkgName: com.example.appbridgenew_example, className: com.example.appbridgenew_example.MainActivity isResume=true isDrawn = false
01-21 20:43:05.288  3168  2068 I SmartPanel_MultiWindowUtils: pkg in multi window
01-21 20:43:05.288  3168  3168 I SmartPanel_SmartPanelPresenter1: hasLoadData true  data size = 12
01-21 20:43:05.288  3168  3168 D PanelController: checkCanShow canShow: true
01-21 20:43:05.288  3481  3481 I Kolun_AI: kj1:onBusEvent AppForegroundEvent   com.transsion.itel.launcher, false, kj1
01-21 20:43:05.288  3481  3481 I Kolun_AI: kj1:checkGameOut  com.transsion.itel.launcher, 
01-21 20:43:05.288  3481  3481 I Kolun_AI: AppPredictManager:onBusEvent com.transsion.itel.launcher false
01-21 20:43:05.288  3481 17883 I ApiInvoke: ApiRequest1.2.172: do publishData to local, matcher = app_foreground
01-21 20:43:05.288  3481 17883 W ApiInvoke: SubscribeBusServerImpl1.2.172: onPublishData, GLOBAL_SUBSCRIBE size 4
01-21 20:43:05.288  3168  2068 D SmartEventManager: dispatchEvent event: SmartEvent(action=activity_check, topClassName=com.example.appbridgenew_example.MainActivity, topPackageName=com.example.appbridgenew_example, extras=Bundle[{is_activity_check=true}])
01-21 20:43:05.289  1146  3059 I os.permission: Grant permission: android.permission.MANAGE_ACTIVITY_TASKS to uid: 10169
01-21 20:43:05.289  3481  4515 I Kolun_AI: AppPredictManager:onPackageChanged AppForegroundEvent com.transsion.itel.launcher false currentTime 2026-01-21 20:43:05
01-21 20:43:05.289 18303 18303 D nativeloader: Load libframework-connectivity-jni.so using APEX ns com_android_tethering for caller /apex/com.android.tethering/javalib/framework-connectivity.jar: ok
01-21 20:43:05.290  3481  3668 I ApiInvoke: SubscribeBusServerImpl1.2.172: onPublishData to {"pid": 1873,"channels": [com.transsion.itel.launcher]} success 
01-21 20:43:05.290  1146  3136 D ActivityTaskManager: getRecentTasksImpl call by 10159 flags = 2, 3 task(s):
01-21 20:43:05.290  1146  3136 D ActivityTaskManager: Recent Task 0: taskId = 79, comp = null
01-21 20:43:05.290  1146  3136 D ActivityTaskManager: Recent Task 1: taskId = 71, comp = null
01-21 20:43:05.290  1146  3136 D ActivityTaskManager: Recent Task 2: taskId = 69, comp = ComponentInfo{com.android.settings/com.android.settings.Settings}
01-21 20:43:05.290  3481 17883 W ApiInvoke: ApiRequest1.2.172: do publishData to remote app_foreground
01-21 20:43:05.290  3168  2068 W TranVersion: THUBCore No support Call!!! method version = 33141, >>> ThubCore vserion = 33121
01-21 20:43:05.290  3168  2068 W TranVersion:  mthod version must <= ThubCore version.
01-21 20:43:05.290  3168  2068 W TranVersion:  ---java.lang.Throwable
01-21 20:43:05.290  3168  2068 W TranVersion: #com.transsion.hubsdk.common.version.TranVersion.isIntegratedThubCore[77]
01-21 20:43:05.290  3168  2068 W TranVersion: #com.transsion.hubsdk.api.app.TranActivityManager.getService[0]
01-21 20:43:05.290  3168  2068 W TranVersion: #com.transsion.hubsdk.api.app.TranActivityManager.getRealActivity[4]
01-21 20:43:05.290  3168  2068 W TranVersion: #n9.e.getRealActivity[2]
01-21 20:43:05.290  3481 17883 I DataServiceImplV2: StandardDataService notifyDataChange  curServiceName StandardDataService type:app_foreground
01-21 20:43:05.290  3168  2068 I TranActivityManager: TranAospActivityManager
01-21 20:43:05.291  3481 17883 I ApiInvoke: ApiChannel1.2.172: found local channel DataCenter
01-21 20:43:05.291  4079  4136 I ApiInvoke: SubscribeManager1.2.172: copy subscriber size = 11
01-21 20:43:05.291  4079  4136 D Kolun.DataCenterImpl:  onPublishDataapp_foreground, {"type":"app_foreground","time":1769002985276,"data":"{\"isForeground\":false,\"packageName\":\"com.transsion.itel.launcher\"}","provider":"dc","dc_version":2030200000,"data_version":1,"user_id":0}
01-21 20:43:05.291  3481 17883 I ApiInvoke: ApiChannel1.2.172: found remote channel DataCenter
01-21 20:43:05.291  4079  4136 D Kolun.DataCenterManager:  launcher pkg : com.transsion.itel.launcher, pkg : com.transsion.itel.launcher, false
01-21 20:43:05.291  4079  4136 I ApiInvoke: SubscribeManager1.2.172: publishData success host DataCenter#StandardDataService matcher app_foreground
01-21 20:43:05.291  4079  5835 D Kolun.RequirementManager:  sendEvent() called with: event = [com.transsion.kolun.assistant.common.components.event.LauncherHomeEvent@920d369]
01-21 20:43:05.292  4079  5835 D Kolun.Api:  get y44 from cache
01-21 20:43:05.292  4079  5835 D Kolun.RequirementManager:  sendEvent
01-21 20:43:05.292  3168  3168 W TranVersion: THUBCore No support Call!!! method version = 33141, >>> ThubCore vserion = 33121
01-21 20:43:05.292  3168  3168 W TranVersion:  mthod version must <= ThubCore version.
01-21 20:43:05.292  3168  3168 W TranVersion:  ---java.lang.Throwable
01-21 20:43:05.292  3168  3168 W TranVersion: #com.transsion.hubsdk.common.version.TranVersion.isIntegratedThubCore[77]
01-21 20:43:05.292  3168  3168 W TranVersion: #com.transsion.hubsdk.api.app.TranActivityManager.getService[0]
01-21 20:43:05.292  3168  3168 W TranVersion: #com.transsion.hubsdk.api.app.TranActivityManager.getTopActivityType[2]
01-21 20:43:05.292  3168  3168 W TranVersion: #n9.e.getTopActivityType[2]
01-21 20:43:05.292  4079  5835 I Kolun.EventBusImpl:  dispatchEvent: com.transsion.kolun.assistant.common.components.event.LauncherHomeEvent@920d369
01-21 20:43:05.292  3168  3168 I TranActivityManager: TranAospActivityManager
01-21 20:43:05.292  4079  5835 D Kolun.Api:  get ez3 from cache
01-21 20:43:05.292  4079  5835 D Kolun.Api:  get CardInterfaceImpl from cache
01-21 20:43:05.292  3168  3168 W TranVersion: THUBCore No support Call!!! method version = 33141, >>> ThubCore vserion = 33121
01-21 20:43:05.292  3168  3168 W TranVersion:  mthod version must <= ThubCore version.
01-21 20:43:05.292  3168  3168 W TranVersion:  ---java.lang.Throwable
01-21 20:43:05.292  3168  3168 W TranVersion: #com.transsion.hubsdk.common.version.TranVersion.isIntegratedThubCore[77]
01-21 20:43:05.292  3168  3168 W TranVersion: #com.transsion.hubsdk.api.app.TranActivityManager.getService[0]
01-21 20:43:05.292  3168  3168 W TranVersion: #com.transsion.hubsdk.api.app.TranActivityManager.getTopActivityType[2]
01-21 20:43:05.292  3168  3168 W TranVersion: #n9.e.getTopActivityType[2]
01-21 20:43:05.292  3168  3168 I TranActivityManager: TranAospActivityManager
01-21 20:43:05.292  4079 10246 D Kolun.MoverCard:  isShowNotification : false, false
01-21 20:43:05.293  3168  3168 W TranVersion: THUBCore No support Call!!! method version = 33141, >>> ThubCore vserion = 33121
01-21 20:43:05.293  3168  3168 W TranVersion:  mthod version must <= ThubCore version.
01-21 20:43:05.293  3168  3168 W TranVersion:  ---java.lang.Throwable
01-21 20:43:05.293  3168  3168 W TranVersion: #com.transsion.hubsdk.common.version.TranVersion.isIntegratedThubCore[77]
01-21 20:43:05.293  3168  3168 W TranVersion: #com.transsion.hubsdk.api.provider.TranSettings.getService[0]
01-21 20:43:05.293  3168  3168 W TranVersion: #com.transsion.hubsdk.api.provider.TranSettings.getSecureIntForUser[1]
01-21 20:43:05.293  3168  3168 W TranVersion: #n9.e.q[0]
01-21 20:43:05.293  3168  3168 I TranSettings: TranAospSettings
01-21 20:43:05.294  3168  2068 W TranVersion: THUBCore No support Call!!! method version = 33141, >>> ThubCore vserion = 33121
01-21 20:43:05.294  3168  2068 W TranVersion:  mthod version must <= ThubCore version.
01-21 20:43:05.294  3168  2068 W TranVersion:  ---java.lang.Throwable
01-21 20:43:05.294  3168  2068 W TranVersion: #com.transsion.hubsdk.common.version.TranVersion.isIntegratedThubCore[77]
01-21 20:43:05.294  3168  2068 W TranVersion: #com.transsion.hubsdk.api.app.TranActivityManager.getService[0]
01-21 20:43:05.294  3168  2068 W TranVersion: #com.transsion.hubsdk.api.app.TranActivityManager.isVisible[4]
01-21 20:43:05.294  3168  2068 W TranVersion: #n9.e.M[2]
01-21 20:43:05.294  3168  2068 I TranActivityManager: TranAospActivityManager
01-21 20:43:05.294  1146  1146 D Griffin/StateProvider: get default mms:com.google.android.apps.messaging
01-21 20:43:05.295  3481  3668 I ApiInvoke: SubscribeBusServerImpl1.2.172: onPublishData to {"pid": 4079,"channels": [AssistantChannel]} success 
01-21 20:43:05.295 18303 18303 V GraphicsEnvironment: ANGLE Developer option for 'com.example.appbridgenew_example' set to: 'default'
01-21 20:43:05.295  3481 17883 I ApiInvoke: ApiRequest1.2.172: channels size , 2
01-21 20:43:05.295  3481 17883 I ApiInvoke: SubscribeManager1.2.172: copy subscriber size = 12
01-21 20:43:05.295 18303 18303 V GraphicsEnvironment: ANGLE GameManagerService for com.example.appbridgenew_example: false
01-21 20:43:05.295 18303 18303 V GraphicsEnvironment: Neither updatable production driver nor prerelease driver is supported.
01-21 20:43:05.296  3481  3668 I ApiInvoke: SubscribeManager1.2.172: copy subscriber size = 12
01-21 20:43:05.296  3481  3668 I Kolun_AI: SystemEventSubscribe: onPublishData {"type":"app_foreground","time":1769002985276,"data":"{\"isForeground\":false,\"packageName\":\"com.transsion.itel.launcher\"}","provider":"dc","dc_version":2030200000,"data_version":1,"user_id":0}
01-21 20:43:05.296  3481  3668 I Kolun_AI: SystemEventSubscribe: publisher.getMatcher() app_foreground
01-21 20:43:05.296  3481  3668 I ApiInvoke: SubscribeManager1.2.172: publishData success host DataCenter#StandardDataService matcher app_foreground
01-21 20:43:05.296  3481  3668 I ApiInvoke: SubscribeBusServerImpl1.2.172: onPublishData to {"pid": 0,"channels": [CommonChannel]} success 
01-21 20:43:05.296  3481 17883 I Kolun_AI: SystemEventSubscribe: onPublishData {"type":"app_foreground","time":1769002985280,"data":"{\"isForeground\":true,\"packageName\":\"com.example.appbridgenew_example\"}","provider":"dc","dc_version":2030200000,"data_version":1,"user_id":0}
01-21 20:43:05.296  3481 17883 I Kolun_AI: SystemEventSubscribe: publisher.getMatcher() app_foreground
01-21 20:43:05.296  3168  2068 W TranVersion: THUBCore No support Call!!! method version = 33141, >>> ThubCore vserion = 33121
01-21 20:43:05.296  3168  2068 W TranVersion:  mthod version must <= ThubCore version.
01-21 20:43:05.296  3168  2068 W TranVersion:  ---java.lang.Throwable
01-21 20:43:05.296  3168  2068 W TranVersion: #com.transsion.hubsdk.common.version.TranVersion.isIntegratedThubCore[77]
01-21 20:43:05.296  3168  2068 W TranVersion: #com.transsion.hubsdk.api.app.TranActivityManager.getService[0]
01-21 20:43:05.296  3168  2068 W TranVersion: #com.transsion.hubsdk.api.app.TranActivityManager.getRealActivity[4]
01-21 20:43:05.296  3168  2068 W TranVersion: #n9.e.getRealActivity[2]
01-21 20:43:05.297  3168  2068 I TranActivityManager: TranAospActivityManager
01-21 20:43:05.297  3481  3481 I Kolun_AI: kj1:onBusEvent AppForegroundEvent   com.example.appbridgenew_example, true, kj1
01-21 20:43:05.297  3481  3481 I Kolun_AI: kj1:checkGameIn  com.example.appbridgenew_example, 
01-21 20:43:05.297  3481  3481 I Kolun_AI: AppPredictManager:onBusEvent com.example.appbridgenew_example true
01-21 20:43:05.297  3168  2068 W TranVersion: THUBCore No support Call!!! method version = 33141, >>> ThubCore vserion = 33121
01-21 20:43:05.297  3168  2068 W TranVersion:  mthod version must <= ThubCore version.
01-21 20:43:05.297  3168  2068 W TranVersion:  ---java.lang.Throwable
01-21 20:43:05.297  3168  2068 W TranVersion: #com.transsion.hubsdk.common.version.TranVersion.isIntegratedThubCore[77]
01-21 20:43:05.297  3168  2068 W TranVersion: #com.transsion.hubsdk.api.app.TranActivityManager.getService[0]
01-21 20:43:05.297  3168  2068 W TranVersion: #com.transsion.hubsdk.api.app.TranActivityManager.isVisible[4]
01-21 20:43:05.297  3168  2068 W TranVersion: #n9.e.M[2]
01-21 20:43:05.297  3481 17883 I ApiInvoke: SubscribeManager1.2.172: publishData success host DataCenter#StandardDataService matcher app_foreground
01-21 20:43:05.297  3168  2068 I TranActivityManager: TranAospActivityManager
01-21 20:43:05.297  3481 17883 I ApiInvoke: ApiRequest1.2.172: do publishData to local, matcher = app_foreground
01-21 20:43:05.297  3481 17883 W ApiInvoke: SubscribeBusServerImpl1.2.172: onPublishData, GLOBAL_SUBSCRIBE size 4
01-21 20:43:05.297  3481 17883 W ApiInvoke: ApiRequest1.2.172: do publishData to remote app_foreground
01-21 20:43:05.298  3481  3668 I ApiInvoke: SubscribeBusServerImpl1.2.172: onPublishData to {"pid": 1873,"channels": [com.transsion.itel.launcher]} success 
01-21 20:43:05.298  3481  4515 I Kolun_AI: AppPredictManager:onPackageChanged AppForegroundEvent com.example.appbridgenew_example true currentTime 2026-01-21 20:43:05
01-21 20:43:05.299  1146  1146 D Griffin/StateProvider: androidVersion>=R, get default Dialer:com.sh.smart.caller
01-21 20:43:05.299  4079  4136 I ApiInvoke: SubscribeManager1.2.172: copy subscriber size = 11
01-21 20:43:05.299  4079  4136 D Kolun.DataCenterImpl:  onPublishDataapp_foreground, {"type":"app_foreground","time":1769002985280,"data":"{\"isForeground\":true,\"packageName\":\"com.example.appbridgenew_example\"}","provider":"dc","dc_version":2030200000,"data_version":1,"user_id":0}
01-21 20:43:05.299  4079  4136 I ApiInvoke: SubscribeManager1.2.172: publishData success host DataCenter#StandardDataService matcher app_foreground
01-21 20:43:05.299  3481  3668 I ApiInvoke: SubscribeBusServerImpl1.2.172: onPublishData to {"pid": 4079,"channels": [AssistantChannel]} success 
01-21 20:43:05.299  3481  3668 I ApiInvoke: SubscribeManager1.2.172: copy subscriber size = 12
01-21 20:43:05.299  3481  3668 I Kolun_AI: SystemEventSubscribe: onPublishData {"type":"app_foreground","time":1769002985280,"data":"{\"isForeground\":true,\"packageName\":\"com.example.appbridgenew_example\"}","provider":"dc","dc_version":2030200000,"data_version":1,"user_id":0}
01-21 20:43:05.299  3481  3668 I Kolun_AI: SystemEventSubscribe: publisher.getMatcher() app_foreground
01-21 20:43:05.299 18303 18303 I LoadedApk: No resource references to update in package com.transsion.theme.icon
01-21 20:43:05.299  3481  3668 I ApiInvoke: SubscribeManager1.2.172: publishData success host DataCenter#StandardDataService matcher app_foreground
01-21 20:43:05.300  3168  2068 W TranVersion: THUBCore No support Call!!! method version = 33141, >>> ThubCore vserion = 33121
01-21 20:43:05.300  3168  2068 W TranVersion:  mthod version must <= ThubCore version.
01-21 20:43:05.300  3168  2068 W TranVersion:  ---java.lang.Throwable
01-21 20:43:05.300  3168  2068 W TranVersion: #com.transsion.hubsdk.common.version.TranVersion.isIntegratedThubCore[77]
01-21 20:43:05.300  3168  2068 W TranVersion: #com.transsion.hubsdk.api.app.TranActivityManager.getService[0]
01-21 20:43:05.300  3168  2068 W TranVersion: #com.transsion.hubsdk.api.app.TranActivityManager.getRealActivity[4]
01-21 20:43:05.300  3168  2068 W TranVersion: #n9.e.getRealActivity[2]
01-21 20:43:05.300  3168  2068 I TranActivityManager: TranAospActivityManager
01-21 20:43:05.300  3168  2068 I THubApi : isTheMainScreen classname: com.example.appbridgenew_example.MainActivity  pkg:com.example.appbridgenew_example
01-21 20:43:05.300 18303 18303 D NetworkSecurityConfig: No Network Security Config specified, using platform default
01-21 20:43:05.300  3481  3668 I ApiInvoke: SubscribeBusServerImpl1.2.172: onPublishData to {"pid": 0,"channels": [CommonChannel]} success 
01-21 20:43:05.300  3168  2068 W TranVersion: THUBCore No support Call!!! method version = 33141, >>> ThubCore vserion = 33121
01-21 20:43:05.300  3168  2068 W TranVersion:  mthod version must <= ThubCore version.
01-21 20:43:05.300  3168  2068 W TranVersion:  ---java.lang.Throwable
01-21 20:43:05.300  3168  2068 W TranVersion: #com.transsion.hubsdk.common.version.TranVersion.isIntegratedThubCore[77]
01-21 20:43:05.300  3168  2068 W TranVersion: #com.transsion.hubsdk.api.app.TranActivityTaskManager.getService[0]
01-21 20:43:05.300  3168  2068 W TranVersion: #com.transsion.hubsdk.api.app.TranActivityTaskManager.isTheMainScreen[2]
01-21 20:43:05.300  3168  2068 W TranVersion: #n9.e.C[35]
01-21 20:43:05.300  3168  2068 I TranActivityTaskManager: TranAospActivityTaskManager
01-21 20:43:05.300 18303 18303 D NetworkSecurityConfig: No Network Security Config specified, using platform default
01-21 20:43:05.303  1146  1146 D Griffin/StateProvider: get default mms:com.google.android.apps.messaging
01-21 20:43:05.303  1146  1146 D Griffin/ComponentManager: Limit start proc:com.google.android.apps.translate for 3rd-normal-service caller=system/1146,Intent { cmp=com.google.android.apps.translate/androidx.work.impl.background.systemjob.SystemJobService }
01-21 20:43:05.303  1146  1146 W ActivityManager: Unable to launch app com.google.android.apps.translate/10298 for service Intent { cmp=com.google.android.apps.translate/androidx.work.impl.background.systemjob.SystemJobService }: AutoStart Limit
01-21 20:43:05.304  1146  1146 D ActivityManager: isGriffinSupport  bringUpServiceLocked and unbindServiceLockedIntent { cmp=com.google.android.apps.translate/androidx.work.impl.background.systemjob.SystemJobService }
01-21 20:43:05.304  1146  1146 W ActivityManager: Unbind failed: could not find connection for android.app.LoadedApk$ServiceDispatcher$InnerConnection@87b3cb9
01-21 20:43:05.304  3168  2068 D Game_Utils: getTopPkgNew = com.example.appbridgenew_example.MainActivity, com.example.appbridgenew_example
01-21 20:43:05.304  3168  2068 D AppBlackList: checkInBlackList isGuidePage= false， isSmartPanelGesture= false
01-21 20:43:05.304  3168  2068 D AppBlackList: checkInBlackList inBlackList= false， pkgAndCls= com.example.appbridgenew_example/com.example.appbridgenew_example.MainActivity
01-21 20:43:05.304  3168  3168 I SmartPanel_SmartPanelPresenter1: hasLoadData true  data size = 12
01-21 20:43:05.304  1146  1146 E JobScheduler.Concurrency: Error executing JobStatus{ebd329e #u0a298/127 com.google.android.apps.translate/androidx.work.impl.background.systemjob.SystemJobService u=0 s=10298 TIME=-9h11m6s209ms:none NET READY}
01-21 20:43:05.304  3168  3168 D PanelController: checkCanShow canShow: true
01-21 20:43:05.307 18303 18303 D WM-WrkMgrInitializer: Initializing WorkManager with default configuration.
01-21 20:43:05.308  3168  3168 W TranVersion: THUBCore No support Call!!! method version = 33141, >>> ThubCore vserion = 33121
01-21 20:43:05.308  3168  3168 W TranVersion:  mthod version must <= ThubCore version.
01-21 20:43:05.308  3168  3168 W TranVersion:  ---java.lang.Throwable
01-21 20:43:05.308  3168  3168 W TranVersion: #com.transsion.hubsdk.common.version.TranVersion.isIntegratedThubCore[77]
01-21 20:43:05.308  3168  3168 W TranVersion: #com.transsion.hubsdk.api.app.TranActivityManager.getService[0]
01-21 20:43:05.308  3168  3168 W TranVersion: #com.transsion.hubsdk.api.app.TranActivityManager.getTopActivityType[2]
01-21 20:43:05.308  3168  3168 W TranVersion: #n9.e.getTopActivityType[2]
01-21 20:43:05.308  3168  3168 I TranActivityManager: TranAospActivityManager
01-21 20:43:05.308  1146  1146 D Griffin/StateProvider: androidVersion>=R, get default Dialer:com.sh.smart.caller
01-21 20:43:05.309  3168  3168 W TranVersion: THUBCore No support Call!!! method version = 33141, >>> ThubCore vserion = 33121
01-21 20:43:05.309  3168  3168 W TranVersion:  mthod version must <= ThubCore version.
01-21 20:43:05.309  3168  3168 W TranVersion:  ---java.lang.Throwable
01-21 20:43:05.309  3168  3168 W TranVersion: #com.transsion.hubsdk.common.version.TranVersion.isIntegratedThubCore[77]
01-21 20:43:05.309  3168  3168 W TranVersion: #com.transsion.hubsdk.api.app.TranActivityManager.getService[0]
01-21 20:43:05.309  3168  3168 W TranVersion: #com.transsion.hubsdk.api.app.TranActivityManager.getTopActivityType[2]
01-21 20:43:05.309  3168  3168 W TranVersion: #n9.e.getTopActivityType[2]
01-21 20:43:05.309  3168  3168 I TranActivityManager: TranAospActivityManager
01-21 20:43:05.310  3168  3168 W TranVersion: THUBCore No support Call!!! method version = 33141, >>> ThubCore vserion = 33121
01-21 20:43:05.310  3168  3168 W TranVersion:  mthod version must <= ThubCore version.
01-21 20:43:05.310  3168  3168 W TranVersion:  ---java.lang.Throwable
01-21 20:43:05.310  3168  3168 W TranVersion: #com.transsion.hubsdk.common.version.TranVersion.isIntegratedThubCore[77]
01-21 20:43:05.310  3168  3168 W TranVersion: #com.transsion.hubsdk.api.provider.TranSettings.getService[0]
01-21 20:43:05.310  3168  3168 W TranVersion: #com.transsion.hubsdk.api.provider.TranSettings.getSecureIntForUser[1]
01-21 20:43:05.310  3168  3168 W TranVersion: #n9.e.q[0]
01-21 20:43:05.310  3168  3168 I TranSettings: TranAospSettings
01-21 20:43:05.311  1146  1146 D Griffin/StateProvider: get default mms:com.google.android.apps.messaging
01-21 20:43:05.313  2103  2103 D BoundBrokerSvc: onRebind: Intent { act=com.google.android.gms.presencemanager.service.START dat=chimera-action:/... cmp=com.google.android.gms/.chimera.PersistentApiService }
01-21 20:43:05.314  1146  1146 D Griffin/StateProvider: androidVersion>=R, get default Dialer:com.sh.smart.caller
01-21 20:43:05.316  1146  2948 D PackageManager: Considering set com.example.appbridgenew_example/androidx.work.impl.background.systemjob.SystemJobService's state as 1 with userId = 0, callingPackage = null
01-21 20:43:05.317 18303 18303 D WM-PackageManagerHelper: androidx.work.impl.background.systemjob.SystemJobService enabled
01-21 20:43:05.317 18303 18303 D WM-Schedulers: Created SystemJobScheduler and enabled SystemJobService
01-21 20:43:05.319  1146  1146 D Griffin/StateProvider: get default mms:com.google.android.apps.messaging
01-21 20:43:05.319  1146  1146 D Griffin/ComponentManager: Limit start proc:net.omobio.smartsc for 3rd-normal-service caller=system/1146,Intent { cmp=net.omobio.smartsc/com.madme.mobile.sdk.service.LSJobService2 }
01-21 20:43:05.319  1146  1146 W ActivityManager: Unable to launch app net.omobio.smartsc/10264 for service Intent { cmp=net.omobio.smartsc/com.madme.mobile.sdk.service.LSJobService2 }: AutoStart Limit
01-21 20:43:05.319  1146  1146 D ActivityManager: isGriffinSupport  bringUpServiceLocked and unbindServiceLockedIntent { cmp=net.omobio.smartsc/com.madme.mobile.sdk.service.LSJobService2 }
01-21 20:43:05.319  1146  1146 W ActivityManager: Unbind failed: could not find connection for android.app.LoadedApk$ServiceDispatcher$InnerConnection@f75170a
01-21 20:43:05.319  1146  1146 E JobScheduler.Concurrency: Error executing JobStatus{af501b9 #u0a264/50001 net.omobio.smartsc/com.madme.mobile.sdk.service.LSJobService2 u=0 s=10264 TIME=none:-3h9m1s807ms PERSISTED READY}
01-21 20:43:05.323  1146  1146 D Griffin/StateProvider: androidVersion>=R, get default Dialer:com.sh.smart.caller
01-21 20:43:05.324  2103  2103 D BoundBrokerSvc: onRebind: Intent { act=com.google.android.gms.presencemanager.service.INTERNAL_IDENTITY dat=chimera-action:/... cmp=com.google.android.gms/.chimera.PersistentApiService }
01-21 20:43:05.328  1146  1146 D Griffin/StateProvider: get default mms:com.google.android.apps.messaging
01-21 20:43:05.330  1146  1146 D Griffin/StateProvider: androidVersion>=R, get default Dialer:com.sh.smart.caller
01-21 20:43:05.332  1146  1146 D Griffin/StateProvider: get default mms:com.google.android.apps.messaging
01-21 20:43:05.332  1146  1146 D Griffin/ComponentManager: Limit start proc:net.omobio.smartsc for 3rd-normal-service caller=system/1146,Intent { cmp=net.omobio.smartsc/com.madme.mobile.sdk.service.LSJobService }
01-21 20:43:05.332  1146  1146 W ActivityManager: Unable to launch app net.omobio.smartsc/10264 for service Intent { cmp=net.omobio.smartsc/com.madme.mobile.sdk.service.LSJobService }: AutoStart Limit
01-21 20:43:05.332  1146  1146 D ActivityManager: isGriffinSupport  bringUpServiceLocked and unbindServiceLockedIntent { cmp=net.omobio.smartsc/com.madme.mobile.sdk.service.LSJobService }
01-21 20:43:05.332  1146  1146 W ActivityManager: Unbind failed: could not find connection for android.app.LoadedApk$ServiceDispatcher$InnerConnection@655e457
01-21 20:43:05.332  1146  1146 E JobScheduler.Concurrency: Error executing JobStatus{eee49fe #u0a264/50000 net.omobio.smartsc/com.madme.mobile.sdk.service.LSJobService u=0 s=10264 TIME=-3h8m51s815ms:none PERSISTED failures=1 READY}
01-21 20:43:05.335 18303 18303 D ActivityThread: ++ activityComponent:com.example.appbridgenew_example/com.example.appbridgenew_example.MainActivity counts:1 ALEAK_CLEAR_SUPPORT:true
01-21 20:43:05.336  1146  1146 D ActivityManager: PROFILE_FROM_SHELL is disabled for ProcessRecord{1177b0 0:com.google.android.youtube/u0a139}
01-21 20:43:05.336  1146  1146 D CompatibilityChangeReporter: Compat change id reported: 135634846; UID 10139; state: DISABLED
01-21 20:43:05.336  1146  1146 D CompatibilityChangeReporter: Compat change id reported: 177438394; UID 10139; state: DISABLED
01-21 20:43:05.336  1146  1146 D CompatibilityChangeReporter: Compat change id reported: 135772972; UID 10139; state: DISABLED
01-21 20:43:05.336  1146  1146 D CompatibilityChangeReporter: Compat change id reported: 135754954; UID 10139; state: ENABLED
01-21 20:43:05.337  1146  1201 D ActivityManager: asking zygote to start proc:ProcessRecord{1177b0 0:com.google.android.youtube/u0a139}
01-21 20:43:05.337  1146  1201 D CompatibilityChangeReporter: Compat change id reported: 143937733; UID 10139; state: ENABLED
01-21 20:43:05.337  1146  1201 D Prefork : startResult is empty and running normal execution.
01-21 20:43:05.346   684   684 D Zygote  : Forked child process 18350
01-21 20:43:05.347 18303 18303 D TranClassInfo: instance successfully. com.transsion.hubcore.app.TranActivityImpl@6b2ec50 from com.transsion.hubcore.app.ITranActivity
01-21 20:43:05.347 18303 18303 D TranActivityAppturboImpl: attach
01-21 20:43:05.347  1146  1201 I ActivityManager: Start proc 18350:com.google.android.youtube/u0a139 for service {com.google.android.youtube/androidx.work.impl.background.systemjob.SystemJobService}
