Last updated on 2024-06-25 12:53:48 CEST.
Flavor | Version | Tinstall | Tcheck | Ttotal | Status | Flags |
---|---|---|---|---|---|---|
r-devel-linux-x86_64-debian-clang | 1.15.27 | 163.02 | 266.27 | 429.29 | OK | |
r-devel-linux-x86_64-debian-gcc | 1.15.27 | 121.96 | 193.06 | 315.02 | NOTE | |
r-devel-linux-x86_64-fedora-clang | 1.15.27 | 628.13 | NOTE | |||
r-devel-linux-x86_64-fedora-gcc | 1.15.27 | 638.31 | NOTE | |||
r-devel-windows-x86_64 | 1.15.27 | 132.00 | 235.00 | 367.00 | NOTE | |
r-patched-linux-x86_64 | 1.15.27 | 155.26 | 253.58 | 408.84 | OK | |
r-release-linux-x86_64 | 1.15.27 | 131.20 | 248.92 | 380.12 | OK | |
r-release-macos-arm64 | 1.15.27 | 119.00 | NOTE | |||
r-release-macos-x86_64 | 1.15.27 | 208.00 | NOTE | |||
r-release-windows-x86_64 | 1.15.27 | 138.00 | 245.00 | 383.00 | OK | |
r-oldrel-macos-arm64 | 1.15.27 | 128.00 | NOTE | |||
r-oldrel-macos-x86_64 | 1.15.27 | 299.00 | NOTE | |||
r-oldrel-windows-x86_64 | 1.15.27 | 168.00 | 322.00 | 490.00 | OK |
Version: 1.15.27
Check: compiled code
Result: NOTE
File ‘yuima/libs/yuima.so’:
Found non-API call to R: ‘SET_TYPEOF’
Compiled code should not call non-API entry points in R.
See ‘Writing portable packages’ in the ‘Writing R Extensions’ manual.
Flavors: r-devel-linux-x86_64-debian-gcc, r-devel-linux-x86_64-fedora-clang, r-devel-linux-x86_64-fedora-gcc
Version: 1.15.27
Check: compiled code
Result: NOTE
File 'yuima/libs/x64/yuima.dll':
Found non-API call to R: 'SET_TYPEOF'
Compiled code should not call non-API entry points in R.
See 'Writing portable packages' in the 'Writing R Extensions' manual.
Flavor: r-devel-windows-x86_64
Version: 1.15.27
Check: installed package size
Result: NOTE
installed size is 8.7Mb
sub-directories of 1Mb or more:
R 3.0Mb
libs 4.6Mb
Flavors: r-release-macos-arm64, r-release-macos-x86_64, r-oldrel-macos-arm64, r-oldrel-macos-x86_64