Last updated on 2024-07-02 14:02:07 CEST.
Flavor | Version | Tinstall | Tcheck | Ttotal | Status | Flags |
---|---|---|---|---|---|---|
r-devel-linux-x86_64-debian-clang | 1.0.0 | 2.49 | 26.60 | 29.09 | NOTE | |
r-devel-linux-x86_64-debian-gcc | 1.0.0 | 1.74 | 20.94 | 22.68 | NOTE | |
r-devel-linux-x86_64-fedora-clang | 1.0.0 | 39.72 | NOTE | |||
r-devel-linux-x86_64-fedora-gcc | 1.0.0 | 35.07 | NOTE | |||
r-devel-windows-x86_64 | 1.0.0 | 2.00 | 42.00 | 44.00 | NOTE | |
r-patched-linux-x86_64 | 1.0.0 | 2.46 | 25.35 | 27.81 | NOTE | |
r-release-linux-x86_64 | 1.0.0 | 2.55 | 25.35 | 27.90 | NOTE | |
r-release-macos-arm64 | 1.0.0 | 22.00 | NOTE | |||
r-release-macos-x86_64 | 1.0.0 | 30.00 | NOTE | |||
r-release-windows-x86_64 | 1.0.0 | 3.00 | 43.00 | 46.00 | NOTE | |
r-oldrel-macos-arm64 | 1.0.0 | 22.00 | NOTE | |||
r-oldrel-macos-x86_64 | 1.0.0 | 31.00 | NOTE | |||
r-oldrel-windows-x86_64 | 1.0.0 | 4.00 | 43.00 | 47.00 | NOTE |
Version: 1.0.0
Check: LazyData
Result: NOTE
'LazyData' is specified without a 'data' directory
Flavors: r-devel-linux-x86_64-debian-clang, r-devel-linux-x86_64-debian-gcc, r-devel-linux-x86_64-fedora-clang, r-devel-linux-x86_64-fedora-gcc, r-devel-windows-x86_64, r-patched-linux-x86_64, r-release-linux-x86_64, r-release-macos-arm64, r-release-macos-x86_64, r-release-windows-x86_64, r-oldrel-macos-arm64, r-oldrel-macos-x86_64, r-oldrel-windows-x86_64