Last updated on 2024-08-24 12:50:22 CEST.
Flavor | Version | Tinstall | Tcheck | Ttotal | Status | Flags |
---|---|---|---|---|---|---|
r-devel-linux-x86_64-debian-clang | 1.0.2 | 280.40 | 154.65 | 435.05 | NOTE | |
r-devel-linux-x86_64-debian-gcc | 1.0.2 | 183.77 | 120.76 | 304.53 | NOTE | |
r-devel-linux-x86_64-fedora-clang | 1.0.2 | 678.93 | NOTE | |||
r-devel-linux-x86_64-fedora-gcc | 1.0.2 | 787.08 | NOTE | |||
r-devel-windows-x86_64 | 1.0.2 | 230.00 | 196.00 | 426.00 | NOTE | |
r-patched-linux-x86_64 | 1.0.2 | 261.44 | 163.94 | 425.38 | NOTE | |
r-release-linux-x86_64 | 1.0.2 | 240.99 | 163.99 | 404.98 | NOTE | |
r-release-macos-arm64 | 1.0.2 | 126.00 | NOTE | |||
r-release-macos-x86_64 | 1.0.2 | 216.00 | NOTE | |||
r-release-windows-x86_64 | 1.0.2 | 226.00 | 193.00 | 419.00 | NOTE | |
r-oldrel-macos-arm64 | 1.0.2 | 283.00 | NOTE | |||
r-oldrel-macos-x86_64 | 1.0.2 | 381.00 | NOTE | |||
r-oldrel-windows-x86_64 | 1.0.2 | 297.00 | 232.00 | 529.00 | NOTE |
Version: 1.0.2
Check: for GNU extensions in Makefiles
Result: NOTE
GNU make is a SystemRequirements.
Flavors: r-devel-linux-x86_64-debian-clang, r-devel-linux-x86_64-debian-gcc, r-devel-linux-x86_64-fedora-clang, r-devel-linux-x86_64-fedora-gcc, r-devel-windows-x86_64, r-patched-linux-x86_64, r-release-linux-x86_64, r-release-macos-arm64, r-release-macos-x86_64, r-release-windows-x86_64, r-oldrel-macos-arm64, r-oldrel-macos-x86_64, r-oldrel-windows-x86_64
Version: 1.0.2
Check: installed package size
Result: NOTE
installed size is 8.4Mb
sub-directories of 1Mb or more:
doc 1.9Mb
libs 4.4Mb
Flavors: r-devel-linux-x86_64-fedora-clang, r-devel-windows-x86_64, r-release-macos-arm64, r-release-macos-x86_64, r-release-windows-x86_64, r-oldrel-macos-arm64, r-oldrel-macos-x86_64, r-oldrel-windows-x86_64
Version: 1.0.2
Check: dependencies in R code
Result: NOTE
Namespace in Imports field not imported from: ‘sp’
All declared Imports should be used.
Flavors: r-devel-linux-x86_64-fedora-clang, r-devel-linux-x86_64-fedora-gcc
Version: 1.0.2
Check: data for non-ASCII characters
Result: NOTE
Note: found 1 marked UTF-8 string
Flavors: r-devel-linux-x86_64-fedora-clang, r-devel-linux-x86_64-fedora-gcc