Last updated on 2024-07-05 15:56:14 CEST.
Flavor | Version | Tinstall | Tcheck | Ttotal | Status | Flags |
---|---|---|---|---|---|---|
r-devel-linux-x86_64-debian-clang | 0.2.7 | 8.13 | 169.74 | 177.87 | OK | |
r-devel-linux-x86_64-debian-gcc | 0.2.7 | 8.96 | 248.54 | 257.50 | OK | |
r-devel-linux-x86_64-fedora-clang | 0.2.7 | 279.07 | OK | |||
r-devel-linux-x86_64-fedora-gcc | 0.2.7 | 207.73 | OK | |||
r-devel-windows-x86_64 | 0.1.5 | 7.00 | 93.00 | 100.00 | NOTE | |
r-patched-linux-x86_64 | 0.2.7 | 10.35 | 285.15 | 295.50 | OK | |
r-release-linux-x86_64 | 0.1.5 | 7.09 | 92.60 | 99.69 | NOTE | |
r-release-macos-arm64 | 0.2.7 | 68.00 | OK | |||
r-release-macos-x86_64 | 0.2.7 | 188.00 | OK | |||
r-release-windows-x86_64 | 0.2.7 | 9.00 | 142.00 | 151.00 | OK | |
r-oldrel-macos-arm64 | 0.2.7 | 84.00 | OK | |||
r-oldrel-macos-x86_64 | 0.2.7 | 138.00 | OK | |||
r-oldrel-windows-x86_64 | 0.2.7 | 13.00 | 173.00 | 186.00 | OK |
Version: 0.1.5
Check: LazyData
Result: NOTE
'LazyData' is specified without a 'data' directory
Flavors: r-devel-windows-x86_64, r-release-linux-x86_64