Last updated on 2024-07-06 22:12:28 CEST.
Flavor | Version | Tinstall | Tcheck | Ttotal | Status | Flags |
---|---|---|---|---|---|---|
r-devel-linux-x86_64-debian-clang | 1.3.0 | 4.43 | 49.38 | 53.81 | NOTE | |
r-devel-linux-x86_64-debian-gcc | 1.3.0 | 4.30 | 37.21 | 41.51 | NOTE | |
r-devel-linux-x86_64-fedora-clang | 1.3.0 | 69.14 | NOTE | |||
r-devel-linux-x86_64-fedora-gcc | 1.3.0 | 81.00 | NOTE | |||
r-devel-windows-x86_64 | 1.3.0 | 7.00 | 64.00 | 71.00 | NOTE | |
r-patched-linux-x86_64 | 1.3.0 | 3.94 | 45.58 | 49.52 | NOTE | |
r-release-linux-x86_64 | 1.3.0 | 4.48 | 45.29 | 49.77 | NOTE | |
r-release-macos-arm64 | 1.3.0 | 29.00 | NOTE | |||
r-release-macos-x86_64 | 1.3.0 | 45.00 | NOTE | |||
r-release-windows-x86_64 | 1.3.0 | 6.00 | 61.00 | 67.00 | NOTE | |
r-oldrel-macos-arm64 | 1.3.0 | 33.00 | OK | |||
r-oldrel-macos-x86_64 | 1.3.0 | 69.00 | OK | |||
r-oldrel-windows-x86_64 | 1.3.0 | 8.00 | 64.00 | 72.00 | OK |
Version: 1.3.0
Check: Rd files
Result: NOTE
checkRd: (-1) patch_table_env.Rd:25: Lost braces
25 | \\renewcommand{\\multicolumnx}[3]{\\multicolumn{#1}{c}{#3}}
| ^
checkRd: (-1) patch_table_env.Rd:25: Lost braces
25 | \\renewcommand{\\multicolumnx}[3]{\\multicolumn{#1}{c}{#3}}
| ^
checkRd: (-1) patch_table_env.Rd:25: Lost braces
25 | \\renewcommand{\\multicolumnx}[3]{\\multicolumn{#1}{c}{#3}}
| ^
checkRd: (-1) patch_table_env.Rd:25: Lost braces
25 | \\renewcommand{\\multicolumnx}[3]{\\multicolumn{#1}{c}{#3}}
| ^
checkRd: (-1) patch_table_env.Rd:25: Lost braces
25 | \\renewcommand{\\multicolumnx}[3]{\\multicolumn{#1}{c}{#3}}
| ^
Flavors: r-devel-linux-x86_64-debian-clang, r-devel-linux-x86_64-debian-gcc, r-devel-linux-x86_64-fedora-clang, r-devel-linux-x86_64-fedora-gcc, r-devel-windows-x86_64, r-patched-linux-x86_64, r-release-linux-x86_64, r-release-macos-arm64, r-release-macos-x86_64, r-release-windows-x86_64