Last updated on 2024-08-24 06:52:51 CEST.
Flavor | Version | Tinstall | Tcheck | Ttotal | Status | Flags |
---|---|---|---|---|---|---|
r-devel-linux-x86_64-debian-clang | 0.8.9 | 4.12 | 20.15 | 24.27 | OK | |
r-devel-linux-x86_64-debian-gcc | 0.8.9 | 3.64 | 16.56 | 20.20 | OK | |
r-devel-linux-x86_64-fedora-clang | 0.8.9 | 39.86 | OK | |||
r-devel-linux-x86_64-fedora-gcc | 0.8.9 | 38.44 | OK | |||
r-devel-windows-x86_64 | 0.8.9 | 17.00 | 58.00 | 75.00 | OK | |
r-patched-linux-x86_64 | 0.8.9 | 3.68 | 19.53 | 23.21 | OK | |
r-release-linux-x86_64 | 0.8.9 | 3.47 | 19.49 | 22.96 | OK | |
r-release-macos-arm64 | 0.8.9 | 22.00 | NOTE | |||
r-release-macos-x86_64 | 0.8.9 | 29.00 | NOTE | |||
r-release-windows-x86_64 | 0.8.9 | 18.00 | 57.00 | 75.00 | OK | |
r-oldrel-macos-arm64 | 0.8.9 | 29.00 | NOTE | |||
r-oldrel-macos-x86_64 | 0.8.9 | 63.00 | NOTE | |||
r-oldrel-windows-x86_64 | 0.8.9 | 22.00 | 65.00 | 87.00 | OK |
Version: 0.8.9
Check: installed package size
Result: NOTE
installed size is 19.8Mb
sub-directories of 1Mb or more:
fonts 1.8Mb
libs 17.9Mb
Flavors: r-release-macos-arm64, r-release-macos-x86_64, r-oldrel-macos-arm64, r-oldrel-macos-x86_64