Last updated on 2024-08-24 06:52:50 CEST.
Flavor | Version | Tinstall | Tcheck | Ttotal | Status | Flags |
---|---|---|---|---|---|---|
r-devel-linux-x86_64-debian-clang | 3.3.2 | 22.31 | 83.60 | 105.91 | NOTE | |
r-devel-linux-x86_64-debian-gcc | 3.3.2 | 17.18 | 54.71 | 71.89 | NOTE | |
r-devel-linux-x86_64-fedora-clang | 3.3.2 | 182.21 | NOTE | |||
r-devel-linux-x86_64-fedora-gcc | 3.3.2 | 173.81 | NOTE | |||
r-devel-windows-x86_64 | 3.3.2 | 31.00 | 95.00 | 126.00 | NOTE | |
r-patched-linux-x86_64 | 3.3.2 | 23.19 | 79.68 | 102.87 | NOTE | |
r-release-linux-x86_64 | 3.3.2 | 21.62 | 78.83 | 100.45 | NOTE | |
r-release-macos-arm64 | 3.3.2 | 47.00 | NOTE | |||
r-release-macos-x86_64 | 3.3.2 | 79.00 | NOTE | |||
r-release-windows-x86_64 | 3.3.2 | 29.00 | 102.00 | 131.00 | NOTE | |
r-oldrel-macos-arm64 | 3.3.2 | 49.00 | OK | |||
r-oldrel-macos-x86_64 | 3.3.2 | 86.00 | OK | |||
r-oldrel-windows-x86_64 | 3.3.2 | 37.00 | 113.00 | 150.00 | OK |
Version: 3.3.2
Check: Rd files
Result: NOTE
checkRd: (-1) predict.spT.Rd:36: Lost braces
36 | \item{...}{Other values "obsData", "fittedData" and "residuals" are provided only for temporal prediction. This is to analyse the code{spTimer} forecast output using package \code{forecast} through function \code{\link{as.forecast.object}}.}
| ^
Flavors: r-devel-linux-x86_64-debian-clang, r-devel-linux-x86_64-debian-gcc, r-devel-linux-x86_64-fedora-clang, r-devel-linux-x86_64-fedora-gcc, r-devel-windows-x86_64, r-patched-linux-x86_64, r-release-linux-x86_64, r-release-macos-arm64, r-release-macos-x86_64, r-release-windows-x86_64