Last updated on 2024-07-03 20:58:43 CEST.
Flavor | Version | Tinstall | Tcheck | Ttotal | Status | Flags |
---|---|---|---|---|---|---|
r-devel-linux-x86_64-debian-clang | 0.8.2 | 21.91 | 207.47 | 229.38 | OK | |
r-devel-linux-x86_64-debian-gcc | 0.8.2 | 14.25 | 151.42 | 165.67 | OK | |
r-devel-linux-x86_64-fedora-clang | 0.8.2 | 281.05 | OK | |||
r-devel-linux-x86_64-fedora-gcc | 0.8.2 | 285.50 | OK | |||
r-devel-windows-x86_64 | 0.8.2 | 18.00 | 196.00 | 214.00 | OK | |
r-patched-linux-x86_64 | 0.8.2 | 19.35 | 197.63 | 216.98 | OK | |
r-release-linux-x86_64 | 0.8.2 | 19.82 | 195.46 | 215.28 | OK | |
r-release-macos-arm64 | 0.8.2 | 89.00 | OK | |||
r-release-macos-x86_64 | 0.8.2 | 127.00 | WARN | |||
r-release-windows-x86_64 | 0.8.2 | 19.00 | 193.00 | 212.00 | OK | |
r-oldrel-macos-arm64 | 0.8.2 | 94.00 | OK | |||
r-oldrel-macos-x86_64 | 0.8.2 | 154.00 | OK | |||
r-oldrel-windows-x86_64 | 0.8.2 | 25.00 | 235.00 | 260.00 | OK |
Version: 0.8.2
Check: re-building of vignette outputs
Result: WARN
Error(s) in re-building vignettes:
...
--- re-building ‘shotGroups.Rnw’ using knitr
Error: processing vignette 'shotGroups.Rnw' failed with diagnostics:
Running 'texi2dvi' on 'shotGroups.tex' failed.
LaTeX errors:
! Undefined control sequence.
l.183 \hlkwd{library}\hldef
{(shotGroups,} \hlkwc{verbose}\hldef{=}\hlnum{FAL...
?
! Emergency stop.
l.183
End of file on the terminal!
! ==> Fatal error occurred, no output PDF file produced!
--- failed re-building ‘shotGroups.Rnw’
SUMMARY: processing the following file failed:
‘shotGroups.Rnw’
Error: Vignette re-building failed.
Execution halted
Flavor: r-release-macos-x86_64