Last updated on 2024-08-24 12:50:16 CEST.
Flavor | Version | Tinstall | Tcheck | Ttotal | Status | Flags |
---|---|---|---|---|---|---|
r-devel-linux-x86_64-debian-clang | 0.4.0 | 21.63 | 184.96 | 206.59 | OK | |
r-devel-linux-x86_64-debian-gcc | 0.4.0 | 14.50 | 131.70 | 146.20 | OK | |
r-devel-linux-x86_64-fedora-clang | 0.4.0 | 358.11 | NOTE | |||
r-devel-linux-x86_64-fedora-gcc | 0.4.0 | 336.68 | OK | |||
r-devel-windows-x86_64 | 0.4.0 | 21.00 | 205.00 | 226.00 | OK | |
r-patched-linux-x86_64 | 0.4.0 | 22.19 | 180.07 | 202.26 | OK | |
r-release-linux-x86_64 | 0.4.0 | 19.54 | 180.25 | 199.79 | OK | |
r-release-macos-arm64 | 0.4.0 | 90.00 | OK | |||
r-release-macos-x86_64 | 0.4.0 | 140.00 | OK | |||
r-release-windows-x86_64 | 0.4.0 | 23.00 | 204.00 | 227.00 | OK | |
r-oldrel-macos-arm64 | 0.4.0 | 91.00 | OK | |||
r-oldrel-macos-x86_64 | 0.4.0 | 145.00 | OK | |||
r-oldrel-windows-x86_64 | 0.4.0 | 30.00 | 246.00 | 276.00 | OK |
Version: 0.4.0
Check: Rd cross-references
Result: NOTE
Undeclared packages ‘netmeta’, ‘metafor’ in Rd xrefs
Flavor: r-devel-linux-x86_64-fedora-clang