Last updated on 2024-08-24 12:50:15 CEST.
Flavor | Version | Tinstall | Tcheck | Ttotal | Status | Flags |
---|---|---|---|---|---|---|
r-devel-linux-x86_64-debian-clang | 0.2.0 | 5.86 | 53.49 | 59.35 | OK | |
r-devel-linux-x86_64-debian-gcc | 0.2.0 | 4.52 | 36.74 | 41.26 | OK | |
r-devel-linux-x86_64-fedora-clang | 0.2.0 | 102.19 | NOTE | |||
r-devel-linux-x86_64-fedora-gcc | 0.2.0 | 109.39 | NOTE | |||
r-devel-windows-x86_64 | 0.2.0 | 8.00 | 79.00 | 87.00 | OK | |
r-patched-linux-x86_64 | 0.2.0 | 7.67 | 50.31 | 57.98 | OK | |
r-release-linux-x86_64 | 0.2.0 | 4.82 | 50.28 | 55.10 | OK | |
r-release-macos-arm64 | 0.2.0 | 36.00 | OK | |||
r-release-macos-x86_64 | 0.2.0 | 75.00 | OK | |||
r-release-windows-x86_64 | 0.2.0 | 10.00 | 80.00 | 90.00 | OK | |
r-oldrel-macos-arm64 | 0.2.0 | 39.00 | OK | |||
r-oldrel-macos-x86_64 | 0.2.0 | 61.00 | OK | |||
r-oldrel-windows-x86_64 | 0.2.0 | 11.00 | 87.00 | 98.00 | OK |
Version: 0.2.0
Check: data for non-ASCII characters
Result: NOTE
Note: found 1214 marked UTF-8 strings
Flavors: r-devel-linux-x86_64-fedora-clang, r-devel-linux-x86_64-fedora-gcc