Last updated on 2024-06-25 12:53:35 CEST.
Flavor | Version | Tinstall | Tcheck | Ttotal | Status | Flags |
---|---|---|---|---|---|---|
r-devel-linux-x86_64-debian-clang | 2.1.2 | 3.62 | 40.95 | 44.57 | NOTE | |
r-devel-linux-x86_64-debian-gcc | 2.1.2 | 3.29 | 30.92 | 34.21 | NOTE | |
r-devel-linux-x86_64-fedora-clang | 2.1.2 | 55.94 | NOTE | |||
r-devel-linux-x86_64-fedora-gcc | 2.1.2 | 54.13 | NOTE | |||
r-devel-windows-x86_64 | 2.1.2 | 5.00 | 51.00 | 56.00 | NOTE | |
r-patched-linux-x86_64 | 2.1.2 | 4.46 | 38.11 | 42.57 | NOTE | |
r-release-linux-x86_64 | 2.1.2 | 3.76 | 38.34 | 42.10 | NOTE | |
r-release-macos-arm64 | 2.1.2 | 22.00 | NOTE | |||
r-release-macos-x86_64 | 2.1.2 | 31.00 | NOTE | |||
r-release-windows-x86_64 | 2.1.2 | 6.00 | 51.00 | 57.00 | NOTE | |
r-oldrel-macos-arm64 | 2.1.2 | 24.00 | NOTE | |||
r-oldrel-macos-x86_64 | 2.1.2 | 31.00 | NOTE | |||
r-oldrel-windows-x86_64 | 2.1.2 | 6.00 | 58.00 | 64.00 | NOTE |
Version: 2.1.2
Check: LazyData
Result: NOTE
'LazyData' is specified without a 'data' directory
Flavors: r-devel-linux-x86_64-debian-clang, r-devel-linux-x86_64-debian-gcc, r-devel-linux-x86_64-fedora-clang, r-devel-linux-x86_64-fedora-gcc, r-devel-windows-x86_64, r-patched-linux-x86_64, r-release-linux-x86_64, r-release-macos-arm64, r-release-macos-x86_64, r-release-windows-x86_64, r-oldrel-macos-arm64, r-oldrel-macos-x86_64, r-oldrel-windows-x86_64
Version: 2.1.2
Check: Rd cross-references
Result: NOTE
Undeclared package ‘magrittr’ in Rd xrefs
Flavor: r-devel-linux-x86_64-fedora-clang