Last updated on 2024-07-06 22:12:23 CEST.
Flavor | Version | Tinstall | Tcheck | Ttotal | Status | Flags |
---|---|---|---|---|---|---|
r-devel-linux-x86_64-debian-clang | 0.26.3 | 45.13 | 479.78 | 524.91 | NOTE | |
r-devel-linux-x86_64-debian-gcc | 0.26.3 | 43.28 | 428.02 | 471.30 | NOTE | |
r-devel-linux-x86_64-fedora-clang | 0.26.3 | 649.44 | NOTE | |||
r-devel-linux-x86_64-fedora-gcc | 0.26.3 | 723.51 | NOTE | |||
r-devel-windows-x86_64 | 0.26.3 | 101.00 | 405.00 | 506.00 | NOTE | |
r-patched-linux-x86_64 | 0.26.3 | 46.25 | 479.85 | 526.10 | OK | |
r-release-linux-x86_64 | 0.26.3 | 51.19 | 490.07 | 541.26 | OK | |
r-release-macos-arm64 | 0.26.3 | 280.00 | NOTE | |||
r-release-macos-x86_64 | 0.26.3 | 389.00 | NOTE | |||
r-release-windows-x86_64 | 0.26.3 | 94.00 | 400.00 | 494.00 | OK | |
r-oldrel-macos-arm64 | 0.26.3 | 270.00 | NOTE | |||
r-oldrel-macos-x86_64 | 0.26.3 | 596.00 | NOTE | |||
r-oldrel-windows-x86_64 | 0.26.3 | 114.00 | 490.00 | 604.00 | OK |
Version: 0.26.3
Check: compiled code
Result: NOTE
File ‘qs/libs/qs.so’:
Found non-API calls to R: ‘FRAME’, ‘HASHTAB’, ‘LEVELS’, ‘PRENV’,
‘SETLEVELS’, ‘SET_CLOENV’, ‘SET_ENCLOS’, ‘SET_FRAME’,
‘SET_HASHTAB’, ‘SET_PRENV’, ‘SET_S4_OBJECT’, ‘SET_TRUELENGTH’,
‘STRING_PTR’
Compiled code should not call non-API entry points in R.
See ‘Writing portable packages’ in the ‘Writing R Extensions’ manual,
and section ‘Moving into C API compliance’ for issues with the use of
non-API entry points.
Flavors: r-devel-linux-x86_64-debian-clang, r-devel-linux-x86_64-debian-gcc, r-devel-linux-x86_64-fedora-clang, r-devel-linux-x86_64-fedora-gcc
Version: 0.26.3
Check: compiled code
Result: NOTE
File 'qs/libs/x64/qs.dll':
Found non-API calls to R: 'FRAME', 'HASHTAB', 'LEVELS', 'PRENV',
'SETLEVELS', 'SET_CLOENV', 'SET_ENCLOS', 'SET_FRAME',
'SET_HASHTAB', 'SET_PRENV', 'SET_S4_OBJECT', 'SET_TRUELENGTH',
'STRING_PTR'
Compiled code should not call non-API entry points in R.
See 'Writing portable packages' in the 'Writing R Extensions' manual.
See section 'Moving into C API compliance' in the 'Writing R
Extensions' manual for issues with use of non-API entry points.
Flavor: r-devel-windows-x86_64
Version: 0.26.3
Check: installed package size
Result: NOTE
installed size is 13.1Mb
sub-directories of 1Mb or more:
doc 1.1Mb
libs 11.7Mb
Flavors: r-release-macos-arm64, r-release-macos-x86_64, r-oldrel-macos-arm64, r-oldrel-macos-x86_64