Last updated on 2024-09-05 22:48:49 CEST.
Flavor | Version | Tinstall | Tcheck | Ttotal | Status | Flags |
---|---|---|---|---|---|---|
r-devel-linux-x86_64-debian-clang | 0.4.1 | 54.73 | 65.14 | 119.87 | NOTE | |
r-devel-linux-x86_64-debian-gcc | 0.4.1 | 45.13 | 48.51 | 93.64 | NOTE | |
r-devel-linux-x86_64-fedora-clang | 0.4.1 | 204.76 | OK | |||
r-devel-linux-x86_64-fedora-gcc | 0.4.1 | 222.81 | OK | |||
r-devel-windows-x86_64 | 0.4.1 | 67.00 | 108.00 | 175.00 | NOTE | |
r-patched-linux-x86_64 | 0.4.1 | 62.32 | 62.21 | 124.53 | OK | |
r-release-linux-x86_64 | 0.4.1 | 64.09 | 61.08 | 125.17 | OK | |
r-release-macos-arm64 | 0.4.1 | 74.00 | OK | |||
r-release-macos-x86_64 | 0.4.1 | 80.00 | OK | |||
r-release-windows-x86_64 | 0.4.1 | 67.00 | 104.00 | 171.00 | OK | |
r-oldrel-macos-arm64 | 0.4.1 | 67.00 | OK | |||
r-oldrel-macos-x86_64 | 0.4.1 | 159.00 | OK | |||
r-oldrel-windows-x86_64 | 0.4.1 | 78.00 | 125.00 | 203.00 | OK |
Version: 0.4.1
Check: Rd cross-references
Result: NOTE
Found the following Rd file(s) with Rd \link{} targets missing package
anchors:
colSds.Rd: Matrix
colZeros.Rd: Matrix
simil.Rd: Matrix, CsparseMatrix-class
Please provide package anchors for all Rd \link{} targets not in the
package itself and the base packages.
Flavors: r-devel-linux-x86_64-debian-clang, r-devel-linux-x86_64-debian-gcc, r-devel-windows-x86_64