Last updated on 2024-08-24 12:50:12 CEST.
Flavor | Version | Tinstall | Tcheck | Ttotal | Status | Flags |
---|---|---|---|---|---|---|
r-devel-linux-x86_64-debian-clang | 2.1.4 | 11.41 | 219.66 | 231.07 | OK | |
r-devel-linux-x86_64-debian-gcc | 2.1.4 | 7.22 | 145.70 | 152.92 | OK | |
r-devel-linux-x86_64-fedora-clang | 2.1.4 | 375.65 | NOTE | |||
r-devel-linux-x86_64-fedora-gcc | 2.1.4 | 370.83 | NOTE | |||
r-devel-windows-x86_64 | 2.1.4 | 12.00 | 213.00 | 225.00 | NOTE | |
r-patched-linux-x86_64 | 2.1.4 | 11.92 | 207.27 | 219.19 | OK | |
r-release-linux-x86_64 | 2.1.4 | 9.28 | 209.19 | 218.47 | OK | |
r-release-macos-arm64 | 2.1.4 | 101.00 | NOTE | |||
r-release-macos-x86_64 | 2.1.4 | 158.00 | NOTE | |||
r-release-windows-x86_64 | 2.1.4 | 13.00 | 215.00 | 228.00 | NOTE | |
r-oldrel-macos-arm64 | 2.1.4 | 114.00 | NOTE | |||
r-oldrel-macos-x86_64 | 2.1.4 | 226.00 | NOTE | |||
r-oldrel-windows-x86_64 | 2.1.4 | 16.00 | 270.00 | 286.00 | NOTE |
Version: 2.1.4
Check: installed package size
Result: NOTE
installed size is 7.3Mb
sub-directories of 1Mb or more:
doc 6.1Mb
Flavors: r-devel-linux-x86_64-fedora-clang, r-devel-windows-x86_64, r-release-macos-arm64, r-release-macos-x86_64, r-release-windows-x86_64, r-oldrel-macos-arm64, r-oldrel-macos-x86_64, r-oldrel-windows-x86_64
Version: 2.1.4
Check: data for non-ASCII characters
Result: NOTE
Note: found 13 marked UTF-8 strings
Flavors: r-devel-linux-x86_64-fedora-clang, r-devel-linux-x86_64-fedora-gcc