Last updated on 2024-08-24 12:50:11 CEST.
Flavor | Version | Tinstall | Tcheck | Ttotal | Status | Flags |
---|---|---|---|---|---|---|
r-devel-linux-x86_64-debian-clang | 0.8.2 | 2.87 | 43.78 | 46.65 | NOTE | |
r-devel-linux-x86_64-debian-gcc | 0.8.2 | 1.76 | 32.87 | 34.63 | NOTE | |
r-devel-linux-x86_64-fedora-clang | 0.8.2 | 76.46 | NOTE | |||
r-devel-linux-x86_64-fedora-gcc | 0.8.2 | 86.20 | NOTE | |||
r-devel-windows-x86_64 | 0.8.2 | 5.00 | 63.00 | 68.00 | NOTE | |
r-patched-linux-x86_64 | 0.8.2 | 2.85 | 42.45 | 45.30 | NOTE | |
r-release-linux-x86_64 | 0.8.2 | 3.07 | 41.69 | 44.76 | NOTE | |
r-release-macos-arm64 | 0.8.2 | 38.00 | NOTE | |||
r-release-macos-x86_64 | 0.8.2 | 75.00 | NOTE | |||
r-release-windows-x86_64 | 0.8.2 | 6.00 | 65.00 | 71.00 | NOTE | |
r-oldrel-macos-arm64 | 0.8.2 | 35.00 | NOTE | |||
r-oldrel-macos-x86_64 | 0.8.2 | 44.00 | NOTE | |||
r-oldrel-windows-x86_64 | 0.8.2 | 5.00 | 67.00 | 72.00 | NOTE |
Version: 0.8.2
Check: package subdirectories
Result: NOTE
Problems with news in ‘NEWS.md’:
Cannot extract version info from the following section titles:
Fixed issues
Flavors: r-devel-linux-x86_64-debian-clang, r-devel-linux-x86_64-debian-gcc, r-devel-linux-x86_64-fedora-clang, r-devel-linux-x86_64-fedora-gcc, r-devel-windows-x86_64, r-patched-linux-x86_64, r-release-linux-x86_64, r-release-macos-arm64, r-release-macos-x86_64, r-release-windows-x86_64, r-oldrel-macos-arm64, r-oldrel-macos-x86_64, r-oldrel-windows-x86_64
Version: 0.8.2
Check: LazyData
Result: NOTE
'LazyData' is specified without a 'data' directory
Flavors: r-devel-linux-x86_64-debian-clang, r-devel-linux-x86_64-debian-gcc, r-devel-linux-x86_64-fedora-clang, r-devel-linux-x86_64-fedora-gcc, r-devel-windows-x86_64, r-patched-linux-x86_64, r-release-linux-x86_64, r-release-macos-arm64, r-release-macos-x86_64, r-release-windows-x86_64, r-oldrel-macos-arm64, r-oldrel-macos-x86_64, r-oldrel-windows-x86_64