Last updated on 2024-08-24 12:50:11 CEST.
Flavor | Version | Tinstall | Tcheck | Ttotal | Status | Flags |
---|---|---|---|---|---|---|
r-devel-linux-x86_64-debian-clang | 0.2.5 | 65.32 | 72.57 | 137.89 | NOTE | |
r-devel-linux-x86_64-debian-gcc | 0.2.5 | 49.75 | 52.65 | 102.40 | NOTE | |
r-devel-linux-x86_64-fedora-clang | 0.2.5 | 256.89 | NOTE | |||
r-devel-linux-x86_64-fedora-gcc | 0.2.5 | 296.44 | NOTE | |||
r-devel-windows-x86_64 | 0.2.5 | 74.00 | 116.00 | 190.00 | NOTE | |
r-patched-linux-x86_64 | 0.2.5 | 70.61 | 69.25 | 139.86 | OK | |
r-release-linux-x86_64 | 0.2.5 | 69.92 | 69.98 | 139.90 | OK | |
r-release-macos-arm64 | 0.2.5 | 76.00 | NOTE | |||
r-release-macos-x86_64 | 0.2.5 | 90.00 | NOTE | |||
r-release-windows-x86_64 | 0.2.5 | 72.00 | 114.00 | 186.00 | NOTE | |
r-oldrel-macos-arm64 | 0.2.5 | 74.00 | NOTE | |||
r-oldrel-macos-x86_64 | 0.2.5 | 93.00 | NOTE | |||
r-oldrel-windows-x86_64 | 0.2.5 | 85.00 | 139.00 | 224.00 | NOTE |
Version: 0.2.5
Check: compiled code
Result: NOTE
File ‘osmdata/libs/osmdata.so’:
Found non-API call to R: ‘SET_TYPEOF’
Compiled code should not call non-API entry points in R.
See ‘Writing portable packages’ in the ‘Writing R Extensions’ manual,
and section ‘Moving into C API compliance’ for issues with the use of
non-API entry points.
Flavors: r-devel-linux-x86_64-debian-clang, r-devel-linux-x86_64-debian-gcc, r-devel-linux-x86_64-fedora-clang, r-devel-linux-x86_64-fedora-gcc
Version: 0.2.5
Check: installed package size
Result: NOTE
installed size is 6.1Mb
sub-directories of 1Mb or more:
doc 5.0Mb
Flavors: r-devel-linux-x86_64-fedora-clang, r-devel-windows-x86_64, r-release-macos-arm64, r-release-macos-x86_64, r-release-windows-x86_64, r-oldrel-macos-arm64, r-oldrel-macos-x86_64, r-oldrel-windows-x86_64
Version: 0.2.5
Check: compiled code
Result: NOTE
File 'osmdata/libs/x64/osmdata.dll':
Found non-API call to R: 'SET_TYPEOF'
Compiled code should not call non-API entry points in R.
See 'Writing portable packages' in the 'Writing R Extensions' manual,
and section 'Moving into C API compliance' for issues with the use of
non-API entry points.
Flavor: r-devel-windows-x86_64