Last updated on 2024-07-29 13:51:40 CEST.
Flavor | Version | Tinstall | Tcheck | Ttotal | Status | Flags |
---|---|---|---|---|---|---|
r-devel-linux-x86_64-debian-clang | 0.11.4 | 16.34 | 201.53 | 217.87 | OK | |
r-devel-linux-x86_64-debian-gcc | 0.11.4 | 11.48 | 150.79 | 162.27 | NOTE | |
r-devel-linux-x86_64-fedora-clang | 0.11.4 | 270.58 | OK | |||
r-devel-linux-x86_64-fedora-gcc | 0.11.4 | 261.09 | OK | |||
r-devel-windows-x86_64 | 0.11.4 | 19.00 | 182.00 | 201.00 | NOTE | |
r-patched-linux-x86_64 | 0.11.4 | OK | ||||
r-release-linux-x86_64 | 0.11.4 | 11.07 | 191.25 | 202.32 | OK | |
r-release-macos-arm64 | 0.11.4 | 84.00 | OK | |||
r-release-macos-x86_64 | 0.11.4 | 172.00 | OK | |||
r-release-windows-x86_64 | 0.11.4 | 17.00 | 178.00 | 195.00 | OK | |
r-oldrel-macos-arm64 | 0.11.4 | 92.00 | OK | |||
r-oldrel-macos-x86_64 | 0.11.4 | 211.00 | OK | |||
r-oldrel-windows-x86_64 | 0.11.4 | 22.00 | 213.00 | 235.00 | OK |
Version: 0.11.4
Check: Rd cross-references
Result: NOTE
Found the following Rd file(s) with Rd \link{} targets missing package
anchors:
add.active.Rd: network, add.edges, add.vertices
age.at.Rd: valid.eids
as.networkDynamic.Rd: networkLite-package, as.networkLite.network
is.active.Rd: valid.eids
network.extensions.Rd: network
persistent_ids.Rd: network
print.networkDynamic.Rd: print.network
tea_functions.Rd: set.vertex.attribute, get.vertex.attribute,
list.vertex.attributes
Please provide package anchors for all Rd \link{} targets not in the
package itself and the base packages.
Flavors: r-devel-linux-x86_64-debian-gcc, r-devel-windows-x86_64