Last updated on 2024-07-06 22:12:19 CEST.
Flavor | Version | Tinstall | Tcheck | Ttotal | Status | Flags |
---|---|---|---|---|---|---|
r-devel-linux-x86_64-debian-clang | 0.6.9 | 1130.33 | 345.61 | 1475.94 | OK | |
r-devel-linux-x86_64-debian-gcc | 0.6.9 | 981.08 | 315.64 | 1296.72 | OK | |
r-devel-linux-x86_64-fedora-clang | 0.6.9 | 1761.40 | NOTE | |||
r-devel-linux-x86_64-fedora-gcc | 0.6.9 | 2390.50 | NOTE | |||
r-devel-windows-x86_64 | 0.6.9 | 867.00 | 309.00 | 1176.00 | NOTE | |
r-patched-linux-x86_64 | 0.6.9 | 801.99 | 417.22 | 1219.21 | OK | |
r-release-linux-x86_64 | 0.6.9 | 0.02 | 3.04 | 3.06 | ERROR | |
r-release-macos-arm64 | 0.6.9 | 430.00 | NOTE | |||
r-release-macos-x86_64 | 0.6.9 | 413.00 | NOTE | |||
r-release-windows-x86_64 | 0.6.9 | 870.00 | 316.00 | 1186.00 | NOTE | |
r-oldrel-macos-arm64 | 0.6.9 | 610.00 | NOTE | |||
r-oldrel-macos-x86_64 | 0.6.9 | 822.00 | NOTE | |||
r-oldrel-windows-x86_64 | 0.6.9 | 1117.00 | 409.00 | 1526.00 | NOTE |
Version: 0.6.9
Check: installed package size
Result: NOTE
installed size is 9.8Mb
sub-directories of 1Mb or more:
libs 9.0Mb
Flavors: r-devel-linux-x86_64-fedora-clang, r-devel-windows-x86_64, r-release-macos-arm64, r-release-macos-x86_64, r-release-windows-x86_64, r-oldrel-macos-arm64, r-oldrel-macos-x86_64, r-oldrel-windows-x86_64
Version: 0.6.9
Check: for GNU extensions in Makefiles
Result: NOTE
GNU make is a SystemRequirements.
Flavors: r-devel-linux-x86_64-fedora-clang, r-devel-linux-x86_64-fedora-gcc, r-release-macos-arm64, r-release-macos-x86_64, r-oldrel-macos-arm64, r-oldrel-macos-x86_64
Version: 0.6.9
Check: whether package can be installed
Result: ERROR
Installation failed.
Flavor: r-release-linux-x86_64