Last updated on 2024-08-24 12:50:06 CEST.
Flavor | Version | Tinstall | Tcheck | Ttotal | Status | Flags |
---|---|---|---|---|---|---|
r-devel-linux-x86_64-debian-clang | 1.3.3 | 40.30 | 35.21 | 75.51 | NOTE | |
r-devel-linux-x86_64-debian-gcc | 1.3.3 | 27.59 | 26.94 | 54.53 | NOTE | |
r-devel-linux-x86_64-fedora-clang | 1.3.3 | 150.81 | NOTE | |||
r-devel-linux-x86_64-fedora-gcc | 1.3.3 | 158.22 | NOTE | |||
r-devel-windows-x86_64 | 1.3.3 | 44.00 | 82.00 | 126.00 | NOTE | |
r-patched-linux-x86_64 | 1.3.3 | 37.60 | 34.42 | 72.02 | NOTE | |
r-release-linux-x86_64 | 1.3.3 | 40.63 | 34.13 | 74.76 | NOTE | |
r-release-macos-arm64 | 1.3.3 | 43.00 | NOTE | |||
r-release-macos-x86_64 | 1.3.3 | 57.00 | NOTE | |||
r-release-windows-x86_64 | 1.3.3 | 46.00 | 81.00 | 127.00 | NOTE | |
r-oldrel-macos-arm64 | 1.3.3 | 45.00 | NOTE | |||
r-oldrel-macos-x86_64 | 1.3.3 | 84.00 | NOTE | |||
r-oldrel-windows-x86_64 | 1.3.3 | 56.00 | 88.00 | 144.00 | NOTE |
Version: 1.3.3
Check: C++ specification
Result: NOTE
Specified C++11: please drop specification unless essential
Flavors: r-devel-linux-x86_64-debian-clang, r-devel-linux-x86_64-debian-gcc, r-devel-linux-x86_64-fedora-clang, r-devel-linux-x86_64-fedora-gcc, r-devel-windows-x86_64, r-patched-linux-x86_64, r-release-linux-x86_64, r-release-macos-arm64, r-release-macos-x86_64, r-release-windows-x86_64, r-oldrel-macos-arm64, r-oldrel-macos-x86_64, r-oldrel-windows-x86_64