Last updated on 2024-08-27 07:48:25 CEST.
Flavor | Version | Tinstall | Tcheck | Ttotal | Status | Flags |
---|---|---|---|---|---|---|
r-devel-linux-x86_64-debian-clang | 0.1.1 | 13.07 | 97.89 | 110.96 | OK | |
r-devel-linux-x86_64-debian-gcc | 0.1.1 | 8.44 | 70.93 | 79.37 | OK | |
r-devel-linux-x86_64-fedora-clang | 0.1.1 | 176.25 | NOTE | |||
r-devel-linux-x86_64-fedora-gcc | 0.1.1 | 174.62 | NOTE | |||
r-devel-windows-x86_64 | 0.1.1 | 14.00 | 104.00 | 118.00 | OK | |
r-patched-linux-x86_64 | 0.1.1 | 11.09 | 92.11 | 103.20 | OK | |
r-release-linux-x86_64 | 0.1.1 | 11.93 | 92.66 | 104.59 | OK | |
r-release-macos-arm64 | 0.1.1 | 51.00 | OK | |||
r-release-macos-x86_64 | 0.1.1 | 78.00 | OK | |||
r-release-windows-x86_64 | 0.1.1 | 14.00 | 103.00 | 117.00 | OK | |
r-oldrel-macos-arm64 | 0.1.1 | 66.00 | OK | |||
r-oldrel-macos-x86_64 | 0.1.1 | 110.00 | OK | |||
r-oldrel-windows-x86_64 | 0.1.1 | 18.00 | 128.00 | 146.00 | OK |
Version: 0.1.1
Check: dependencies in R code
Result: NOTE
Namespace in Imports field not imported from: ‘lestat’
All declared Imports should be used.
Flavors: r-devel-linux-x86_64-fedora-clang, r-devel-linux-x86_64-fedora-gcc