Last updated on 2024-08-24 12:50:04 CEST.
Flavor | Version | Tinstall | Tcheck | Ttotal | Status | Flags |
---|---|---|---|---|---|---|
r-devel-linux-x86_64-debian-clang | 1.1.4 | 7.62 | 62.53 | 70.15 | NOTE | |
r-devel-linux-x86_64-debian-gcc | 1.1.4 | 6.31 | 43.42 | 49.73 | NOTE | |
r-devel-linux-x86_64-fedora-clang | 1.1.4 | 115.53 | NOTE | |||
r-devel-linux-x86_64-fedora-gcc | 1.1.4 | 106.85 | OK | |||
r-devel-windows-x86_64 | 1.1.4 | 12.00 | 85.00 | 97.00 | NOTE | |
r-patched-linux-x86_64 | 1.1.4 | 9.02 | 59.72 | 68.74 | OK | |
r-release-linux-x86_64 | 1.1.4 | 8.79 | 59.81 | 68.60 | OK | |
r-release-macos-arm64 | 1.1.4 | 34.00 | OK | |||
r-release-macos-x86_64 | 1.1.4 | 50.00 | OK | |||
r-release-windows-x86_64 | 1.1.4 | 11.00 | 88.00 | 99.00 | OK | |
r-oldrel-macos-arm64 | 1.1.4 | 35.00 | OK | |||
r-oldrel-macos-x86_64 | 1.1.4 | 53.00 | OK | |||
r-oldrel-windows-x86_64 | 1.1.4 | 13.00 | 98.00 | 111.00 | OK |
Version: 1.1.4
Check: Rd cross-references
Result: NOTE
Found the following Rd file(s) with Rd \link{} targets missing package
anchors:
anova.lcc.Rd: anova.lme, nlme
coef.lcc.Rd: nlme
getVarCov.lcc.Rd: nlme
lcc.Rd: nlme
logLik.lcc.Rd: nlme
print.anova.lcc.Rd: anova.lme, nlme
ranef.lcc.Rd: nlme
residuals.lcc.Rd: nlme
vcov.lcc.Rd: nlme
Please provide package anchors for all Rd \link{} targets not in the
package itself and the base packages.
Flavors: r-devel-linux-x86_64-debian-clang, r-devel-linux-x86_64-debian-gcc, r-devel-windows-x86_64
Version: 1.1.4
Check: Rd cross-references
Result: NOTE
Undeclared package ‘gridExtra’ in Rd xrefs
Flavor: r-devel-linux-x86_64-fedora-clang