Last updated on 2024-08-24 12:50:02 CEST.
Flavor | Version | Tinstall | Tcheck | Ttotal | Status | Flags |
---|---|---|---|---|---|---|
r-devel-linux-x86_64-debian-clang | 1.1.1 | 4.78 | 54.70 | 59.48 | OK | |
r-devel-linux-x86_64-debian-gcc | 1.1.1 | 4.12 | 42.36 | 46.48 | OK | |
r-devel-linux-x86_64-fedora-clang | 1.1.1 | 99.41 | NOTE | |||
r-devel-linux-x86_64-fedora-gcc | 1.1.1 | 106.00 | OK | |||
r-devel-windows-x86_64 | 1.1.1 | 8.00 | 71.00 | 79.00 | NOTE | |
r-patched-linux-x86_64 | 1.1.1 | 5.37 | 53.42 | 58.79 | OK | |
r-release-linux-x86_64 | 1.1.1 | 4.92 | 52.39 | 57.31 | OK | |
r-release-macos-arm64 | 1.1.1 | 39.00 | NOTE | |||
r-release-macos-x86_64 | 1.1.1 | 53.00 | NOTE | |||
r-release-windows-x86_64 | 1.1.1 | 8.00 | 70.00 | 78.00 | NOTE | |
r-oldrel-macos-arm64 | 1.1.1 | 40.00 | NOTE | |||
r-oldrel-macos-x86_64 | 1.1.1 | 51.00 | NOTE | |||
r-oldrel-windows-x86_64 | 1.1.1 | 9.00 | 83.00 | 92.00 | NOTE |
Version: 1.1.1
Check: installed package size
Result: NOTE
installed size is 6.5Mb
sub-directories of 1Mb or more:
doc 6.3Mb
Flavors: r-devel-linux-x86_64-fedora-clang, r-devel-windows-x86_64, r-release-macos-arm64, r-release-macos-x86_64, r-release-windows-x86_64, r-oldrel-macos-arm64, r-oldrel-macos-x86_64, r-oldrel-windows-x86_64