Last updated on 2024-08-24 12:50:02 CEST.
Flavor | Version | Tinstall | Tcheck | Ttotal | Status | Flags |
---|---|---|---|---|---|---|
r-devel-linux-x86_64-debian-clang | 1.6.15 | 88.23 | 41.19 | 129.42 | NOTE | |
r-devel-linux-x86_64-debian-gcc | 1.6.15 | 65.80 | 31.73 | 97.53 | NOTE | |
r-devel-linux-x86_64-fedora-clang | 1.6.15 | 266.93 | NOTE | |||
r-devel-linux-x86_64-fedora-gcc | 1.6.15 | 267.29 | NOTE | |||
r-devel-windows-x86_64 | 1.6.15 | 156.00 | 90.00 | 246.00 | NOTE | |
r-patched-linux-x86_64 | 1.6.15 | 91.87 | 39.15 | 131.02 | NOTE | |
r-release-linux-x86_64 | 1.6.15 | 96.41 | 39.92 | 136.33 | NOTE | |
r-release-macos-arm64 | 1.6.15 | 137.00 | NOTE | |||
r-release-macos-x86_64 | 1.6.15 | 160.00 | NOTE | |||
r-release-windows-x86_64 | 1.6.15 | 160.00 | 90.00 | 250.00 | NOTE | |
r-oldrel-macos-arm64 | 1.6.15 | 144.00 | NOTE | |||
r-oldrel-macos-x86_64 | 1.6.15 | 179.00 | NOTE | |||
r-oldrel-windows-x86_64 | 1.6.15 | 185.00 | 97.00 | 282.00 | NOTE |
Version: 1.6.15
Check: for GNU extensions in Makefiles
Result: NOTE
GNU make is a SystemRequirements.
Flavors: r-devel-linux-x86_64-debian-clang, r-devel-linux-x86_64-debian-gcc, r-devel-linux-x86_64-fedora-clang, r-devel-linux-x86_64-fedora-gcc, r-devel-windows-x86_64, r-patched-linux-x86_64, r-release-linux-x86_64, r-release-macos-arm64, r-release-macos-x86_64, r-release-windows-x86_64, r-oldrel-macos-arm64, r-oldrel-macos-x86_64, r-oldrel-windows-x86_64
Version: 1.6.15
Check: installed package size
Result: NOTE
installed size is 9.0Mb
sub-directories of 1Mb or more:
libs 8.6Mb
Flavors: r-release-macos-arm64, r-release-macos-x86_64, r-oldrel-macos-arm64, r-oldrel-macos-x86_64