Last updated on 2024-08-24 06:52:34 CEST.
Flavor | Version | Tinstall | Tcheck | Ttotal | Status | Flags |
---|---|---|---|---|---|---|
r-devel-linux-x86_64-debian-clang | 0.1.0 | 2.44 | 45.53 | 47.97 | OK | |
r-devel-linux-x86_64-debian-gcc | 0.1.0 | 2.03 | 30.93 | 32.96 | OK | |
r-devel-linux-x86_64-fedora-clang | 0.1.0 | 79.40 | OK | |||
r-devel-linux-x86_64-fedora-gcc | 0.1.0 | 75.29 | ERROR | |||
r-devel-windows-x86_64 | 0.1.0 | 5.00 | 67.00 | 72.00 | OK | |
r-patched-linux-x86_64 | 0.1.0 | 2.81 | 44.32 | 47.13 | OK | |
r-release-linux-x86_64 | 0.1.0 | 2.31 | 44.08 | 46.39 | OK | |
r-release-macos-arm64 | 0.1.0 | 24.00 | OK | |||
r-release-macos-x86_64 | 0.1.0 | 68.00 | OK | |||
r-release-windows-x86_64 | 0.1.0 | 5.00 | 67.00 | 72.00 | OK | |
r-oldrel-macos-arm64 | 0.1.0 | 30.00 | OK | |||
r-oldrel-macos-x86_64 | 0.1.0 | 48.00 | OK | |||
r-oldrel-windows-x86_64 | 0.1.0 | 5.00 | 78.00 | 83.00 | OK |
Version: 0.1.0
Check: tests
Result: ERROR
Running ‘testthat.R’ [31s/43s]
Running the tests in ‘tests/testthat.R’ failed.
Complete output:
> # This file is part of the standard setup for testthat.
> # It is recommended that you do not modify it.
> #
> # Where should you do additional test configuration?
> # Learn more about the roles of various files in:
> # * https://r-pkgs.org/testing-design.html#sec-tests-files-overview
> # * https://testthat.r-lib.org/articles/special-files.html
>
> library(testthat)
> library(holi)
>
> test_check("holi")
get mle .... get mle under the null....
start Monte Carlo computation
|
| | 0%
|
|======= | 10%
|
|============== | 20%
|
|===================== | 30%
|
|============================ | 40%
|
|=================================== | 50%
|
|========================================== | 60%
|
|================================================= | 70%
|
|======================================================== | 80%
|
|=============================================================== | 90%
|
|======================================================================| 100%
get mle .... get mle under the null....
start Monte Carlo computation
|
| | 0%
|
|======= | 10%
|
|============== | 20%
|
|===================== | 30%
|
|============================ | 40%
|
|=================================== | 50%
|
|========================================== | 60%
|
|================================================= | 70%
|
|======================================================== | 80%
|
|=============================================================== | 90%
|
|======================================================================| 100%
Computing stats at 0.0551
Computing stats at 0.0435
Computing stats at 0.0318
Computing stats at 0.0202
Computing stats at 0.0085
Computing stats at -0.00315
Computing stats at -0.0148
Computing stats at -0.0265
Computing stats at -0.0381
Computing stats at 0.0784
Computing stats at 0.0901
Computing stats at 0.102
Computing stats at 0.113
Computing stats at 0.125
Computing stats at 0.137
Computing stats at 0.148
Computing stats at 0.16
Computing stats at 0.172
get mle .... get mle under the null....
start Monte Carlo computation
|
| | 0%
|
|======= | 10%
|
|============== | 20%
|
|===================== | 30%
|
|============================ | 40%
|
|=================================== | 50%
|
|========================================== | 60%
|
|================================================= | 70%
|
|======================================================== | 80%
|
|=============================================================== | 90%
|
|======================================================================| 100%
get mle .... get mle under the null....
start Monte Carlo computation
|
| | 0%
|
|======= | 10%
|
|============== | 20%
|
|===================== | 30%
|
|============================ | 40%
|
|=================================== | 50%
|
|========================================== | 60%
|
|================================================= | 70%
|
|======================================================== | 80%
|
|=============================================================== | 90%
|
|======================================================================| 100%
Computing stats at -4.06
Computing stats at -4.24
Computing stats at -4.42
Computing stats at -4.6
Computing stats at -4.78
Computing stats at -4.96
Computing stats at -5.14
Computing stats at -5.32
Computing stats at -5.5
Computing stats at -5.68
Computing stats at -3.7
Computing stats at -3.52
Computing stats at -3.34
Computing stats at -3.16
Computing stats at -2.97
Computing stats at -2.79
Computing stats at -2.61
Computing stats at -2.43
Computing stats at -2.25
Computing stats at -2.07
get mle .... get mle under the null....
start Monte Carlo computation
|
| | 0%
|
|======= | 10%
|
|============== | 20%
|
|===================== | 30%
|
|============================ | 40%
|
|=================================== | 50%
|
|========================================== | 60%
|
|================================================= | 70%
|
|======================================================== | 80%
|
|=============================================================== | 90%
|
|======================================================================| 100%
get mle .... get mle under the null....
start Monte Carlo computation
|
| | 0%
|
|======= | 10%
|
|============== | 20%
|
|===================== | 30%
|
|============================ | 40%
|
|=================================== | 50%
|
|========================================== | 60%
|
|================================================= | 70%
|
|======================================================== | 80%
|
|=============================================================== | 90%
|
|======================================================================| 100%
Computing stats at 0.0242
Computing stats at -0.00757
Computing stats at -0.0393
Computing stats at -0.071
Computing stats at -0.103
Computing stats at -0.134
Computing stats at -0.166
Computing stats at -0.198
Computing stats at -0.23
Computing stats at 0.0876
Computing stats at 0.119
Computing stats at 0.151
Computing stats at 0.183
Computing stats at 0.214
Computing stats at 0.246
Computing stats at 0.278
Computing stats at 0.31
Computing stats at 0.341
get mle .... get mle under the null....
start Monte Carlo computation
|
| | 0%
|
|======= | 10%
|
|============== | 20%
|
|===================== | 30%
|
|============================ | 40%
|
|=================================== | 50%
|
|========================================== | 60%
|
|================================================= | 70%
|
|======================================================== | 80%
|
|=============================================================== | 90%
|
|======================================================================| 100%
get mle .... get mle under the null....
start Monte Carlo computation
|
| | 0%
|
|======= | 10%
|
|============== | 20%
|
|===================== | 30%
|
|============================ | 40%
|
|=================================== | 50%
|
|========================================== | 60%
|
|================================================= | 70%
|
|======================================================== | 80%
|
|=============================================================== | 90%
|
|======================================================================| 100%
get mle .... get mle under the null....
start Monte Carlo computation
|
| | 0%
|
|======= | 10%
|
|============== | 20%
|
|===================== | 30%
|
|============================ | 40%
|
|=================================== | 50%
|
|========================================== | 60%
|
|================================================= | 70%
|
|======================================================== | 80%
|
|=============================================================== | 90%
|
|======================================================================| 100%
get mle .... get mle under the null....
start Monte Carlo computation
|
| | 0%
|
|======= | 10%
|
|============== | 20%
|
|===================== | 30%
|
|============================ | 40%
|
|=================================== | 50%
|
|========================================== | 60%
|
|================================================= | 70%
|
|======================================================== | 80%
|
|=============================================================== | 90%
|
|======================================================================| 100%
get mle .... get mle under the null....
start Monte Carlo computation
|
| | 0%
|
|======= | 10%
|
|============== | 20%
|
|===================== | 30%
|
|============================ | 40%
|
|=================================== | 50%
|
|========================================== | 60%
|
|================================================= | 70%
|
|======================================================== | 80%
|
|=============================================================== | 90%
|
|======================================================================| 100%
get mle .... get mle under the null....
start Monte Carlo computation
|
| | 0%
|
|======= | 10%
|
|============== | 20%
|
|===================== | 30%
|
|============================ | 40%
|
|=================================== | 50%
|
|========================================== | 60%
|
|================================================= | 70%
|
|======================================================== | 80%
|
|=============================================================== | 90%
|
|======================================================================| 100%
get mle .... get mle under the null....
start Monte Carlo computation
|
| | 0%
|
|======= | 10%
|
|============== | 20%
|
|===================== | 30%
|
|============================ | 40%
|
|=================================== | 50%
|
|========================================== | 60%
|
|================================================= | 70%
|
|======================================================== | 80%
|
|=============================================================== | 90%
|
|======================================================================| 100%
get mle .... get mle under the null....
start Monte Carlo computation
|
| | 0%
|
|======= | 10%
|
|============== | 20%
|
|===================== | 30%
|
|============================ | 40%
|
|=================================== | 50%
|
|========================================== | 60%
|
|================================================= | 70%
|
|======================================================== | 80%
|
|=============================================================== | 90%
|
|======================================================================| 100%
get mle .... get mle under the null....
start Monte Carlo computation
|
| | 0%
|
|======= | 10%
|
|============== | 20%
|
|===================== | 30%
|
|============================ | 40%
|
|=================================== | 50%
|
|========================================== | 60%
|
|================================================= | 70%
|
|======================================================== | 80%
|
|=============================================================== | 90%
|
|======================================================================| 100%
get mle .... get mle under the null....
start Monte Carlo computation
|
| | 0%
|
|======= | 10%
|
|============== | 20%
|
|===================== | 30%
|
|============================ | 40%
|
|=================================== | 50%
|
|========================================== | 60%
|
|================================================= | 70%
|
|======================================================== | 80%
|
|=============================================================== | 90%
|
|======================================================================| 100%
get mle .... get mle under the null....
start Monte Carlo computation
|
| | 0%
|
|======= | 10%
|
|============== | 20%
|
|===================== | 30%
|
|============================ | 40%
|
|=================================== | 50%
|
|========================================== | 60%
|
|================================================= | 70%
|
|======================================================== | 80%
|
|=============================================================== | 90%
|
|======================================================================| 100%
get mle .... get mle under the null....
start Monte Carlo computation
|
| | 0%
|
|======= | 10%
|
|============== | 20%
|
|===================== | 30%
|
|============================ | 40%
|
|=================================== | 50%
|
|========================================== | 60%
|
|================================================= | 70%
|
|======================================================== | 80%
|
|=============================================================== | 90%
|
|======================================================================| 100%
get mle .... get mle under the null....
start Monte Carlo computation
|
| | 0%
|
|======= | 10%
|
|============== | 20%
|
|===================== | 30%
|
|============================ | 40%
|
|=================================== | 50%
|
|========================================== | 60%
|
|================================================= | 70%
|
|======================================================== | 80%
|
|=============================================================== | 90%
|
|======================================================================| 100%
get mle .... get mle under the null....
start Monte Carlo computation
|
| | 0%
|
|======= | 10%
|
|============== | 20%
|
|===================== | 30%
|
|============================ | 40%
|
|=================================== | 50%
|
|========================================== | 60%
|
|================================================= | 70%
|
|======================================================== | 80%
|
|=============================================================== | 90%
|
|======================================================================| 100%
get mle .... get mle under the null....
start Monte Carlo computation
|
| | 0%
|
|======= | 10%
|
|============== | 20%
|
|===================== | 30%
|
|============================ | 40%
|
|=================================== | 50%
|
|========================================== | 60%
|
|================================================= | 70%
|
|======================================================== | 80%
|
|=============================================================== | 90%
|
|======================================================================| 100%
get mle .... get mle under the null....
start Monte Carlo computation
|
| | 0%
|
|======= | 10%
|
|============== | 20%
|
|===================== | 30%
|
|============================ | 40%
|
|=================================== | 50%
|
|========================================== | 60%
|
|================================================= | 70%
|
|======================================================== | 80%
|
|=============================================================== | 90%
|
|======================================================================| 100%
[ FAIL 1 | WARN 0 | SKIP 0 | PASS 19 ]
══ Failed tests ════════════════════════════════════════════════════════════════
── Error ('test-sim_rstar_glm.R:25:3'): run_sim_rstar_glm works with logistic model ──
Error in `stats::complete.cases(results_df)`: invalid 'type' (list) of argument
Backtrace:
▆
1. ├─base::suppressWarnings(...) at test-sim_rstar_glm.R:25:3
2. │ └─base::withCallingHandlers(...)
3. └─holi::run_sim_rstar_glm(...)
4. └─stats::complete.cases(results_df)
[ FAIL 1 | WARN 0 | SKIP 0 | PASS 19 ]
Error: Test failures
Execution halted
Flavor: r-devel-linux-x86_64-fedora-gcc