Last updated on 2024-06-25 12:53:18 CEST.
Flavor | Version | Tinstall | Tcheck | Ttotal | Status | Flags |
---|---|---|---|---|---|---|
r-devel-linux-x86_64-debian-clang | 0.4.9 | 7.84 | 60.36 | 68.20 | NOTE | |
r-devel-linux-x86_64-debian-gcc | 0.4.9 | 5.97 | 45.59 | 51.56 | NOTE | |
r-devel-linux-x86_64-fedora-clang | 0.4.9 | 87.50 | NOTE | |||
r-devel-linux-x86_64-fedora-gcc | 0.4.9 | 80.69 | NOTE | |||
r-devel-windows-x86_64 | 0.4.9 | 8.00 | 63.00 | 71.00 | NOTE | |
r-patched-linux-x86_64 | 0.4.9 | 8.19 | 58.42 | 66.61 | NOTE | |
r-release-linux-x86_64 | 0.4.9 | 5.24 | 56.92 | 62.16 | NOTE | |
r-release-macos-arm64 | 0.4.9 | 27.00 | NOTE | |||
r-release-macos-x86_64 | 0.4.9 | 43.00 | NOTE | |||
r-release-windows-x86_64 | 0.4.9 | 8.00 | 65.00 | 73.00 | NOTE | |
r-oldrel-macos-arm64 | 0.4.9 | 28.00 | NOTE | |||
r-oldrel-macos-x86_64 | 0.4.9 | 43.00 | NOTE | |||
r-oldrel-windows-x86_64 | 0.4.9 | 10.00 | 76.00 | 86.00 | NOTE |
Version: 0.4.9
Check: LazyData
Result: NOTE
'LazyData' is specified without a 'data' directory
Flavors: r-devel-linux-x86_64-debian-clang, r-devel-linux-x86_64-debian-gcc, r-devel-linux-x86_64-fedora-clang, r-devel-linux-x86_64-fedora-gcc, r-devel-windows-x86_64, r-patched-linux-x86_64, r-release-linux-x86_64, r-release-macos-arm64, r-release-macos-x86_64, r-release-windows-x86_64, r-oldrel-macos-arm64, r-oldrel-macos-x86_64, r-oldrel-windows-x86_64