Last updated on 2024-06-07 22:54:34 CEST.
Flavor | Version | Tinstall | Tcheck | Ttotal | Status | Flags |
---|---|---|---|---|---|---|
r-devel-linux-x86_64-debian-clang | 1.2.1 | 64.87 | 127.22 | 192.09 | NOTE | |
r-devel-linux-x86_64-debian-gcc | 1.2.1 | 45.33 | 91.53 | 136.86 | NOTE | |
r-devel-linux-x86_64-fedora-clang | 1.2.1 | 242.21 | NOTE | |||
r-devel-linux-x86_64-fedora-gcc | 1.2.1 | 239.53 | NOTE | |||
r-devel-windows-x86_64 | 1.2.1 | 48.00 | 121.00 | 169.00 | NOTE | |
r-patched-linux-x86_64 | 1.2.1 | 51.72 | 119.95 | 171.67 | NOTE | |
r-release-linux-x86_64 | 1.2.1 | 57.17 | 124.76 | 181.93 | NOTE | |
r-release-macos-arm64 | 1.2.1 | 61.00 | NOTE | |||
r-release-macos-x86_64 | 1.2.1 | 88.00 | NOTE | |||
r-release-windows-x86_64 | 1.2.1 | 50.00 | 127.00 | 177.00 | NOTE | |
r-oldrel-macos-arm64 | 1.2.1 | 68.00 | NOTE | |||
r-oldrel-macos-x86_64 | 1.2.1 | 111.00 | NOTE | |||
r-oldrel-windows-x86_64 | 1.2.1 | 62.00 | 153.00 | 215.00 | NOTE |
Version: 1.2.1
Check: C++ specification
Result: NOTE
Specified C++11: please drop specification unless essential
Flavors: r-devel-linux-x86_64-debian-clang, r-devel-linux-x86_64-debian-gcc, r-devel-linux-x86_64-fedora-clang, r-devel-linux-x86_64-fedora-gcc, r-devel-windows-x86_64, r-patched-linux-x86_64, r-release-linux-x86_64, r-release-macos-arm64, r-release-macos-x86_64, r-release-windows-x86_64, r-oldrel-macos-arm64, r-oldrel-macos-x86_64, r-oldrel-windows-x86_64