Last updated on 2024-08-24 12:50:00 CEST.
Flavor | Version | Tinstall | Tcheck | Ttotal | Status | Flags |
---|---|---|---|---|---|---|
r-devel-linux-x86_64-debian-clang | 0.5.5 | 14.31 | 169.15 | 183.46 | NOTE | |
r-devel-linux-x86_64-debian-gcc | 0.5.5 | 11.22 | 118.57 | 129.79 | NOTE | |
r-devel-linux-x86_64-fedora-clang | 0.5.5 | 315.29 | OK | |||
r-devel-linux-x86_64-fedora-gcc | 0.5.5 | 310.83 | OK | |||
r-devel-windows-x86_64 | 0.5.5 | 18.00 | 174.00 | 192.00 | NOTE | |
r-patched-linux-x86_64 | 0.5.5 | 19.94 | 160.38 | 180.32 | OK | |
r-release-linux-x86_64 | 0.5.5 | 14.61 | 160.78 | 175.39 | OK | |
r-release-macos-arm64 | 0.5.5 | 91.00 | OK | |||
r-release-macos-x86_64 | 0.5.5 | 128.00 | OK | |||
r-release-windows-x86_64 | 0.5.5 | 16.00 | 173.00 | 189.00 | OK | |
r-oldrel-macos-arm64 | 0.5.5 | 95.00 | OK | |||
r-oldrel-macos-x86_64 | 0.5.5 | 145.00 | OK | |||
r-oldrel-windows-x86_64 | 0.5.5 | 21.00 | 211.00 | 232.00 | OK |
Version: 0.5.5
Check: Rd cross-references
Result: NOTE
Found the following Rd file(s) with Rd \link{} targets missing package
anchors:
glmmRefit.Rd: glmmTMB
Please provide package anchors for all Rd \link{} targets not in the
package itself and the base packages.
Flavors: r-devel-linux-x86_64-debian-clang, r-devel-linux-x86_64-debian-gcc, r-devel-windows-x86_64