Last updated on 2024-08-24 12:50:00 CEST.
Flavor | Version | Tinstall | Tcheck | Ttotal | Status | Flags |
---|---|---|---|---|---|---|
r-devel-linux-x86_64-debian-clang | 0.2.0 | 3.37 | 86.86 | 90.23 | NOTE | |
r-devel-linux-x86_64-debian-gcc | 0.2.0 | 3.47 | 63.75 | 67.22 | NOTE | |
r-devel-linux-x86_64-fedora-clang | 0.2.0 | 152.26 | OK | |||
r-devel-linux-x86_64-fedora-gcc | 0.2.0 | 164.48 | OK | |||
r-devel-windows-x86_64 | 0.2.0 | 7.00 | 99.00 | 106.00 | NOTE | |
r-patched-linux-x86_64 | 0.2.0 | 8.98 | 84.30 | 93.28 | OK | |
r-release-linux-x86_64 | 0.2.0 | 4.44 | 82.43 | 86.87 | OK | |
r-release-macos-arm64 | 0.2.0 | 52.00 | OK | |||
r-release-macos-x86_64 | 0.2.0 | 78.00 | OK | |||
r-release-windows-x86_64 | 0.2.0 | 7.00 | 96.00 | 103.00 | OK | |
r-oldrel-macos-arm64 | 0.2.0 | 53.00 | OK | |||
r-oldrel-macos-x86_64 | 0.2.0 | 115.00 | OK | |||
r-oldrel-windows-x86_64 | 0.2.0 | 9.00 | 115.00 | 124.00 | OK |
Version: 0.2.0
Check: Rd cross-references
Result: NOTE
Found the following Rd file(s) with Rd \link{} targets missing package
anchors:
geom_debug_panel.Rd: aes_
Please provide package anchors for all Rd \link{} targets not in the
package itself and the base packages.
Flavors: r-devel-linux-x86_64-debian-clang, r-devel-linux-x86_64-debian-gcc, r-devel-windows-x86_64