Last updated on 2024-08-24 12:50:00 CEST.
Flavor | Version | Tinstall | Tcheck | Ttotal | Status | Flags |
---|---|---|---|---|---|---|
r-devel-linux-x86_64-debian-clang | 1.4.1 | 40.98 | 107.14 | 148.12 | OK | |
r-devel-linux-x86_64-debian-gcc | 1.4.1 | 29.35 | 76.16 | 105.51 | OK | |
r-devel-linux-x86_64-fedora-clang | 1.4.1 | 255.60 | OK | |||
r-devel-linux-x86_64-fedora-gcc | 1.4.1 | 268.64 | OK | |||
r-devel-windows-x86_64 | 1.4.1 | 46.00 | 148.00 | 194.00 | OK | |
r-patched-linux-x86_64 | 1.4.1 | 39.51 | 101.14 | 140.65 | OK | |
r-release-linux-x86_64 | 1.4.1 | 39.68 | 101.45 | 141.13 | OK | |
r-release-macos-arm64 | 1.4.1 | 70.00 | OK | |||
r-release-macos-x86_64 | 1.4.1 | 172.00 | WARN | |||
r-release-windows-x86_64 | 1.4.1 | 49.00 | 148.00 | 197.00 | OK | |
r-oldrel-macos-arm64 | 1.4.1 | 70.00 | OK | |||
r-oldrel-macos-x86_64 | 1.4.1 | 227.00 | OK | |||
r-oldrel-windows-x86_64 | 1.4.1 | 58.00 | 176.00 | 234.00 | OK |
Version: 1.4.1
Check: re-building of vignette outputs
Result: WARN
Error(s) in re-building vignettes:
...
--- re-building ‘grain_intro.Rnw’ using knitr
Error: processing vignette 'grain_intro.Rnw' failed with diagnostics:
Running 'texi2dvi' on 'grain_intro.tex' failed.
LaTeX errors:
! Undefined control sequence.
l.291 \hldef
{yn} \hlkwb{<-} \hlkwd{c}\hldef{(}\hlsng{"yes"}\hldef{,}\hlsng{"...
?
! Emergency stop.
l.291
End of file on the terminal!
! ==> Fatal error occurred, no output PDF file produced!
--- failed re-building ‘grain_intro.Rnw’
SUMMARY: processing the following file failed:
‘grain_intro.Rnw’
Error: Vignette re-building failed.
Execution halted
Flavor: r-release-macos-x86_64