Last updated on 2024-08-24 06:52:32 CEST.
Flavor | Version | Tinstall | Tcheck | Ttotal | Status | Flags |
---|---|---|---|---|---|---|
r-devel-linux-x86_64-debian-clang | 1.0.1 | 28.64 | 90.23 | 118.87 | NOTE | |
r-devel-linux-x86_64-debian-gcc | 1.0.1 | 21.32 | 73.76 | 95.08 | NOTE | |
r-devel-linux-x86_64-fedora-clang | 1.0.1 | 189.71 | NOTE | |||
r-devel-linux-x86_64-fedora-gcc | 1.0.1 | 217.72 | NOTE | |||
r-devel-windows-x86_64 | 1.0.1 | 30.00 | 120.00 | 150.00 | NOTE | |
r-patched-linux-x86_64 | 1.0.1 | 27.38 | 89.88 | 117.26 | NOTE | |
r-release-linux-x86_64 | 1.0.1 | 28.16 | 89.68 | 117.84 | NOTE | |
r-release-macos-arm64 | 1.0.1 | 74.00 | NOTE | |||
r-release-macos-x86_64 | 1.0.1 | 98.00 | NOTE | |||
r-release-windows-x86_64 | 1.0.1 | 31.00 | 122.00 | 153.00 | NOTE | |
r-oldrel-macos-arm64 | 1.0.1 | 81.00 | NOTE | |||
r-oldrel-macos-x86_64 | 1.0.1 | 113.00 | NOTE | |||
r-oldrel-windows-x86_64 | 1.0.1 | 36.00 | 149.00 | 185.00 | NOTE |
Version: 1.0.1
Check: LazyData
Result: NOTE
'LazyData' is specified without a 'data' directory
Flavors: r-devel-linux-x86_64-debian-clang, r-devel-linux-x86_64-debian-gcc, r-devel-linux-x86_64-fedora-clang, r-devel-linux-x86_64-fedora-gcc, r-devel-windows-x86_64, r-patched-linux-x86_64, r-release-linux-x86_64, r-release-macos-arm64, r-release-macos-x86_64, r-release-windows-x86_64, r-oldrel-macos-arm64, r-oldrel-macos-x86_64, r-oldrel-windows-x86_64
Version: 1.0.1
Check: installed package size
Result: NOTE
installed size is 7.3Mb
sub-directories of 1Mb or more:
libs 7.1Mb
Flavors: r-release-macos-arm64, r-release-macos-x86_64, r-oldrel-macos-arm64