Last updated on 2024-08-24 12:49:58 CEST.
Flavor | Version | Tinstall | Tcheck | Ttotal | Status | Flags |
---|---|---|---|---|---|---|
r-devel-linux-x86_64-debian-clang | 1.0.2 | 52.72 | 66.92 | 119.64 | NOTE | |
r-devel-linux-x86_64-debian-gcc | 1.0.2 | 25.88 | 50.06 | 75.94 | NOTE | |
r-devel-linux-x86_64-fedora-clang | 1.0.2 | 187.47 | NOTE | |||
r-devel-linux-x86_64-fedora-gcc | 1.0.2 | 173.07 | NOTE | |||
r-devel-windows-x86_64 | 1.0.2 | 52.00 | 85.00 | 137.00 | NOTE | |
r-patched-linux-x86_64 | 1.0.2 | 55.48 | 64.79 | 120.27 | NOTE | |
r-release-linux-x86_64 | 1.0.2 | 55.21 | 64.90 | 120.11 | NOTE | |
r-release-macos-arm64 | 1.0.2 | 62.00 | NOTE | |||
r-release-macos-x86_64 | 1.0.2 | 143.00 | NOTE | |||
r-release-windows-x86_64 | 1.0.2 | 64.00 | 85.00 | 149.00 | NOTE | |
r-oldrel-macos-arm64 | 1.0.2 | 74.00 | NOTE | |||
r-oldrel-macos-x86_64 | 1.0.2 | 154.00 | NOTE | |||
r-oldrel-windows-x86_64 | 1.0.2 | 47.00 | 96.00 | 143.00 | NOTE |
Version: 1.0.2
Check: package dependencies
Result: NOTE
Package suggested but not available for checking: ‘gridlayout’
Flavors: r-devel-linux-x86_64-debian-clang, r-devel-linux-x86_64-debian-gcc, r-devel-linux-x86_64-fedora-clang, r-devel-linux-x86_64-fedora-gcc, r-devel-windows-x86_64, r-patched-linux-x86_64, r-release-linux-x86_64, r-release-macos-arm64, r-release-macos-x86_64, r-release-windows-x86_64, r-oldrel-macos-arm64, r-oldrel-macos-x86_64, r-oldrel-windows-x86_64
Version: 1.0.2
Check: installed package size
Result: NOTE
installed size is 5.5Mb
sub-directories of 1Mb or more:
data 5.3Mb
Flavors: r-devel-linux-x86_64-fedora-clang, r-devel-windows-x86_64, r-release-macos-arm64, r-release-macos-x86_64, r-release-windows-x86_64, r-oldrel-macos-arm64, r-oldrel-macos-x86_64, r-oldrel-windows-x86_64