Last updated on 2024-08-24 12:49:58 CEST.
Flavor | Version | Tinstall | Tcheck | Ttotal | Status | Flags |
---|---|---|---|---|---|---|
r-devel-linux-x86_64-debian-clang | 1.0.6 | 6.32 | 61.89 | 68.21 | NOTE | |
r-devel-linux-x86_64-debian-gcc | 1.0.6 | 6.77 | 44.36 | 51.13 | NOTE | |
r-devel-linux-x86_64-fedora-clang | 1.0.6 | 110.89 | NOTE | |||
r-devel-linux-x86_64-fedora-gcc | 1.0.6 | 128.62 | NOTE | |||
r-devel-windows-x86_64 | 1.0.6 | 19.00 | 86.00 | 105.00 | NOTE | |
r-patched-linux-x86_64 | 1.0.6 | 9.17 | 58.23 | 67.40 | OK | |
r-release-linux-x86_64 | 1.0.6 | 6.82 | 58.56 | 65.38 | OK | |
r-release-macos-arm64 | 1.0.6 | 40.00 | ERROR | |||
r-release-macos-x86_64 | 1.0.6 | 62.00 | OK | |||
r-release-windows-x86_64 | 1.0.6 | 19.00 | 86.00 | 105.00 | OK | |
r-oldrel-macos-arm64 | 1.0.6 | 69.00 | OK | |||
r-oldrel-macos-x86_64 | 1.0.6 | 130.00 | OK | |||
r-oldrel-windows-x86_64 | 1.0.6 | 18.00 | 97.00 | 115.00 | OK |
Version: 1.0.6
Check: compiled code
Result: NOTE
File ‘fansi/libs/fansi.so’:
Found non-API call to R: ‘R_nchar’
Compiled code should not call non-API entry points in R.
See ‘Writing portable packages’ in the ‘Writing R Extensions’ manual,
and section ‘Moving into C API compliance’ for issues with the use of
non-API entry points.
Flavors: r-devel-linux-x86_64-debian-clang, r-devel-linux-x86_64-debian-gcc, r-devel-linux-x86_64-fedora-clang, r-devel-linux-x86_64-fedora-gcc
Version: 1.0.6
Check: compiled code
Result: NOTE
File 'fansi/libs/x64/fansi.dll':
Found non-API call to R: 'R_nchar'
Compiled code should not call non-API entry points in R.
See 'Writing portable packages' in the 'Writing R Extensions' manual,
and section 'Moving into C API compliance' for issues with the use of
non-API entry points.
Flavor: r-devel-windows-x86_64
Version: 1.0.6
Check: re-building of vignette outputs
Result: ERROR
Error(s) in re-building vignettes:
...
--- re-building ‘sgr-in-rmd.Rmd’ using rmarkdown
Error: processing vignette 'sgr-in-rmd.Rmd' failed with diagnostics:
there is no package called ‘R6’
--- failed re-building ‘sgr-in-rmd.Rmd’
SUMMARY: processing the following file failed:
‘sgr-in-rmd.Rmd’
Error: Vignette re-building failed.
Execution halted
Flavor: r-release-macos-arm64