Last updated on 2024-08-24 12:49:57 CEST.
Flavor | Version | Tinstall | Tcheck | Ttotal | Status | Flags |
---|---|---|---|---|---|---|
r-devel-linux-x86_64-debian-clang | 1.0.0 | 14.68 | 332.75 | 347.43 | OK | |
r-devel-linux-x86_64-debian-gcc | 1.0.0 | 10.99 | 242.68 | 253.67 | OK | |
r-devel-linux-x86_64-fedora-clang | 1.0.0 | 515.02 | NOTE | |||
r-devel-linux-x86_64-fedora-gcc | 1.0.0 | 581.35 | NOTE | |||
r-devel-windows-x86_64 | 1.0.0 | 17.00 | 256.00 | 273.00 | OK | |
r-patched-linux-x86_64 | 1.0.0 | 13.27 | 328.02 | 341.29 | OK | |
r-release-linux-x86_64 | 1.0.0 | 13.16 | 331.21 | 344.37 | OK | |
r-release-macos-arm64 | 1.0.0 | 155.00 | OK | |||
r-release-macos-x86_64 | 1.0.0 | 236.00 | OK | |||
r-release-windows-x86_64 | 1.0.0 | 16.00 | 257.00 | 273.00 | OK | |
r-oldrel-macos-arm64 | 1.0.0 | 172.00 | OK | |||
r-oldrel-macos-x86_64 | 1.0.0 | 351.00 | OK | |||
r-oldrel-windows-x86_64 | 1.0.0 | 21.00 | 317.00 | 338.00 | OK |
Version: 1.0.0
Check: dependencies in R code
Result: NOTE
Namespaces in Imports field not imported from:
‘forcats’ ‘rqPen’ ‘utils’
All declared Imports should be used.
Flavors: r-devel-linux-x86_64-fedora-clang, r-devel-linux-x86_64-fedora-gcc