Last updated on 2024-08-24 12:49:57 CEST.
Flavor | Version | Tinstall | Tcheck | Ttotal | Status | Flags |
---|---|---|---|---|---|---|
r-devel-linux-x86_64-debian-clang | 1.6-13 | 11.61 | 143.33 | 154.94 | NOTE | |
r-devel-linux-x86_64-debian-gcc | 1.6-13 | 7.78 | 101.15 | 108.93 | NOTE | |
r-devel-linux-x86_64-fedora-clang | 1.6-13 | 253.36 | OK | |||
r-devel-linux-x86_64-fedora-gcc | 1.6-13 | 264.34 | OK | |||
r-devel-windows-x86_64 | 1.6-13 | 14.00 | 212.00 | 226.00 | NOTE | |
r-patched-linux-x86_64 | 1.6-13 | 21.50 | 136.66 | 158.16 | OK | |
r-release-linux-x86_64 | 1.6-13 | 11.48 | 137.85 | 149.33 | OK | |
r-release-macos-arm64 | 1.6-13 | 85.00 | OK | |||
r-release-macos-x86_64 | 1.6-13 | 117.00 | OK | |||
r-release-windows-x86_64 | 1.6-13 | 12.00 | 208.00 | 220.00 | OK | |
r-oldrel-macos-arm64 | 1.6-13 | 65.00 | OK | |||
r-oldrel-macos-x86_64 | 1.6-13 | 98.00 | OK | |||
r-oldrel-windows-x86_64 | 1.6-13 | 16.00 | 238.00 | 254.00 | OK |
Version: 1.6-13
Check: Rd cross-references
Result: NOTE
Found the following Rd file(s) with Rd \link{} targets missing package
anchors:
AllenH.Rd: phylo
AlphaDiversity.Rd: phylo
AlphaEntropy.Rd: phylo
BetaDiversity.Rd: phylo
BetaEntropy.Rd: phylo
ChaoPD.Rd: phylo
DivEst.Rd: phylo, ggarrange
DivPart.Rd: phylo
DivProfile.Rd: phylo, ggarrange
GammaDiversity.Rd: phylo
GammaEntropy.Rd: phylo
GenSimpson.Rd: GenSimp.z
PDFD.Rd: phylo
PPtree.Rd: phylo
Paracou618.Taxonomy.Rd: phylo
PhyloApply.Rd: phylo
PhyloBetaEntropy.Rd: phylo
PhyloDiversity.Rd: phylo
PhyloEntropy.Rd: phylo
Preprocess.Tree.Rd: phylo
RAC.Rd: fisher.alpha
Rao.Rd: phylo
SpeciesDistribution.Rd: fisher.alpha
Please provide package anchors for all Rd \link{} targets not in the
package itself and the base packages.
Flavors: r-devel-linux-x86_64-debian-clang, r-devel-linux-x86_64-debian-gcc, r-devel-windows-x86_64