Last updated on 2024-08-24 06:52:29 CEST.
Flavor | Version | Tinstall | Tcheck | Ttotal | Status | Flags |
---|---|---|---|---|---|---|
r-devel-linux-x86_64-debian-clang | 1.7-14 | 9.86 | 60.68 | 70.54 | NOTE | |
r-devel-linux-x86_64-debian-gcc | 1.7-14 | 7.11 | 42.56 | 49.67 | NOTE | |
r-devel-linux-x86_64-fedora-clang | 1.7-14 | 117.46 | OK | |||
r-devel-linux-x86_64-fedora-gcc | 1.7-14 | 125.74 | OK | |||
r-devel-windows-x86_64 | 1.7-14 | 16.00 | 110.00 | 126.00 | NOTE | |
r-patched-linux-x86_64 | 1.7-14 | 11.08 | 57.47 | 68.55 | OK | |
r-release-linux-x86_64 | 1.7-14 | 9.61 | 57.05 | 66.66 | OK | |
r-release-macos-arm64 | 1.7-14 | 43.00 | OK | |||
r-release-macos-x86_64 | 1.7-14 | 97.00 | OK | |||
r-release-windows-x86_64 | 1.7-14 | 17.00 | 106.00 | 123.00 | OK | |
r-oldrel-macos-arm64 | 1.7-14 | 48.00 | OK | |||
r-oldrel-macos-x86_64 | 1.7-14 | 125.00 | OK | |||
r-oldrel-windows-x86_64 | 1.7-14 | 18.00 | 116.00 | 134.00 | OK |
Version: 1.7-14
Check: Rd cross-references
Result: NOTE
Found the following Rd file(s) with Rd \link{} targets missing package
anchors:
matchControls.Rd: daisy
Please provide package anchors for all Rd \link{} targets not in the
package itself and the base packages.
Flavors: r-devel-linux-x86_64-debian-clang, r-devel-linux-x86_64-debian-gcc, r-devel-windows-x86_64