Last updated on 2024-08-07 02:48:15 CEST.
Flavor | Version | Tinstall | Tcheck | Ttotal | Status | Flags |
---|---|---|---|---|---|---|
r-devel-linux-x86_64-debian-clang | 1.3.0 | 202.32 | 197.48 | 399.80 | OK | |
r-devel-linux-x86_64-debian-gcc | 1.3.0 | 143.79 | 141.76 | 285.55 | OK | |
r-devel-linux-x86_64-fedora-clang | 1.3.0 | 656.16 | NOTE | |||
r-devel-linux-x86_64-fedora-gcc | 1.3.0 | 772.87 | OK | |||
r-devel-windows-x86_64 | 1.3.0 | 178.00 | 252.00 | 430.00 | OK | |
r-patched-linux-x86_64 | 1.3.0 | 187.21 | 194.65 | 381.86 | OK | |
r-release-linux-x86_64 | 1.3.0 | 191.89 | 198.66 | 390.55 | OK | |
r-release-macos-arm64 | 1.3.0 | 165.00 | NOTE | |||
r-release-macos-x86_64 | 1.3.0 | 525.00 | NOTE | |||
r-release-windows-x86_64 | 1.3.0 | 186.00 | 248.00 | 434.00 | OK | |
r-oldrel-macos-arm64 | 1.3.0 | 206.00 | NOTE | |||
r-oldrel-macos-x86_64 | 1.3.0 | 450.00 | NOTE | |||
r-oldrel-windows-x86_64 | 1.3.0 | 243.00 | 307.00 | 550.00 | OK |
Version: 1.3.0
Check: installed package size
Result: NOTE
installed size is 5.6Mb
sub-directories of 1Mb or more:
libs 4.9Mb
Flavors: r-devel-linux-x86_64-fedora-clang, r-release-macos-arm64, r-release-macos-x86_64, r-oldrel-macos-arm64, r-oldrel-macos-x86_64