Last updated on 2024-08-24 12:49:54 CEST.
Flavor | Version | Tinstall | Tcheck | Ttotal | Status | Flags |
---|---|---|---|---|---|---|
r-devel-linux-x86_64-debian-clang | 0.2.1 | 53.72 | 35.69 | 89.41 | OK | |
r-devel-linux-x86_64-debian-gcc | 0.2.1 | 38.95 | 27.63 | 66.58 | OK | |
r-devel-linux-x86_64-fedora-clang | 0.2.1 | 186.08 | OK | |||
r-devel-linux-x86_64-fedora-gcc | 0.2.1 | 184.92 | OK | |||
r-devel-windows-x86_64 | 0.2.1 | 66.00 | 78.00 | 144.00 | OK | |
r-patched-linux-x86_64 | 0.2.1 | 51.87 | 34.59 | 86.46 | OK | |
r-release-linux-x86_64 | 0.2.1 | 50.60 | 34.14 | 84.74 | OK | |
r-release-macos-arm64 | 0.2.1 | 44.00 | NOTE | |||
r-release-macos-x86_64 | 0.2.1 | 51.00 | NOTE | |||
r-release-windows-x86_64 | 0.2.1 | 66.00 | 78.00 | 144.00 | OK | |
r-oldrel-macos-arm64 | 0.2.1 | 51.00 | NOTE | |||
r-oldrel-macos-x86_64 | 0.2.1 | 64.00 | NOTE | |||
r-oldrel-windows-x86_64 | 0.2.1 | 79.00 | 90.00 | 169.00 | OK |
Version: 0.2.1
Check: installed package size
Result: NOTE
installed size is 5.7Mb
sub-directories of 1Mb or more:
help 2.6Mb
libs 3.1Mb
Flavors: r-release-macos-arm64, r-release-macos-x86_64, r-oldrel-macos-arm64, r-oldrel-macos-x86_64