Last updated on 2024-08-24 06:52:26 CEST.
Flavor | Version | Tinstall | Tcheck | Ttotal | Status | Flags |
---|---|---|---|---|---|---|
r-devel-linux-x86_64-debian-clang | 1.1.0 | 2.32 | 90.74 | 93.06 | NOTE | |
r-devel-linux-x86_64-debian-gcc | 1.1.0 | 2.02 | 61.68 | 63.70 | NOTE | |
r-devel-linux-x86_64-fedora-clang | 1.1.0 | 154.81 | NOTE | |||
r-devel-linux-x86_64-fedora-gcc | 1.1.0 | 164.52 | NOTE | |||
r-devel-windows-x86_64 | 1.1.0 | 5.00 | 111.00 | 116.00 | NOTE | |
r-patched-linux-x86_64 | 1.1.0 | 2.69 | 86.16 | 88.85 | NOTE | |
r-release-linux-x86_64 | 1.1.0 | 2.88 | 85.83 | 88.71 | NOTE | |
r-release-macos-arm64 | 1.1.0 | 54.00 | NOTE | |||
r-release-macos-x86_64 | 1.1.0 | 80.00 | NOTE | |||
r-release-windows-x86_64 | 1.1.0 | 5.00 | 114.00 | 119.00 | NOTE | |
r-oldrel-macos-arm64 | 1.1.0 | 58.00 | NOTE | |||
r-oldrel-macos-x86_64 | 1.1.0 | 94.00 | NOTE | |||
r-oldrel-windows-x86_64 | 1.1.0 | 6.00 | 124.00 | 130.00 | NOTE |
Version: 1.1.0
Check: LazyData
Result: NOTE
'LazyData' is specified without a 'data' directory
Flavors: r-devel-linux-x86_64-debian-clang, r-devel-linux-x86_64-debian-gcc, r-devel-linux-x86_64-fedora-clang, r-devel-linux-x86_64-fedora-gcc, r-devel-windows-x86_64, r-patched-linux-x86_64, r-release-linux-x86_64, r-release-macos-arm64, r-release-macos-x86_64, r-release-windows-x86_64, r-oldrel-macos-arm64, r-oldrel-macos-x86_64, r-oldrel-windows-x86_64
Version: 1.1.0
Check: dependencies in R code
Result: NOTE
Namespaces in Imports field not imported from:
‘Matrix’ ‘nnet’
All declared Imports should be used.
Flavors: r-devel-linux-x86_64-fedora-clang, r-devel-linux-x86_64-fedora-gcc