Last updated on 2024-08-24 12:49:52 CEST.
Flavor | Version | Tinstall | Tcheck | Ttotal | Status | Flags |
---|---|---|---|---|---|---|
r-devel-linux-x86_64-debian-clang | 1.1.3 | 10.82 | 80.63 | 91.45 | OK | |
r-devel-linux-x86_64-debian-gcc | 1.1.3 | 8.12 | 58.29 | 66.41 | OK | |
r-devel-linux-x86_64-fedora-clang | 1.1.3 | 151.58 | NOTE | |||
r-devel-linux-x86_64-fedora-gcc | 1.1.3 | 139.59 | NOTE | |||
r-devel-windows-x86_64 | 1.1.3 | 12.00 | 88.00 | 100.00 | OK | |
r-patched-linux-x86_64 | 1.1.3 | 9.83 | 76.20 | 86.03 | OK | |
r-release-linux-x86_64 | 1.1.3 | 9.46 | 75.91 | 85.37 | OK | |
r-release-macos-arm64 | 1.1.3 | 50.00 | OK | |||
r-release-macos-x86_64 | 1.1.3 | 72.00 | OK | |||
r-release-windows-x86_64 | 1.1.3 | 12.00 | 87.00 | 99.00 | OK | |
r-oldrel-macos-arm64 | 1.1.3 | 44.00 | OK | |||
r-oldrel-macos-x86_64 | 1.1.3 | 72.00 | OK | |||
r-oldrel-windows-x86_64 | 1.1.3 | 14.00 | 111.00 | 125.00 | OK |
Version: 1.1.3
Check: dependencies in R code
Result: NOTE
Namespaces in Imports field not imported from:
‘rworldxtra’ ‘sp’
All declared Imports should be used.
Flavors: r-devel-linux-x86_64-fedora-clang, r-devel-linux-x86_64-fedora-gcc