Last updated on 2024-07-02 14:01:59 CEST.
Flavor | Version | Tinstall | Tcheck | Ttotal | Status | Flags |
---|---|---|---|---|---|---|
r-devel-linux-x86_64-debian-clang | 1.0.5 | 60.78 | 46.23 | 107.01 | NOTE | |
r-devel-linux-x86_64-debian-gcc | 1.0.5 | 48.98 | 34.45 | 83.43 | NOTE | |
r-devel-linux-x86_64-fedora-clang | 1.0.5 | 143.90 | NOTE | |||
r-devel-linux-x86_64-fedora-gcc | 1.0.5 | 165.22 | NOTE | |||
r-devel-windows-x86_64 | 1.0.5 | 53.00 | 78.00 | 131.00 | NOTE | |
r-patched-linux-x86_64 | 1.0.5 | 57.88 | 44.28 | 102.16 | NOTE | |
r-release-linux-x86_64 | 1.0.5 | 60.43 | 43.85 | 104.28 | NOTE | |
r-release-macos-arm64 | 1.0.5 | 35.00 | NOTE | |||
r-release-macos-x86_64 | 1.0.5 | 57.00 | NOTE | |||
r-release-windows-x86_64 | 1.0.5 | 52.00 | 81.00 | 133.00 | NOTE | |
r-oldrel-macos-arm64 | 1.0.5 | 44.00 | NOTE | |||
r-oldrel-macos-x86_64 | 1.0.5 | 69.00 | NOTE | |||
r-oldrel-windows-x86_64 | 1.0.5 | 64.00 | 92.00 | 156.00 | NOTE |
Version: 1.0.5
Check: C++ specification
Result: NOTE
Specified C++11: please drop specification unless essential
Flavors: r-devel-linux-x86_64-debian-clang, r-devel-linux-x86_64-debian-gcc, r-devel-linux-x86_64-fedora-clang, r-devel-linux-x86_64-fedora-gcc, r-devel-windows-x86_64, r-patched-linux-x86_64, r-release-linux-x86_64, r-release-macos-arm64, r-release-macos-x86_64, r-release-windows-x86_64, r-oldrel-macos-arm64, r-oldrel-macos-x86_64, r-oldrel-windows-x86_64
Version: 1.0.5
Check: installed package size
Result: NOTE
installed size is 5.6Mb
sub-directories of 1Mb or more:
libs 5.3Mb
Flavors: r-release-macos-arm64, r-release-macos-x86_64, r-oldrel-macos-arm64, r-oldrel-macos-x86_64