Last updated on 2024-08-24 12:50:14 CEST.
Flavor | Version | Tinstall | Tcheck | Ttotal | Status | Flags |
---|---|---|---|---|---|---|
r-devel-linux-x86_64-debian-clang | 0.3-6 | 14.40 | 105.01 | 119.41 | NOTE | |
r-devel-linux-x86_64-debian-gcc | 0.3-6 | 9.43 | 72.23 | 81.66 | NOTE | |
r-devel-linux-x86_64-fedora-clang | 0.3-6 | 206.25 | NOTE | |||
r-devel-linux-x86_64-fedora-gcc | 0.3-6 | 183.28 | NOTE | |||
r-devel-windows-x86_64 | 0.3-6 | 15.00 | 126.00 | 141.00 | NOTE | |
r-patched-linux-x86_64 | 0.3-6 | 13.95 | 98.51 | 112.46 | NOTE | |
r-release-linux-x86_64 | 0.3-6 | 11.61 | 97.31 | 108.92 | NOTE | |
r-release-macos-arm64 | 0.3-6 | 48.00 | NOTE | |||
r-release-macos-x86_64 | 0.3-6 | 78.00 | NOTE | |||
r-release-windows-x86_64 | 0.3-6 | 15.00 | 115.00 | 130.00 | NOTE | |
r-oldrel-macos-arm64 | 0.3-6 | 53.00 | OK | |||
r-oldrel-macos-x86_64 | 0.3-6 | 94.00 | OK | |||
r-oldrel-windows-x86_64 | 0.3-6 | 18.00 | 138.00 | 156.00 | OK |
Version: 0.3-6
Check: Rd files
Result: NOTE
checkRd: (-1) Rchoice.Rd:159: Lost braces; missing escapes or markup?
159 | \code{ranp}. If the parameters are assumed to be normally distributed \eqn{\beta_i ~ N(\beta, \Sigma)}, then the random parameter are constructed as: \deqn{\beta_{ir}=\beta+L\omega_{ir}} where \eqn{LL'=\Sigma} and \eqn{\omega_{ir}} is the {r}-th draw from standard normal distribution for individual \eqn{i}.
| ^
Flavors: r-devel-linux-x86_64-debian-clang, r-devel-linux-x86_64-debian-gcc, r-devel-linux-x86_64-fedora-clang, r-devel-linux-x86_64-fedora-gcc, r-devel-windows-x86_64, r-patched-linux-x86_64, r-release-linux-x86_64, r-release-macos-arm64, r-release-macos-x86_64, r-release-windows-x86_64