Last updated on 2024-09-05 22:48:51 CEST.
Flavor | Version | Tinstall | Tcheck | Ttotal | Status | Flags |
---|---|---|---|---|---|---|
r-devel-linux-x86_64-debian-clang | 0.1.9 | 104.12 | 43.04 | 147.16 | NOTE | |
r-devel-linux-x86_64-debian-gcc | 0.1.9 | 69.44 | 31.36 | 100.80 | NOTE | |
r-devel-linux-x86_64-fedora-clang | 0.1.9 | 270.56 | NOTE | |||
r-devel-linux-x86_64-fedora-gcc | 0.1.9 | 317.69 | NOTE | |||
r-devel-windows-x86_64 | 0.1.9 | 121.00 | 101.00 | 222.00 | NOTE | |
r-patched-linux-x86_64 | 0.1.9 | 99.04 | 40.53 | 139.57 | NOTE | |
r-release-linux-x86_64 | 0.1.9 | 102.37 | 40.25 | 142.62 | NOTE | |
r-release-macos-arm64 | 0.1.9 | 72.00 | NOTE | |||
r-release-macos-x86_64 | 0.1.9 | 114.00 | NOTE | |||
r-release-windows-x86_64 | 0.1.9 | 119.00 | 93.00 | 212.00 | NOTE | |
r-oldrel-macos-arm64 | 0.1.9 | 83.00 | NOTE | |||
r-oldrel-macos-x86_64 | 0.1.9 | 141.00 | NOTE | |||
r-oldrel-windows-x86_64 | 0.1.9 | 139.00 | 107.00 | 246.00 | NOTE |
Version: 0.1.9
Check: C++ specification
Result: NOTE
Specified C++11: please drop specification unless essential
Flavors: r-devel-linux-x86_64-debian-clang, r-devel-linux-x86_64-debian-gcc, r-devel-linux-x86_64-fedora-clang, r-devel-linux-x86_64-fedora-gcc, r-devel-windows-x86_64, r-patched-linux-x86_64, r-release-linux-x86_64, r-release-macos-arm64, r-release-macos-x86_64, r-release-windows-x86_64, r-oldrel-macos-arm64, r-oldrel-macos-x86_64, r-oldrel-windows-x86_64