Last updated on 2024-08-24 12:50:13 CEST.
Flavor | Version | Tinstall | Tcheck | Ttotal | Status | Flags |
---|---|---|---|---|---|---|
r-devel-linux-x86_64-debian-clang | 1.2.2 | 89.55 | 75.34 | 164.89 | OK | |
r-devel-linux-x86_64-debian-gcc | 1.2.2 | 57.32 | 52.50 | 109.82 | OK | |
r-devel-linux-x86_64-fedora-clang | 1.2.2 | 352.86 | NOTE | |||
r-devel-linux-x86_64-fedora-gcc | 1.2.2 | 313.67 | OK | |||
r-devel-windows-x86_64 | 1.2.2 | 99.00 | 107.00 | 206.00 | OK | |
r-patched-linux-x86_64 | 1.2.2 | 82.16 | 71.78 | 153.94 | OK | |
r-release-linux-x86_64 | 1.2.2 | 81.65 | 72.68 | 154.33 | OK | |
r-release-macos-arm64 | 1.2.2 | 84.00 | OK | |||
r-release-macos-x86_64 | 1.2.2 | 142.00 | OK | |||
r-release-windows-x86_64 | 1.2.2 | 107.00 | 110.00 | 217.00 | OK | |
r-oldrel-macos-arm64 | 1.2.2 | 84.00 | OK | |||
r-oldrel-macos-x86_64 | 1.2.2 | 117.00 | OK | |||
r-oldrel-windows-x86_64 | 1.2.2 | 125.00 | 137.00 | 262.00 | OK |
Version: 1.2.2
Check: Rd cross-references
Result: NOTE
Undeclared package ‘DRquality’ in Rd xrefs
Flavor: r-devel-linux-x86_64-fedora-clang