Last updated on 2024-08-07 02:48:23 CEST.
Flavor | Version | Tinstall | Tcheck | Ttotal | Status | Flags |
---|---|---|---|---|---|---|
r-devel-linux-x86_64-debian-clang | 1.4.6 | 16.16 | 139.38 | 155.54 | NOTE | |
r-devel-linux-x86_64-debian-gcc | 1.4.6 | 12.49 | 95.92 | 108.41 | NOTE | |
r-devel-linux-x86_64-fedora-clang | 1.4.6 | 254.00 | OK | |||
r-devel-linux-x86_64-fedora-gcc | 1.4.6 | 238.61 | OK | |||
r-devel-windows-x86_64 | 1.4.6 | 19.00 | 146.00 | 165.00 | NOTE | |
r-patched-linux-x86_64 | 1.4.6 | 25.08 | 129.68 | 154.76 | OK | |
r-release-linux-x86_64 | 1.4.6 | 16.43 | 133.57 | 150.00 | OK | |
r-release-macos-arm64 | 1.4.6 | 59.00 | OK | |||
r-release-macos-x86_64 | 1.4.6 | 86.00 | OK | |||
r-release-windows-x86_64 | 1.4.6 | 19.00 | 145.00 | 164.00 | OK | |
r-oldrel-macos-arm64 | 1.4.6 | 70.00 | OK | |||
r-oldrel-macos-x86_64 | 1.4.6 | 113.00 | OK | |||
r-oldrel-windows-x86_64 | 1.4.6 | 26.00 | 174.00 | 200.00 | OK |
Version: 1.4.6
Check: Rd cross-references
Result: NOTE
Found the following Rd file(s) with Rd \link{} targets missing package
anchors:
lz.Rd: irtoys
Please provide package anchors for all Rd \link{} targets not in the
package itself and the base packages.
Flavors: r-devel-linux-x86_64-debian-clang, r-devel-linux-x86_64-debian-gcc, r-devel-windows-x86_64