Last updated on 2024-08-24 12:50:09 CEST.
Flavor | Version | Tinstall | Tcheck | Ttotal | Status | Flags |
---|---|---|---|---|---|---|
r-devel-linux-x86_64-debian-clang | 1.0.5 | 34.02 | 263.08 | 297.10 | NOTE | |
r-devel-linux-x86_64-debian-gcc | 1.0.5 | 20.76 | 165.43 | 186.19 | NOTE | |
r-devel-linux-x86_64-fedora-clang | 1.0.5 | 507.25 | NOTE | |||
r-devel-linux-x86_64-fedora-gcc | 1.0.5 | 492.98 | NOTE | |||
r-devel-windows-x86_64 | 1.0.5 | 31.00 | 244.00 | 275.00 | NOTE | |
r-patched-linux-x86_64 | 1.0.5 | 33.74 | 239.41 | 273.15 | NOTE | |
r-release-linux-x86_64 | 1.0.5 | 32.12 | 241.89 | 274.01 | NOTE | |
r-release-macos-arm64 | 1.0.5 | 98.00 | NOTE | |||
r-release-macos-x86_64 | 1.0.5 | 223.00 | NOTE | |||
r-release-windows-x86_64 | 1.0.5 | 32.00 | 249.00 | 281.00 | NOTE | |
r-oldrel-macos-arm64 | 1.0.5 | 110.00 | NOTE | |||
r-oldrel-macos-x86_64 | 1.0.5 | 212.00 | NOTE | |||
r-oldrel-windows-x86_64 | 1.0.5 | 43.00 | 320.00 | 363.00 | NOTE |
Version: 1.0.5
Check: package dependencies
Result: NOTE
Package suggested but not available for checking: ‘fastshp’
Flavors: r-devel-linux-x86_64-debian-clang, r-devel-linux-x86_64-debian-gcc, r-devel-linux-x86_64-fedora-clang, r-devel-linux-x86_64-fedora-gcc, r-devel-windows-x86_64, r-patched-linux-x86_64, r-release-linux-x86_64, r-release-macos-arm64, r-release-macos-x86_64, r-release-windows-x86_64, r-oldrel-macos-arm64, r-oldrel-macos-x86_64, r-oldrel-windows-x86_64
Version: 1.0.5
Check: Rd cross-references
Result: NOTE
Found the following Rd file(s) with Rd \link{} targets missing package
anchors:
bbox.Rd: extent, coordinates
coordinates.Rd: extent
extent.Rd: coordinates
Please provide package anchors for all Rd \link{} targets not in the
package itself and the base packages.
Flavors: r-devel-linux-x86_64-debian-clang, r-devel-linux-x86_64-debian-gcc, r-devel-windows-x86_64