Last updated on 2024-08-24 12:50:10 CEST.
Flavor | Version | Tinstall | Tcheck | Ttotal | Status | Flags |
---|---|---|---|---|---|---|
r-devel-linux-x86_64-debian-clang | 0.13.5 | 174.09 | 104.89 | 278.98 | OK | |
r-devel-linux-x86_64-debian-gcc | 0.13.5 | 120.25 | 68.55 | 188.80 | OK | |
r-devel-linux-x86_64-fedora-clang | 0.13.5 | 566.14 | OK | |||
r-devel-linux-x86_64-fedora-gcc | 0.13.5 | 597.85 | OK | |||
r-devel-windows-x86_64 | 0.13.5 | 191.00 | 140.00 | 331.00 | OK | |
r-patched-linux-x86_64 | 0.13.5 | 169.81 | 97.85 | 267.66 | OK | |
r-release-linux-x86_64 | 0.13.5 | 167.33 | 98.78 | 266.11 | OK | |
r-release-macos-arm64 | 0.13.5 | 112.00 | NOTE | |||
r-release-macos-x86_64 | 0.13.5 | 115.00 | NOTE | |||
r-release-windows-x86_64 | 0.13.5 | 182.00 | 137.00 | 319.00 | OK | |
r-oldrel-macos-arm64 | 0.13.5 | 93.00 | NOTE | |||
r-oldrel-macos-x86_64 | 0.13.5 | 170.00 | NOTE | |||
r-oldrel-windows-x86_64 | 0.13.5 | 230.00 | 174.00 | 404.00 | OK |
Version: 0.13.5
Check: installed package size
Result: NOTE
installed size is 7.3Mb
sub-directories of 1Mb or more:
libs 6.6Mb
Flavors: r-release-macos-arm64, r-release-macos-x86_64, r-oldrel-macos-arm64, r-oldrel-macos-x86_64