Last updated on 2024-08-24 12:50:03 CEST.
Flavor | Version | Tinstall | Tcheck | Ttotal | Status | Flags |
---|---|---|---|---|---|---|
r-devel-linux-x86_64-debian-clang | 1.6.6 | 12.34 | 64.94 | 77.28 | NOTE | |
r-devel-linux-x86_64-debian-gcc | 1.6.6 | 9.99 | 46.58 | 56.57 | NOTE | |
r-devel-linux-x86_64-fedora-clang | 1.6.6 | 132.03 | NOTE | |||
r-devel-linux-x86_64-fedora-gcc | 1.6.6 | 147.63 | NOTE | |||
r-devel-windows-x86_64 | 1.6.6 | 43.00 | 124.00 | 167.00 | NOTE | |
r-patched-linux-x86_64 | 1.6.6 | 15.30 | 60.78 | 76.08 | NOTE | |
r-release-linux-x86_64 | 1.6.6 | 14.79 | 61.29 | 76.08 | NOTE | |
r-release-macos-arm64 | 1.6.6 | 143.00 | NOTE | |||
r-release-macos-x86_64 | 1.6.6 | 166.00 | NOTE | |||
r-release-windows-x86_64 | 1.6.6 | 44.00 | 192.00 | 236.00 | NOTE | |
r-oldrel-macos-arm64 | 1.6.6 | 145.00 | OK | |||
r-oldrel-macos-x86_64 | 1.6.6 | 174.00 | OK | |||
r-oldrel-windows-x86_64 | 1.6.6 | 55.00 | 137.00 | 192.00 | OK |
Version: 1.6.6
Check: Rd files
Result: NOTE
checkRd: (-1) getTimeseries.Rd:30: Lost braces
30 | \code{processing}{optional character string with processing commands }
| ^
checkRd: (-1) mergeTraces.Rd:27: Lost braces in \itemize; meant \describe ?
checkRd: (-1) mergeTraces.Rd:28: Lost braces in \itemize; meant \describe ?
checkRd: (-1) psdStatistics.Rd:26: Lost braces in \itemize; \value handles \item{}{} directly
checkRd: (-1) psdStatistics.Rd:27: Lost braces in \itemize; \value handles \item{}{} directly
checkRd: (-1) psdStatistics.Rd:28: Lost braces in \itemize; \value handles \item{}{} directly
checkRd: (-1) psdStatistics.Rd:29: Lost braces in \itemize; \value handles \item{}{} directly
checkRd: (-1) psdStatistics.Rd:30: Lost braces in \itemize; \value handles \item{}{} directly
checkRd: (-1) psdStatistics.Rd:31: Lost braces in \itemize; \value handles \item{}{} directly
checkRd: (-1) psdStatistics.Rd:32: Lost braces in \itemize; \value handles \item{}{} directly
checkRd: (-1) psdStatistics.Rd:33: Lost braces in \itemize; \value handles \item{}{} directly
checkRd: (-1) psdStatistics.Rd:34: Lost braces in \itemize; \value handles \item{}{} directly
checkRd: (-1) psdStatistics.Rd:35: Lost braces in \itemize; \value handles \item{}{} directly
checkRd: (-1) psdStatistics.Rd:36: Lost braces in \itemize; \value handles \item{}{} directly
checkRd: (-1) psdStatistics.Rd:37: Lost braces in \itemize; \value handles \item{}{} directly
checkRd: (-1) psdStatistics.Rd:38: Lost braces in \itemize; \value handles \item{}{} directly
Flavors: r-devel-linux-x86_64-debian-clang, r-devel-linux-x86_64-debian-gcc, r-devel-linux-x86_64-fedora-clang, r-devel-linux-x86_64-fedora-gcc, r-devel-windows-x86_64, r-patched-linux-x86_64, r-release-linux-x86_64, r-release-macos-arm64, r-release-macos-x86_64, r-release-windows-x86_64