Last updated on 2024-06-27 12:49:10 CEST.
Flavor | Version | Tinstall | Tcheck | Ttotal | Status | Flags |
---|---|---|---|---|---|---|
r-devel-linux-x86_64-debian-clang | 3.2.4 | OK | ||||
r-devel-linux-x86_64-debian-gcc | 3.2.4 | 39.21 | 86.28 | 125.49 | OK | |
r-devel-linux-x86_64-fedora-clang | 3.2.4 | 229.36 | NOTE | |||
r-devel-linux-x86_64-fedora-gcc | 3.2.4 | 246.59 | OK | |||
r-devel-windows-x86_64 | 3.2.4 | 45.00 | 115.00 | 160.00 | NOTE | |
r-patched-linux-x86_64 | 3.2.4 | 52.47 | 110.65 | 163.12 | OK | |
r-release-linux-x86_64 | 3.2.4 | 58.22 | 116.67 | 174.89 | OK | |
r-release-macos-arm64 | 3.2.4 | 61.00 | NOTE | |||
r-release-macos-x86_64 | 3.2.4 | 93.00 | NOTE | |||
r-release-windows-x86_64 | 3.2.4 | 45.00 | 112.00 | 157.00 | NOTE | |
r-oldrel-macos-arm64 | 3.2.4 | 63.00 | NOTE | |||
r-oldrel-macos-x86_64 | 3.2.4 | 171.00 | NOTE | |||
r-oldrel-windows-x86_64 | 3.2.4 | 55.00 | 140.00 | 195.00 | NOTE |
Version: 3.2.4
Check: installed package size
Result: NOTE
installed size is 32.9Mb
sub-directories of 1Mb or more:
doc 31.8Mb
Flavors: r-devel-linux-x86_64-fedora-clang, r-devel-windows-x86_64, r-release-macos-arm64, r-release-macos-x86_64, r-release-windows-x86_64, r-oldrel-macos-arm64, r-oldrel-macos-x86_64, r-oldrel-windows-x86_64