Last updated on 2024-09-01 20:48:59 CEST.
Flavor | Version | Tinstall | Tcheck | Ttotal | Status | Flags |
---|---|---|---|---|---|---|
r-devel-linux-x86_64-debian-clang | 0.1.0 | 26.77 | 259.14 | 285.91 | OK | |
r-devel-linux-x86_64-debian-gcc | 0.1.0 | 21.19 | 186.22 | 207.41 | OK | |
r-devel-linux-x86_64-fedora-clang | 0.1.0 | 469.14 | NOTE | |||
r-devel-linux-x86_64-fedora-gcc | 0.1.0 | 426.15 | NOTE | |||
r-devel-windows-x86_64 | 0.1.0 | 25.00 | 223.00 | 248.00 | OK | |
r-patched-linux-x86_64 | 0.1.0 | 24.28 | 240.32 | 264.60 | OK | |
r-release-linux-x86_64 | 0.1.0 | 23.62 | 240.07 | 263.69 | OK | |
r-release-macos-arm64 | 0.1.0 | 119.00 | OK | |||
r-release-macos-x86_64 | 0.1.0 | 189.00 | OK | |||
r-release-windows-x86_64 | 0.1.0 | 26.00 | 221.00 | 247.00 | OK | |
r-oldrel-macos-arm64 | 0.1.0 | 135.00 | OK | |||
r-oldrel-macos-x86_64 | 0.1.0 | 224.00 | OK | |||
r-oldrel-windows-x86_64 | 0.1.0 | 37.00 | 303.00 | 340.00 | OK |
Version: 0.1.0
Check: dependencies in R code
Result: NOTE
Namespace in Imports field not imported from: ‘MASS’
All declared Imports should be used.
Flavors: r-devel-linux-x86_64-fedora-clang, r-devel-linux-x86_64-fedora-gcc